Jun 01 17:58:32.841847 np0000001892 nova-scheduler[95811]: DEBUG cotyledon.oslo_config_glue [-] oslo_limit.connect_retry_delay = None {{(pid=95811) log_opt_values /opt/stack/data/venv/lib/python3.12/site-packages/oslo_config/cfg.py:3256}}
Jun 01 17:58:32.841895 np0000001892 nova-scheduler[95811]: DEBUG cotyledon.oslo_config_glue [-] oslo_limit.endpoint_id = None {{(pid=95811) log_opt_values /opt/stack/data/venv/lib/python3.12/site-packages/oslo_config/cfg.py:3256}}
Jun 01 17:58:32.841943 np0000001892 nova-scheduler[95811]: DEBUG cotyledon.oslo_config_glue [-] oslo_limit.endpoint_interface = public {{(pid=95811) log_opt_values /opt/stack/data/venv/lib/python3.12/site-packages/oslo_config/cfg.py:3256}}
Jun 01 17:58:32.841990 np0000001892 nova-scheduler[95811]: DEBUG cotyledon.oslo_config_glue [-] oslo_limit.endpoint_override = None {{(pid=95811) log_opt_values /opt/stack/data/venv/lib/python3.12/site-packages/oslo_config/cfg.py:3256}}
Jun 01 17:58:32.842040 np0000001892 nova-scheduler[95811]: DEBUG cotyledon.oslo_config_glue [-] oslo_limit.endpoint_region_name = None {{(pid=95811) log_opt_values /opt/stack/data/venv/lib/python3.12/site-packages/oslo_config/cfg.py:3256}}
Jun 01 17:58:32.842098 np0000001892 nova-scheduler[95811]: DEBUG cotyledon.oslo_config_glue [-] oslo_limit.endpoint_service_name = None {{(pid=95811) log_opt_values /opt/stack/data/venv/lib/python3.12/site-packages/oslo_config/cfg.py:3256}}
Jun 01 17:58:32.842147 np0000001892 nova-scheduler[95811]: DEBUG cotyledon.oslo_config_glue [-] oslo_limit.endpoint_service_type = None {{(pid=95811) log_opt_values /opt/stack/data/venv/lib/python3.12/site-packages/oslo_config/cfg.py:3256}}
Jun 01 17:58:32.842207 np0000001892 nova-scheduler[95811]: DEBUG cotyledon.oslo_config_glue [-] oslo_limit.insecure = False {{(pid=95811) log_opt_values /opt/stack/data/venv/lib/python3.12/site-packages/oslo_config/cfg.py:3256}}
Jun 01 17:58:32.842254 np0000001892 nova-scheduler[95811]: DEBUG cotyledon.oslo_config_glue [-] oslo_limit.keyfile = None {{(pid=95811) log_opt_values /opt/stack/data/venv/lib/python3.12/site-packages/oslo_config/cfg.py:3256}}
Jun 01 17:58:32.842303 np0000001892 nova-scheduler[95811]: DEBUG cotyledon.oslo_config_glue [-] oslo_limit.max_version = None {{(pid=95811) log_opt_values /opt/stack/data/venv/lib/python3.12/site-packages/oslo_config/cfg.py:3256}}
Jun 01 17:58:32.842350 np0000001892 nova-scheduler[95811]: DEBUG cotyledon.oslo_config_glue [-] oslo_limit.min_version = None {{(pid=95811) log_opt_values /opt/stack/data/venv/lib/python3.12/site-packages/oslo_config/cfg.py:3256}}
Jun 01 17:58:32.842399 np0000001892 nova-scheduler[95811]: DEBUG cotyledon.oslo_config_glue [-] oslo_limit.region_name = None {{(pid=95811) log_opt_values /opt/stack/data/venv/lib/python3.12/site-packages/oslo_config/cfg.py:3256}}
Jun 01 17:58:32.842459 np0000001892 nova-scheduler[95811]: DEBUG cotyledon.oslo_config_glue [-] oslo_limit.retriable_status_codes = None {{(pid=95811) log_opt_values /opt/stack/data/venv/lib/python3.12/site-packages/oslo_config/cfg.py:3256}}
Jun 01 17:58:32.842524 np0000001892 nova-scheduler[95811]: DEBUG cotyledon.oslo_config_glue [-] oslo_limit.service_name = None {{(pid=95811) log_opt_values /opt/stack/data/venv/lib/python3.12/site-packages/oslo_config/cfg.py:3256}}
Jun 01 17:58:32.842553 np0000001892 nova-scheduler[95811]: DEBUG cotyledon.oslo_config_glue [-] oslo_limit.service_type = None {{(pid=95811) log_opt_values /opt/stack/data/venv/lib/python3.12/site-packages/oslo_config/cfg.py:3256}}
Jun 01 17:58:32.842601 np0000001892 nova-scheduler[95811]: DEBUG cotyledon.oslo_config_glue [-] oslo_limit.split_loggers = False {{(pid=95811) log_opt_values /opt/stack/data/venv/lib/python3.12/site-packages/oslo_config/cfg.py:3256}}
Jun 01 17:58:32.842647 np0000001892 nova-scheduler[95811]: DEBUG cotyledon.oslo_config_glue [-] oslo_limit.status_code_retries = None {{(pid=95811) log_opt_values /opt/stack/data/venv/lib/python3.12/site-packages/oslo_config/cfg.py:3256}}
Jun 01 17:58:32.842695 np0000001892 nova-scheduler[95811]: DEBUG cotyledon.oslo_config_glue [-] oslo_limit.status_code_retry_delay = None {{(pid=95811) log_opt_values /opt/stack/data/venv/lib/python3.12/site-packages/oslo_config/cfg.py:3256}}
Jun 01 17:58:32.842741 np0000001892 nova-scheduler[95811]: DEBUG cotyledon.oslo_config_glue [-] oslo_limit.timeout = None {{(pid=95811) log_opt_values /opt/stack/data/venv/lib/python3.12/site-packages/oslo_config/cfg.py:3256}}
Jun 01 17:58:32.842805 np0000001892 nova-scheduler[95811]: DEBUG cotyledon.oslo_config_glue [-] oslo_limit.valid_interfaces = None {{(pid=95811) log_opt_values /opt/stack/data/venv/lib/python3.12/site-packages/oslo_config/cfg.py:3256}}
Jun 01 17:58:32.842854 np0000001892 nova-scheduler[95811]: DEBUG cotyledon.oslo_config_glue [-] oslo_limit.version = None {{(pid=95811) log_opt_values /opt/stack/data/venv/lib/python3.12/site-packages/oslo_config/cfg.py:3256}}
Jun 01 17:58:32.842926 np0000001892 nova-scheduler[95811]: DEBUG cotyledon.oslo_config_glue [-] oslo_reports.file_event_handler = None {{(pid=95811) log_opt_values /opt/stack/data/venv/lib/python3.12/site-packages/oslo_config/cfg.py:3256}}
Jun 01 17:58:32.842983 np0000001892 nova-scheduler[95811]: DEBUG cotyledon.oslo_config_glue [-] oslo_reports.file_event_handler_interval = 1 {{(pid=95811) log_opt_values /opt/stack/data/venv/lib/python3.12/site-packages/oslo_config/cfg.py:3256}}
Jun 01 17:58:32.843039 np0000001892 nova-scheduler[95811]: DEBUG cotyledon.oslo_config_glue [-] oslo_reports.log_dir = None {{(pid=95811) log_opt_values /opt/stack/data/venv/lib/python3.12/site-packages/oslo_config/cfg.py:3256}}
Jun 01 17:58:32.843086 np0000001892 nova-scheduler[95811]: DEBUG cotyledon.oslo_config_glue [-] ******************************************************************************** {{(pid=95811) log_opt_values /opt/stack/data/venv/lib/python3.12/site-packages/oslo_config/cfg.py:3263}}
Jun 01 17:58:32.843265 np0000001892 nova-scheduler[95811]: DEBUG cotyledon._service_worker [-] Run service ServiceWrapper(2) [95811] {{(pid=95811) wait_forever /opt/stack/data/venv/lib/python3.12/site-packages/cotyledon/_service_worker.py:218}}
Jun 01 17:58:32.844409 np0000001892 nova-scheduler[95811]: INFO nova.service [-] Starting scheduler node (version 33.1.0)
Jun 01 17:58:32.849197 np0000001892 nova-scheduler[95811]: INFO dbcounter [None req-4e6dde89-e66e-4d19-beea-18b573df9fe7 None None] Registered counter for database nova_cell0
Jun 01 17:58:32.851957 np0000001892 nova-scheduler[95807]: DEBUG oslo_db.sqlalchemy.engines [None req-024b5272-9d16-4905-8d1d-75937f9e5210 None None] MySQL server mode set to STRICT_TRANS_TABLES,STRICT_ALL_TABLES,NO_ZERO_IN_DATE,NO_ZERO_DATE,ERROR_FOR_DIVISION_BY_ZERO,TRADITIONAL,NO_ENGINE_SUBSTITUTION {{(pid=95807) _check_effective_sql_mode /opt/stack/data/venv/lib/python3.12/site-packages/oslo_db/sqlalchemy/engines.py:325}}
Jun 01 17:58:32.862823 np0000001892 nova-scheduler[95807]: DEBUG dbcounter [-] [95807] Writer thread running {{(pid=95807) stat_writer /opt/stack/data/venv/lib/python3.12/site-packages/dbcounter.py:102}}
Jun 01 17:58:32.867380 np0000001892 nova-scheduler[95809]: DEBUG oslo_db.sqlalchemy.engines [None req-a71f5552-e4f3-4d6d-86bd-8ca90fd0befb None None] MySQL server mode set to STRICT_TRANS_TABLES,STRICT_ALL_TABLES,NO_ZERO_IN_DATE,NO_ZERO_DATE,ERROR_FOR_DIVISION_BY_ZERO,TRADITIONAL,NO_ENGINE_SUBSTITUTION {{(pid=95809) _check_effective_sql_mode /opt/stack/data/venv/lib/python3.12/site-packages/oslo_db/sqlalchemy/engines.py:325}}
Jun 01 17:58:32.876350 np0000001892 nova-scheduler[95809]: DEBUG dbcounter [-] [95809] Writer thread running {{(pid=95809) stat_writer /opt/stack/data/venv/lib/python3.12/site-packages/dbcounter.py:102}}
Jun 01 17:58:32.888633 np0000001892 nova-scheduler[95811]: DEBUG oslo_db.sqlalchemy.engines [None req-4e6dde89-e66e-4d19-beea-18b573df9fe7 None None] MySQL server mode set to STRICT_TRANS_TABLES,STRICT_ALL_TABLES,NO_ZERO_IN_DATE,NO_ZERO_DATE,ERROR_FOR_DIVISION_BY_ZERO,TRADITIONAL,NO_ENGINE_SUBSTITUTION {{(pid=95811) _check_effective_sql_mode /opt/stack/data/venv/lib/python3.12/site-packages/oslo_db/sqlalchemy/engines.py:325}}
Jun 01 17:58:32.890687 np0000001892 nova-scheduler[95807]: DEBUG nova.service [None req-024b5272-9d16-4905-8d1d-75937f9e5210 None None] Creating RPC server for service: nova-scheduler on topic: scheduler {{(pid=95807) start /opt/stack/nova/nova/service.py:195}}
Jun 01 17:58:32.898123 np0000001892 nova-scheduler[95809]: DEBUG nova.service [None req-a71f5552-e4f3-4d6d-86bd-8ca90fd0befb None None] Creating RPC server for service: nova-scheduler on topic: scheduler {{(pid=95809) start /opt/stack/nova/nova/service.py:195}}
Jun 01 17:58:32.899607 np0000001892 nova-scheduler[95811]: DEBUG dbcounter [-] [95811] Writer thread running {{(pid=95811) stat_writer /opt/stack/data/venv/lib/python3.12/site-packages/dbcounter.py:102}}
Jun 01 17:58:32.902600 np0000001892 nova-scheduler[95811]: DEBUG nova.service [None req-4e6dde89-e66e-4d19-beea-18b573df9fe7 None None] Creating RPC server for service: nova-scheduler on topic: scheduler {{(pid=95811) start /opt/stack/nova/nova/service.py:195}}
Jun 01 17:58:32.922025 np0000001892 nova-scheduler[95807]: DEBUG nova.service [None req-024b5272-9d16-4905-8d1d-75937f9e5210 None None] Join ServiceGroup membership for this service scheduler {{(pid=95807) start /opt/stack/nova/nova/service.py:221}}
Jun 01 17:58:32.922369 np0000001892 nova-scheduler[95807]: DEBUG nova.servicegroup.drivers.db [None req-024b5272-9d16-4905-8d1d-75937f9e5210 None None] DB_Driver: join new ServiceGroup member np0000001892 to the scheduler group, service = {{(pid=95807) join /opt/stack/nova/nova/servicegroup/drivers/db.py:44}}
Jun 01 17:58:32.924455 np0000001892 nova-scheduler[95811]: DEBUG nova.service [None req-4e6dde89-e66e-4d19-beea-18b573df9fe7 None None] Join ServiceGroup membership for this service scheduler {{(pid=95811) start /opt/stack/nova/nova/service.py:221}}
Jun 01 17:58:32.924693 np0000001892 nova-scheduler[95811]: DEBUG nova.servicegroup.drivers.db [None req-4e6dde89-e66e-4d19-beea-18b573df9fe7 None None] DB_Driver: join new ServiceGroup member np0000001892 to the scheduler group, service = {{(pid=95811) join /opt/stack/nova/nova/servicegroup/drivers/db.py:44}}
Jun 01 17:58:32.926191 np0000001892 nova-scheduler[95809]: DEBUG nova.service [None req-a71f5552-e4f3-4d6d-86bd-8ca90fd0befb None None] Join ServiceGroup membership for this service scheduler {{(pid=95809) start /opt/stack/nova/nova/service.py:221}}
Jun 01 17:58:32.926326 np0000001892 nova-scheduler[95809]: DEBUG nova.servicegroup.drivers.db [None req-a71f5552-e4f3-4d6d-86bd-8ca90fd0befb None None] DB_Driver: join new ServiceGroup member np0000001892 to the scheduler group, service = {{(pid=95809) join /opt/stack/nova/nova/servicegroup/drivers/db.py:44}}
Jun 01 17:58:37.952458 np0000001892 nova-scheduler[95809]: DEBUG oslo.service.backend._threading.loopingcall [-] Fixed interval looping call 'nova.servicegroup.drivers.db.DbDriver._report_state' sleeping for 119.98 seconds {{(pid=95809) _run_loop /opt/stack/data/venv/lib/python3.12/site-packages/oslo_service/backend/_threading/loopingcall.py:125}}
Jun 01 17:58:37.954877 np0000001892 nova-scheduler[95807]: DEBUG oslo.service.backend._threading.loopingcall [-] Fixed interval looping call 'nova.servicegroup.drivers.db.DbDriver._report_state' sleeping for 119.97 seconds {{(pid=95807) _run_loop /opt/stack/data/venv/lib/python3.12/site-packages/oslo_service/backend/_threading/loopingcall.py:125}}
Jun 01 17:58:37.955340 np0000001892 nova-scheduler[95811]: DEBUG oslo.service.backend._threading.loopingcall [-] Fixed interval looping call 'nova.servicegroup.drivers.db.DbDriver._report_state' sleeping for 119.97 seconds {{(pid=95811) _run_loop /opt/stack/data/venv/lib/python3.12/site-packages/oslo_service/backend/_threading/loopingcall.py:125}}
Jun 01 17:58:41.459344 np0000001892 nova-scheduler[94542]: DEBUG dbcounter [-] [94542] Writing DB stats nova_api:SELECT=3 {{(pid=94542) stat_writer /opt/stack/data/venv/lib/python3.12/site-packages/dbcounter.py:115}}
Jun 01 17:58:41.589191 np0000001892 nova-scheduler[94542]: DEBUG dbcounter [-] [94542] Writing DB stats nova_cell0:SELECT=1 {{(pid=94542) stat_writer /opt/stack/data/venv/lib/python3.12/site-packages/dbcounter.py:115}}
Jun 01 17:58:41.601086 np0000001892 nova-scheduler[94542]: DEBUG dbcounter [-] [94542] Writing DB stats nova_cell1:SELECT=1 {{(pid=94542) stat_writer /opt/stack/data/venv/lib/python3.12/site-packages/dbcounter.py:115}}
Jun 01 17:58:47.936818 np0000001892 nova-scheduler[95809]: DEBUG dbcounter [-] [95809] Writing DB stats nova_cell0:SELECT=5,nova_cell0:INSERT=1,nova_cell0:UPDATE=1 {{(pid=95809) stat_writer /opt/stack/data/venv/lib/python3.12/site-packages/dbcounter.py:115}}
Jun 01 17:58:47.939521 np0000001892 nova-scheduler[95807]: DEBUG dbcounter [-] [95807] Writing DB stats nova_cell0:SELECT=4,nova_cell0:INSERT=1,nova_cell0:UPDATE=1 {{(pid=95807) stat_writer /opt/stack/data/venv/lib/python3.12/site-packages/dbcounter.py:115}}
Jun 01 17:58:47.943177 np0000001892 nova-scheduler[95811]: DEBUG dbcounter [-] [95811] Writing DB stats nova_cell0:SELECT=3,nova_cell0:UPDATE=1 {{(pid=95811) stat_writer /opt/stack/data/venv/lib/python3.12/site-packages/dbcounter.py:115}}
Jun 01 17:59:08.924655 np0000001892 nova-scheduler[95807]: DEBUG oslo.service.backend._threading.loopingcall [None req-b95d7962-d45b-4416-a733-fce56d623745 None None] Dynamic interval looping call 'nova.service.Service.periodic_tasks' sleeping for 60.00 seconds {{(pid=95807) _run_loop /opt/stack/data/venv/lib/python3.12/site-packages/oslo_service/backend/_threading/loopingcall.py:125}}
Jun 01 17:59:21.926707 np0000001892 nova-scheduler[95811]: DEBUG oslo.service.backend._threading.loopingcall [None req-f3965b3e-6f64-45c6-afee-53ce6d420264 None None] Dynamic interval looping call 'nova.service.Service.periodic_tasks' sleeping for 60.00 seconds {{(pid=95811) _run_loop /opt/stack/data/venv/lib/python3.12/site-packages/oslo_service/backend/_threading/loopingcall.py:125}}
Jun 01 17:59:25.929116 np0000001892 nova-scheduler[95809]: DEBUG oslo.service.backend._threading.loopingcall [None req-ba33ea5b-18a0-45ae-99ce-8549912f18ca None None] Dynamic interval looping call 'nova.service.Service.periodic_tasks' sleeping for 60.00 seconds {{(pid=95809) _run_loop /opt/stack/data/venv/lib/python3.12/site-packages/oslo_service/backend/_threading/loopingcall.py:125}}
Jun 01 18:00:08.925258 np0000001892 nova-scheduler[95807]: DEBUG oslo.service.backend._threading.loopingcall [None req-b95d7962-d45b-4416-a733-fce56d623745 None None] Dynamic interval looping call 'nova.service.Service.periodic_tasks' sleeping for 60.00 seconds {{(pid=95807) _run_loop /opt/stack/data/venv/lib/python3.12/site-packages/oslo_service/backend/_threading/loopingcall.py:125}}
Jun 01 18:00:21.927529 np0000001892 nova-scheduler[95811]: DEBUG oslo.service.backend._threading.loopingcall [None req-f3965b3e-6f64-45c6-afee-53ce6d420264 None None] Dynamic interval looping call 'nova.service.Service.periodic_tasks' sleeping for 60.00 seconds {{(pid=95811) _run_loop /opt/stack/data/venv/lib/python3.12/site-packages/oslo_service/backend/_threading/loopingcall.py:125}}
Jun 01 18:00:25.929668 np0000001892 nova-scheduler[95809]: DEBUG oslo.service.backend._threading.loopingcall [None req-ba33ea5b-18a0-45ae-99ce-8549912f18ca None None] Dynamic interval looping call 'nova.service.Service.periodic_tasks' sleeping for 60.00 seconds {{(pid=95809) _run_loop /opt/stack/data/venv/lib/python3.12/site-packages/oslo_service/backend/_threading/loopingcall.py:125}}
Jun 01 18:00:37.932162 np0000001892 nova-scheduler[95807]: DEBUG oslo.service.backend._threading.loopingcall [-] Fixed interval looping call 'nova.servicegroup.drivers.db.DbDriver._report_state' sleeping for 119.99 seconds {{(pid=95807) _run_loop /opt/stack/data/venv/lib/python3.12/site-packages/oslo_service/backend/_threading/loopingcall.py:125}}
Jun 01 18:00:37.932545 np0000001892 nova-scheduler[95811]: DEBUG oslo.service.backend._threading.loopingcall [-] Fixed interval looping call 'nova.servicegroup.drivers.db.DbDriver._report_state' sleeping for 119.99 seconds {{(pid=95811) _run_loop /opt/stack/data/venv/lib/python3.12/site-packages/oslo_service/backend/_threading/loopingcall.py:125}}
Jun 01 18:00:37.936010 np0000001892 nova-scheduler[95809]: DEBUG oslo.service.backend._threading.loopingcall [-] Fixed interval looping call 'nova.servicegroup.drivers.db.DbDriver._report_state' sleeping for 120.00 seconds {{(pid=95809) _run_loop /opt/stack/data/venv/lib/python3.12/site-packages/oslo_service/backend/_threading/loopingcall.py:125}}
Jun 01 18:00:47.927954 np0000001892 nova-scheduler[95807]: DEBUG dbcounter [-] [95807] Writing DB stats nova_cell0:SELECT=1,nova_cell0:UPDATE=1 {{(pid=95807) stat_writer /opt/stack/data/venv/lib/python3.12/site-packages/dbcounter.py:115}}
Jun 01 18:00:47.928780 np0000001892 nova-scheduler[95811]: DEBUG dbcounter [-] [95811] Writing DB stats nova_cell0:SELECT=1,nova_cell0:UPDATE=1 {{(pid=95811) stat_writer /opt/stack/data/venv/lib/python3.12/site-packages/dbcounter.py:115}}
Jun 01 18:00:47.934506 np0000001892 nova-scheduler[95809]: DEBUG dbcounter [-] [95809] Writing DB stats nova_cell0:SELECT=1 {{(pid=95809) stat_writer /opt/stack/data/venv/lib/python3.12/site-packages/dbcounter.py:115}}
Jun 01 18:01:08.925942 np0000001892 nova-scheduler[95807]: DEBUG oslo.service.backend._threading.loopingcall [None req-b95d7962-d45b-4416-a733-fce56d623745 None None] Dynamic interval looping call 'nova.service.Service.periodic_tasks' sleeping for 60.00 seconds {{(pid=95807) _run_loop /opt/stack/data/venv/lib/python3.12/site-packages/oslo_service/backend/_threading/loopingcall.py:125}}
Jun 01 18:01:21.928107 np0000001892 nova-scheduler[95811]: DEBUG oslo.service.backend._threading.loopingcall [None req-f3965b3e-6f64-45c6-afee-53ce6d420264 None None] Dynamic interval looping call 'nova.service.Service.periodic_tasks' sleeping for 60.00 seconds {{(pid=95811) _run_loop /opt/stack/data/venv/lib/python3.12/site-packages/oslo_service/backend/_threading/loopingcall.py:125}}
Jun 01 18:01:25.126431 np0000001892 nova-scheduler[95807]: DEBUG nova.scheduler.manager [None req-adb1d520-ac32-49d7-926f-6f4993669354 tempest-ServerBootFromVolumeStableRescueTest-1294711633 tempest-ServerBootFromVolumeStableRescueTest-1294711633-project-member] Starting to schedule for instances: ['a84b0a99-376b-4750-92ba-b878cef1f771'] {{(pid=95807) select_destinations /opt/stack/nova/nova/scheduler/manager.py:210}}
Jun 01 18:01:25.128263 np0000001892 nova-scheduler[95807]: DEBUG nova.scheduler.request_filter [None req-adb1d520-ac32-49d7-926f-6f4993669354 tempest-ServerBootFromVolumeStableRescueTest-1294711633 tempest-ServerBootFromVolumeStableRescueTest-1294711633-project-member] compute_status_filter request filter added forbidden trait COMPUTE_STATUS_DISABLED {{(pid=95807) compute_status_filter /opt/stack/nova/nova/scheduler/request_filter.py:253}}
Jun 01 18:01:25.128832 np0000001892 nova-scheduler[95807]: DEBUG nova.scheduler.request_filter [None req-adb1d520-ac32-49d7-926f-6f4993669354 tempest-ServerBootFromVolumeStableRescueTest-1294711633 tempest-ServerBootFromVolumeStableRescueTest-1294711633-project-member] Request filter 'compute_status_filter' took 0.0 seconds {{(pid=95807) wrapper /opt/stack/nova/nova/scheduler/request_filter.py:46}}
Jun 01 18:01:25.129156 np0000001892 nova-scheduler[95807]: DEBUG nova.scheduler.request_filter [None req-adb1d520-ac32-49d7-926f-6f4993669354 tempest-ServerBootFromVolumeStableRescueTest-1294711633 tempest-ServerBootFromVolumeStableRescueTest-1294711633-project-member] Request filter 'accelerators_filter' took 0.0 seconds {{(pid=95807) wrapper /opt/stack/nova/nova/scheduler/request_filter.py:46}}
Jun 01 18:01:25.129553 np0000001892 nova-scheduler[95807]: DEBUG nova.scheduler.request_filter [None req-adb1d520-ac32-49d7-926f-6f4993669354 tempest-ServerBootFromVolumeStableRescueTest-1294711633 tempest-ServerBootFromVolumeStableRescueTest-1294711633-project-member] Request filter 'packed_virtqueue_filter' took 0.0 seconds {{(pid=95807) wrapper /opt/stack/nova/nova/scheduler/request_filter.py:46}}
Jun 01 18:01:25.129867 np0000001892 nova-scheduler[95807]: DEBUG nova.scheduler.request_filter [None req-adb1d520-ac32-49d7-926f-6f4993669354 tempest-ServerBootFromVolumeStableRescueTest-1294711633 tempest-ServerBootFromVolumeStableRescueTest-1294711633-project-member] Request filter 'remote_managed_ports_filter' took 0.0 seconds {{(pid=95807) wrapper /opt/stack/nova/nova/scheduler/request_filter.py:46}}
Jun 01 18:01:25.130057 np0000001892 nova-scheduler[95807]: DEBUG nova.scheduler.request_filter [None req-adb1d520-ac32-49d7-926f-6f4993669354 tempest-ServerBootFromVolumeStableRescueTest-1294711633 tempest-ServerBootFromVolumeStableRescueTest-1294711633-project-member] ephemeral_encryption_filter skipped {{(pid=95807) ephemeral_encryption_filter /opt/stack/nova/nova/scheduler/request_filter.py:426}}
Jun 01 18:01:25.130265 np0000001892 nova-scheduler[95807]: DEBUG nova.scheduler.request_filter [None req-adb1d520-ac32-49d7-926f-6f4993669354 tempest-ServerBootFromVolumeStableRescueTest-1294711633 tempest-ServerBootFromVolumeStableRescueTest-1294711633-project-member] virtio_sound_filter skipped {{(pid=95807) virtio_sound_filter /opt/stack/nova/nova/scheduler/request_filter.py:460}}
Jun 01 18:01:25.130450 np0000001892 nova-scheduler[95807]: DEBUG nova.scheduler.request_filter [None req-adb1d520-ac32-49d7-926f-6f4993669354 tempest-ServerBootFromVolumeStableRescueTest-1294711633 tempest-ServerBootFromVolumeStableRescueTest-1294711633-project-member] tpm_secret_security_filter skipped {{(pid=95807) tpm_secret_security_filter /opt/stack/nova/nova/scheduler/request_filter.py:477}}
Jun 01 18:01:25.847202 np0000001892 nova-scheduler[95807]: INFO nova.utils [None req-adb1d520-ac32-49d7-926f-6f4993669354 tempest-ServerBootFromVolumeStableRescueTest-1294711633 tempest-ServerBootFromVolumeStableRescueTest-1294711633-project-member] The cell worker thread pool ForkProcess-1.cell_worker is initialized
Jun 01 18:01:25.847634 np0000001892 nova-scheduler[95807]: DEBUG oslo_concurrency.lockutils [None req-adb1d520-ac32-49d7-926f-6f4993669354 tempest-ServerBootFromVolumeStableRescueTest-1294711633 tempest-ServerBootFromVolumeStableRescueTest-1294711633-project-member] Acquiring lock "a79afb3b-5ee5-4a5a-8773-92fa68dbb7ab" by "nova.context.set_target_cell..get_or_set_cached_cell_and_set_connections" {{(pid=95807) inner /opt/stack/data/venv/lib/python3.12/site-packages/oslo_concurrency/lockutils.py:511}}
Jun 01 18:01:25.847923 np0000001892 nova-scheduler[95807]: DEBUG oslo_concurrency.lockutils [None req-adb1d520-ac32-49d7-926f-6f4993669354 tempest-ServerBootFromVolumeStableRescueTest-1294711633 tempest-ServerBootFromVolumeStableRescueTest-1294711633-project-member] Lock "a79afb3b-5ee5-4a5a-8773-92fa68dbb7ab" acquired by "nova.context.set_target_cell..get_or_set_cached_cell_and_set_connections" :: waited 0.000s {{(pid=95807) inner /opt/stack/data/venv/lib/python3.12/site-packages/oslo_concurrency/lockutils.py:524}}
Jun 01 18:01:25.849717 np0000001892 nova-scheduler[95807]: DEBUG oslo_concurrency.lockutils [None req-adb1d520-ac32-49d7-926f-6f4993669354 tempest-ServerBootFromVolumeStableRescueTest-1294711633 tempest-ServerBootFromVolumeStableRescueTest-1294711633-project-member] Lock "a79afb3b-5ee5-4a5a-8773-92fa68dbb7ab" "released" by "nova.context.set_target_cell..get_or_set_cached_cell_and_set_connections" :: held 0.002s {{(pid=95807) inner /opt/stack/data/venv/lib/python3.12/site-packages/oslo_concurrency/lockutils.py:543}}
Jun 01 18:01:25.854401 np0000001892 nova-scheduler[95807]: INFO dbcounter [None req-adb1d520-ac32-49d7-926f-6f4993669354 tempest-ServerBootFromVolumeStableRescueTest-1294711633 tempest-ServerBootFromVolumeStableRescueTest-1294711633-project-member] Registered counter for database nova_cell1
Jun 01 18:01:25.921016 np0000001892 nova-scheduler[95807]: DEBUG oslo_db.sqlalchemy.engines [None req-adb1d520-ac32-49d7-926f-6f4993669354 tempest-ServerBootFromVolumeStableRescueTest-1294711633 tempest-ServerBootFromVolumeStableRescueTest-1294711633-project-member] MySQL server mode set to STRICT_TRANS_TABLES,STRICT_ALL_TABLES,NO_ZERO_IN_DATE,NO_ZERO_DATE,ERROR_FOR_DIVISION_BY_ZERO,TRADITIONAL,NO_ENGINE_SUBSTITUTION {{(pid=95807) _check_effective_sql_mode /opt/stack/data/venv/lib/python3.12/site-packages/oslo_db/sqlalchemy/engines.py:325}}
Jun 01 18:01:25.928468 np0000001892 nova-scheduler[95807]: DEBUG dbcounter [-] [95807] Writer thread running {{(pid=95807) stat_writer /opt/stack/data/venv/lib/python3.12/site-packages/dbcounter.py:102}}
Jun 01 18:01:25.930442 np0000001892 nova-scheduler[95809]: DEBUG oslo.service.backend._threading.loopingcall [None req-ba33ea5b-18a0-45ae-99ce-8549912f18ca None None] Dynamic interval looping call 'nova.service.Service.periodic_tasks' sleeping for 60.00 seconds {{(pid=95809) _run_loop /opt/stack/data/venv/lib/python3.12/site-packages/oslo_service/backend/_threading/loopingcall.py:125}}
Jun 01 18:01:25.945097 np0000001892 nova-scheduler[95807]: DEBUG oslo_db.sqlalchemy.engines [None req-adb1d520-ac32-49d7-926f-6f4993669354 tempest-ServerBootFromVolumeStableRescueTest-1294711633 tempest-ServerBootFromVolumeStableRescueTest-1294711633-project-member] Parent process 94542 forked (95807) with an open database connection, which is being discarded and recreated. {{(pid=95807) checkout /opt/stack/data/venv/lib/python3.12/site-packages/oslo_db/sqlalchemy/engines.py:402}}
Jun 01 18:01:26.001976 np0000001892 nova-scheduler[95807]: DEBUG dbcounter [-] [95807] Writer thread running {{(pid=95807) stat_writer /opt/stack/data/venv/lib/python3.12/site-packages/dbcounter.py:102}}
Jun 01 18:01:26.005308 np0000001892 nova-scheduler[95807]: DEBUG oslo_concurrency.lockutils [None req-adb1d520-ac32-49d7-926f-6f4993669354 tempest-ServerBootFromVolumeStableRescueTest-1294711633 tempest-ServerBootFromVolumeStableRescueTest-1294711633-project-member] Acquiring lock "a79afb3b-5ee5-4a5a-8773-92fa68dbb7ab" by "nova.context.set_target_cell..get_or_set_cached_cell_and_set_connections" {{(pid=95807) inner /opt/stack/data/venv/lib/python3.12/site-packages/oslo_concurrency/lockutils.py:511}}
Jun 01 18:01:26.005472 np0000001892 nova-scheduler[95807]: DEBUG oslo_concurrency.lockutils [None req-adb1d520-ac32-49d7-926f-6f4993669354 tempest-ServerBootFromVolumeStableRescueTest-1294711633 tempest-ServerBootFromVolumeStableRescueTest-1294711633-project-member] Lock "a79afb3b-5ee5-4a5a-8773-92fa68dbb7ab" acquired by "nova.context.set_target_cell..get_or_set_cached_cell_and_set_connections" :: waited 0.000s {{(pid=95807) inner /opt/stack/data/venv/lib/python3.12/site-packages/oslo_concurrency/lockutils.py:524}}
Jun 01 18:01:26.005710 np0000001892 nova-scheduler[95807]: DEBUG oslo_concurrency.lockutils [None req-adb1d520-ac32-49d7-926f-6f4993669354 tempest-ServerBootFromVolumeStableRescueTest-1294711633 tempest-ServerBootFromVolumeStableRescueTest-1294711633-project-member] Lock "a79afb3b-5ee5-4a5a-8773-92fa68dbb7ab" "released" by "nova.context.set_target_cell..get_or_set_cached_cell_and_set_connections" :: held 0.000s {{(pid=95807) inner /opt/stack/data/venv/lib/python3.12/site-packages/oslo_concurrency/lockutils.py:543}}
Jun 01 18:01:26.010237 np0000001892 nova-scheduler[95807]: DEBUG oslo_concurrency.lockutils [None req-adb1d520-ac32-49d7-926f-6f4993669354 tempest-ServerBootFromVolumeStableRescueTest-1294711633 tempest-ServerBootFromVolumeStableRescueTest-1294711633-project-member] Acquiring lock "('np0000001892', 'np0000001892')" by "nova.scheduler.host_manager.HostState.update.._locked_update" {{(pid=95807) inner /opt/stack/data/venv/lib/python3.12/site-packages/oslo_concurrency/lockutils.py:511}}
Jun 01 18:01:26.010394 np0000001892 nova-scheduler[95807]: DEBUG oslo_concurrency.lockutils [None req-adb1d520-ac32-49d7-926f-6f4993669354 tempest-ServerBootFromVolumeStableRescueTest-1294711633 tempest-ServerBootFromVolumeStableRescueTest-1294711633-project-member] Lock "('np0000001892', 'np0000001892')" acquired by "nova.scheduler.host_manager.HostState.update.._locked_update" :: waited 0.000s {{(pid=95807) inner /opt/stack/data/venv/lib/python3.12/site-packages/oslo_concurrency/lockutils.py:524}}
Jun 01 18:01:26.011455 np0000001892 nova-scheduler[95807]: DEBUG nova.scheduler.host_manager [None req-adb1d520-ac32-49d7-926f-6f4993669354 tempest-ServerBootFromVolumeStableRescueTest-1294711633 tempest-ServerBootFromVolumeStableRescueTest-1294711633-project-member] Update host state from compute node: ComputeNode(cpu_allocation_ratio=4.0,cpu_info='{"arch": "x86_64", "model": "EPYC-Milan", "vendor": "AMD", "topology": {"cells": 1, "sockets": 12, "cores": 1, "threads": 1}, "maxphysaddr": {"mode": "emulate", "bits": 40}, "features": ["amd-psfd", "lm", "nrip-save", "v-vmsave-vmload", "virt-ssbd", "mce", "arat", "tsc-scale", "wbnoinvd", "rdtscp", "pfthreshold", "xsave", "xsaves", "syscall", "x2apic", "adx", "f16c", "svme-addr-chk", "pse36", "sse", "tsc", "misalignsse", "xgetbv1", "apic", "osvw", "sep", "null-sel-clr-base", "sse2", "vme", "umip", "pschange-mc-no", "npt", "rdseed", "vmcb-clean", "rdctl-no", "smap", "cx8", "xsavec", "pge", "pni", "fpu", "flushbyasid", "sha-ni", "rdrand", "clflush", "sse4.1", "fma", "tsc_adjust", "cmp_legacy", "lfence-always-serializing", "cmov", "perfctr_core", "fsrm", "tsc-deadline", "bmi2", "mca", "pclmuldq", "erms", "sse4a", "pdpe1gb", "ibrs", "movbe", "ssbd", "vgif", "no-nested-data-bp", "pcid", "lbrv", "xsaveopt", "pse", "lahf_lm", "nx", "avx", "vaes", "xsaveerptr", "mtrr", "pat", "fxsr", "ibpb", "msr", "abm", "hypervisor", "skip-l1dfl-vmentry", "topoext", "vpclmulqdq", "popcnt", "pause-filter", "gds-no", "pae", "bmi1", "clwb", "invpcid", "mmxext", "cx16", "amd-stibp", "sse4.2", "svm", "cr8legacy", "stibp-always-on", "aes", "amd-ssbd", "de", "smep", "pku", "clzero", "avx2", "arch-capabilities", "rdpid", "stibp", "ssse3", "mmx", "3dnowprefetch", "clflushopt", "spec-ctrl", "fsgsbase", "fxsr_opt", "mds-no"]}',created_at=2026-06-01T17:58:57Z,current_workload=0,deleted=False,deleted_at=None,disk_allocation_ratio=1.0,disk_available_least=74,free_disk_gb=95,free_ram_mb=23518,host='np0000001892',host_ip=10.4.3.52,hypervisor_hostname='np0000001892',hypervisor_type='QEMU',hypervisor_version=8002002,id=1,local_gb=95,local_gb_used=0,mapped=1,memory_mb=24030,memory_mb_used=512,metrics='[]',numa_topology='{"nova_object.name": "NUMATopology", "nova_object.namespace": "nova", "nova_object.version": "1.2", "nova_object.data": {"cells": [{"nova_object.name": "NUMACell", "nova_object.namespace": "nova", "nova_object.version": "1.5", "nova_object.data": {"id": 0, "cpuset": [0, 1, 2, 3, 4, 5, 6, 7, 8, 9, 10, 11], "pcpuset": [0, 1, 2, 3, 4, 5, 6, 7, 8, 9, 10, 11], "memory": 24030, "cpu_usage": 0, "memory_usage": 0, "pinned_cpus": [], "siblings": [[6], [2], [5], [11], [8], [4], [1], [7], [10], [0], [3], [9]], "mempages": [{"nova_object.name": "NUMAPagesTopology", "nova_object.namespace": "nova", "nova_object.version": "1.1", "nova_object.data": {"size_kb": 4, "total": 6151797, "used": 0, "reserved": 0}, "nova_object.changes": ["total", "size_kb", "used", "reserved"]}, {"nova_object.name": "NUMAPagesTopology", "nova_object.namespace": "nova", "nova_object.version": "1.1", "nova_object.data": {"size_kb": 2048, "total": 0, "used": 0, "reserved": 0}, "nova_object.changes": ["total", "size_kb", "used", "reserved"]}, {"nova_object.name": "NUMAPagesTopology", "nova_object.namespace": "nova", "nova_object.version": "1.1", "nova_object.data": {"size_kb": 1048576, "total": 0, "used": 0, "reserved": 0}, "nova_object.changes": ["total", "size_kb", "used", "reserved"]}], "network_metadata": {"nova_object.name": "NetworkMetadata", "nova_object.namespace": "nova", "nova_object.version": "1.0", "nova_object.data": {"physnets": [], "tunneled": false}, "nova_object.changes": ["physnets", "tunneled"]}, "socket": null}, "nova_object.changes": ["cpuset", "memory", "pinned_cpus", "id", "pcpuset", "memory_usage", "siblings", "cpu_usage", "network_metadata", "mempages", "socket"]}]}, "nova_object.changes": ["cells"]}',pci_device_pools=PciDevicePoolList,ram_allocation_ratio=1.0,running_vms=0,service_id=3,stats={failed_builds='0',uptime=' 18:00:43 up 29 min, 2 users, load average: 1.22, 1.35, 0.80
Jun 01 18:01:26.011455 np0000001892 nova-scheduler[95807]: '},supported_hv_specs=[HVSpec,HVSpec,HVSpec,HVSpec,HVSpec,HVSpec,HVSpec,HVSpec,HVSpec,HVSpec,HVSpec,HVSpec,HVSpec,HVSpec,HVSpec,HVSpec,HVSpec,HVSpec,HVSpec,HVSpec,HVSpec,HVSpec,HVSpec,HVSpec,HVSpec],updated_at=2026-06-01T18:00:45Z,uuid=9edfaba4-c9a1-4dfc-8e17-46a7bd330dcf,vcpus=12,vcpus_used=0) {{(pid=95807) _locked_update /opt/stack/nova/nova/scheduler/host_manager.py:168}}
Jun 01 18:01:26.012224 np0000001892 nova-scheduler[95807]: DEBUG nova.scheduler.host_manager [None req-adb1d520-ac32-49d7-926f-6f4993669354 tempest-ServerBootFromVolumeStableRescueTest-1294711633 tempest-ServerBootFromVolumeStableRescueTest-1294711633-project-member] Update host state with aggregates: [] {{(pid=95807) _locked_update /opt/stack/nova/nova/scheduler/host_manager.py:171}}
Jun 01 18:01:26.012338 np0000001892 nova-scheduler[95807]: DEBUG nova.scheduler.host_manager [None req-adb1d520-ac32-49d7-926f-6f4993669354 tempest-ServerBootFromVolumeStableRescueTest-1294711633 tempest-ServerBootFromVolumeStableRescueTest-1294711633-project-member] Update host state with service dict: {'id': 3, 'uuid': 'cd8ff590-16b9-4317-bb2e-f4fb95d0170f', 'host': 'np0000001892', 'binary': 'nova-compute', 'topic': 'compute', 'report_count': 2, 'disabled': False, 'disabled_reason': None, 'last_seen_up': datetime.datetime(2026, 6, 1, 18, 1, 6, tzinfo=datetime.timezone.utc), 'forced_down': False, 'version': 72, 'created_at': datetime.datetime(2026, 6, 1, 17, 58, 56, tzinfo=datetime.timezone.utc), 'updated_at': datetime.datetime(2026, 6, 1, 18, 1, 6, tzinfo=datetime.timezone.utc), 'deleted_at': None, 'deleted': False} {{(pid=95807) _locked_update /opt/stack/nova/nova/scheduler/host_manager.py:174}}
Jun 01 18:01:26.012436 np0000001892 nova-scheduler[95807]: DEBUG nova.scheduler.host_manager [None req-adb1d520-ac32-49d7-926f-6f4993669354 tempest-ServerBootFromVolumeStableRescueTest-1294711633 tempest-ServerBootFromVolumeStableRescueTest-1294711633-project-member] Update host state with instances: [] {{(pid=95807) _locked_update /opt/stack/nova/nova/scheduler/host_manager.py:177}}
Jun 01 18:01:26.012556 np0000001892 nova-scheduler[95807]: DEBUG oslo_concurrency.lockutils [None req-adb1d520-ac32-49d7-926f-6f4993669354 tempest-ServerBootFromVolumeStableRescueTest-1294711633 tempest-ServerBootFromVolumeStableRescueTest-1294711633-project-member] Lock "('np0000001892', 'np0000001892')" "released" by "nova.scheduler.host_manager.HostState.update.._locked_update" :: held 0.002s {{(pid=95807) inner /opt/stack/data/venv/lib/python3.12/site-packages/oslo_concurrency/lockutils.py:543}}
Jun 01 18:01:26.013087 np0000001892 nova-scheduler[95807]: DEBUG nova.filters [None req-adb1d520-ac32-49d7-926f-6f4993669354 tempest-ServerBootFromVolumeStableRescueTest-1294711633 tempest-ServerBootFromVolumeStableRescueTest-1294711633-project-member] Starting with 1 host(s) {{(pid=95807) get_filtered_objects /opt/stack/nova/nova/filters.py:70}}
Jun 01 18:01:26.013379 np0000001892 nova-scheduler[95807]: DEBUG nova.filters [None req-adb1d520-ac32-49d7-926f-6f4993669354 tempest-ServerBootFromVolumeStableRescueTest-1294711633 tempest-ServerBootFromVolumeStableRescueTest-1294711633-project-member] Filter ComputeFilter returned 1 host(s) {{(pid=95807) get_filtered_objects /opt/stack/nova/nova/filters.py:102}}
Jun 01 18:01:26.013562 np0000001892 nova-scheduler[95807]: DEBUG nova.filters [None req-adb1d520-ac32-49d7-926f-6f4993669354 tempest-ServerBootFromVolumeStableRescueTest-1294711633 tempest-ServerBootFromVolumeStableRescueTest-1294711633-project-member] Filter ComputeCapabilitiesFilter returned 1 host(s) {{(pid=95807) get_filtered_objects /opt/stack/nova/nova/filters.py:102}}
Jun 01 18:01:26.015984 np0000001892 nova-scheduler[95807]: DEBUG nova.filters [None req-adb1d520-ac32-49d7-926f-6f4993669354 tempest-ServerBootFromVolumeStableRescueTest-1294711633 tempest-ServerBootFromVolumeStableRescueTest-1294711633-project-member] Filter ImagePropertiesFilter returned 1 host(s) {{(pid=95807) get_filtered_objects /opt/stack/nova/nova/filters.py:102}}
Jun 01 18:01:26.016133 np0000001892 nova-scheduler[95807]: DEBUG nova.filters [None req-adb1d520-ac32-49d7-926f-6f4993669354 tempest-ServerBootFromVolumeStableRescueTest-1294711633 tempest-ServerBootFromVolumeStableRescueTest-1294711633-project-member] Filter ServerGroupAntiAffinityFilter returned 1 host(s) {{(pid=95807) get_filtered_objects /opt/stack/nova/nova/filters.py:102}}
Jun 01 18:01:26.016282 np0000001892 nova-scheduler[95807]: DEBUG nova.filters [None req-adb1d520-ac32-49d7-926f-6f4993669354 tempest-ServerBootFromVolumeStableRescueTest-1294711633 tempest-ServerBootFromVolumeStableRescueTest-1294711633-project-member] Filter ServerGroupAffinityFilter returned 1 host(s) {{(pid=95807) get_filtered_objects /opt/stack/nova/nova/filters.py:102}}
Jun 01 18:01:26.016590 np0000001892 nova-scheduler[95807]: DEBUG nova.filters [None req-adb1d520-ac32-49d7-926f-6f4993669354 tempest-ServerBootFromVolumeStableRescueTest-1294711633 tempest-ServerBootFromVolumeStableRescueTest-1294711633-project-member] Filter SameHostFilter returned 1 host(s) {{(pid=95807) get_filtered_objects /opt/stack/nova/nova/filters.py:102}}
Jun 01 18:01:26.016590 np0000001892 nova-scheduler[95807]: DEBUG nova.filters [None req-adb1d520-ac32-49d7-926f-6f4993669354 tempest-ServerBootFromVolumeStableRescueTest-1294711633 tempest-ServerBootFromVolumeStableRescueTest-1294711633-project-member] Filter DifferentHostFilter returned 1 host(s) {{(pid=95807) get_filtered_objects /opt/stack/nova/nova/filters.py:102}}
Jun 01 18:01:26.016682 np0000001892 nova-scheduler[95807]: DEBUG nova.scheduler.manager [None req-adb1d520-ac32-49d7-926f-6f4993669354 tempest-ServerBootFromVolumeStableRescueTest-1294711633 tempest-ServerBootFromVolumeStableRescueTest-1294711633-project-member] Filtered [(np0000001892, np0000001892) ram: 23518MB disk: 75776MB io_ops: 0 instances: 0, allocation_candidates: 1] {{(pid=95807) _get_sorted_hosts /opt/stack/nova/nova/scheduler/manager.py:743}}
Jun 01 18:01:26.016968 np0000001892 nova-scheduler[95807]: DEBUG nova.scheduler.manager [None req-adb1d520-ac32-49d7-926f-6f4993669354 tempest-ServerBootFromVolumeStableRescueTest-1294711633 tempest-ServerBootFromVolumeStableRescueTest-1294711633-project-member] Weighed [WeighedHost [host: (np0000001892, np0000001892) ram: 23518MB disk: 75776MB io_ops: 0 instances: 0, allocation_candidates: 1, weight: 0.0]] {{(pid=95807) _get_sorted_hosts /opt/stack/nova/nova/scheduler/manager.py:765}}
Jun 01 18:01:26.017178 np0000001892 nova-scheduler[95807]: DEBUG nova.scheduler.utils [None req-adb1d520-ac32-49d7-926f-6f4993669354 tempest-ServerBootFromVolumeStableRescueTest-1294711633 tempest-ServerBootFromVolumeStableRescueTest-1294711633-project-member] Attempting to claim resources in the placement API for instance a84b0a99-376b-4750-92ba-b878cef1f771 {{(pid=95807) claim_resources /opt/stack/nova/nova/scheduler/utils.py:1304}}
Jun 01 18:01:26.213047 np0000001892 nova-scheduler[95807]: DEBUG nova.scheduler.manager [None req-adb1d520-ac32-49d7-926f-6f4993669354 tempest-ServerBootFromVolumeStableRescueTest-1294711633 tempest-ServerBootFromVolumeStableRescueTest-1294711633-project-member] [instance: a84b0a99-376b-4750-92ba-b878cef1f771] Selected host: (np0000001892, np0000001892) ram: 23518MB disk: 75776MB io_ops: 0 instances: 0, allocation_candidates: 1 {{(pid=95807) _consume_selected_host /opt/stack/nova/nova/scheduler/manager.py:625}}
Jun 01 18:01:26.213047 np0000001892 nova-scheduler[95807]: DEBUG oslo_concurrency.lockutils [None req-adb1d520-ac32-49d7-926f-6f4993669354 tempest-ServerBootFromVolumeStableRescueTest-1294711633 tempest-ServerBootFromVolumeStableRescueTest-1294711633-project-member] Acquiring lock "('np0000001892', 'np0000001892')" by "nova.scheduler.host_manager.HostState.consume_from_request.._locked" {{(pid=95807) inner /opt/stack/data/venv/lib/python3.12/site-packages/oslo_concurrency/lockutils.py:511}}
Jun 01 18:01:26.213047 np0000001892 nova-scheduler[95807]: DEBUG oslo_concurrency.lockutils [None req-adb1d520-ac32-49d7-926f-6f4993669354 tempest-ServerBootFromVolumeStableRescueTest-1294711633 tempest-ServerBootFromVolumeStableRescueTest-1294711633-project-member] Lock "('np0000001892', 'np0000001892')" acquired by "nova.scheduler.host_manager.HostState.consume_from_request.._locked" :: waited 0.000s {{(pid=95807) inner /opt/stack/data/venv/lib/python3.12/site-packages/oslo_concurrency/lockutils.py:524}}
Jun 01 18:01:26.213047 np0000001892 nova-scheduler[95807]: DEBUG oslo_concurrency.lockutils [None req-adb1d520-ac32-49d7-926f-6f4993669354 tempest-ServerBootFromVolumeStableRescueTest-1294711633 tempest-ServerBootFromVolumeStableRescueTest-1294711633-project-member] Lock "('np0000001892', 'np0000001892')" "released" by "nova.scheduler.host_manager.HostState.consume_from_request.._locked" :: held 0.000s {{(pid=95807) inner /opt/stack/data/venv/lib/python3.12/site-packages/oslo_concurrency/lockutils.py:543}}
Jun 01 18:01:36.009181 np0000001892 nova-scheduler[95807]: DEBUG dbcounter [-] [95807] Writing DB stats nova_cell1:SELECT=3 {{(pid=95807) stat_writer /opt/stack/data/venv/lib/python3.12/site-packages/dbcounter.py:115}}
Jun 01 18:01:42.901481 np0000001892 nova-scheduler[95811]: DEBUG nova.scheduler.manager [None req-fd9bcad7-f8bf-44da-93c8-f97cf51e5eec tempest-AttachSCSIVolumeTestJSON-1276477685 tempest-AttachSCSIVolumeTestJSON-1276477685-project-member] Starting to schedule for instances: ['ab04d135-8abb-49e6-816f-95b61439d628'] {{(pid=95811) select_destinations /opt/stack/nova/nova/scheduler/manager.py:210}}
Jun 01 18:01:42.901930 np0000001892 nova-scheduler[95811]: DEBUG nova.scheduler.request_filter [None req-fd9bcad7-f8bf-44da-93c8-f97cf51e5eec tempest-AttachSCSIVolumeTestJSON-1276477685 tempest-AttachSCSIVolumeTestJSON-1276477685-project-member] compute_status_filter request filter added forbidden trait COMPUTE_STATUS_DISABLED {{(pid=95811) compute_status_filter /opt/stack/nova/nova/scheduler/request_filter.py:253}}
Jun 01 18:01:42.901930 np0000001892 nova-scheduler[95811]: DEBUG nova.scheduler.request_filter [None req-fd9bcad7-f8bf-44da-93c8-f97cf51e5eec tempest-AttachSCSIVolumeTestJSON-1276477685 tempest-AttachSCSIVolumeTestJSON-1276477685-project-member] Request filter 'compute_status_filter' took 0.0 seconds {{(pid=95811) wrapper /opt/stack/nova/nova/scheduler/request_filter.py:46}}
Jun 01 18:01:42.902118 np0000001892 nova-scheduler[95811]: DEBUG nova.scheduler.request_filter [None req-fd9bcad7-f8bf-44da-93c8-f97cf51e5eec tempest-AttachSCSIVolumeTestJSON-1276477685 tempest-AttachSCSIVolumeTestJSON-1276477685-project-member] Request filter 'accelerators_filter' took 0.0 seconds {{(pid=95811) wrapper /opt/stack/nova/nova/scheduler/request_filter.py:46}}
Jun 01 18:01:42.902894 np0000001892 nova-scheduler[95811]: DEBUG nova.scheduler.request_filter [None req-fd9bcad7-f8bf-44da-93c8-f97cf51e5eec tempest-AttachSCSIVolumeTestJSON-1276477685 tempest-AttachSCSIVolumeTestJSON-1276477685-project-member] Request filter 'packed_virtqueue_filter' took 0.0 seconds {{(pid=95811) wrapper /opt/stack/nova/nova/scheduler/request_filter.py:46}}
Jun 01 18:01:42.903015 np0000001892 nova-scheduler[95811]: DEBUG nova.scheduler.request_filter [None req-fd9bcad7-f8bf-44da-93c8-f97cf51e5eec tempest-AttachSCSIVolumeTestJSON-1276477685 tempest-AttachSCSIVolumeTestJSON-1276477685-project-member] Request filter 'remote_managed_ports_filter' took 0.0 seconds {{(pid=95811) wrapper /opt/stack/nova/nova/scheduler/request_filter.py:46}}
Jun 01 18:01:42.903164 np0000001892 nova-scheduler[95811]: DEBUG nova.scheduler.request_filter [None req-fd9bcad7-f8bf-44da-93c8-f97cf51e5eec tempest-AttachSCSIVolumeTestJSON-1276477685 tempest-AttachSCSIVolumeTestJSON-1276477685-project-member] ephemeral_encryption_filter skipped {{(pid=95811) ephemeral_encryption_filter /opt/stack/nova/nova/scheduler/request_filter.py:426}}
Jun 01 18:01:42.903285 np0000001892 nova-scheduler[95811]: DEBUG nova.scheduler.request_filter [None req-fd9bcad7-f8bf-44da-93c8-f97cf51e5eec tempest-AttachSCSIVolumeTestJSON-1276477685 tempest-AttachSCSIVolumeTestJSON-1276477685-project-member] virtio_sound_filter skipped {{(pid=95811) virtio_sound_filter /opt/stack/nova/nova/scheduler/request_filter.py:460}}
Jun 01 18:01:42.903422 np0000001892 nova-scheduler[95811]: DEBUG nova.scheduler.request_filter [None req-fd9bcad7-f8bf-44da-93c8-f97cf51e5eec tempest-AttachSCSIVolumeTestJSON-1276477685 tempest-AttachSCSIVolumeTestJSON-1276477685-project-member] tpm_secret_security_filter skipped {{(pid=95811) tpm_secret_security_filter /opt/stack/nova/nova/scheduler/request_filter.py:477}}
Jun 01 18:01:42.996642 np0000001892 nova-scheduler[95811]: INFO nova.utils [None req-fd9bcad7-f8bf-44da-93c8-f97cf51e5eec tempest-AttachSCSIVolumeTestJSON-1276477685 tempest-AttachSCSIVolumeTestJSON-1276477685-project-member] The cell worker thread pool ForkProcess-3.cell_worker is initialized
Jun 01 18:01:42.996988 np0000001892 nova-scheduler[95811]: DEBUG oslo_concurrency.lockutils [None req-fd9bcad7-f8bf-44da-93c8-f97cf51e5eec tempest-AttachSCSIVolumeTestJSON-1276477685 tempest-AttachSCSIVolumeTestJSON-1276477685-project-member] Acquiring lock "a79afb3b-5ee5-4a5a-8773-92fa68dbb7ab" by "nova.context.set_target_cell..get_or_set_cached_cell_and_set_connections" {{(pid=95811) inner /opt/stack/data/venv/lib/python3.12/site-packages/oslo_concurrency/lockutils.py:511}}
Jun 01 18:01:42.997242 np0000001892 nova-scheduler[95811]: DEBUG oslo_concurrency.lockutils [None req-fd9bcad7-f8bf-44da-93c8-f97cf51e5eec tempest-AttachSCSIVolumeTestJSON-1276477685 tempest-AttachSCSIVolumeTestJSON-1276477685-project-member] Lock "a79afb3b-5ee5-4a5a-8773-92fa68dbb7ab" acquired by "nova.context.set_target_cell..get_or_set_cached_cell_and_set_connections" :: waited 0.000s {{(pid=95811) inner /opt/stack/data/venv/lib/python3.12/site-packages/oslo_concurrency/lockutils.py:524}}
Jun 01 18:01:42.999394 np0000001892 nova-scheduler[95811]: DEBUG oslo_concurrency.lockutils [None req-fd9bcad7-f8bf-44da-93c8-f97cf51e5eec tempest-AttachSCSIVolumeTestJSON-1276477685 tempest-AttachSCSIVolumeTestJSON-1276477685-project-member] Lock "a79afb3b-5ee5-4a5a-8773-92fa68dbb7ab" "released" by "nova.context.set_target_cell..get_or_set_cached_cell_and_set_connections" :: held 0.002s {{(pid=95811) inner /opt/stack/data/venv/lib/python3.12/site-packages/oslo_concurrency/lockutils.py:543}}
Jun 01 18:01:43.002297 np0000001892 nova-scheduler[95811]: INFO dbcounter [None req-fd9bcad7-f8bf-44da-93c8-f97cf51e5eec tempest-AttachSCSIVolumeTestJSON-1276477685 tempest-AttachSCSIVolumeTestJSON-1276477685-project-member] Registered counter for database nova_cell1
Jun 01 18:01:43.051328 np0000001892 nova-scheduler[95811]: DEBUG oslo_db.sqlalchemy.engines [None req-fd9bcad7-f8bf-44da-93c8-f97cf51e5eec tempest-AttachSCSIVolumeTestJSON-1276477685 tempest-AttachSCSIVolumeTestJSON-1276477685-project-member] MySQL server mode set to STRICT_TRANS_TABLES,STRICT_ALL_TABLES,NO_ZERO_IN_DATE,NO_ZERO_DATE,ERROR_FOR_DIVISION_BY_ZERO,TRADITIONAL,NO_ENGINE_SUBSTITUTION {{(pid=95811) _check_effective_sql_mode /opt/stack/data/venv/lib/python3.12/site-packages/oslo_db/sqlalchemy/engines.py:325}}
Jun 01 18:01:43.057258 np0000001892 nova-scheduler[95811]: DEBUG dbcounter [-] [95811] Writer thread running {{(pid=95811) stat_writer /opt/stack/data/venv/lib/python3.12/site-packages/dbcounter.py:102}}
Jun 01 18:01:43.109474 np0000001892 nova-scheduler[95811]: DEBUG dbcounter [-] [95811] Writer thread running {{(pid=95811) stat_writer /opt/stack/data/venv/lib/python3.12/site-packages/dbcounter.py:102}}
Jun 01 18:01:43.121301 np0000001892 nova-scheduler[95811]: DEBUG oslo_concurrency.lockutils [None req-fd9bcad7-f8bf-44da-93c8-f97cf51e5eec tempest-AttachSCSIVolumeTestJSON-1276477685 tempest-AttachSCSIVolumeTestJSON-1276477685-project-member] Acquiring lock "a79afb3b-5ee5-4a5a-8773-92fa68dbb7ab" by "nova.context.set_target_cell..get_or_set_cached_cell_and_set_connections" {{(pid=95811) inner /opt/stack/data/venv/lib/python3.12/site-packages/oslo_concurrency/lockutils.py:511}}
Jun 01 18:01:43.121490 np0000001892 nova-scheduler[95811]: DEBUG oslo_concurrency.lockutils [None req-fd9bcad7-f8bf-44da-93c8-f97cf51e5eec tempest-AttachSCSIVolumeTestJSON-1276477685 tempest-AttachSCSIVolumeTestJSON-1276477685-project-member] Lock "a79afb3b-5ee5-4a5a-8773-92fa68dbb7ab" acquired by "nova.context.set_target_cell..get_or_set_cached_cell_and_set_connections" :: waited 0.000s {{(pid=95811) inner /opt/stack/data/venv/lib/python3.12/site-packages/oslo_concurrency/lockutils.py:524}}
Jun 01 18:01:43.121645 np0000001892 nova-scheduler[95811]: DEBUG oslo_concurrency.lockutils [None req-fd9bcad7-f8bf-44da-93c8-f97cf51e5eec tempest-AttachSCSIVolumeTestJSON-1276477685 tempest-AttachSCSIVolumeTestJSON-1276477685-project-member] Lock "a79afb3b-5ee5-4a5a-8773-92fa68dbb7ab" "released" by "nova.context.set_target_cell..get_or_set_cached_cell_and_set_connections" :: held 0.000s {{(pid=95811) inner /opt/stack/data/venv/lib/python3.12/site-packages/oslo_concurrency/lockutils.py:543}}
