May 20 13:32:03.978359 np0000001067 devstack@g-api.service[101813]: DEBUG glance.api.middleware.version_negotiation [None req-c379cc69-81f4-4b2d-bac6-319a6486f4df tempest-VolumesActionsTest-886739108 tempest-VolumesActionsTest-886739108-project-member] Determining version of request: GET /v2/schemas/image Accept: */* {{(pid=101813) process_request /opt/stack/glance/glance/api/middleware/version_negotiation.py:44}}
May 20 13:32:03.978580 np0000001067 devstack@g-api.service[101813]: DEBUG glance.api.middleware.version_negotiation [None req-c379cc69-81f4-4b2d-bac6-319a6486f4df tempest-VolumesActionsTest-886739108 tempest-VolumesActionsTest-886739108-project-member] Using url versioning {{(pid=101813) process_request /opt/stack/glance/glance/api/middleware/version_negotiation.py:57}}
May 20 13:32:03.978762 np0000001067 devstack@g-api.service[101813]: DEBUG glance.api.middleware.version_negotiation [None req-c379cc69-81f4-4b2d-bac6-319a6486f4df tempest-VolumesActionsTest-886739108 tempest-VolumesActionsTest-886739108-project-member] Matched version: v2 {{(pid=101813) process_request /opt/stack/glance/glance/api/middleware/version_negotiation.py:69}}
May 20 13:32:03.978902 np0000001067 devstack@g-api.service[101813]: DEBUG glance.api.middleware.version_negotiation [None req-c379cc69-81f4-4b2d-bac6-319a6486f4df tempest-VolumesActionsTest-886739108 tempest-VolumesActionsTest-886739108-project-member] new path /v2/schemas/image {{(pid=101813) process_request /opt/stack/glance/glance/api/middleware/version_negotiation.py:70}}
May 20 13:32:03.981831 np0000001067 devstack@g-api.service[101813]: [pid: 101813|app: 0|req: 68/209] 127.0.0.1 () {44 vars in 1047 bytes} [Wed May 20 13:32:03 2026] GET /v2/schemas/image => generated 6083 bytes in 4 msecs (HTTP/1.1 200) 4 headers in 158 bytes (1 switches on core 0)
May 20 13:32:03.991814 np0000001067 devstack@g-api.service[101814]: DEBUG glance.api.middleware.version_negotiation [None req-581b61a3-afee-4c58-af2f-1d440b301d1a service glance] Determining version of request: GET /v2/schemas/image Accept: */* {{(pid=101814) process_request /opt/stack/glance/glance/api/middleware/version_negotiation.py:44}}
May 20 13:32:03.992022 np0000001067 devstack@g-api.service[101814]: DEBUG glance.api.middleware.version_negotiation [None req-581b61a3-afee-4c58-af2f-1d440b301d1a service glance] Using url versioning {{(pid=101814) process_request /opt/stack/glance/glance/api/middleware/version_negotiation.py:57}}
May 20 13:32:03.992191 np0000001067 devstack@g-api.service[101814]: DEBUG glance.api.middleware.version_negotiation [None req-581b61a3-afee-4c58-af2f-1d440b301d1a service glance] Matched version: v2 {{(pid=101814) process_request /opt/stack/glance/glance/api/middleware/version_negotiation.py:69}}
May 20 13:32:03.992319 np0000001067 devstack@g-api.service[101814]: DEBUG glance.api.middleware.version_negotiation [None req-581b61a3-afee-4c58-af2f-1d440b301d1a service glance] new path /v2/schemas/image {{(pid=101814) process_request /opt/stack/glance/glance/api/middleware/version_negotiation.py:70}}
May 20 13:32:03.995265 np0000001067 devstack@g-api.service[101814]: [pid: 101814|app: 0|req: 72/210] 127.0.0.1 () {44 vars in 1047 bytes} [Wed May 20 13:32:03 2026] GET /v2/schemas/image => generated 6083 bytes in 4 msecs (HTTP/1.1 200) 4 headers in 158 bytes (1 switches on core 0)
May 20 13:32:04.675512 np0000001067 devstack@g-api.service[101812]: DEBUG glance.api.middleware.version_negotiation [None req-581b61a3-afee-4c58-af2f-1d440b301d1a tempest-AttachVolumeMultiAttachTest-1740997573 tempest-AttachVolumeMultiAttachTest-1740997573-project-member] Determining version of request: GET /v2/images/4c47bf66-9718-452f-a714-1a9b3ae8ac77 Accept: application/json {{(pid=101812) process_request /opt/stack/glance/glance/api/middleware/version_negotiation.py:44}}
May 20 13:32:04.676005 np0000001067 devstack@g-api.service[101812]: DEBUG glance.api.middleware.version_negotiation [None req-581b61a3-afee-4c58-af2f-1d440b301d1a tempest-AttachVolumeMultiAttachTest-1740997573 tempest-AttachVolumeMultiAttachTest-1740997573-project-member] Using url versioning {{(pid=101812) process_request /opt/stack/glance/glance/api/middleware/version_negotiation.py:57}}
May 20 13:32:04.676005 np0000001067 devstack@g-api.service[101812]: DEBUG glance.api.middleware.version_negotiation [None req-581b61a3-afee-4c58-af2f-1d440b301d1a tempest-AttachVolumeMultiAttachTest-1740997573 tempest-AttachVolumeMultiAttachTest-1740997573-project-member] Matched version: v2 {{(pid=101812) process_request /opt/stack/glance/glance/api/middleware/version_negotiation.py:69}}
May 20 13:32:04.676122 np0000001067 devstack@g-api.service[101812]: DEBUG glance.api.middleware.version_negotiation [None req-581b61a3-afee-4c58-af2f-1d440b301d1a tempest-AttachVolumeMultiAttachTest-1740997573 tempest-AttachVolumeMultiAttachTest-1740997573-project-member] new path /v2/images/4c47bf66-9718-452f-a714-1a9b3ae8ac77 {{(pid=101812) process_request /opt/stack/glance/glance/api/middleware/version_negotiation.py:70}}
May 20 13:32:04.695237 np0000001067 devstack@g-api.service[101812]: [pid: 101812|app: 0|req: 71/211] 127.0.0.1 () {40 vars in 830 bytes} [Wed May 20 13:32:04 2026] GET /v2/images/4c47bf66-9718-452f-a714-1a9b3ae8ac77 => generated 649 bytes in 20 msecs (HTTP/1.1 200) 4 headers in 157 bytes (1 switches on core 0)
May 20 13:32:05.622618 np0000001067 devstack@g-api.service[101813]: DEBUG glance.api.middleware.version_negotiation [None req-581b61a3-afee-4c58-af2f-1d440b301d1a tempest-AttachVolumeMultiAttachTest-1740997573 tempest-AttachVolumeMultiAttachTest-1740997573-project-member] Determining version of request: GET /v2/images/5ec2fc91-ac13-4078-936d-3d06c58eb027 Accept: */* {{(pid=101813) process_request /opt/stack/glance/glance/api/middleware/version_negotiation.py:44}}
May 20 13:32:05.622618 np0000001067 devstack@g-api.service[101813]: DEBUG glance.api.middleware.version_negotiation [None req-581b61a3-afee-4c58-af2f-1d440b301d1a tempest-AttachVolumeMultiAttachTest-1740997573 tempest-AttachVolumeMultiAttachTest-1740997573-project-member] Using url versioning {{(pid=101813) process_request /opt/stack/glance/glance/api/middleware/version_negotiation.py:57}}
May 20 13:32:05.622618 np0000001067 devstack@g-api.service[101813]: DEBUG glance.api.middleware.version_negotiation [None req-581b61a3-afee-4c58-af2f-1d440b301d1a tempest-AttachVolumeMultiAttachTest-1740997573 tempest-AttachVolumeMultiAttachTest-1740997573-project-member] Matched version: v2 {{(pid=101813) process_request /opt/stack/glance/glance/api/middleware/version_negotiation.py:69}}
May 20 13:32:05.623085 np0000001067 devstack@g-api.service[101813]: DEBUG glance.api.middleware.version_negotiation [None req-581b61a3-afee-4c58-af2f-1d440b301d1a tempest-AttachVolumeMultiAttachTest-1740997573 tempest-AttachVolumeMultiAttachTest-1740997573-project-member] new path /v2/images/5ec2fc91-ac13-4078-936d-3d06c58eb027 {{(pid=101813) process_request /opt/stack/glance/glance/api/middleware/version_negotiation.py:70}}
May 20 13:32:05.643176 np0000001067 devstack@g-api.service[101813]: [pid: 101813|app: 0|req: 69/212] 127.0.0.1 () {44 vars in 1107 bytes} [Wed May 20 13:32:05 2026] GET /v2/images/5ec2fc91-ac13-4078-936d-3d06c58eb027 => generated 1044 bytes in 20 msecs (HTTP/1.1 200) 4 headers in 158 bytes (1 switches on core 0)
May 20 13:32:05.689817 np0000001067 devstack@g-api.service[101814]: DEBUG glance.api.middleware.version_negotiation [None req-581b61a3-afee-4c58-af2f-1d440b301d1a tempest-AttachVolumeMultiAttachTest-1740997573 tempest-AttachVolumeMultiAttachTest-1740997573-project-member] Determining version of request: GET /v2/schemas/image Accept: */* {{(pid=101814) process_request /opt/stack/glance/glance/api/middleware/version_negotiation.py:44}}
May 20 13:32:05.690196 np0000001067 devstack@g-api.service[101814]: DEBUG glance.api.middleware.version_negotiation [None req-581b61a3-afee-4c58-af2f-1d440b301d1a tempest-AttachVolumeMultiAttachTest-1740997573 tempest-AttachVolumeMultiAttachTest-1740997573-project-member] Using url versioning {{(pid=101814) process_request /opt/stack/glance/glance/api/middleware/version_negotiation.py:57}}
May 20 13:32:05.690196 np0000001067 devstack@g-api.service[101814]: DEBUG glance.api.middleware.version_negotiation [None req-581b61a3-afee-4c58-af2f-1d440b301d1a tempest-AttachVolumeMultiAttachTest-1740997573 tempest-AttachVolumeMultiAttachTest-1740997573-project-member] Matched version: v2 {{(pid=101814) process_request /opt/stack/glance/glance/api/middleware/version_negotiation.py:69}}
May 20 13:32:05.690255 np0000001067 devstack@g-api.service[101814]: DEBUG glance.api.middleware.version_negotiation [None req-581b61a3-afee-4c58-af2f-1d440b301d1a tempest-AttachVolumeMultiAttachTest-1740997573 tempest-AttachVolumeMultiAttachTest-1740997573-project-member] new path /v2/schemas/image {{(pid=101814) process_request /opt/stack/glance/glance/api/middleware/version_negotiation.py:70}}
May 20 13:32:05.693242 np0000001067 devstack@g-api.service[101814]: [pid: 101814|app: 0|req: 73/213] 127.0.0.1 () {44 vars in 1047 bytes} [Wed May 20 13:32:05 2026] GET /v2/schemas/image => generated 6083 bytes in 3 msecs (HTTP/1.1 200) 4 headers in 158 bytes (1 switches on core 0)
May 20 13:32:05.705506 np0000001067 devstack@g-api.service[101812]: DEBUG glance.api.middleware.version_negotiation [None req-604cca6d-b855-47df-a21b-6d74234c51bc tempest-VolumesActionsTest-886739108 tempest-VolumesActionsTest-886739108-project-member] Determining version of request: GET /v2/images/4c47bf66-9718-452f-a714-1a9b3ae8ac77 Accept: application/json {{(pid=101812) process_request /opt/stack/glance/glance/api/middleware/version_negotiation.py:44}}
May 20 13:32:05.705855 np0000001067 devstack@g-api.service[101812]: DEBUG glance.api.middleware.version_negotiation [None req-604cca6d-b855-47df-a21b-6d74234c51bc tempest-VolumesActionsTest-886739108 tempest-VolumesActionsTest-886739108-project-member] Using url versioning {{(pid=101812) process_request /opt/stack/glance/glance/api/middleware/version_negotiation.py:57}}
May 20 13:32:05.705855 np0000001067 devstack@g-api.service[101812]: DEBUG glance.api.middleware.version_negotiation [None req-604cca6d-b855-47df-a21b-6d74234c51bc tempest-VolumesActionsTest-886739108 tempest-VolumesActionsTest-886739108-project-member] Matched version: v2 {{(pid=101812) process_request /opt/stack/glance/glance/api/middleware/version_negotiation.py:69}}
May 20 13:32:05.705917 np0000001067 devstack@g-api.service[101812]: DEBUG glance.api.middleware.version_negotiation [None req-604cca6d-b855-47df-a21b-6d74234c51bc tempest-VolumesActionsTest-886739108 tempest-VolumesActionsTest-886739108-project-member] new path /v2/images/4c47bf66-9718-452f-a714-1a9b3ae8ac77 {{(pid=101812) process_request /opt/stack/glance/glance/api/middleware/version_negotiation.py:70}}
May 20 13:32:05.719506 np0000001067 devstack@g-api.service[101812]: [pid: 101812|app: 0|req: 72/214] 127.0.0.1 () {40 vars in 830 bytes} [Wed May 20 13:32:05 2026] GET /v2/images/4c47bf66-9718-452f-a714-1a9b3ae8ac77 => generated 649 bytes in 11 msecs (HTTP/1.1 200) 4 headers in 157 bytes (1 switches on core 0)
May 20 13:32:06.076336 np0000001067 devstack@g-api.service[101813]: DEBUG glance.api.middleware.version_negotiation [None req-e3ec896d-9390-4889-be07-48c99d972ecb tempest-ServerActionsV293TestJSON-1284764027 tempest-ServerActionsV293TestJSON-1284764027-project-member] Determining version of request: GET /v2/images/5ec2fc91-ac13-4078-936d-3d06c58eb027 Accept: */* {{(pid=101813) process_request /opt/stack/glance/glance/api/middleware/version_negotiation.py:44}}
May 20 13:32:06.077148 np0000001067 devstack@g-api.service[101813]: DEBUG glance.api.middleware.version_negotiation [None req-e3ec896d-9390-4889-be07-48c99d972ecb tempest-ServerActionsV293TestJSON-1284764027 tempest-ServerActionsV293TestJSON-1284764027-project-member] Using url versioning {{(pid=101813) process_request /opt/stack/glance/glance/api/middleware/version_negotiation.py:57}}
May 20 13:32:06.077148 np0000001067 devstack@g-api.service[101813]: DEBUG glance.api.middleware.version_negotiation [None req-e3ec896d-9390-4889-be07-48c99d972ecb tempest-ServerActionsV293TestJSON-1284764027 tempest-ServerActionsV293TestJSON-1284764027-project-member] Matched version: v2 {{(pid=101813) process_request /opt/stack/glance/glance/api/middleware/version_negotiation.py:69}}
May 20 13:32:06.077148 np0000001067 devstack@g-api.service[101813]: DEBUG glance.api.middleware.version_negotiation [None req-e3ec896d-9390-4889-be07-48c99d972ecb tempest-ServerActionsV293TestJSON-1284764027 tempest-ServerActionsV293TestJSON-1284764027-project-member] new path /v2/images/5ec2fc91-ac13-4078-936d-3d06c58eb027 {{(pid=101813) process_request /opt/stack/glance/glance/api/middleware/version_negotiation.py:70}}
May 20 13:32:06.086602 np0000001067 devstack@g-api.service[101813]: [pid: 101813|app: 0|req: 70/215] 127.0.0.1 () {44 vars in 1107 bytes} [Wed May 20 13:32:06 2026] GET /v2/images/5ec2fc91-ac13-4078-936d-3d06c58eb027 => generated 1044 bytes in 10 msecs (HTTP/1.1 200) 4 headers in 158 bytes (1 switches on core 0)
May 20 13:32:06.118961 np0000001067 devstack@g-api.service[101814]: DEBUG glance.api.middleware.version_negotiation [None req-e3ec896d-9390-4889-be07-48c99d972ecb tempest-ServerActionsV293TestJSON-1284764027 tempest-ServerActionsV293TestJSON-1284764027-project-member] Determining version of request: GET /v2/schemas/image Accept: */* {{(pid=101814) process_request /opt/stack/glance/glance/api/middleware/version_negotiation.py:44}}
May 20 13:32:06.119421 np0000001067 devstack@g-api.service[101814]: DEBUG glance.api.middleware.version_negotiation [None req-e3ec896d-9390-4889-be07-48c99d972ecb tempest-ServerActionsV293TestJSON-1284764027 tempest-ServerActionsV293TestJSON-1284764027-project-member] Using url versioning {{(pid=101814) process_request /opt/stack/glance/glance/api/middleware/version_negotiation.py:57}}
May 20 13:32:06.120123 np0000001067 devstack@g-api.service[101814]: DEBUG glance.api.middleware.version_negotiation [None req-e3ec896d-9390-4889-be07-48c99d972ecb tempest-ServerActionsV293TestJSON-1284764027 tempest-ServerActionsV293TestJSON-1284764027-project-member] Matched version: v2 {{(pid=101814) process_request /opt/stack/glance/glance/api/middleware/version_negotiation.py:69}}
May 20 13:32:06.120763 np0000001067 devstack@g-api.service[101814]: DEBUG glance.api.middleware.version_negotiation [None req-e3ec896d-9390-4889-be07-48c99d972ecb tempest-ServerActionsV293TestJSON-1284764027 tempest-ServerActionsV293TestJSON-1284764027-project-member] new path /v2/schemas/image {{(pid=101814) process_request /opt/stack/glance/glance/api/middleware/version_negotiation.py:70}}
May 20 13:32:06.124424 np0000001067 devstack@g-api.service[101814]: [pid: 101814|app: 0|req: 74/216] 127.0.0.1 () {44 vars in 1047 bytes} [Wed May 20 13:32:06 2026] GET /v2/schemas/image => generated 6083 bytes in 5 msecs (HTTP/1.1 200) 4 headers in 158 bytes (1 switches on core 0)
May 20 13:32:06.729025 np0000001067 devstack@g-api.service[101812]: DEBUG glance.api.middleware.version_negotiation [None req-5960c462-3e03-483b-bb09-7cef19d214ce tempest-VolumesActionsTest-886739108 tempest-VolumesActionsTest-886739108-project-member] Determining version of request: GET /v2/images/4c47bf66-9718-452f-a714-1a9b3ae8ac77 Accept: application/json {{(pid=101812) process_request /opt/stack/glance/glance/api/middleware/version_negotiation.py:44}}
May 20 13:32:06.729294 np0000001067 devstack@g-api.service[101812]: DEBUG glance.api.middleware.version_negotiation [None req-5960c462-3e03-483b-bb09-7cef19d214ce tempest-VolumesActionsTest-886739108 tempest-VolumesActionsTest-886739108-project-member] Using url versioning {{(pid=101812) process_request /opt/stack/glance/glance/api/middleware/version_negotiation.py:57}}
May 20 13:32:06.729382 np0000001067 devstack@g-api.service[101812]: DEBUG glance.api.middleware.version_negotiation [None req-5960c462-3e03-483b-bb09-7cef19d214ce tempest-VolumesActionsTest-886739108 tempest-VolumesActionsTest-886739108-project-member] Matched version: v2 {{(pid=101812) process_request /opt/stack/glance/glance/api/middleware/version_negotiation.py:69}}
May 20 13:32:06.729423 np0000001067 devstack@g-api.service[101812]: DEBUG glance.api.middleware.version_negotiation [None req-5960c462-3e03-483b-bb09-7cef19d214ce tempest-VolumesActionsTest-886739108 tempest-VolumesActionsTest-886739108-project-member] new path /v2/images/4c47bf66-9718-452f-a714-1a9b3ae8ac77 {{(pid=101812) process_request /opt/stack/glance/glance/api/middleware/version_negotiation.py:70}}
May 20 13:32:06.743663 np0000001067 devstack@g-api.service[101812]: [pid: 101812|app: 0|req: 73/217] 127.0.0.1 () {40 vars in 830 bytes} [Wed May 20 13:32:06 2026] GET /v2/images/4c47bf66-9718-452f-a714-1a9b3ae8ac77 => generated 649 bytes in 15 msecs (HTTP/1.1 200) 4 headers in 157 bytes (1 switches on core 0)
May 20 13:32:07.201883 np0000001067 devstack@g-api.service[101813]: DEBUG glance.api.middleware.version_negotiation [None req-e3ec896d-9390-4889-be07-48c99d972ecb tempest-ServerActionsV293TestJSON-1284764027 tempest-ServerActionsV293TestJSON-1284764027-project-member] Determining version of request: GET /v2/images/5ec2fc91-ac13-4078-936d-3d06c58eb027 Accept: */* {{(pid=101813) process_request /opt/stack/glance/glance/api/middleware/version_negotiation.py:44}}
May 20 13:32:07.201883 np0000001067 devstack@g-api.service[101813]: DEBUG glance.api.middleware.version_negotiation [None req-e3ec896d-9390-4889-be07-48c99d972ecb tempest-ServerActionsV293TestJSON-1284764027 tempest-ServerActionsV293TestJSON-1284764027-project-member] Using url versioning {{(pid=101813) process_request /opt/stack/glance/glance/api/middleware/version_negotiation.py:57}}
May 20 13:32:07.201883 np0000001067 devstack@g-api.service[101813]: DEBUG glance.api.middleware.version_negotiation [None req-e3ec896d-9390-4889-be07-48c99d972ecb tempest-ServerActionsV293TestJSON-1284764027 tempest-ServerActionsV293TestJSON-1284764027-project-member] Matched version: v2 {{(pid=101813) process_request /opt/stack/glance/glance/api/middleware/version_negotiation.py:69}}
May 20 13:32:07.201883 np0000001067 devstack@g-api.service[101813]: DEBUG glance.api.middleware.version_negotiation [None req-e3ec896d-9390-4889-be07-48c99d972ecb tempest-ServerActionsV293TestJSON-1284764027 tempest-ServerActionsV293TestJSON-1284764027-project-member] new path /v2/images/5ec2fc91-ac13-4078-936d-3d06c58eb027 {{(pid=101813) process_request /opt/stack/glance/glance/api/middleware/version_negotiation.py:70}}
May 20 13:32:07.212684 np0000001067 devstack@g-api.service[101814]: DEBUG glance.api.middleware.version_negotiation [None req-e3ec896d-9390-4889-be07-48c99d972ecb tempest-ServerActionsV293TestJSON-1284764027 tempest-ServerActionsV293TestJSON-1284764027-project-member] Determining version of request: PUT /v2/images/4c47bf66-9718-452f-a714-1a9b3ae8ac77/file Accept: */* {{(pid=101814) process_request /opt/stack/glance/glance/api/middleware/version_negotiation.py:44}}
May 20 13:32:07.213049 np0000001067 devstack@g-api.service[101814]: DEBUG glance.api.middleware.version_negotiation [None req-e3ec896d-9390-4889-be07-48c99d972ecb tempest-ServerActionsV293TestJSON-1284764027 tempest-ServerActionsV293TestJSON-1284764027-project-member] Using url versioning {{(pid=101814) process_request /opt/stack/glance/glance/api/middleware/version_negotiation.py:57}}
May 20 13:32:07.213049 np0000001067 devstack@g-api.service[101814]: DEBUG glance.api.middleware.version_negotiation [None req-e3ec896d-9390-4889-be07-48c99d972ecb tempest-ServerActionsV293TestJSON-1284764027 tempest-ServerActionsV293TestJSON-1284764027-project-member] Matched version: v2 {{(pid=101814) process_request /opt/stack/glance/glance/api/middleware/version_negotiation.py:69}}
May 20 13:32:07.213693 np0000001067 devstack@g-api.service[101814]: DEBUG glance.api.middleware.version_negotiation [None req-e3ec896d-9390-4889-be07-48c99d972ecb tempest-ServerActionsV293TestJSON-1284764027 tempest-ServerActionsV293TestJSON-1284764027-project-member] new path /v2/images/4c47bf66-9718-452f-a714-1a9b3ae8ac77/file {{(pid=101814) process_request /opt/stack/glance/glance/api/middleware/version_negotiation.py:70}}
May 20 13:32:07.213917 np0000001067 devstack@g-api.service[101813]: [pid: 101813|app: 0|req: 71/218] 127.0.0.1 () {44 vars in 1107 bytes} [Wed May 20 13:32:07 2026] GET /v2/images/5ec2fc91-ac13-4078-936d-3d06c58eb027 => generated 1044 bytes in 13 msecs (HTTP/1.1 200) 4 headers in 158 bytes (1 switches on core 0)
May 20 13:32:07.255457 np0000001067 devstack@g-api.service[101812]: DEBUG glance.api.middleware.version_negotiation [None req-65f5ba32-ff0f-4a80-b9c8-266fd3c9c541 tempest-VolumesActionsTest-886739108 tempest-VolumesActionsTest-886739108-project-member] Determining version of request: GET /v2/schemas/image Accept: */* {{(pid=101812) process_request /opt/stack/glance/glance/api/middleware/version_negotiation.py:44}}
May 20 13:32:07.255705 np0000001067 devstack@g-api.service[101812]: DEBUG glance.api.middleware.version_negotiation [None req-65f5ba32-ff0f-4a80-b9c8-266fd3c9c541 tempest-VolumesActionsTest-886739108 tempest-VolumesActionsTest-886739108-project-member] Using url versioning {{(pid=101812) process_request /opt/stack/glance/glance/api/middleware/version_negotiation.py:57}}
May 20 13:32:07.255884 np0000001067 devstack@g-api.service[101812]: DEBUG glance.api.middleware.version_negotiation [None req-65f5ba32-ff0f-4a80-b9c8-266fd3c9c541 tempest-VolumesActionsTest-886739108 tempest-VolumesActionsTest-886739108-project-member] Matched version: v2 {{(pid=101812) process_request /opt/stack/glance/glance/api/middleware/version_negotiation.py:69}}
May 20 13:32:07.256072 np0000001067 devstack@g-api.service[101812]: DEBUG glance.api.middleware.version_negotiation [None req-65f5ba32-ff0f-4a80-b9c8-266fd3c9c541 tempest-VolumesActionsTest-886739108 tempest-VolumesActionsTest-886739108-project-member] new path /v2/schemas/image {{(pid=101812) process_request /opt/stack/glance/glance/api/middleware/version_negotiation.py:70}}
May 20 13:32:07.264140 np0000001067 devstack@g-api.service[101812]: [pid: 101812|app: 0|req: 74/219] 127.0.0.1 () {44 vars in 1047 bytes} [Wed May 20 13:32:07 2026] GET /v2/schemas/image => generated 6083 bytes in 9 msecs (HTTP/1.1 200) 4 headers in 158 bytes (1 switches on core 0)
May 20 13:32:07.754474 np0000001067 devstack@g-api.service[101813]: DEBUG glance.api.middleware.version_negotiation [None req-e3ec896d-9390-4889-be07-48c99d972ecb tempest-ServerActionsV293TestJSON-1284764027 tempest-ServerActionsV293TestJSON-1284764027-project-member] Determining version of request: GET /v2/images/4c47bf66-9718-452f-a714-1a9b3ae8ac77 Accept: application/json {{(pid=101813) process_request /opt/stack/glance/glance/api/middleware/version_negotiation.py:44}}
May 20 13:32:07.754474 np0000001067 devstack@g-api.service[101813]: DEBUG glance.api.middleware.version_negotiation [None req-e3ec896d-9390-4889-be07-48c99d972ecb tempest-ServerActionsV293TestJSON-1284764027 tempest-ServerActionsV293TestJSON-1284764027-project-member] Using url versioning {{(pid=101813) process_request /opt/stack/glance/glance/api/middleware/version_negotiation.py:57}}
May 20 13:32:07.754474 np0000001067 devstack@g-api.service[101813]: DEBUG glance.api.middleware.version_negotiation [None req-e3ec896d-9390-4889-be07-48c99d972ecb tempest-ServerActionsV293TestJSON-1284764027 tempest-ServerActionsV293TestJSON-1284764027-project-member] Matched version: v2 {{(pid=101813) process_request /opt/stack/glance/glance/api/middleware/version_negotiation.py:69}}
May 20 13:32:07.754474 np0000001067 devstack@g-api.service[101813]: DEBUG glance.api.middleware.version_negotiation [None req-e3ec896d-9390-4889-be07-48c99d972ecb tempest-ServerActionsV293TestJSON-1284764027 tempest-ServerActionsV293TestJSON-1284764027-project-member] new path /v2/images/4c47bf66-9718-452f-a714-1a9b3ae8ac77 {{(pid=101813) process_request /opt/stack/glance/glance/api/middleware/version_negotiation.py:70}}
May 20 13:32:07.767603 np0000001067 devstack@g-api.service[101813]: [pid: 101813|app: 0|req: 72/220] 127.0.0.1 () {40 vars in 830 bytes} [Wed May 20 13:32:07 2026] GET /v2/images/4c47bf66-9718-452f-a714-1a9b3ae8ac77 => generated 649 bytes in 14 msecs (HTTP/1.1 200) 4 headers in 157 bytes (1 switches on core 0)
May 20 13:32:07.819585 np0000001067 devstack@g-api.service[101814]: INFO glance.api.v2.image_data [None req-c379cc69-81f4-4b2d-bac6-319a6486f4df tempest-VolumesActionsTest-886739108 tempest-VolumesActionsTest-886739108-project-member] Unable to create trust: no such option collect_timing in group [keystone_authtoken] Use the existing user token.
May 20 13:32:08.284576 np0000001067 devstack@g-api.service[101814]: DEBUG glance.location [None req-c379cc69-81f4-4b2d-bac6-319a6486f4df tempest-VolumesActionsTest-886739108 tempest-VolumesActionsTest-886739108-project-member] Enabling in-flight format inspection for raw {{(pid=101814) set_data /opt/stack/glance/glance/location.py:616}}
May 20 13:32:08.285012 np0000001067 devstack@g-api.service[101814]: DEBUG glance_store.backend [None req-c379cc69-81f4-4b2d-bac6-319a6486f4df tempest-VolumesActionsTest-886739108 tempest-VolumesActionsTest-886739108-project-member] Attempting to import store swift {{(pid=101814) _load_store /opt/stack/data/venv/lib/python3.12/site-packages/glance_store/backend.py:215}}
May 20 13:32:08.286081 np0000001067 devstack@g-api.service[101814]: DEBUG glance_store.capabilities [None req-c379cc69-81f4-4b2d-bac6-319a6486f4df tempest-VolumesActionsTest-886739108 tempest-VolumesActionsTest-886739108-project-member] Store glance_store._drivers.swift.store.SingleTenantStore doesn't support updating dynamic storage capabilities. Please overwrite 'update_capabilities' method of the store to implement updating logics if needed. {{(pid=101814) update_capabilities /opt/stack/data/venv/lib/python3.12/site-packages/glance_store/capabilities.py:91}}
May 20 13:32:08.286175 np0000001067 devstack@g-api.service[101814]: DEBUG glance_store.driver [None req-c379cc69-81f4-4b2d-bac6-319a6486f4df tempest-VolumesActionsTest-886739108 tempest-VolumesActionsTest-886739108-project-member] Late loading location class glance_store._drivers.swift.store.StoreLocation {{(pid=101814) get_store_location_class /opt/stack/data/venv/lib/python3.12/site-packages/glance_store/driver.py:134}}
May 20 13:32:08.286306 np0000001067 devstack@g-api.service[101814]: DEBUG glance_store.location [None req-c379cc69-81f4-4b2d-bac6-319a6486f4df tempest-VolumesActionsTest-886739108 tempest-VolumesActionsTest-886739108-project-member] Registering scheme swift+https with {'store': , 'location_class': , 'store_entry': 'swift'} {{(pid=101814) register_scheme_map /opt/stack/data/venv/lib/python3.12/site-packages/glance_store/location.py:146}}
May 20 13:32:08.286408 np0000001067 devstack@g-api.service[101814]: DEBUG glance_store.location [None req-c379cc69-81f4-4b2d-bac6-319a6486f4df tempest-VolumesActionsTest-886739108 tempest-VolumesActionsTest-886739108-project-member] Registering scheme swift+https with {'store': , 'location_class': , 'store_entry': 'swift'} {{(pid=101814) register_scheme_map /opt/stack/data/venv/lib/python3.12/site-packages/glance_store/location.py:146}}
May 20 13:32:08.286507 np0000001067 devstack@g-api.service[101814]: DEBUG glance_store.location [None req-c379cc69-81f4-4b2d-bac6-319a6486f4df tempest-VolumesActionsTest-886739108 tempest-VolumesActionsTest-886739108-project-member] Registering scheme swift with {'store': , 'location_class': , 'store_entry': 'swift'} {{(pid=101814) register_scheme_map /opt/stack/data/venv/lib/python3.12/site-packages/glance_store/location.py:146}}
May 20 13:32:08.286591 np0000001067 devstack@g-api.service[101814]: DEBUG glance_store.location [None req-c379cc69-81f4-4b2d-bac6-319a6486f4df tempest-VolumesActionsTest-886739108 tempest-VolumesActionsTest-886739108-project-member] Registering scheme swift+https with {'store': , 'location_class': , 'store_entry': 'swift'} {{(pid=101814) register_scheme_map /opt/stack/data/venv/lib/python3.12/site-packages/glance_store/location.py:146}}
May 20 13:32:08.286707 np0000001067 devstack@g-api.service[101814]: DEBUG glance_store.location [None req-c379cc69-81f4-4b2d-bac6-319a6486f4df tempest-VolumesActionsTest-886739108 tempest-VolumesActionsTest-886739108-project-member] Registering scheme swift with {'store': , 'location_class': , 'store_entry': 'swift'} {{(pid=101814) register_scheme_map /opt/stack/data/venv/lib/python3.12/site-packages/glance_store/location.py:146}}
May 20 13:32:08.286786 np0000001067 devstack@g-api.service[101814]: DEBUG glance_store.location [None req-c379cc69-81f4-4b2d-bac6-319a6486f4df tempest-VolumesActionsTest-886739108 tempest-VolumesActionsTest-886739108-project-member] Registering scheme swift+http with {'store': , 'location_class': , 'store_entry': 'swift'} {{(pid=101814) register_scheme_map /opt/stack/data/venv/lib/python3.12/site-packages/glance_store/location.py:146}}
May 20 13:32:08.286892 np0000001067 devstack@g-api.service[101814]: DEBUG glance_store.location [None req-c379cc69-81f4-4b2d-bac6-319a6486f4df tempest-VolumesActionsTest-886739108 tempest-VolumesActionsTest-886739108-project-member] Registering scheme swift+https with {'store': , 'location_class': , 'store_entry': 'swift'} {{(pid=101814) register_scheme_map /opt/stack/data/venv/lib/python3.12/site-packages/glance_store/location.py:146}}
May 20 13:32:08.287009 np0000001067 devstack@g-api.service[101814]: DEBUG glance_store.location [None req-c379cc69-81f4-4b2d-bac6-319a6486f4df tempest-VolumesActionsTest-886739108 tempest-VolumesActionsTest-886739108-project-member] Registering scheme swift with {'store': , 'location_class': , 'store_entry': 'swift'} {{(pid=101814) register_scheme_map /opt/stack/data/venv/lib/python3.12/site-packages/glance_store/location.py:146}}
May 20 13:32:08.287108 np0000001067 devstack@g-api.service[101814]: DEBUG glance_store.location [None req-c379cc69-81f4-4b2d-bac6-319a6486f4df tempest-VolumesActionsTest-886739108 tempest-VolumesActionsTest-886739108-project-member] Registering scheme swift+http with {'store': , 'location_class': , 'store_entry': 'swift'} {{(pid=101814) register_scheme_map /opt/stack/data/venv/lib/python3.12/site-packages/glance_store/location.py:146}}
May 20 13:32:08.287207 np0000001067 devstack@g-api.service[101814]: DEBUG glance_store.location [None req-c379cc69-81f4-4b2d-bac6-319a6486f4df tempest-VolumesActionsTest-886739108 tempest-VolumesActionsTest-886739108-project-member] Registering scheme swift+config with {'store': , 'location_class': , 'store_entry': 'swift'} {{(pid=101814) register_scheme_map /opt/stack/data/venv/lib/python3.12/site-packages/glance_store/location.py:146}}
May 20 13:32:08.550334 np0000001067 devstack@g-api.service[101814]: DEBUG swiftclient [None req-c379cc69-81f4-4b2d-bac6-319a6486f4df tempest-VolumesActionsTest-886739108 tempest-VolumesActionsTest-886739108-project-member] REQ: curl -i https://10.4.3.8:8080/v1/AUTH_10ce9dbd6a8d42a481693488d45a0774/glance -I -H "X-Auth-Token: gAAAAABqDbfYRPfx..." {{(pid=101814) http_log /opt/stack/data/venv/lib/python3.12/site-packages/swiftclient/client.py:160}}
May 20 13:32:08.550334 np0000001067 devstack@g-api.service[101814]: DEBUG swiftclient [None req-c379cc69-81f4-4b2d-bac6-319a6486f4df tempest-VolumesActionsTest-886739108 tempest-VolumesActionsTest-886739108-project-member] RESP STATUS: 204 No Content {{(pid=101814) http_log /opt/stack/data/venv/lib/python3.12/site-packages/swiftclient/client.py:161}}
May 20 13:32:08.550334 np0000001067 devstack@g-api.service[101814]: DEBUG swiftclient [None req-c379cc69-81f4-4b2d-bac6-319a6486f4df tempest-VolumesActionsTest-886739108 tempest-VolumesActionsTest-886739108-project-member] RESP HEADERS: {'Date': 'Wed, 20 May 2026 13:32:08 GMT', 'Server': 'Apache/2.4.58 (Ubuntu)', 'Content-Type': 'text/plain; charset=utf-8', 'X-Container-Object-Count': '3', 'X-Container-Bytes-Used': '64356352', 'X-Timestamp': '1779283541.45537', 'Last-Modified': 'Wed, 20 May 2026 13:25:42 GMT', 'Accept-Ranges': 'bytes', 'X-Storage-Policy': 'Policy-0', 'X-Container-Sharding': 'False', 'Vary': 'Accept', 'X-Trans-Id': 'txea1671bdf0274de99221a-006a0db7d8', 'X-Openstack-Request-Id': 'txea1671bdf0274de99221a-006a0db7d8', 'Connection': 'close'} {{(pid=101814) http_log /opt/stack/data/venv/lib/python3.12/site-packages/swiftclient/client.py:162}}
May 20 13:32:08.550334 np0000001067 devstack@g-api.service[101814]: DEBUG glance_store._drivers.swift.store [None req-c379cc69-81f4-4b2d-bac6-319a6486f4df tempest-VolumesActionsTest-886739108 tempest-VolumesActionsTest-886739108-project-member] Adding image object '4c47bf66-9718-452f-a714-1a9b3ae8ac77' to Swift {{(pid=101814) add /opt/stack/data/venv/lib/python3.12/site-packages/glance_store/_drivers/swift/store.py:978}}
May 20 13:32:08.550334 np0000001067 devstack@g-api.service[101814]: DEBUG glance_store._drivers.swift.store [None req-c379cc69-81f4-4b2d-bac6-319a6486f4df tempest-VolumesActionsTest-886739108 tempest-VolumesActionsTest-886739108-project-member] Cannot determine image size because it is either not provided in the request or chunked-transfer encoding is used. Adding image as a segmented object to Swift. {{(pid=101814) add /opt/stack/data/venv/lib/python3.12/site-packages/glance_store/_drivers/swift/store.py:1002}}
May 20 13:32:08.553083 np0000001067 devstack@g-api.service[101814]: DEBUG oslo_utils.imageutils.format_inspector [None req-c379cc69-81f4-4b2d-bac6-319a6486f4df tempest-VolumesActionsTest-886739108 tempest-VolumesActionsTest-886739108-project-member] Format inspector for vmdk does not match, excluding from consideration (Signature KDMV not found: b'\x00\x00\x00\x00') {{(pid=101814) _process_chunk /opt/stack/data/venv/lib/python3.12/site-packages/oslo_utils/imageutils/format_inspector.py:1538}}
May 20 13:32:08.557733 np0000001067 devstack@g-api.service[101814]: DEBUG oslo_utils.imageutils.format_inspector [None req-c379cc69-81f4-4b2d-bac6-319a6486f4df tempest-VolumesActionsTest-886739108 tempest-VolumesActionsTest-886739108-project-member] Format inspector for vhdx does not match, excluding from consideration (Region signature not found at 30000) {{(pid=101814) _process_chunk /opt/stack/data/venv/lib/python3.12/site-packages/oslo_utils/imageutils/format_inspector.py:1538}}
May 20 13:32:08.781294 np0000001067 devstack@g-api.service[101812]: DEBUG glance.api.middleware.version_negotiation [None req-e3ec896d-9390-4889-be07-48c99d972ecb tempest-ServerActionsV293TestJSON-1284764027 tempest-ServerActionsV293TestJSON-1284764027-project-member] Determining version of request: GET /v2/images/4c47bf66-9718-452f-a714-1a9b3ae8ac77 Accept: application/json {{(pid=101812) process_request /opt/stack/glance/glance/api/middleware/version_negotiation.py:44}}
May 20 13:32:08.781294 np0000001067 devstack@g-api.service[101812]: DEBUG glance.api.middleware.version_negotiation [None req-e3ec896d-9390-4889-be07-48c99d972ecb tempest-ServerActionsV293TestJSON-1284764027 tempest-ServerActionsV293TestJSON-1284764027-project-member] Using url versioning {{(pid=101812) process_request /opt/stack/glance/glance/api/middleware/version_negotiation.py:57}}
May 20 13:32:08.781294 np0000001067 devstack@g-api.service[101812]: DEBUG glance.api.middleware.version_negotiation [None req-e3ec896d-9390-4889-be07-48c99d972ecb tempest-ServerActionsV293TestJSON-1284764027 tempest-ServerActionsV293TestJSON-1284764027-project-member] Matched version: v2 {{(pid=101812) process_request /opt/stack/glance/glance/api/middleware/version_negotiation.py:69}}
May 20 13:32:08.783281 np0000001067 devstack@g-api.service[101812]: DEBUG glance.api.middleware.version_negotiation [None req-e3ec896d-9390-4889-be07-48c99d972ecb tempest-ServerActionsV293TestJSON-1284764027 tempest-ServerActionsV293TestJSON-1284764027-project-member] new path /v2/images/4c47bf66-9718-452f-a714-1a9b3ae8ac77 {{(pid=101812) process_request /opt/stack/glance/glance/api/middleware/version_negotiation.py:70}}
May 20 13:32:08.806631 np0000001067 devstack@g-api.service[101812]: [pid: 101812|app: 0|req: 75/221] 127.0.0.1 () {40 vars in 830 bytes} [Wed May 20 13:32:08 2026] GET /v2/images/4c47bf66-9718-452f-a714-1a9b3ae8ac77 => generated 649 bytes in 26 msecs (HTTP/1.1 200) 4 headers in 157 bytes (1 switches on core 0)
May 20 13:32:09.817262 np0000001067 devstack@g-api.service[101813]: DEBUG glance.api.middleware.version_negotiation [None req-6937ca00-24d1-4167-9318-9f3b6031f21e tempest-VolumesActionsTest-886739108 tempest-VolumesActionsTest-886739108-project-member] Determining version of request: GET /v2/images/4c47bf66-9718-452f-a714-1a9b3ae8ac77 Accept: application/json {{(pid=101813) process_request /opt/stack/glance/glance/api/middleware/version_negotiation.py:44}}
May 20 13:32:09.817716 np0000001067 devstack@g-api.service[101813]: DEBUG glance.api.middleware.version_negotiation [None req-6937ca00-24d1-4167-9318-9f3b6031f21e tempest-VolumesActionsTest-886739108 tempest-VolumesActionsTest-886739108-project-member] Using url versioning {{(pid=101813) process_request /opt/stack/glance/glance/api/middleware/version_negotiation.py:57}}
May 20 13:32:09.817716 np0000001067 devstack@g-api.service[101813]: DEBUG glance.api.middleware.version_negotiation [None req-6937ca00-24d1-4167-9318-9f3b6031f21e tempest-VolumesActionsTest-886739108 tempest-VolumesActionsTest-886739108-project-member] Matched version: v2 {{(pid=101813) process_request /opt/stack/glance/glance/api/middleware/version_negotiation.py:69}}
May 20 13:32:09.817716 np0000001067 devstack@g-api.service[101813]: DEBUG glance.api.middleware.version_negotiation [None req-6937ca00-24d1-4167-9318-9f3b6031f21e tempest-VolumesActionsTest-886739108 tempest-VolumesActionsTest-886739108-project-member] new path /v2/images/4c47bf66-9718-452f-a714-1a9b3ae8ac77 {{(pid=101813) process_request /opt/stack/glance/glance/api/middleware/version_negotiation.py:70}}
May 20 13:32:09.831370 np0000001067 devstack@g-api.service[101813]: [pid: 101813|app: 0|req: 73/222] 127.0.0.1 () {40 vars in 830 bytes} [Wed May 20 13:32:09 2026] GET /v2/images/4c47bf66-9718-452f-a714-1a9b3ae8ac77 => generated 649 bytes in 14 msecs (HTTP/1.1 200) 4 headers in 157 bytes (1 switches on core 0)
May 20 13:32:10.824980 np0000001067 devstack@g-api.service[101814]: DEBUG swiftclient [None req-c379cc69-81f4-4b2d-bac6-319a6486f4df tempest-VolumesActionsTest-886739108 tempest-VolumesActionsTest-886739108-project-member] REQ: curl -i https://10.4.3.8:8080/v1/AUTH_10ce9dbd6a8d42a481693488d45a0774/glance/4c47bf66-9718-452f-a714-1a9b3ae8ac77-00001 -X PUT -H "X-Auth-Token: gAAAAABqDbfYRPfx..." {{(pid=101814) http_log /opt/stack/data/venv/lib/python3.12/site-packages/swiftclient/client.py:160}}
May 20 13:32:10.825382 np0000001067 devstack@g-api.service[101814]: DEBUG swiftclient [None req-c379cc69-81f4-4b2d-bac6-319a6486f4df tempest-VolumesActionsTest-886739108 tempest-VolumesActionsTest-886739108-project-member] RESP STATUS: 201 Created {{(pid=101814) http_log /opt/stack/data/venv/lib/python3.12/site-packages/swiftclient/client.py:161}}
May 20 13:32:10.825382 np0000001067 devstack@g-api.service[101814]: DEBUG swiftclient [None req-c379cc69-81f4-4b2d-bac6-319a6486f4df tempest-VolumesActionsTest-886739108 tempest-VolumesActionsTest-886739108-project-member] RESP HEADERS: {'Date': 'Wed, 20 May 2026 13:32:10 GMT', 'Server': 'Apache/2.4.58 (Ubuntu)', 'Content-Type': 'text/html; charset=UTF-8', 'Content-Length': '0', 'Etag': 'eda9a9889837ac4bc81d6387d92c1bec', 'Last-Modified': 'Wed, 20 May 2026 13:32:09 GMT', 'X-Trans-Id': 'txa0c672380744428886c45-006a0db7d8', 'X-Openstack-Request-Id': 'txa0c672380744428886c45-006a0db7d8', 'Connection': 'close'} {{(pid=101814) http_log /opt/stack/data/venv/lib/python3.12/site-packages/swiftclient/client.py:162}}
May 20 13:32:10.825382 np0000001067 devstack@g-api.service[101814]: DEBUG glance_store._drivers.swift.store [None req-c379cc69-81f4-4b2d-bac6-319a6486f4df tempest-VolumesActionsTest-886739108 tempest-VolumesActionsTest-886739108-project-member] Wrote chunk 4c47bf66-9718-452f-a714-1a9b3ae8ac77-00001 (1/?) of length 204800000 to Swift returning MD5 of content: eda9a9889837ac4bc81d6387d92c1bec {{(pid=101814) add /opt/stack/data/venv/lib/python3.12/site-packages/glance_store/_drivers/swift/store.py:1067}}
May 20 13:32:10.842121 np0000001067 devstack@g-api.service[101812]: DEBUG glance.api.middleware.version_negotiation [None req-3e834fee-f5ef-4e7e-b9ac-18b259a643d4 tempest-VolumesActionsTest-886739108 tempest-VolumesActionsTest-886739108-project-member] Determining version of request: GET /v2/images/4c47bf66-9718-452f-a714-1a9b3ae8ac77 Accept: application/json {{(pid=101812) process_request /opt/stack/glance/glance/api/middleware/version_negotiation.py:44}}
May 20 13:32:10.842506 np0000001067 devstack@g-api.service[101812]: DEBUG glance.api.middleware.version_negotiation [None req-3e834fee-f5ef-4e7e-b9ac-18b259a643d4 tempest-VolumesActionsTest-886739108 tempest-VolumesActionsTest-886739108-project-member] Using url versioning {{(pid=101812) process_request /opt/stack/glance/glance/api/middleware/version_negotiation.py:57}}
May 20 13:32:10.842506 np0000001067 devstack@g-api.service[101812]: DEBUG glance.api.middleware.version_negotiation [None req-3e834fee-f5ef-4e7e-b9ac-18b259a643d4 tempest-VolumesActionsTest-886739108 tempest-VolumesActionsTest-886739108-project-member] Matched version: v2 {{(pid=101812) process_request /opt/stack/glance/glance/api/middleware/version_negotiation.py:69}}
May 20 13:32:10.895875 np0000001067 devstack@g-api.service[101812]: DEBUG glance.api.middleware.version_negotiation [None req-3e834fee-f5ef-4e7e-b9ac-18b259a643d4 tempest-VolumesActionsTest-886739108 tempest-VolumesActionsTest-886739108-project-member] new path /v2/images/4c47bf66-9718-452f-a714-1a9b3ae8ac77 {{(pid=101812) process_request /opt/stack/glance/glance/api/middleware/version_negotiation.py:70}}
May 20 13:32:10.895875 np0000001067 devstack@g-api.service[101812]: [pid: 101812|app: 0|req: 76/223] 127.0.0.1 () {40 vars in 830 bytes} [Wed May 20 13:32:10 2026] GET /v2/images/4c47bf66-9718-452f-a714-1a9b3ae8ac77 => generated 649 bytes in 9 msecs (HTTP/1.1 200) 4 headers in 157 bytes (1 switches on core 0)
May 20 13:32:11.868338 np0000001067 devstack@g-api.service[101813]: DEBUG glance.api.middleware.version_negotiation [None req-fcdf268f-7e82-4215-928d-21d6d644954b tempest-VolumesActionsTest-886739108 tempest-VolumesActionsTest-886739108-project-member] Determining version of request: GET /v2/images/4c47bf66-9718-452f-a714-1a9b3ae8ac77 Accept: application/json {{(pid=101813) process_request /opt/stack/glance/glance/api/middleware/version_negotiation.py:44}}
May 20 13:32:11.868829 np0000001067 devstack@g-api.service[101813]: DEBUG glance.api.middleware.version_negotiation [None req-fcdf268f-7e82-4215-928d-21d6d644954b tempest-VolumesActionsTest-886739108 tempest-VolumesActionsTest-886739108-project-member] Using url versioning {{(pid=101813) process_request /opt/stack/glance/glance/api/middleware/version_negotiation.py:57}}
May 20 13:32:11.868829 np0000001067 devstack@g-api.service[101813]: DEBUG glance.api.middleware.version_negotiation [None req-fcdf268f-7e82-4215-928d-21d6d644954b tempest-VolumesActionsTest-886739108 tempest-VolumesActionsTest-886739108-project-member] Matched version: v2 {{(pid=101813) process_request /opt/stack/glance/glance/api/middleware/version_negotiation.py:69}}
May 20 13:32:11.868829 np0000001067 devstack@g-api.service[101813]: DEBUG glance.api.middleware.version_negotiation [None req-fcdf268f-7e82-4215-928d-21d6d644954b tempest-VolumesActionsTest-886739108 tempest-VolumesActionsTest-886739108-project-member] new path /v2/images/4c47bf66-9718-452f-a714-1a9b3ae8ac77 {{(pid=101813) process_request /opt/stack/glance/glance/api/middleware/version_negotiation.py:70}}
May 20 13:32:11.887482 np0000001067 devstack@g-api.service[101813]: [pid: 101813|app: 0|req: 74/224] 127.0.0.1 () {40 vars in 830 bytes} [Wed May 20 13:32:11 2026] GET /v2/images/4c47bf66-9718-452f-a714-1a9b3ae8ac77 => generated 649 bytes in 19 msecs (HTTP/1.1 200) 4 headers in 157 bytes (1 switches on core 0)
May 20 13:32:12.895135 np0000001067 devstack@g-api.service[101812]: DEBUG glance.api.middleware.version_negotiation [None req-defe5d39-53a0-440b-8e41-9cc85a0cece9 tempest-VolumesActionsTest-886739108 tempest-VolumesActionsTest-886739108-project-member] Determining version of request: GET /v2/images/4c47bf66-9718-452f-a714-1a9b3ae8ac77 Accept: application/json {{(pid=101812) process_request /opt/stack/glance/glance/api/middleware/version_negotiation.py:44}}
May 20 13:32:12.895467 np0000001067 devstack@g-api.service[101812]: DEBUG glance.api.middleware.version_negotiation [None req-defe5d39-53a0-440b-8e41-9cc85a0cece9 tempest-VolumesActionsTest-886739108 tempest-VolumesActionsTest-886739108-project-member] Using url versioning {{(pid=101812) process_request /opt/stack/glance/glance/api/middleware/version_negotiation.py:57}}
May 20 13:32:12.895467 np0000001067 devstack@g-api.service[101812]: DEBUG glance.api.middleware.version_negotiation [None req-defe5d39-53a0-440b-8e41-9cc85a0cece9 tempest-VolumesActionsTest-886739108 tempest-VolumesActionsTest-886739108-project-member] Matched version: v2 {{(pid=101812) process_request /opt/stack/glance/glance/api/middleware/version_negotiation.py:69}}
May 20 13:32:12.895467 np0000001067 devstack@g-api.service[101812]: DEBUG glance.api.middleware.version_negotiation [None req-defe5d39-53a0-440b-8e41-9cc85a0cece9 tempest-VolumesActionsTest-886739108 tempest-VolumesActionsTest-886739108-project-member] new path /v2/images/4c47bf66-9718-452f-a714-1a9b3ae8ac77 {{(pid=101812) process_request /opt/stack/glance/glance/api/middleware/version_negotiation.py:70}}
May 20 13:32:12.912796 np0000001067 devstack@g-api.service[101812]: [pid: 101812|app: 0|req: 77/225] 127.0.0.1 () {40 vars in 830 bytes} [Wed May 20 13:32:12 2026] GET /v2/images/4c47bf66-9718-452f-a714-1a9b3ae8ac77 => generated 649 bytes in 18 msecs (HTTP/1.1 200) 4 headers in 157 bytes (1 switches on core 0)
May 20 13:32:12.913387 np0000001067 devstack@g-api.service[101814]: DEBUG swiftclient [None req-c379cc69-81f4-4b2d-bac6-319a6486f4df tempest-VolumesActionsTest-886739108 tempest-VolumesActionsTest-886739108-project-member] REQ: curl -i https://10.4.3.8:8080/v1/AUTH_10ce9dbd6a8d42a481693488d45a0774/glance/4c47bf66-9718-452f-a714-1a9b3ae8ac77-00002 -X PUT -H "X-Auth-Token: gAAAAABqDbfYRPfx..." {{(pid=101814) http_log /opt/stack/data/venv/lib/python3.12/site-packages/swiftclient/client.py:160}}
May 20 13:32:12.913654 np0000001067 devstack@g-api.service[101814]: DEBUG swiftclient [None req-c379cc69-81f4-4b2d-bac6-319a6486f4df tempest-VolumesActionsTest-886739108 tempest-VolumesActionsTest-886739108-project-member] RESP STATUS: 201 Created {{(pid=101814) http_log /opt/stack/data/venv/lib/python3.12/site-packages/swiftclient/client.py:161}}
May 20 13:32:12.913654 np0000001067 devstack@g-api.service[101814]: DEBUG swiftclient [None req-c379cc69-81f4-4b2d-bac6-319a6486f4df tempest-VolumesActionsTest-886739108 tempest-VolumesActionsTest-886739108-project-member] RESP HEADERS: {'Date': 'Wed, 20 May 2026 13:32:12 GMT', 'Server': 'Apache/2.4.58 (Ubuntu)', 'Content-Type': 'text/html; charset=UTF-8', 'Content-Length': '0', 'Etag': 'eda9a9889837ac4bc81d6387d92c1bec', 'Last-Modified': 'Wed, 20 May 2026 13:32:11 GMT', 'X-Trans-Id': 'txb20a42d157e14ea5adf59-006a0db7da', 'X-Openstack-Request-Id': 'txb20a42d157e14ea5adf59-006a0db7da', 'Connection': 'close'} {{(pid=101814) http_log /opt/stack/data/venv/lib/python3.12/site-packages/swiftclient/client.py:162}}
May 20 13:32:12.913767 np0000001067 devstack@g-api.service[101814]: DEBUG glance_store._drivers.swift.store [None req-c379cc69-81f4-4b2d-bac6-319a6486f4df tempest-VolumesActionsTest-886739108 tempest-VolumesActionsTest-886739108-project-member] Wrote chunk 4c47bf66-9718-452f-a714-1a9b3ae8ac77-00002 (2/?) of length 204800000 to Swift returning MD5 of content: eda9a9889837ac4bc81d6387d92c1bec {{(pid=101814) add /opt/stack/data/venv/lib/python3.12/site-packages/glance_store/_drivers/swift/store.py:1067}}
May 20 13:32:13.922379 np0000001067 devstack@g-api.service[101813]: DEBUG glance.api.middleware.version_negotiation [None req-fb6b2de9-f33d-4003-9c19-34c350071ea3 tempest-VolumesActionsTest-886739108 tempest-VolumesActionsTest-886739108-project-member] Determining version of request: GET /v2/images/4c47bf66-9718-452f-a714-1a9b3ae8ac77 Accept: application/json {{(pid=101813) process_request /opt/stack/glance/glance/api/middleware/version_negotiation.py:44}}
May 20 13:32:13.922847 np0000001067 devstack@g-api.service[101813]: DEBUG glance.api.middleware.version_negotiation [None req-fb6b2de9-f33d-4003-9c19-34c350071ea3 tempest-VolumesActionsTest-886739108 tempest-VolumesActionsTest-886739108-project-member] Using url versioning {{(pid=101813) process_request /opt/stack/glance/glance/api/middleware/version_negotiation.py:57}}
May 20 13:32:13.922847 np0000001067 devstack@g-api.service[101813]: DEBUG glance.api.middleware.version_negotiation [None req-fb6b2de9-f33d-4003-9c19-34c350071ea3 tempest-VolumesActionsTest-886739108 tempest-VolumesActionsTest-886739108-project-member] Matched version: v2 {{(pid=101813) process_request /opt/stack/glance/glance/api/middleware/version_negotiation.py:69}}
May 20 13:32:13.922942 np0000001067 devstack@g-api.service[101813]: DEBUG glance.api.middleware.version_negotiation [None req-fb6b2de9-f33d-4003-9c19-34c350071ea3 tempest-VolumesActionsTest-886739108 tempest-VolumesActionsTest-886739108-project-member] new path /v2/images/4c47bf66-9718-452f-a714-1a9b3ae8ac77 {{(pid=101813) process_request /opt/stack/glance/glance/api/middleware/version_negotiation.py:70}}
