May 20 13:25:59.008822 np0000001067 devstack@neutron-api.service[89838]: DEBUG neutron.plugins.ml2.drivers.ovn.mech_driver.ovsdb.maintenance [-] Touching Hash Ring node "dd1d887fbc9f5a0bbf71ed5ca8a73c43" from periodic health check thread {{(pid=89838) touch_hash_ring_node /opt/stack/neutron/neutron/plugins/ml2/drivers/ovn/mech_driver/ovsdb/maintenance.py:1466}}
May 20 13:25:59.899318 np0000001067 devstack@neutron-api.service[89839]: DEBUG futurist.periodics [-] Submitting periodic callback 'neutron.plugins.ml2.drivers.ovn.mech_driver.ovsdb.maintenance.HashRingHealthCheckPeriodics.touch_hash_ring_node' {{(pid=89839) _process_scheduled /opt/stack/data/venv/lib/python3.12/site-packages/futurist/periodics.py:784}}
May 20 13:25:59.899817 np0000001067 devstack@neutron-api.service[89839]: DEBUG neutron.plugins.ml2.drivers.ovn.mech_driver.ovsdb.maintenance [-] Touching Hash Ring node "8863b63876005f58b62fa696d399dd19" from periodic health check thread {{(pid=89839) touch_hash_ring_node /opt/stack/neutron/neutron/plugins/ml2/drivers/ovn/mech_driver/ovsdb/maintenance.py:1466}}
May 20 13:26:00.095814 np0000001067 devstack@neutron-api.service[89837]: DEBUG futurist.periodics [-] Submitting periodic callback 'neutron.plugins.ml2.drivers.ovn.mech_driver.ovsdb.maintenance.HashRingHealthCheckPeriodics.touch_hash_ring_node' {{(pid=89837) _process_scheduled /opt/stack/data/venv/lib/python3.12/site-packages/futurist/periodics.py:784}}
May 20 13:26:00.096150 np0000001067 devstack@neutron-api.service[89837]: DEBUG neutron.plugins.ml2.drivers.ovn.mech_driver.ovsdb.maintenance [-] Touching Hash Ring node "2d921da88ce85c3b96259f21190cba0d" from periodic health check thread {{(pid=89837) touch_hash_ring_node /opt/stack/neutron/neutron/plugins/ml2/drivers/ovn/mech_driver/ovsdb/maintenance.py:1466}}
May 20 13:26:08.537695 np0000001067 devstack@neutron-api.service[89837]: DEBUG neutron.api.wsgi [None req-0db63489-265f-4d3c-a7dc-c4b110c1774e admin admin] Missing Content-Type {{(pid=89837) get_content_type /opt/stack/neutron/neutron/api/wsgi.py:80}}
May 20 13:26:08.538253 np0000001067 devstack@neutron-api.service[89837]: DEBUG neutron.api.wsgi [None req-0db63489-265f-4d3c-a7dc-c4b110c1774e admin admin] https://10.4.3.8/networking/v2.0/extensions returned with HTTP 200 {{(pid=89837) __call__ /opt/stack/neutron/neutron/api/wsgi.py:540}}
May 20 13:26:08.538418 np0000001067 devstack@neutron-api.service[89837]: [pid: 89837|app: 0|req: 11/34] 10.4.3.8 () {64 vars in 1278 bytes} [Wed May 20 13:26:08 2026] GET /networking/v2.0/extensions => generated 15209 bytes in 4 msecs (HTTP/1.1 200) 4 headers in 159 bytes (1 switches on core 0)
May 20 13:26:08.793364 np0000001067 devstack@neutron-api.service[89838]: INFO neutron.pecan_wsgi.hooks.translation [None req-dbc1df6d-cfb1-4fbe-bb47-75b3aeb4e110 admin admin] GET failed (client error): The resource could not be found.
May 20 13:26:08.794002 np0000001067 devstack@neutron-api.service[89838]: [pid: 89838|app: 0|req: 13/35] 10.4.3.8 () {64 vars in 1280 bytes} [Wed May 20 13:26:08 2026] GET /networking/v2.0/networks/public => generated 108 bytes in 8 msecs (HTTP/1.1 404) 4 headers in 164 bytes (1 switches on core 0)
May 20 13:26:08.837478 np0000001067 devstack@neutron-api.service[89839]: DEBUG neutron.pecan_wsgi.hooks.policy_enforcement [None req-19f96ae9-d79c-491e-9bd8-69af7ee08c8e admin admin] Attributes excluded by policy engine: ['standard_attr_id'] {{(pid=89839) _exclude_attributes_by_policy /opt/stack/neutron/neutron/pecan_wsgi/hooks/policy_enforcement.py:256}}
May 20 13:26:08.838176 np0000001067 devstack@neutron-api.service[89839]: [pid: 89839|app: 0|req: 12/36] 10.4.3.8 () {64 vars in 1295 bytes} [Wed May 20 13:26:08 2026] GET /networking/v2.0/networks?name=public => generated 759 bytes in 38 msecs (HTTP/1.1 200) 4 headers in 157 bytes (1 switches on core 0)
May 20 13:26:09.023315 np0000001067 devstack@neutron-api.service[89837]: DEBUG neutron.api.v2.base [None req-09cb4350-57b8-4c44-abc8-953fa36bc950 admin admin] Request body: {'network': {'shared': True, 'admin_state_up': True, 'name': 'shared'}} {{(pid=89837) prepare_request_body /opt/stack/neutron/neutron/api/v2/base.py:727}}
May 20 13:26:09.036684 np0000001067 devstack@neutron-api.service[89837]: DEBUG neutron.pecan_wsgi.hooks.quota_enforcement [None req-09cb4350-57b8-4c44-abc8-953fa36bc950 admin admin] Made reservation on behalf of 31e9bfb3cecf4ca6959e7189549aedee for: {'network': 1} {{(pid=89837) before /opt/stack/neutron/neutron/pecan_wsgi/hooks/quota_enforcement.py:66}}
May 20 13:26:09.039071 np0000001067 devstack@neutron-api.service[89837]: DEBUG neutron_lib.callbacks.manager [None req-09cb4350-57b8-4c44-abc8-953fa36bc950 admin admin] Publish callbacks ['neutron.plugins.ml2.plugin.SecurityGroupDbMixin._ensure_default_security_group_handler-3207137'] for network (None), before_create {{(pid=89837) _notify_loop /opt/stack/data/venv/lib/python3.12/site-packages/neutron_lib/callbacks/manager.py:184}}
May 20 13:26:09.063187 np0000001067 devstack@neutron-api.service[89837]: WARNING neutron.services.revisions.revision_plugin [None req-09cb4350-57b8-4c44-abc8-953fa36bc950 admin admin] Could not find related network for resource to bump revision.
May 20 13:26:09.100966 np0000001067 devstack@neutron-api.service[89837]: DEBUG neutron.plugins.ml2.drivers.helpers [None req-09cb4350-57b8-4c44-abc8-953fa36bc950 admin admin] geneve segment allocate from pool success with {'geneve_vni': 59017} {{(pid=89837) allocate_partially_specified_segment /opt/stack/neutron/neutron/plugins/ml2/drivers/helpers.py:142}}
May 20 13:26:09.107095 np0000001067 devstack@neutron-api.service[89837]: DEBUG neutron_lib.callbacks.manager [None req-09cb4350-57b8-4c44-abc8-953fa36bc950 admin admin] Publish callbacks ['neutron.plugins.ml2.plugin.Ml2Plugin._handle_segment_change-3462417'] for segment (dae8a100-708d-42f1-a26d-51e1259b41a3), precommit_create {{(pid=89837) _notify_loop /opt/stack/data/venv/lib/python3.12/site-packages/neutron_lib/callbacks/manager.py:184}}
May 20 13:26:09.108057 np0000001067 devstack@neutron-api.service[89837]: INFO neutron.db.segments_db [None req-09cb4350-57b8-4c44-abc8-953fa36bc950 admin admin] Added segment dae8a100-708d-42f1-a26d-51e1259b41a3 of type geneve for network 7389fec0-6bd6-4507-9e71-3d4615054773
May 20 13:26:09.118767 np0000001067 devstack@neutron-api.service[89837]: DEBUG neutron_lib.callbacks.manager [None req-09cb4350-57b8-4c44-abc8-953fa36bc950 admin admin] Publish callbacks ['neutron.services.auto_allocate.db._ensure_external_network_default_value_callback-8242410811252'] for network (7389fec0-6bd6-4507-9e71-3d4615054773), precommit_create {{(pid=89837) _notify_loop /opt/stack/data/venv/lib/python3.12/site-packages/neutron_lib/callbacks/manager.py:184}}
May 20 13:26:09.127995 np0000001067 devstack@neutron-api.service[89837]: DEBUG neutron.plugins.ml2.drivers.ovn.mech_driver.mech_driver [None req-09cb4350-57b8-4c44-abc8-953fa36bc950 admin admin] Validating network segment with type geneve, segmentation ID 59017, physical network None {{(pid=89837) _validate_network_segments /opt/stack/neutron/neutron/plugins/ml2/drivers/ovn/mech_driver/mech_driver.py:641}}
May 20 13:26:09.128113 np0000001067 devstack@neutron-api.service[89837]: DEBUG neutron.db.ovn_revision_numbers_db [None req-09cb4350-57b8-4c44-abc8-953fa36bc950 admin admin] create_initial_revision uuid=7389fec0-6bd6-4507-9e71-3d4615054773, type=networks, rev=-1 {{(pid=89837) create_initial_revision /opt/stack/neutron/neutron/db/ovn_revision_numbers_db.py:98}}
May 20 13:26:09.138395 np0000001067 devstack@neutron-api.service[89837]: DEBUG neutron_lib.callbacks.manager [None req-09cb4350-57b8-4c44-abc8-953fa36bc950 admin admin] Publish callbacks ['neutron.plugins.ml2.ovo_rpc._ObjectChangeHandler.handle_event-65176296'] for network (7389fec0-6bd6-4507-9e71-3d4615054773), after_create {{(pid=89837) _notify_loop /opt/stack/data/venv/lib/python3.12/site-packages/neutron_lib/callbacks/manager.py:184}}
May 20 13:26:09.150691 np0000001067 devstack@neutron-api.service[89837]: DEBUG neutron.api.rpc.handlers.resources_rpc [None req-09cb4350-57b8-4c44-abc8-953fa36bc950 admin admin] Pushing event updated for resources: {'Network': ['ID=7389fec0-6bd6-4507-9e71-3d4615054773,revision_number=1']} {{(pid=89837) push /opt/stack/neutron/neutron/api/rpc/handlers/resources_rpc.py:237}}
May 20 13:26:09.153997 np0000001067 devstack@neutron-api.service[89837]: DEBUG ovsdbapp.backend.ovs_idl.transaction [None req-6df7f528-cdc5-48d3-9eee-ad6a24774b13 None None] Running txn n=1 command(idx=0): CheckLivenessCommand(_result=None) {{(pid=89837) do_commit /opt/stack/data/venv/lib/python3.12/site-packages/ovsdbapp/backend/ovs_idl/transaction.py:89}}
May 20 13:26:09.158874 np0000001067 devstack@neutron-api.service[89839]: DEBUG neutron.plugins.ml2.drivers.ovn.mech_driver.ovsdb.ovsdb_monitor [None req-12380bee-ed15-4c14-9730-5b3150449f22 None None] ChassisAgentWriteEvent : Matched Chassis_Private, update, None None {{(pid=89839) matches /opt/stack/neutron/neutron/plugins/ml2/drivers/ovn/mech_driver/ovsdb/ovsdb_monitor.py:64}}
May 20 13:26:09.159075 np0000001067 devstack@neutron-api.service[89837]: DEBUG neutron.plugins.ml2.drivers.ovn.mech_driver.ovsdb.ovsdb_monitor [None req-b344031e-ba38-428e-b611-57cda48faf76 None None] ChassisAgentWriteEvent : Matched Chassis_Private, update, None None {{(pid=89837) matches /opt/stack/neutron/neutron/plugins/ml2/drivers/ovn/mech_driver/ovsdb/ovsdb_monitor.py:64}}
May 20 13:26:09.159268 np0000001067 devstack@neutron-api.service[89838]: DEBUG neutron.plugins.ml2.drivers.ovn.mech_driver.ovsdb.ovsdb_monitor [None req-4b60a020-d871-4619-b001-d7bf0ee30c2e None None] ChassisAgentWriteEvent : Matched Chassis_Private, update, None None {{(pid=89838) matches /opt/stack/neutron/neutron/plugins/ml2/drivers/ovn/mech_driver/ovsdb/ovsdb_monitor.py:64}}
May 20 13:26:09.163272 np0000001067 devstack@neutron-api.service[89837]: DEBUG neutron.common.ovn.hash_ring_manager [None req-6df7f528-cdc5-48d3-9eee-ad6a24774b13 None None] Hash Ring loaded. 3 active nodes. 0 offline nodes {{(pid=89837) _load_hash_ring /opt/stack/neutron/neutron/common/ovn/hash_ring_manager.py:102}}
May 20 13:26:09.163403 np0000001067 devstack@neutron-api.service[89839]: DEBUG neutron.common.ovn.hash_ring_manager [None req-ec421896-5749-493c-8905-1a25b8f4f077 None None] Hash Ring loaded. 3 active nodes. 0 offline nodes {{(pid=89839) _load_hash_ring /opt/stack/neutron/neutron/common/ovn/hash_ring_manager.py:102}}
May 20 13:26:09.164968 np0000001067 devstack@neutron-api.service[89838]: DEBUG neutron.common.ovn.hash_ring_manager [None req-9077a1dd-c83e-4b95-b1bb-30bc912f7259 None None] Hash Ring loaded. 3 active nodes. 0 offline nodes {{(pid=89838) _load_hash_ring /opt/stack/neutron/neutron/common/ovn/hash_ring_manager.py:102}}
May 20 13:26:09.165150 np0000001067 devstack@neutron-api.service[89838]: DEBUG neutron.plugins.ml2.drivers.ovn.mech_driver.ovsdb.ovsdb_monitor [None req-9077a1dd-c83e-4b95-b1bb-30bc912f7259 None None] Hash Ring: Node dd1d887fbc9f5a0bbf71ed5ca8a73c43 (host: np0000001067) handling event "update" for row c95a7e82-554d-4417-900b-46ce08046dd7 (table: NB_Global) {{(pid=89838) notify /opt/stack/neutron/neutron/plugins/ml2/drivers/ovn/mech_driver/ovsdb/ovsdb_monitor.py:942}}
May 20 13:26:09.166172 np0000001067 devstack@neutron-api.service[89838]: DEBUG neutron.plugins.ml2.drivers.ovn.mech_driver.ovsdb.ovsdb_monitor [None req-9077a1dd-c83e-4b95-b1bb-30bc912f7259 None None] Hash Ring: Node dd1d887fbc9f5a0bbf71ed5ca8a73c43 (host: np0000001067) handling event "update" for row c95a7e82-554d-4417-900b-46ce08046dd7 (table: NB_Global) {{(pid=89838) notify /opt/stack/neutron/neutron/plugins/ml2/drivers/ovn/mech_driver/ovsdb/ovsdb_monitor.py:942}}
May 20 13:26:09.166455 np0000001067 devstack@neutron-api.service[89839]: DEBUG neutron.common.ovn.hash_ring_manager [None req-12380bee-ed15-4c14-9730-5b3150449f22 None None] Hash Ring loaded. 3 active nodes. 0 offline nodes {{(pid=89839) _load_hash_ring /opt/stack/neutron/neutron/common/ovn/hash_ring_manager.py:102}}
May 20 13:26:09.166834 np0000001067 devstack@neutron-api.service[89837]: DEBUG neutron.common.ovn.hash_ring_manager [None req-b344031e-ba38-428e-b611-57cda48faf76 None None] Hash Ring loaded. 3 active nodes. 0 offline nodes {{(pid=89837) _load_hash_ring /opt/stack/neutron/neutron/common/ovn/hash_ring_manager.py:102}}
May 20 13:26:09.166907 np0000001067 devstack@neutron-api.service[89839]: DEBUG neutron.plugins.ml2.drivers.ovn.mech_driver.ovsdb.ovsdb_monitor [None req-12380bee-ed15-4c14-9730-5b3150449f22 None None] Hash Ring: Node 8863b63876005f58b62fa696d399dd19 (host: np0000001067) handling event "update" for row 2d1def77-2e75-409c-bb78-47581ce831ad (table: Chassis_Private) {{(pid=89839) notify /opt/stack/neutron/neutron/plugins/ml2/drivers/ovn/mech_driver/ovsdb/ovsdb_monitor.py:942}}
May 20 13:26:09.166946 np0000001067 devstack@neutron-api.service[89838]: DEBUG neutron.plugins.ml2.drivers.ovn.mech_driver.ovsdb.ovsdb_monitor [None req-9077a1dd-c83e-4b95-b1bb-30bc912f7259 None None] Hash Ring: Node dd1d887fbc9f5a0bbf71ed5ca8a73c43 (host: np0000001067) handling event "update" for row c95a7e82-554d-4417-900b-46ce08046dd7 (table: NB_Global) {{(pid=89838) notify /opt/stack/neutron/neutron/plugins/ml2/drivers/ovn/mech_driver/ovsdb/ovsdb_monitor.py:942}}
May 20 13:26:09.167178 np0000001067 devstack@neutron-api.service[89838]: DEBUG neutron.common.ovn.hash_ring_manager [None req-4b60a020-d871-4619-b001-d7bf0ee30c2e None None] Hash Ring loaded. 3 active nodes. 0 offline nodes {{(pid=89838) _load_hash_ring /opt/stack/neutron/neutron/common/ovn/hash_ring_manager.py:102}}
May 20 13:26:09.167852 np0000001067 devstack@neutron-api.service[89838]: DEBUG neutron.plugins.ml2.drivers.ovn.mech_driver.ovsdb.ovsdb_monitor [None req-9077a1dd-c83e-4b95-b1bb-30bc912f7259 None None] Hash Ring: Node dd1d887fbc9f5a0bbf71ed5ca8a73c43 (host: np0000001067) handling event "update" for row c95a7e82-554d-4417-900b-46ce08046dd7 (table: NB_Global) {{(pid=89838) notify /opt/stack/neutron/neutron/plugins/ml2/drivers/ovn/mech_driver/ovsdb/ovsdb_monitor.py:942}}
May 20 13:26:09.168485 np0000001067 devstack@neutron-api.service[89837]: DEBUG neutron.api.rpc.callbacks.version_manager [None req-09cb4350-57b8-4c44-abc8-953fa36bc950 admin admin] Tracked resource versions report:
May 20 13:26:09.168485 np0000001067 devstack@neutron-api.service[89837]: pushed versions:
May 20 13:26:09.168485 np0000001067 devstack@neutron-api.service[89837]: { 'AddressGroup': {'1.2'},
May 20 13:26:09.168485 np0000001067 devstack@neutron-api.service[89837]: 'Agent': {'1.1'},
May 20 13:26:09.168485 np0000001067 devstack@neutron-api.service[89837]: 'ConntrackHelper': {'1.0'},
May 20 13:26:09.168485 np0000001067 devstack@neutron-api.service[89837]: 'LocalIPAssociation': {'1.0'},
May 20 13:26:09.168485 np0000001067 devstack@neutron-api.service[89837]: 'Log': {'1.0'},
May 20 13:26:09.168485 np0000001067 devstack@neutron-api.service[89837]: 'NDPProxy': {'1.0'},
May 20 13:26:09.168485 np0000001067 devstack@neutron-api.service[89837]: 'Network': {'1.2'},
May 20 13:26:09.168485 np0000001067 devstack@neutron-api.service[89837]: 'Port': {'1.10'},
May 20 13:26:09.168485 np0000001067 devstack@neutron-api.service[89837]: 'PortForwarding': {'1.3'},
May 20 13:26:09.168485 np0000001067 devstack@neutron-api.service[89837]: 'QosPolicy': {'1.10'},
May 20 13:26:09.168485 np0000001067 devstack@neutron-api.service[89837]: 'SecurityGroup': {'1.6'},
May 20 13:26:09.168485 np0000001067 devstack@neutron-api.service[89837]: 'SecurityGroupRule': {'1.3'},
May 20 13:26:09.168485 np0000001067 devstack@neutron-api.service[89837]: 'SubPort': {'1.0'},
May 20 13:26:09.168485 np0000001067 devstack@neutron-api.service[89837]: 'Subnet': {'1.2'},
May 20 13:26:09.168485 np0000001067 devstack@neutron-api.service[89837]: 'Trunk': {'1.1'}}
May 20 13:26:09.168485 np0000001067 devstack@neutron-api.service[89837]: consumer versions:
May 20 13:26:09.168485 np0000001067 devstack@neutron-api.service[89837]: { OVN Controller Gateway agent@np0000001067: {},
May 20 13:26:09.168485 np0000001067 devstack@neutron-api.service[89837]: OVN Neutron agent@np0000001067: {}}
May 20 13:26:09.168485 np0000001067 devstack@neutron-api.service[89837]: {{(pid=89837) report /opt/stack/neutron/neutron/api/rpc/callbacks/version_manager.py:183}}
May 20 13:26:09.176599 np0000001067 devstack@neutron-api.service[89837]: DEBUG ovsdbapp.backend.ovs_idl.transaction [None req-6df7f528-cdc5-48d3-9eee-ad6a24774b13 None None] Running txn n=1 command(idx=0): AddNetworkCommand(_result=None, network_uuid=7389fec0-6bd6-4507-9e71-3d4615054773, may_exist=True, columns={'external_ids': {'neutron:network_name': 'shared', 'neutron:mtu': '1372', 'neutron:revision_number': '1', 'neutron:availability_zone_hints': '', 'neutron:provnet-network-type': 'geneve'}, 'other_config': {'mcast_snoop': 'false', 'mcast_flood_unregistered': 'false', 'vlan-passthru': 'false'}}) {{(pid=89837) do_commit /opt/stack/data/venv/lib/python3.12/site-packages/ovsdbapp/backend/ovs_idl/transaction.py:89}}
May 20 13:26:09.186492 np0000001067 devstack@neutron-api.service[89839]: DEBUG neutron.plugins.ml2.drivers.ovn.mech_driver.ovsdb.ovsdb_monitor [None req-ec421896-5749-493c-8905-1a25b8f4f077 None None] Hash Ring: Node 8863b63876005f58b62fa696d399dd19 (host: np0000001067) handling event "create" for row 7389fec0-6bd6-4507-9e71-3d4615054773 (table: Logical_Switch) {{(pid=89839) notify /opt/stack/neutron/neutron/plugins/ml2/drivers/ovn/mech_driver/ovsdb/ovsdb_monitor.py:942}}
May 20 13:26:09.189289 np0000001067 devstack@neutron-api.service[89838]: DEBUG neutron.plugins.ml2.drivers.ovn.mech_driver.ovsdb.ovsdb_monitor [None req-4b60a020-d871-4619-b001-d7bf0ee30c2e None None] Hash Ring: Node dd1d887fbc9f5a0bbf71ed5ca8a73c43 (host: np0000001067) handling event "create" for row 4c9957ba-9a2a-4e32-ae73-6251b29e4cbd (table: Datapath_Binding) {{(pid=89838) notify /opt/stack/neutron/neutron/plugins/ml2/drivers/ovn/mech_driver/ovsdb/ovsdb_monitor.py:942}}
May 20 13:26:09.211923 np0000001067 devstack@neutron-api.service[89837]: INFO neutron.db.ovn_revision_numbers_db [None req-09cb4350-57b8-4c44-abc8-953fa36bc950 admin admin] Successfully bumped revision number for resource 7389fec0-6bd6-4507-9e71-3d4615054773 (type: networks) to 1
May 20 13:26:09.222474 np0000001067 devstack@neutron-api.service[89837]: DEBUG neutron_lib.callbacks.manager [None req-09cb4350-57b8-4c44-abc8-953fa36bc950 admin admin] Publish callbacks ['neutron.plugins.ml2.plugin.SecurityGroupDbMixin._ensure_default_security_group_handler-3207137'] for port (None), before_create {{(pid=89837) _notify_loop /opt/stack/data/venv/lib/python3.12/site-packages/neutron_lib/callbacks/manager.py:184}}
May 20 13:26:09.281512 np0000001067 devstack@neutron-api.service[89837]: DEBUG neutron_lib.callbacks.manager [None req-09cb4350-57b8-4c44-abc8-953fa36bc950 admin admin] Publish callbacks ['neutron.plugins.ml2.drivers.ovn.mech_driver.mech_driver.OVNMechanismDriver._validate_allowed_address_pairs-194256'] for allowed_address_pair (31641b7a-d370-4f1c-8038-3b80641a6104), before_create {{(pid=89837) _notify_loop /opt/stack/data/venv/lib/python3.12/site-packages/neutron_lib/callbacks/manager.py:184}}
May 20 13:26:09.282001 np0000001067 devstack@neutron-api.service[89837]: DEBUG neutron_lib.callbacks.manager [None req-09cb4350-57b8-4c44-abc8-953fa36bc950 admin admin] Publish callbacks [] for port (31641b7a-d370-4f1c-8038-3b80641a6104), precommit_create {{(pid=89837) _notify_loop /opt/stack/data/venv/lib/python3.12/site-packages/neutron_lib/callbacks/manager.py:184}}
May 20 13:26:09.282197 np0000001067 devstack@neutron-api.service[89837]: DEBUG neutron.plugins.ml2.drivers.ovn.mech_driver.mech_driver [None req-09cb4350-57b8-4c44-abc8-953fa36bc950 admin admin] No provisioning block for port 31641b7a-d370-4f1c-8038-3b80641a6104 since it does not have a host {{(pid=89837) _is_port_provisioning_required /opt/stack/neutron/neutron/plugins/ml2/drivers/ovn/mech_driver/mech_driver.py:894}}
May 20 13:26:09.282341 np0000001067 devstack@neutron-api.service[89837]: DEBUG neutron.db.ovn_revision_numbers_db [None req-09cb4350-57b8-4c44-abc8-953fa36bc950 admin admin] create_initial_revision uuid=31641b7a-d370-4f1c-8038-3b80641a6104, type=ports, rev=-1 {{(pid=89837) create_initial_revision /opt/stack/neutron/neutron/db/ovn_revision_numbers_db.py:98}}
May 20 13:26:09.308034 np0000001067 devstack@neutron-api.service[89837]: DEBUG neutron_lib.callbacks.manager [None req-09cb4350-57b8-4c44-abc8-953fa36bc950 admin admin] Publish callbacks ['neutron.plugins.ml2.ovo_rpc._ObjectChangeHandler.handle_event-65176156'] for port (31641b7a-d370-4f1c-8038-3b80641a6104), after_create {{(pid=89837) _notify_loop /opt/stack/data/venv/lib/python3.12/site-packages/neutron_lib/callbacks/manager.py:184}}
May 20 13:26:09.334606 np0000001067 devstack@neutron-api.service[89837]: DEBUG neutron.api.rpc.handlers.resources_rpc [None req-09cb4350-57b8-4c44-abc8-953fa36bc950 admin admin] Pushing event updated for resources: {'Port': ['ID=31641b7a-d370-4f1c-8038-3b80641a6104,revision_number=1']} {{(pid=89837) push /opt/stack/neutron/neutron/api/rpc/handlers/resources_rpc.py:237}}
May 20 13:26:09.339882 np0000001067 devstack@neutron-api.service[89837]: DEBUG ovsdbapp.backend.ovs_idl.transaction [None req-6df7f528-cdc5-48d3-9eee-ad6a24774b13 None None] Running txn n=1 command(idx=0): AddLSwitchPortCommand(_result=None, lport=31641b7a-d370-4f1c-8038-3b80641a6104, lswitch=neutron-7389fec0-6bd6-4507-9e71-3d4615054773, may_exist=True, network_uuid=7389fec0-6bd6-4507-9e71-3d4615054773, columns={'addresses': ['fa:16:3e:32:27:87'], 'external_ids': {'neutron:port_name': '', 'neutron:device_id': 'ovnmeta-7389fec0-6bd6-4507-9e71-3d4615054773', 'neutron:project_id': '31e9bfb3cecf4ca6959e7189549aedee', 'neutron:cidrs': '', 'neutron:device_owner': 'network:distributed', 'neutron:subnet_pool_addr_scope4': '', 'neutron:subnet_pool_addr_scope6': '', 'neutron:network_name': 'neutron-7389fec0-6bd6-4507-9e71-3d4615054773', 'neutron:security_group_ids': '', 'neutron:revision_number': '1', 'neutron:vnic_type': 'normal', 'neutron:port_capabilities': '', 'neutron:mtu': ''}, 'parent_name': [], 'tag': [], 'enabled': True, 'options': {}, 'type': 'localport', 'port_security': [], 'dhcpv4_options': [], 'dhcpv6_options': []}) {{(pid=89837) do_commit /opt/stack/data/venv/lib/python3.12/site-packages/ovsdbapp/backend/ovs_idl/transaction.py:89}}
May 20 13:26:09.340422 np0000001067 devstack@neutron-api.service[89837]: DEBUG ovsdbapp.backend.ovs_idl.transaction [None req-6df7f528-cdc5-48d3-9eee-ad6a24774b13 None None] Running txn n=1 command(idx=1): QoSDelCommand(_result=None, switch=neutron-7389fec0-6bd6-4507-9e71-3d4615054773, conditions=[('direction', '=', 'to-lport'), ('priority', '=', 2002), ('match', '=', 'outport == "31641b7a-d370-4f1c-8038-3b80641a6104"')], if_exists=True) {{(pid=89837) do_commit /opt/stack/data/venv/lib/python3.12/site-packages/ovsdbapp/backend/ovs_idl/transaction.py:89}}
May 20 13:26:09.340676 np0000001067 devstack@neutron-api.service[89837]: DEBUG ovsdbapp.backend.ovs_idl.transaction [None req-6df7f528-cdc5-48d3-9eee-ad6a24774b13 None None] Running txn n=1 command(idx=2): QoSDelCommand(_result=None, switch=neutron-7389fec0-6bd6-4507-9e71-3d4615054773, conditions=[('direction', '=', 'from-lport'), ('priority', '=', 2002), ('match', '=', 'inport == "31641b7a-d370-4f1c-8038-3b80641a6104"')], if_exists=True) {{(pid=89837) do_commit /opt/stack/data/venv/lib/python3.12/site-packages/ovsdbapp/backend/ovs_idl/transaction.py:89}}
May 20 13:26:09.343534 np0000001067 devstack@neutron-api.service[89839]: DEBUG neutron.plugins.ml2.drivers.ovn.mech_driver.ovsdb.ovsdb_monitor [None req-ec421896-5749-493c-8905-1a25b8f4f077 None None] Hash Ring: Node 8863b63876005f58b62fa696d399dd19 (host: np0000001067) handling event "update" for row 7389fec0-6bd6-4507-9e71-3d4615054773 (table: Logical_Switch) {{(pid=89839) notify /opt/stack/neutron/neutron/plugins/ml2/drivers/ovn/mech_driver/ovsdb/ovsdb_monitor.py:942}}
May 20 13:26:09.343862 np0000001067 devstack@neutron-api.service[89838]: DEBUG neutron.plugins.ml2.drivers.ovn.mech_driver.ovsdb.ovsdb_monitor [None req-9077a1dd-c83e-4b95-b1bb-30bc912f7259 None None] Hash Ring: Node dd1d887fbc9f5a0bbf71ed5ca8a73c43 (host: np0000001067) handling event "create" for row a66c7054-3cfe-4dee-9f87-07fdf3def380 (table: Logical_Switch_Port) {{(pid=89838) notify /opt/stack/neutron/neutron/plugins/ml2/drivers/ovn/mech_driver/ovsdb/ovsdb_monitor.py:942}}
May 20 13:26:09.345097 np0000001067 devstack@neutron-api.service[89838]: DEBUG ovsdbapp.backend.ovs_idl.event [None req-9077a1dd-c83e-4b95-b1bb-30bc912f7259 None None] Matched CREATE: LogicalSwitchPortCreateEvent(events=('create',), table='Logical_Switch_Port', conditions=[], old_conditions=None), priority=20 to row=Logical_Switch_Port(uuid=a66c7054-3cfe-4dee-9f87-07fdf3def380, addresses=['fa:16:3e:32:27:87'], dhcpv4_options=[], dhcpv6_options=[], dynamic_addresses=[], enabled=True, external_ids={'neutron:cidrs': '', 'neutron:device_id': 'ovnmeta-7389fec0-6bd6-4507-9e71-3d4615054773', 'neutron:device_owner': 'network:distributed', 'neutron:mtu': '', 'neutron:network_name': 'neutron-7389fec0-6bd6-4507-9e71-3d4615054773', 'neutron:port_capabilities': '', 'neutron:port_name': '', 'neutron:project_id': '31e9bfb3cecf4ca6959e7189549aedee', 'neutron:revision_number': '1', 'neutron:security_group_ids': '', 'neutron:subnet_pool_addr_scope4': '', 'neutron:subnet_pool_addr_scope6': '', 'neutron:vnic_type': 'normal'}, ha_chassis_group=[], mirror_rules=[], name='31641b7a-d370-4f1c-8038-3b80641a6104', options={}, parent_name=[], port_security=[], tag=[], tag_request=[], type='localport', up=[]) old= {{(pid=89838) matches /opt/stack/data/venv/lib/python3.12/site-packages/ovsdbapp/backend/ovs_idl/event.py:55}}
May 20 13:26:09.347341 np0000001067 devstack@neutron-api.service[89839]: DEBUG neutron.plugins.ml2.drivers.ovn.mech_driver.ovsdb.ovsdb_monitor [None req-12380bee-ed15-4c14-9730-5b3150449f22 None None] Hash Ring: Node 8863b63876005f58b62fa696d399dd19 (host: np0000001067) handling event "create" for row 310388d1-b7f9-4b74-b2a9-57ef8ff26cd6 (table: Port_Binding) {{(pid=89839) notify /opt/stack/neutron/neutron/plugins/ml2/drivers/ovn/mech_driver/ovsdb/ovsdb_monitor.py:942}}
May 20 13:26:09.347384 np0000001067 devstack@neutron-api.service[89838]: INFO neutron.plugins.ml2.drivers.ovn.mech_driver.mech_driver [None req-5b123b9c-5011-4bf2-91ad-2b6f21ace074 None None] OVN reports status down for port: 31641b7a-d370-4f1c-8038-3b80641a6104
May 20 13:26:09.347384 np0000001067 devstack@neutron-api.service[89838]: DEBUG neutron.plugins.ml2.drivers.ovn.mech_driver.ovsdb.ovsdb_monitor [None req-9077a1dd-c83e-4b95-b1bb-30bc912f7259 None None] Hash Ring: Node dd1d887fbc9f5a0bbf71ed5ca8a73c43 (host: np0000001067) handling event "update" for row a66c7054-3cfe-4dee-9f87-07fdf3def380 (table: Logical_Switch_Port) {{(pid=89838) notify /opt/stack/neutron/neutron/plugins/ml2/drivers/ovn/mech_driver/ovsdb/ovsdb_monitor.py:942}}
May 20 13:26:09.365639 np0000001067 devstack@neutron-api.service[89838]: DEBUG neutron.db.provisioning_blocks [None req-5b123b9c-5011-4bf2-91ad-2b6f21ace074 None None] Transition to ACTIVE for port object 31641b7a-d370-4f1c-8038-3b80641a6104 will not be triggered until provisioned by entity L2. {{(pid=89838) add_provisioning_component /opt/stack/neutron/neutron/db/provisioning_blocks.py:74}}
May 20 13:26:09.372611 np0000001067 devstack@neutron-api.service[89837]: INFO neutron.db.ovn_revision_numbers_db [None req-09cb4350-57b8-4c44-abc8-953fa36bc950 admin admin] Successfully bumped revision number for resource 31641b7a-d370-4f1c-8038-3b80641a6104 (type: ports) to 1
May 20 13:26:09.382493 np0000001067 devstack@neutron-api.service[89837]: DEBUG neutron.pecan_wsgi.hooks.policy_enforcement [None req-09cb4350-57b8-4c44-abc8-953fa36bc950 admin admin] Attributes excluded by policy engine: ['standard_attr_id'] {{(pid=89837) _exclude_attributes_by_policy /opt/stack/neutron/neutron/pecan_wsgi/hooks/policy_enforcement.py:256}}
May 20 13:26:09.382752 np0000001067 devstack@neutron-api.service[89837]: DEBUG neutron_lib.callbacks.manager [None req-09cb4350-57b8-4c44-abc8-953fa36bc950 admin admin] Publish callbacks [] for network (None), before_response {{(pid=89837) _notify_loop /opt/stack/data/venv/lib/python3.12/site-packages/neutron_lib/callbacks/manager.py:184}}
May 20 13:26:09.386897 np0000001067 devstack@neutron-api.service[89838]: DEBUG neutron.plugins.ml2.plugin [None req-5b123b9c-5011-4bf2-91ad-2b6f21ace074 None None] Current status of the port 31641b7a-d370-4f1c-8038-3b80641a6104 is: DOWN; New status is: DOWN {{(pid=89838) _update_individual_port_db_status /opt/stack/neutron/neutron/plugins/ml2/plugin.py:2466}}
May 20 13:26:09.387732 np0000001067 devstack@neutron-api.service[89838]: DEBUG ovsdbapp.backend.ovs_idl.transaction [None req-9077a1dd-c83e-4b95-b1bb-30bc912f7259 None None] Running txn n=1 command(idx=0): DbRemoveCommand(_result=None, table=Logical_Switch_Port, record=31641b7a-d370-4f1c-8038-3b80641a6104, column=external_ids, values=('neutron:host_id',), keyvalues={}, if_exists=True) {{(pid=89838) do_commit /opt/stack/data/venv/lib/python3.12/site-packages/ovsdbapp/backend/ovs_idl/transaction.py:89}}
May 20 13:26:09.391013 np0000001067 devstack@neutron-api.service[89837]: [pid: 89837|app: 0|req: 12/37] 10.4.3.8 () {68 vars in 1312 bytes} [Wed May 20 13:26:09 2026] POST /networking/v2.0/networks => generated 679 bytes in 370 msecs (HTTP/1.1 201) 4 headers in 162 bytes (2 switches on core 0)
May 20 13:26:09.561596 np0000001067 devstack@neutron-api.service[89838]: INFO neutron.pecan_wsgi.hooks.translation [None req-167995e2-c3a1-4168-8b45-4f906d6526ef admin admin] GET failed (client error): The resource could not be found.
May 20 13:26:09.562177 np0000001067 devstack@neutron-api.service[89838]: [pid: 89838|app: 0|req: 14/38] 10.4.3.8 () {64 vars in 1280 bytes} [Wed May 20 13:26:09 2026] GET /networking/v2.0/networks/shared => generated 108 bytes in 7 msecs (HTTP/1.1 404) 4 headers in 164 bytes (1 switches on core 0)
May 20 13:26:09.588724 np0000001067 devstack@neutron-api.service[89839]: DEBUG neutron.pecan_wsgi.hooks.policy_enforcement [None req-6a4e0b6e-09b2-47b5-80d0-895c6fabdcb7 admin admin] Attributes excluded by policy engine: ['standard_attr_id'] {{(pid=89839) _exclude_attributes_by_policy /opt/stack/neutron/neutron/pecan_wsgi/hooks/policy_enforcement.py:256}}
May 20 13:26:09.589497 np0000001067 devstack@neutron-api.service[89839]: [pid: 89839|app: 0|req: 13/39] 10.4.3.8 () {64 vars in 1295 bytes} [Wed May 20 13:26:09 2026] GET /networking/v2.0/networks?name=shared => generated 663 bytes in 21 msecs (HTTP/1.1 200) 4 headers in 157 bytes (1 switches on core 0)
May 20 13:26:09.601192 np0000001067 devstack@neutron-api.service[89837]: DEBUG neutron.api.v2.base [None req-fa764954-d05f-4393-b3f9-03518059dbed admin admin] Request body: {'subnet': {'cidr': '192.168.233.0/24', 'description': 'shared-subnet', 'ip_version': 4, 'network_id': '7389fec0-6bd6-4507-9e71-3d4615054773', 'name': 'shared-subnet'}} {{(pid=89837) prepare_request_body /opt/stack/neutron/neutron/api/v2/base.py:727}}
May 20 13:26:09.616033 np0000001067 devstack@neutron-api.service[89837]: DEBUG neutron.pecan_wsgi.hooks.quota_enforcement [None req-fa764954-d05f-4393-b3f9-03518059dbed admin admin] Made reservation on behalf of 31e9bfb3cecf4ca6959e7189549aedee for: {'subnet': 1} {{(pid=89837) before /opt/stack/neutron/neutron/pecan_wsgi/hooks/quota_enforcement.py:66}}
May 20 13:26:09.618754 np0000001067 devstack@neutron-api.service[89837]: DEBUG neutron_lib.callbacks.manager [None req-fa764954-d05f-4393-b3f9-03518059dbed admin admin] Publish callbacks [] for subnet (None), before_create {{(pid=89837) _notify_loop /opt/stack/data/venv/lib/python3.12/site-packages/neutron_lib/callbacks/manager.py:184}}
May 20 13:26:09.669106 np0000001067 devstack@neutron-api.service[89837]: DEBUG neutron.db.ovn_revision_numbers_db [None req-fa764954-d05f-4393-b3f9-03518059dbed admin admin] create_initial_revision uuid=1ff8d488-9686-4bc3-8ef2-010b741d84b8, type=subnets, rev=-1 {{(pid=89837) create_initial_revision /opt/stack/neutron/neutron/db/ovn_revision_numbers_db.py:98}}
May 20 13:26:09.675592 np0000001067 devstack@neutron-api.service[89837]: DEBUG neutron_lib.callbacks.manager [None req-fa764954-d05f-4393-b3f9-03518059dbed admin admin] Publish callbacks ['neutron.plugins.ml2.ovo_rpc._ObjectChangeHandler.handle_event-65176348'] for subnet (1ff8d488-9686-4bc3-8ef2-010b741d84b8), after_create {{(pid=89837) _notify_loop /opt/stack/data/venv/lib/python3.12/site-packages/neutron_lib/callbacks/manager.py:184}}
May 20 13:26:09.686711 np0000001067 devstack@neutron-api.service[89837]: DEBUG neutron.api.rpc.handlers.resources_rpc [None req-fa764954-d05f-4393-b3f9-03518059dbed admin admin] Pushing event updated for resources: {'Subnet': ['ID=1ff8d488-9686-4bc3-8ef2-010b741d84b8,revision_number=0']} {{(pid=89837) push /opt/stack/neutron/neutron/api/rpc/handlers/resources_rpc.py:237}}
May 20 13:26:09.730129 np0000001067 devstack@neutron-api.service[89837]: DEBUG neutron_lib.callbacks.manager [None req-fa764954-d05f-4393-b3f9-03518059dbed admin admin] Publish callbacks ['neutron.plugins.ml2.plugin.SecurityGroupDbMixin._ensure_default_security_group_handler-3207137', 'neutron.services.ovn_l3.plugin.OVNL3RouterPlugin._port_update-8242410810732', 'neutron.db.l3_db.L3_NAT_dbonly_mixin._prevent_internal_ip_change_for_fip-8242412647988'] for port (31641b7a-d370-4f1c-8038-3b80641a6104), before_update {{(pid=89837) _notify_loop /opt/stack/data/venv/lib/python3.12/site-packages/neutron_lib/callbacks/manager.py:184}}
May 20 13:26:09.806836 np0000001067 devstack@neutron-api.service[89837]: DEBUG neutron.db.db_base_plugin_common [None req-fa764954-d05f-4393-b3f9-03518059dbed admin admin] Allocated IP 192.168.233.2 (7389fec0-6bd6-4507-9e71-3d4615054773/1ff8d488-9686-4bc3-8ef2-010b741d84b8/31641b7a-d370-4f1c-8038-3b80641a6104) {{(pid=89837) _store_ip_allocation /opt/stack/neutron/neutron/db/db_base_plugin_common.py:131}}
May 20 13:26:09.861429 np0000001067 devstack@neutron-api.service[89837]: DEBUG neutron_lib.callbacks.manager [None req-fa764954-d05f-4393-b3f9-03518059dbed admin admin] Publish callbacks [] for port (31641b7a-d370-4f1c-8038-3b80641a6104), precommit_update {{(pid=89837) _notify_loop /opt/stack/data/venv/lib/python3.12/site-packages/neutron_lib/callbacks/manager.py:184}}
May 20 13:26:09.861596 np0000001067 devstack@neutron-api.service[89837]: DEBUG neutron.plugins.ml2.drivers.ovn.mech_driver.mech_driver [None req-fa764954-d05f-4393-b3f9-03518059dbed admin admin] No provisioning block for port 31641b7a-d370-4f1c-8038-3b80641a6104 since it does not have a host {{(pid=89837) _is_port_provisioning_required /opt/stack/neutron/neutron/plugins/ml2/drivers/ovn/mech_driver/mech_driver.py:894}}
May 20 13:26:09.878443 np0000001067 devstack@neutron-api.service[89837]: DEBUG neutron_lib.callbacks.manager [None req-fa764954-d05f-4393-b3f9-03518059dbed admin admin] Publish callbacks ['neutron.plugins.ml2.ovo_rpc._ObjectChangeHandler.handle_event-65176156', 'neutron.services.ovn_l3.plugin.OVNL3RouterPlugin._port_update-8242410810732'] for port (31641b7a-d370-4f1c-8038-3b80641a6104), after_update {{(pid=89837) _notify_loop /opt/stack/data/venv/lib/python3.12/site-packages/neutron_lib/callbacks/manager.py:184}}
May 20 13:26:09.905463 np0000001067 devstack@neutron-api.service[89837]: DEBUG neutron.api.rpc.handlers.resources_rpc [None req-fa764954-d05f-4393-b3f9-03518059dbed admin admin] Pushing event updated for resources: {'Port': ['ID=31641b7a-d370-4f1c-8038-3b80641a6104,revision_number=2']} {{(pid=89837) push /opt/stack/neutron/neutron/api/rpc/handlers/resources_rpc.py:237}}
May 20 13:26:09.987898 np0000001067 devstack@neutron-api.service[89837]: DEBUG ovsdbapp.backend.ovs_idl.transaction [None req-6df7f528-cdc5-48d3-9eee-ad6a24774b13 None None] Running txn n=1 command(idx=0): CheckRevisionNumberCommand(_result=None, name=31641b7a-d370-4f1c-8038-3b80641a6104, resource={'id': '31641b7a-d370-4f1c-8038-3b80641a6104', 'name': '', 'network_id': '7389fec0-6bd6-4507-9e71-3d4615054773', 'project_id': '31e9bfb3cecf4ca6959e7189549aedee', 'mac_address': 'fa:16:3e:32:27:87', 'admin_state_up': True, 'status': 'DOWN', 'device_id': 'ovnmeta-7389fec0-6bd6-4507-9e71-3d4615054773', 'device_owner': 'network:distributed', 'standard_attr_id': 28, 'fixed_ips': [{'subnet_id': '1ff8d488-9686-4bc3-8ef2-010b741d84b8', 'ip_address': '192.168.233.2'}], 'allowed_address_pairs': [], 'extra_dhcp_opts': [], 'security_groups': [], 'description': '', 'binding:vnic_type': 'normal', 'binding:profile': {}, 'binding:host_id': '', 'binding:vif_type': 'unbound', 'binding:vif_details': {}, 'port_security_enabled': False, 'tags': [], 'created_at': '2026-05-20T13:26:09Z', 'updated_at': '2026-05-20T13:26:09Z', 'revision_number': 2, 'tenant_id': '31e9bfb3cecf4ca6959e7189549aedee', 'network': {'id': '7389fec0-6bd6-4507-9e71-3d4615054773', 'name': 'shared', 'tenant_id': '31e9bfb3cecf4ca6959e7189549aedee', 'project_id': '31e9bfb3cecf4ca6959e7189549aedee', 'admin_state_up': True, 'mtu': 1372, 'status': 'ACTIVE', 'subnets': ['1ff8d488-9686-4bc3-8ef2-010b741d84b8'], 'standard_attr_id': 26, 'shared': True, 'availability_zone_hints': [], 'availability_zones': [], 'ipv4_address_scope': None, 'ipv6_address_scope': None, 'router:external': False, 'qinq': False, 'vlan_transparent': False, 'description': '', 'port_security_enabled': True, 'tags': [], 'created_at': '2026-05-20T13:26:09Z', 'updated_at': '2026-05-20T13:26:09Z', 'revision_number': 2, 'provider:network_type': 'geneve', 'provider:physical_network': None, 'provider:segmentation_id': 59017}}, resource_type=ports, if_exists=True) {{(pid=89837) do_commit /opt/stack/data/venv/lib/python3.12/site-packages/ovsdbapp/backend/ovs_idl/transaction.py:89}}
May 20 13:26:09.988288 np0000001067 devstack@neutron-api.service[89837]: DEBUG ovsdbapp.backend.ovs_idl.transaction [None req-6df7f528-cdc5-48d3-9eee-ad6a24774b13 None None] Running txn n=1 command(idx=1): AddDHCPOptionsCommand(_result=None, columns={'cidr': '192.168.233.0/24', 'options': {'server_id': '192.168.233.1', 'lease_time': '43200', 'mtu': '1372', 'router': '192.168.233.1', 'server_mac': 'fa:16:3e:d2:bb:11', 'dns_server': '{127.0.0.53}', 'classless_static_route': '{169.254.169.254/32,192.168.233.2, 0.0.0.0/0,192.168.233.1}'}, 'external_ids': {'subnet_id': '1ff8d488-9686-4bc3-8ef2-010b741d84b8', 'neutron:network_id': '7389fec0-6bd6-4507-9e71-3d4615054773', 'neutron:revision_number': '0'}}, may_exist=True, subnet_id=1ff8d488-9686-4bc3-8ef2-010b741d84b8, port_id=None, new_insert=False) {{(pid=89837) do_commit /opt/stack/data/venv/lib/python3.12/site-packages/ovsdbapp/backend/ovs_idl/transaction.py:89}}
May 20 13:26:09.988671 np0000001067 devstack@neutron-api.service[89837]: DEBUG ovsdbapp.backend.ovs_idl.transaction [None req-6df7f528-cdc5-48d3-9eee-ad6a24774b13 None None] Running txn n=1 command(idx=2): SetLSwitchPortCommand(_result=None, lport=31641b7a-d370-4f1c-8038-3b80641a6104, external_ids_update=None, columns={'external_ids': {'neutron:port_name': '', 'neutron:device_id': 'ovnmeta-7389fec0-6bd6-4507-9e71-3d4615054773', 'neutron:project_id': '31e9bfb3cecf4ca6959e7189549aedee', 'neutron:cidrs': '192.168.233.2/24', 'neutron:device_owner': 'network:distributed', 'neutron:subnet_pool_addr_scope4': '', 'neutron:subnet_pool_addr_scope6': '', 'neutron:network_name': 'neutron-7389fec0-6bd6-4507-9e71-3d4615054773', 'neutron:security_group_ids': '', 'neutron:revision_number': '2', 'neutron:vnic_type': 'normal', 'neutron:port_capabilities': '', 'neutron:mtu': ''}, 'parent_name': [], 'tag': [], 'options': {}, 'enabled': True, 'port_security': [], 'dhcpv4_options': [], 'dhcpv6_options': [], 'type': 'localport', 'addresses': ['fa:16:3e:32:27:87 192.168.233.2'], 'ha_chassis_group': []}, if_exists=False) {{(pid=89837) do_commit /opt/stack/data/venv/lib/python3.12/site-packages/ovsdbapp/backend/ovs_idl/transaction.py:89}}
May 20 13:26:09.989421 np0000001067 devstack@neutron-api.service[89837]: DEBUG ovsdbapp.backend.ovs_idl.transaction [None req-6df7f528-cdc5-48d3-9eee-ad6a24774b13 None None] Running txn n=1 command(idx=3): PgDelPortCommand(_result=None, port_group=neutron_pg_drop, lsp=['31641b7a-d370-4f1c-8038-3b80641a6104'], if_exists=False) {{(pid=89837) do_commit /opt/stack/data/venv/lib/python3.12/site-packages/ovsdbapp/backend/ovs_idl/transaction.py:89}}
May 20 13:26:09.992237 np0000001067 devstack@neutron-api.service[89838]: DEBUG neutron.plugins.ml2.drivers.ovn.mech_driver.ovsdb.ovsdb_monitor [None req-9077a1dd-c83e-4b95-b1bb-30bc912f7259 None None] Hash Ring: Node dd1d887fbc9f5a0bbf71ed5ca8a73c43 (host: np0000001067) handling event "create" for row a6b21b8b-31d0-4cd7-957d-e0f6b9d3fa1b (table: DHCP_Options) {{(pid=89838) notify /opt/stack/neutron/neutron/plugins/ml2/drivers/ovn/mech_driver/ovsdb/ovsdb_monitor.py:942}}
May 20 13:26:09.992561 np0000001067 devstack@neutron-api.service[89838]: DEBUG neutron.plugins.ml2.drivers.ovn.mech_driver.ovsdb.ovsdb_monitor [None req-9077a1dd-c83e-4b95-b1bb-30bc912f7259 None None] Hash Ring: Node dd1d887fbc9f5a0bbf71ed5ca8a73c43 (host: np0000001067) handling event "update" for row a66c7054-3cfe-4dee-9f87-07fdf3def380 (table: Logical_Switch_Port) {{(pid=89838) notify /opt/stack/neutron/neutron/plugins/ml2/drivers/ovn/mech_driver/ovsdb/ovsdb_monitor.py:942}}
May 20 13:26:09.993813 np0000001067 devstack@neutron-api.service[89839]: DEBUG neutron.plugins.ml2.drivers.ovn.mech_driver.ovsdb.ovsdb_monitor [None req-12380bee-ed15-4c14-9730-5b3150449f22 None None] Hash Ring: Node 8863b63876005f58b62fa696d399dd19 (host: np0000001067) handling event "update" for row 310388d1-b7f9-4b74-b2a9-57ef8ff26cd6 (table: Port_Binding) {{(pid=89839) notify /opt/stack/neutron/neutron/plugins/ml2/drivers/ovn/mech_driver/ovsdb/ovsdb_monitor.py:942}}
May 20 13:26:10.027779 np0000001067 devstack@neutron-api.service[89837]: INFO neutron.db.ovn_revision_numbers_db [None req-fa764954-d05f-4393-b3f9-03518059dbed admin admin] Successfully bumped revision number for resource 31641b7a-d370-4f1c-8038-3b80641a6104 (type: ports) to 2
May 20 13:26:10.037369 np0000001067 devstack@neutron-api.service[89837]: DEBUG neutron.plugins.ml2.plugin [None req-fa764954-d05f-4393-b3f9-03518059dbed admin admin] In _notify_port_updated(), no bound segment for port 31641b7a-d370-4f1c-8038-3b80641a6104 on network 7389fec0-6bd6-4507-9e71-3d4615054773 {{(pid=89837) _notify_port_updated /opt/stack/neutron/neutron/plugins/ml2/plugin.py:1034}}
May 20 13:26:10.061302 np0000001067 devstack@neutron-api.service[89837]: INFO neutron.db.ovn_revision_numbers_db [None req-fa764954-d05f-4393-b3f9-03518059dbed admin admin] Successfully bumped revision number for resource 1ff8d488-9686-4bc3-8ef2-010b741d84b8 (type: subnets) to 0
May 20 13:26:10.062263 np0000001067 devstack@neutron-api.service[89837]: DEBUG neutron.pecan_wsgi.hooks.policy_enforcement [None req-fa764954-d05f-4393-b3f9-03518059dbed admin admin] Attributes excluded by policy engine: ['standard_attr_id', 'shared', 'network'] {{(pid=89837) _exclude_attributes_by_policy /opt/stack/neutron/neutron/pecan_wsgi/hooks/policy_enforcement.py:256}}
May 20 13:26:10.062520 np0000001067 devstack@neutron-api.service[89837]: DEBUG neutron_lib.callbacks.manager [None req-fa764954-d05f-4393-b3f9-03518059dbed admin admin] Publish callbacks [] for subnet (None), before_response {{(pid=89837) _notify_loop /opt/stack/data/venv/lib/python3.12/site-packages/neutron_lib/callbacks/manager.py:184}}
May 20 13:26:10.075775 np0000001067 devstack@neutron-api.service[89837]: [pid: 89837|app: 0|req: 13/40] 10.4.3.8 () {68 vars in 1310 bytes} [Wed May 20 13:26:09 2026] POST /networking/v2.0/subnets => generated 665 bytes in 477 msecs (HTTP/1.1 201) 4 headers in 162 bytes (1 switches on core 0)
May 20 13:26:13.162400 np0000001067 devstack@neutron-api.service[89839]: DEBUG neutron.plugins.ml2.drivers.ovn.mech_driver.ovsdb.ovsdb_monitor [None req-12380bee-ed15-4c14-9730-5b3150449f22 None None] ChassisOVNAgentWriteEvent : Matched Chassis_Private, update, None None {{(pid=89839) matches /opt/stack/neutron/neutron/plugins/ml2/drivers/ovn/mech_driver/ovsdb/ovsdb_monitor.py:64}}
May 20 13:26:13.162765 np0000001067 devstack@neutron-api.service[89838]: DEBUG neutron.plugins.ml2.drivers.ovn.mech_driver.ovsdb.ovsdb_monitor [None req-4b60a020-d871-4619-b001-d7bf0ee30c2e None None] ChassisOVNAgentWriteEvent : Matched Chassis_Private, update, None None {{(pid=89838) matches /opt/stack/neutron/neutron/plugins/ml2/drivers/ovn/mech_driver/ovsdb/ovsdb_monitor.py:64}}
May 20 13:26:13.163035 np0000001067 devstack@neutron-api.service[89837]: DEBUG neutron.plugins.ml2.drivers.ovn.mech_driver.ovsdb.ovsdb_monitor [None req-b344031e-ba38-428e-b611-57cda48faf76 None None] ChassisOVNAgentWriteEvent : Matched Chassis_Private, update, None None {{(pid=89837) matches /opt/stack/neutron/neutron/plugins/ml2/drivers/ovn/mech_driver/ovsdb/ovsdb_monitor.py:64}}
May 20 13:26:13.163255 np0000001067 devstack@neutron-api.service[89839]: DEBUG neutron.plugins.ml2.drivers.ovn.mech_driver.ovsdb.ovsdb_monitor [None req-12380bee-ed15-4c14-9730-5b3150449f22 None None] Hash Ring: Node 8863b63876005f58b62fa696d399dd19 (host: np0000001067) handling event "update" for row 2d1def77-2e75-409c-bb78-47581ce831ad (table: Chassis_Private) {{(pid=89839) notify /opt/stack/neutron/neutron/plugins/ml2/drivers/ovn/mech_driver/ovsdb/ovsdb_monitor.py:942}}
May 20 13:26:14.008776 np0000001067 devstack@neutron-api.service[89838]: DEBUG futurist.periodics [-] Submitting periodic callback 'neutron.plugins.ml2.drivers.ovn.mech_driver.ovsdb.maintenance.HashRingHealthCheckPeriodics.touch_hash_ring_node' {{(pid=89838) _process_scheduled /opt/stack/data/venv/lib/python3.12/site-packages/futurist/periodics.py:784}}
May 20 13:26:14.009140 np0000001067 devstack@neutron-api.service[89838]: DEBUG neutron.plugins.ml2.drivers.ovn.mech_driver.ovsdb.maintenance [-] Touching Hash Ring node "dd1d887fbc9f5a0bbf71ed5ca8a73c43" from periodic health check thread {{(pid=89838) touch_hash_ring_node /opt/stack/neutron/neutron/plugins/ml2/drivers/ovn/mech_driver/ovsdb/maintenance.py:1466}}
May 20 13:26:14.899909 np0000001067 devstack@neutron-api.service[89839]: DEBUG futurist.periodics [-] Submitting periodic callback 'neutron.plugins.ml2.drivers.ovn.mech_driver.ovsdb.maintenance.HashRingHealthCheckPeriodics.touch_hash_ring_node' {{(pid=89839) _process_scheduled /opt/stack/data/venv/lib/python3.12/site-packages/futurist/periodics.py:784}}
May 20 13:26:14.900324 np0000001067 devstack@neutron-api.service[89839]: DEBUG neutron.plugins.ml2.drivers.ovn.mech_driver.ovsdb.maintenance [-] Touching Hash Ring node "8863b63876005f58b62fa696d399dd19" from periodic health check thread {{(pid=89839) touch_hash_ring_node /opt/stack/neutron/neutron/plugins/ml2/drivers/ovn/mech_driver/ovsdb/maintenance.py:1466}}
May 20 13:26:15.096256 np0000001067 devstack@neutron-api.service[89837]: DEBUG futurist.periodics [-] Submitting periodic callback 'neutron.plugins.ml2.drivers.ovn.mech_driver.ovsdb.maintenance.HashRingHealthCheckPeriodics.touch_hash_ring_node' {{(pid=89837) _process_scheduled /opt/stack/data/venv/lib/python3.12/site-packages/futurist/periodics.py:784}}
May 20 13:26:15.096737 np0000001067 devstack@neutron-api.service[89837]: DEBUG neutron.plugins.ml2.drivers.ovn.mech_driver.ovsdb.maintenance [-] Touching Hash Ring node "2d921da88ce85c3b96259f21190cba0d" from periodic health check thread {{(pid=89837) touch_hash_ring_node /opt/stack/neutron/neutron/plugins/ml2/drivers/ovn/mech_driver/ovsdb/maintenance.py:1466}}
May 20 13:26:24.020086 np0000001067 devstack@neutron-api.service[89838]: DEBUG dbcounter [-] [89838] Writing DB stats neutron:UPDATE=2,neutron:SELECT=31,neutron:INSERT=1 {{(pid=89838) stat_writer /opt/stack/data/venv/lib/python3.12/site-packages/dbcounter.py:115}}
May 20 13:26:24.912290 np0000001067 devstack@neutron-api.service[89839]: DEBUG dbcounter [-] [89839] Writing DB stats neutron:UPDATE=2,neutron:SELECT=33 {{(pid=89839) stat_writer /opt/stack/data/venv/lib/python3.12/site-packages/dbcounter.py:115}}
May 20 13:26:25.105433 np0000001067 devstack@neutron-api.service[89837]: DEBUG dbcounter [-] [89837] Writing DB stats neutron:UPDATE=16,neutron:SELECT=369,neutron:INSERT=25,neutron:DELETE=4 {{(pid=89837) stat_writer /opt/stack/data/venv/lib/python3.12/site-packages/dbcounter.py:115}}
May 20 13:26:29.009781 np0000001067 devstack@neutron-api.service[89838]: DEBUG futurist.periodics [-] Submitting periodic callback 'neutron.plugins.ml2.drivers.ovn.mech_driver.ovsdb.maintenance.HashRingHealthCheckPeriodics.touch_hash_ring_node' {{(pid=89838) _process_scheduled /opt/stack/data/venv/lib/python3.12/site-packages/futurist/periodics.py:784}}
May 20 13:26:29.010185 np0000001067 devstack@neutron-api.service[89838]: DEBUG neutron.plugins.ml2.drivers.ovn.mech_driver.ovsdb.maintenance [-] Touching Hash Ring node "dd1d887fbc9f5a0bbf71ed5ca8a73c43" from periodic health check thread {{(pid=89838) touch_hash_ring_node /opt/stack/neutron/neutron/plugins/ml2/drivers/ovn/mech_driver/ovsdb/maintenance.py:1466}}
May 20 13:26:29.900488 np0000001067 devstack@neutron-api.service[89839]: DEBUG futurist.periodics [-] Submitting periodic callback 'neutron.plugins.ml2.drivers.ovn.mech_driver.ovsdb.maintenance.HashRingHealthCheckPeriodics.touch_hash_ring_node' {{(pid=89839) _process_scheduled /opt/stack/data/venv/lib/python3.12/site-packages/futurist/periodics.py:784}}
