Aug 13 04:21:31.375897 np0000007151 nova-conductor[99077]: DEBUG cotyledon.oslo_config_glue [-] workarounds.disable_fallback_pcpu_query = False {{(pid=99077) log_opt_values /opt/stack/data/venv/lib/python3.12/site-packages/oslo_config/cfg.py:3545}}
Aug 13 04:21:31.375897 np0000007151 nova-conductor[99077]: DEBUG cotyledon.oslo_config_glue [-] workarounds.disable_group_policy_check_upcall = False {{(pid=99077) log_opt_values /opt/stack/data/venv/lib/python3.12/site-packages/oslo_config/cfg.py:3545}}
Aug 13 04:21:31.375897 np0000007151 nova-conductor[99077]: DEBUG cotyledon.oslo_config_glue [-] workarounds.disable_libvirt_livesnapshot = False {{(pid=99077) log_opt_values /opt/stack/data/venv/lib/python3.12/site-packages/oslo_config/cfg.py:3545}}
Aug 13 04:21:31.375897 np0000007151 nova-conductor[99077]: DEBUG cotyledon.oslo_config_glue [-] workarounds.disable_rootwrap = False {{(pid=99077) log_opt_values /opt/stack/data/venv/lib/python3.12/site-packages/oslo_config/cfg.py:3545}}
Aug 13 04:21:31.375897 np0000007151 nova-conductor[99077]: DEBUG cotyledon.oslo_config_glue [-] workarounds.enable_numa_live_migration = False {{(pid=99077) log_opt_values /opt/stack/data/venv/lib/python3.12/site-packages/oslo_config/cfg.py:3545}}
Aug 13 04:21:31.375897 np0000007151 nova-conductor[99077]: DEBUG cotyledon.oslo_config_glue [-] workarounds.enable_qemu_monitor_announce_self = False {{(pid=99077) log_opt_values /opt/stack/data/venv/lib/python3.12/site-packages/oslo_config/cfg.py:3545}}
Aug 13 04:21:31.375897 np0000007151 nova-conductor[99077]: DEBUG cotyledon.oslo_config_glue [-] workarounds.ensure_libvirt_rbd_instance_dir_cleanup = False {{(pid=99077) log_opt_values /opt/stack/data/venv/lib/python3.12/site-packages/oslo_config/cfg.py:3545}}
Aug 13 04:21:31.376214 np0000007151 nova-conductor[99077]: DEBUG cotyledon.oslo_config_glue [-] workarounds.handle_virt_lifecycle_events = True {{(pid=99077) log_opt_values /opt/stack/data/venv/lib/python3.12/site-packages/oslo_config/cfg.py:3545}}
Aug 13 04:21:31.376214 np0000007151 nova-conductor[99077]: DEBUG cotyledon.oslo_config_glue [-] workarounds.libvirt_disable_apic = False {{(pid=99077) log_opt_values /opt/stack/data/venv/lib/python3.12/site-packages/oslo_config/cfg.py:3545}}
Aug 13 04:21:31.376214 np0000007151 nova-conductor[99077]: DEBUG cotyledon.oslo_config_glue [-] workarounds.never_download_image_if_on_rbd = False {{(pid=99077) log_opt_values /opt/stack/data/venv/lib/python3.12/site-packages/oslo_config/cfg.py:3545}}
Aug 13 04:21:31.376214 np0000007151 nova-conductor[99077]: DEBUG cotyledon.oslo_config_glue [-] workarounds.qemu_monitor_announce_self_count = 3 {{(pid=99077) log_opt_values /opt/stack/data/venv/lib/python3.12/site-packages/oslo_config/cfg.py:3545}}
Aug 13 04:21:31.376214 np0000007151 nova-conductor[99077]: DEBUG cotyledon.oslo_config_glue [-] workarounds.qemu_monitor_announce_self_interval = 1 {{(pid=99077) log_opt_values /opt/stack/data/venv/lib/python3.12/site-packages/oslo_config/cfg.py:3545}}
Aug 13 04:21:31.376214 np0000007151 nova-conductor[99077]: DEBUG cotyledon.oslo_config_glue [-] workarounds.reserve_disk_resource_for_image_cache = False {{(pid=99077) log_opt_values /opt/stack/data/venv/lib/python3.12/site-packages/oslo_config/cfg.py:3545}}
Aug 13 04:21:31.376214 np0000007151 nova-conductor[99077]: DEBUG cotyledon.oslo_config_glue [-] workarounds.skip_cpu_compare_at_startup = False {{(pid=99077) log_opt_values /opt/stack/data/venv/lib/python3.12/site-packages/oslo_config/cfg.py:3545}}
Aug 13 04:21:31.376214 np0000007151 nova-conductor[99077]: DEBUG cotyledon.oslo_config_glue [-] workarounds.skip_cpu_compare_on_dest = False {{(pid=99077) log_opt_values /opt/stack/data/venv/lib/python3.12/site-packages/oslo_config/cfg.py:3545}}
Aug 13 04:21:31.376214 np0000007151 nova-conductor[99077]: DEBUG cotyledon.oslo_config_glue [-] workarounds.skip_hypervisor_version_check_on_lm = False {{(pid=99077) log_opt_values /opt/stack/data/venv/lib/python3.12/site-packages/oslo_config/cfg.py:3545}}
Aug 13 04:21:31.376526 np0000007151 nova-conductor[99077]: DEBUG cotyledon.oslo_config_glue [-] workarounds.skip_reserve_in_use_ironic_nodes = False {{(pid=99077) log_opt_values /opt/stack/data/venv/lib/python3.12/site-packages/oslo_config/cfg.py:3545}}
Aug 13 04:21:31.376526 np0000007151 nova-conductor[99077]: DEBUG cotyledon.oslo_config_glue [-] workarounds.unified_limits_count_pcpu_as_vcpu = False {{(pid=99077) log_opt_values /opt/stack/data/venv/lib/python3.12/site-packages/oslo_config/cfg.py:3545}}
Aug 13 04:21:31.376526 np0000007151 nova-conductor[99077]: DEBUG cotyledon.oslo_config_glue [-] workarounds.wait_for_vif_plugged_event_during_hard_reboot = [] {{(pid=99077) log_opt_values /opt/stack/data/venv/lib/python3.12/site-packages/oslo_config/cfg.py:3545}}
Aug 13 04:21:31.376526 np0000007151 nova-conductor[99077]: DEBUG cotyledon.oslo_config_glue [-] wsgi.api_paste_config = /etc/nova/api-paste.ini {{(pid=99077) log_opt_values /opt/stack/data/venv/lib/python3.12/site-packages/oslo_config/cfg.py:3545}}
Aug 13 04:21:31.376526 np0000007151 nova-conductor[99077]: DEBUG cotyledon.oslo_config_glue [-] wsgi.secure_proxy_ssl_header = None {{(pid=99077) log_opt_values /opt/stack/data/venv/lib/python3.12/site-packages/oslo_config/cfg.py:3545}}
Aug 13 04:21:31.376526 np0000007151 nova-conductor[99077]: DEBUG cotyledon.oslo_config_glue [-] zvm.ca_file = None {{(pid=99077) log_opt_values /opt/stack/data/venv/lib/python3.12/site-packages/oslo_config/cfg.py:3545}}
Aug 13 04:21:31.376526 np0000007151 nova-conductor[99077]: DEBUG cotyledon.oslo_config_glue [-] zvm.cloud_connector_url = None {{(pid=99077) log_opt_values /opt/stack/data/venv/lib/python3.12/site-packages/oslo_config/cfg.py:3545}}
Aug 13 04:21:31.376526 np0000007151 nova-conductor[99077]: DEBUG cotyledon.oslo_config_glue [-] zvm.image_tmp_path = /opt/stack/data/nova/images {{(pid=99077) log_opt_values /opt/stack/data/venv/lib/python3.12/site-packages/oslo_config/cfg.py:3545}}
Aug 13 04:21:31.376526 np0000007151 nova-conductor[99077]: DEBUG cotyledon.oslo_config_glue [-] zvm.reachable_timeout = 300 {{(pid=99077) log_opt_values /opt/stack/data/venv/lib/python3.12/site-packages/oslo_config/cfg.py:3545}}
Aug 13 04:21:31.376826 np0000007151 nova-conductor[99077]: DEBUG cotyledon.oslo_config_glue [-] oslo_versionedobjects.fatal_exception_format_errors = False {{(pid=99077) log_opt_values /opt/stack/data/venv/lib/python3.12/site-packages/oslo_config/cfg.py:3545}}
Aug 13 04:21:31.376826 np0000007151 nova-conductor[99077]: DEBUG cotyledon.oslo_config_glue [-] oslo_middleware.http_basic_auth_user_file = /etc/htpasswd {{(pid=99077) log_opt_values /opt/stack/data/venv/lib/python3.12/site-packages/oslo_config/cfg.py:3545}}
Aug 13 04:21:31.376826 np0000007151 nova-conductor[99077]: DEBUG cotyledon.oslo_config_glue [-] profiler.connection_string = messaging:// {{(pid=99077) log_opt_values /opt/stack/data/venv/lib/python3.12/site-packages/oslo_config/cfg.py:3545}}
Aug 13 04:21:31.376826 np0000007151 nova-conductor[99077]: DEBUG cotyledon.oslo_config_glue [-] profiler.enabled = False {{(pid=99077) log_opt_values /opt/stack/data/venv/lib/python3.12/site-packages/oslo_config/cfg.py:3545}}
Aug 13 04:21:31.376826 np0000007151 nova-conductor[99077]: DEBUG cotyledon.oslo_config_glue [-] profiler.es_doc_type = notification {{(pid=99077) log_opt_values /opt/stack/data/venv/lib/python3.12/site-packages/oslo_config/cfg.py:3545}}
Aug 13 04:21:31.376826 np0000007151 nova-conductor[99077]: DEBUG cotyledon.oslo_config_glue [-] profiler.es_scroll_size = 10000 {{(pid=99077) log_opt_values /opt/stack/data/venv/lib/python3.12/site-packages/oslo_config/cfg.py:3545}}
Aug 13 04:21:31.376826 np0000007151 nova-conductor[99077]: DEBUG cotyledon.oslo_config_glue [-] profiler.es_scroll_time = 2m {{(pid=99077) log_opt_values /opt/stack/data/venv/lib/python3.12/site-packages/oslo_config/cfg.py:3545}}
Aug 13 04:21:31.376826 np0000007151 nova-conductor[99077]: DEBUG cotyledon.oslo_config_glue [-] profiler.filter_error_trace = False {{(pid=99077) log_opt_values /opt/stack/data/venv/lib/python3.12/site-packages/oslo_config/cfg.py:3545}}
Aug 13 04:21:31.376826 np0000007151 nova-conductor[99077]: DEBUG cotyledon.oslo_config_glue [-] profiler.hmac_keys = **** {{(pid=99077) log_opt_values /opt/stack/data/venv/lib/python3.12/site-packages/oslo_config/cfg.py:3545}}
Aug 13 04:21:31.377153 np0000007151 nova-conductor[99077]: DEBUG cotyledon.oslo_config_glue [-] profiler.sentinel_service_name = mymaster {{(pid=99077) log_opt_values /opt/stack/data/venv/lib/python3.12/site-packages/oslo_config/cfg.py:3545}}
Aug 13 04:21:31.377153 np0000007151 nova-conductor[99077]: DEBUG cotyledon.oslo_config_glue [-] profiler.socket_timeout = 0.1 {{(pid=99077) log_opt_values /opt/stack/data/venv/lib/python3.12/site-packages/oslo_config/cfg.py:3545}}
Aug 13 04:21:31.377153 np0000007151 nova-conductor[99077]: DEBUG cotyledon.oslo_config_glue [-] profiler.trace_requests = False {{(pid=99077) log_opt_values /opt/stack/data/venv/lib/python3.12/site-packages/oslo_config/cfg.py:3545}}
Aug 13 04:21:31.377153 np0000007151 nova-conductor[99077]: DEBUG cotyledon.oslo_config_glue [-] profiler.trace_sqlalchemy = False {{(pid=99077) log_opt_values /opt/stack/data/venv/lib/python3.12/site-packages/oslo_config/cfg.py:3545}}
Aug 13 04:21:31.377153 np0000007151 nova-conductor[99077]: DEBUG cotyledon.oslo_config_glue [-] profiler_jaeger.process_tags = {} {{(pid=99077) log_opt_values /opt/stack/data/venv/lib/python3.12/site-packages/oslo_config/cfg.py:3545}}
Aug 13 04:21:31.377153 np0000007151 nova-conductor[99077]: DEBUG cotyledon.oslo_config_glue [-] profiler_jaeger.service_name_prefix = None {{(pid=99077) log_opt_values /opt/stack/data/venv/lib/python3.12/site-packages/oslo_config/cfg.py:3545}}
Aug 13 04:21:31.377153 np0000007151 nova-conductor[99077]: DEBUG cotyledon.oslo_config_glue [-] profiler_otlp.service_name_prefix = None {{(pid=99077) log_opt_values /opt/stack/data/venv/lib/python3.12/site-packages/oslo_config/cfg.py:3545}}
Aug 13 04:21:31.377153 np0000007151 nova-conductor[99077]: DEBUG cotyledon.oslo_config_glue [-] oslo_messaging_rabbit.amqp_auto_delete = False {{(pid=99077) log_opt_values /opt/stack/data/venv/lib/python3.12/site-packages/oslo_config/cfg.py:3545}}
Aug 13 04:21:31.377153 np0000007151 nova-conductor[99077]: DEBUG cotyledon.oslo_config_glue [-] oslo_messaging_rabbit.amqp_durable_queues = False {{(pid=99077) log_opt_values /opt/stack/data/venv/lib/python3.12/site-packages/oslo_config/cfg.py:3545}}
Aug 13 04:21:31.377456 np0000007151 nova-conductor[99077]: DEBUG cotyledon.oslo_config_glue [-] oslo_messaging_rabbit.conn_pool_min_size = 2 {{(pid=99077) log_opt_values /opt/stack/data/venv/lib/python3.12/site-packages/oslo_config/cfg.py:3545}}
Aug 13 04:21:31.377456 np0000007151 nova-conductor[99077]: DEBUG cotyledon.oslo_config_glue [-] oslo_messaging_rabbit.conn_pool_ttl = 1200 {{(pid=99077) log_opt_values /opt/stack/data/venv/lib/python3.12/site-packages/oslo_config/cfg.py:3545}}
Aug 13 04:21:31.377456 np0000007151 nova-conductor[99077]: DEBUG cotyledon.oslo_config_glue [-] oslo_messaging_rabbit.direct_mandatory_flag = True {{(pid=99077) log_opt_values /opt/stack/data/venv/lib/python3.12/site-packages/oslo_config/cfg.py:3545}}
Aug 13 04:21:31.377456 np0000007151 nova-conductor[99077]: DEBUG cotyledon.oslo_config_glue [-] oslo_messaging_rabbit.enable_cancel_on_failover = False {{(pid=99077) log_opt_values /opt/stack/data/venv/lib/python3.12/site-packages/oslo_config/cfg.py:3545}}
Aug 13 04:21:31.377456 np0000007151 nova-conductor[99077]: DEBUG cotyledon.oslo_config_glue [-] oslo_messaging_rabbit.heartbeat_rate = 3 {{(pid=99077) log_opt_values /opt/stack/data/venv/lib/python3.12/site-packages/oslo_config/cfg.py:3545}}
Aug 13 04:21:31.377456 np0000007151 nova-conductor[99077]: DEBUG cotyledon.oslo_config_glue [-] oslo_messaging_rabbit.heartbeat_timeout_threshold = 60 {{(pid=99077) log_opt_values /opt/stack/data/venv/lib/python3.12/site-packages/oslo_config/cfg.py:3545}}
Aug 13 04:21:31.377456 np0000007151 nova-conductor[99077]: DEBUG cotyledon.oslo_config_glue [-] oslo_messaging_rabbit.hostname = np0000007151 {{(pid=99077) log_opt_values /opt/stack/data/venv/lib/python3.12/site-packages/oslo_config/cfg.py:3545}}
Aug 13 04:21:31.377456 np0000007151 nova-conductor[99077]: DEBUG cotyledon.oslo_config_glue [-] oslo_messaging_rabbit.kombu_compression = None {{(pid=99077) log_opt_values /opt/stack/data/venv/lib/python3.12/site-packages/oslo_config/cfg.py:3545}}
Aug 13 04:21:31.377456 np0000007151 nova-conductor[99077]: DEBUG cotyledon.oslo_config_glue [-] oslo_messaging_rabbit.kombu_failover_strategy = round-robin {{(pid=99077) log_opt_values /opt/stack/data/venv/lib/python3.12/site-packages/oslo_config/cfg.py:3545}}
Aug 13 04:21:31.377801 np0000007151 nova-conductor[99077]: DEBUG cotyledon.oslo_config_glue [-] oslo_messaging_rabbit.kombu_missing_consumer_retry_timeout = 60 {{(pid=99077) log_opt_values /opt/stack/data/venv/lib/python3.12/site-packages/oslo_config/cfg.py:3545}}
Aug 13 04:21:31.377801 np0000007151 nova-conductor[99077]: DEBUG cotyledon.oslo_config_glue [-] oslo_messaging_rabbit.kombu_reconnect_delay = 1.0 {{(pid=99077) log_opt_values /opt/stack/data/venv/lib/python3.12/site-packages/oslo_config/cfg.py:3545}}
Aug 13 04:21:31.377801 np0000007151 nova-conductor[99077]: DEBUG cotyledon.oslo_config_glue [-] oslo_messaging_rabbit.kombu_reconnect_splay = 0.0 {{(pid=99077) log_opt_values /opt/stack/data/venv/lib/python3.12/site-packages/oslo_config/cfg.py:3545}}
Aug 13 04:21:31.377801 np0000007151 nova-conductor[99077]: DEBUG cotyledon.oslo_config_glue [-] oslo_messaging_rabbit.processname = nova-conductor {{(pid=99077) log_opt_values /opt/stack/data/venv/lib/python3.12/site-packages/oslo_config/cfg.py:3545}}
Aug 13 04:21:31.377801 np0000007151 nova-conductor[99077]: DEBUG cotyledon.oslo_config_glue [-] oslo_messaging_rabbit.rabbit_ha_queues = False {{(pid=99077) log_opt_values /opt/stack/data/venv/lib/python3.12/site-packages/oslo_config/cfg.py:3545}}
Aug 13 04:21:31.377801 np0000007151 nova-conductor[99077]: DEBUG cotyledon.oslo_config_glue [-] oslo_messaging_rabbit.rabbit_interval_max = 30 {{(pid=99077) log_opt_values /opt/stack/data/venv/lib/python3.12/site-packages/oslo_config/cfg.py:3545}}
Aug 13 04:21:31.377801 np0000007151 nova-conductor[99077]: DEBUG cotyledon.oslo_config_glue [-] oslo_messaging_rabbit.rabbit_login_method = AMQPLAIN {{(pid=99077) log_opt_values /opt/stack/data/venv/lib/python3.12/site-packages/oslo_config/cfg.py:3545}}
Aug 13 04:21:31.377801 np0000007151 nova-conductor[99077]: DEBUG cotyledon.oslo_config_glue [-] oslo_messaging_rabbit.rabbit_qos_prefetch_count = 0 {{(pid=99077) log_opt_values /opt/stack/data/venv/lib/python3.12/site-packages/oslo_config/cfg.py:3545}}
Aug 13 04:21:31.377801 np0000007151 nova-conductor[99077]: DEBUG cotyledon.oslo_config_glue [-] oslo_messaging_rabbit.rabbit_quorum_delivery_limit = 0 {{(pid=99077) log_opt_values /opt/stack/data/venv/lib/python3.12/site-packages/oslo_config/cfg.py:3545}}
Aug 13 04:21:31.378117 np0000007151 nova-conductor[99077]: DEBUG cotyledon.oslo_config_glue [-] oslo_messaging_rabbit.rabbit_quorum_max_memory_bytes = 0 {{(pid=99077) log_opt_values /opt/stack/data/venv/lib/python3.12/site-packages/oslo_config/cfg.py:3545}}
Aug 13 04:21:31.378117 np0000007151 nova-conductor[99077]: DEBUG cotyledon.oslo_config_glue [-] oslo_messaging_rabbit.rabbit_quorum_max_memory_length = 0 {{(pid=99077) log_opt_values /opt/stack/data/venv/lib/python3.12/site-packages/oslo_config/cfg.py:3545}}
Aug 13 04:21:31.378117 np0000007151 nova-conductor[99077]: DEBUG cotyledon.oslo_config_glue [-] oslo_messaging_rabbit.rabbit_quorum_queue = False {{(pid=99077) log_opt_values /opt/stack/data/venv/lib/python3.12/site-packages/oslo_config/cfg.py:3545}}
Aug 13 04:21:31.378117 np0000007151 nova-conductor[99077]: DEBUG cotyledon.oslo_config_glue [-] oslo_messaging_rabbit.rabbit_retry_backoff = 2 {{(pid=99077) log_opt_values /opt/stack/data/venv/lib/python3.12/site-packages/oslo_config/cfg.py:3545}}
Aug 13 04:21:31.378117 np0000007151 nova-conductor[99077]: DEBUG cotyledon.oslo_config_glue [-] oslo_messaging_rabbit.rabbit_retry_interval = 1 {{(pid=99077) log_opt_values /opt/stack/data/venv/lib/python3.12/site-packages/oslo_config/cfg.py:3545}}
Aug 13 04:21:31.378117 np0000007151 nova-conductor[99077]: DEBUG cotyledon.oslo_config_glue [-] oslo_messaging_rabbit.rabbit_stream_fanout = False {{(pid=99077) log_opt_values /opt/stack/data/venv/lib/python3.12/site-packages/oslo_config/cfg.py:3545}}
Aug 13 04:21:31.378117 np0000007151 nova-conductor[99077]: DEBUG cotyledon.oslo_config_glue [-] oslo_messaging_rabbit.rabbit_transient_queues_ttl = 1800 {{(pid=99077) log_opt_values /opt/stack/data/venv/lib/python3.12/site-packages/oslo_config/cfg.py:3545}}
Aug 13 04:21:31.378117 np0000007151 nova-conductor[99077]: DEBUG cotyledon.oslo_config_glue [-] oslo_messaging_rabbit.rabbit_transient_quorum_queue = False {{(pid=99077) log_opt_values /opt/stack/data/venv/lib/python3.12/site-packages/oslo_config/cfg.py:3545}}
Aug 13 04:21:31.378360 np0000007151 nova-conductor[99077]: DEBUG cotyledon.oslo_config_glue [-] oslo_messaging_rabbit.rpc_conn_pool_size = 30 {{(pid=99077) log_opt_values /opt/stack/data/venv/lib/python3.12/site-packages/oslo_config/cfg.py:3545}}
Aug 13 04:21:31.378360 np0000007151 nova-conductor[99077]: DEBUG cotyledon.oslo_config_glue [-] oslo_messaging_rabbit.ssl = False {{(pid=99077) log_opt_values /opt/stack/data/venv/lib/python3.12/site-packages/oslo_config/cfg.py:3545}}
Aug 13 04:21:31.378360 np0000007151 nova-conductor[99077]: DEBUG cotyledon.oslo_config_glue [-] oslo_messaging_rabbit.ssl_ca_file = {{(pid=99077) log_opt_values /opt/stack/data/venv/lib/python3.12/site-packages/oslo_config/cfg.py:3545}}
Aug 13 04:21:31.378360 np0000007151 nova-conductor[99077]: DEBUG cotyledon.oslo_config_glue [-] oslo_messaging_rabbit.ssl_cert_file = {{(pid=99077) log_opt_values /opt/stack/data/venv/lib/python3.12/site-packages/oslo_config/cfg.py:3545}}
Aug 13 04:21:31.378360 np0000007151 nova-conductor[99077]: DEBUG cotyledon.oslo_config_glue [-] oslo_messaging_rabbit.ssl_enforce_fips_mode = False {{(pid=99077) log_opt_values /opt/stack/data/venv/lib/python3.12/site-packages/oslo_config/cfg.py:3545}}
Aug 13 04:21:31.378360 np0000007151 nova-conductor[99077]: DEBUG cotyledon.oslo_config_glue [-] oslo_messaging_rabbit.ssl_enforce_hostname_verification = True {{(pid=99077) log_opt_values /opt/stack/data/venv/lib/python3.12/site-packages/oslo_config/cfg.py:3545}}
Aug 13 04:21:31.378360 np0000007151 nova-conductor[99077]: DEBUG cotyledon.oslo_config_glue [-] oslo_messaging_rabbit.ssl_key_file = {{(pid=99077) log_opt_values /opt/stack/data/venv/lib/python3.12/site-packages/oslo_config/cfg.py:3545}}
Aug 13 04:21:31.378360 np0000007151 nova-conductor[99077]: DEBUG cotyledon.oslo_config_glue [-] oslo_messaging_rabbit.ssl_version = {{(pid=99077) log_opt_values /opt/stack/data/venv/lib/python3.12/site-packages/oslo_config/cfg.py:3545}}
Aug 13 04:21:31.378360 np0000007151 nova-conductor[99077]: DEBUG cotyledon.oslo_config_glue [-] oslo_messaging_rabbit.use_queue_manager = False {{(pid=99077) log_opt_values /opt/stack/data/venv/lib/python3.12/site-packages/oslo_config/cfg.py:3545}}
Aug 13 04:21:31.378654 np0000007151 nova-conductor[99077]: DEBUG cotyledon.oslo_config_glue [-] oslo_messaging_notifications.driver = ['messagingv2'] {{(pid=99077) log_opt_values /opt/stack/data/venv/lib/python3.12/site-packages/oslo_config/cfg.py:3545}}
Aug 13 04:21:31.378654 np0000007151 nova-conductor[99077]: DEBUG cotyledon.oslo_config_glue [-] oslo_messaging_notifications.retry = -1 {{(pid=99077) log_opt_values /opt/stack/data/venv/lib/python3.12/site-packages/oslo_config/cfg.py:3545}}
Aug 13 04:21:31.378654 np0000007151 nova-conductor[99077]: DEBUG cotyledon.oslo_config_glue [-] oslo_messaging_notifications.topics = ['notifications'] {{(pid=99077) log_opt_values /opt/stack/data/venv/lib/python3.12/site-packages/oslo_config/cfg.py:3545}}
Aug 13 04:21:31.378654 np0000007151 nova-conductor[99077]: DEBUG cotyledon.oslo_config_glue [-] oslo_messaging_notifications.transport_url = **** {{(pid=99077) log_opt_values /opt/stack/data/venv/lib/python3.12/site-packages/oslo_config/cfg.py:3545}}
Aug 13 04:21:31.378654 np0000007151 nova-conductor[99077]: DEBUG cotyledon.oslo_config_glue [-] oslo_limit.auth_section = None {{(pid=99077) log_opt_values /opt/stack/data/venv/lib/python3.12/site-packages/oslo_config/cfg.py:3545}}
Aug 13 04:21:31.378654 np0000007151 nova-conductor[99077]: DEBUG cotyledon.oslo_config_glue [-] oslo_limit.auth_type = None {{(pid=99077) log_opt_values /opt/stack/data/venv/lib/python3.12/site-packages/oslo_config/cfg.py:3545}}
Aug 13 04:21:31.378654 np0000007151 nova-conductor[99077]: DEBUG cotyledon.oslo_config_glue [-] oslo_limit.cafile = None {{(pid=99077) log_opt_values /opt/stack/data/venv/lib/python3.12/site-packages/oslo_config/cfg.py:3545}}
Aug 13 04:21:31.378654 np0000007151 nova-conductor[99077]: DEBUG cotyledon.oslo_config_glue [-] oslo_limit.certfile = None {{(pid=99077) log_opt_values /opt/stack/data/venv/lib/python3.12/site-packages/oslo_config/cfg.py:3545}}
Aug 13 04:21:31.378654 np0000007151 nova-conductor[99077]: DEBUG cotyledon.oslo_config_glue [-] oslo_limit.collect_timing = False {{(pid=99077) log_opt_values /opt/stack/data/venv/lib/python3.12/site-packages/oslo_config/cfg.py:3545}}
Aug 13 04:21:31.378947 np0000007151 nova-conductor[99077]: DEBUG cotyledon.oslo_config_glue [-] oslo_limit.connect_retries = None {{(pid=99077) log_opt_values /opt/stack/data/venv/lib/python3.12/site-packages/oslo_config/cfg.py:3545}}
Aug 13 04:21:31.378947 np0000007151 nova-conductor[99077]: DEBUG cotyledon.oslo_config_glue [-] oslo_limit.connect_retry_delay = None {{(pid=99077) log_opt_values /opt/stack/data/venv/lib/python3.12/site-packages/oslo_config/cfg.py:3545}}
Aug 13 04:21:31.378947 np0000007151 nova-conductor[99077]: DEBUG cotyledon.oslo_config_glue [-] oslo_limit.endpoint_id = None {{(pid=99077) log_opt_values /opt/stack/data/venv/lib/python3.12/site-packages/oslo_config/cfg.py:3545}}
Aug 13 04:21:31.378947 np0000007151 nova-conductor[99077]: DEBUG cotyledon.oslo_config_glue [-] oslo_limit.endpoint_interface = public {{(pid=99077) log_opt_values /opt/stack/data/venv/lib/python3.12/site-packages/oslo_config/cfg.py:3545}}
Aug 13 04:21:31.378947 np0000007151 nova-conductor[99077]: DEBUG cotyledon.oslo_config_glue [-] oslo_limit.endpoint_override = None {{(pid=99077) log_opt_values /opt/stack/data/venv/lib/python3.12/site-packages/oslo_config/cfg.py:3545}}
Aug 13 04:21:31.378947 np0000007151 nova-conductor[99077]: DEBUG cotyledon.oslo_config_glue [-] oslo_limit.endpoint_region_name = None {{(pid=99077) log_opt_values /opt/stack/data/venv/lib/python3.12/site-packages/oslo_config/cfg.py:3545}}
Aug 13 04:21:31.378947 np0000007151 nova-conductor[99077]: DEBUG cotyledon.oslo_config_glue [-] oslo_limit.endpoint_service_name = None {{(pid=99077) log_opt_values /opt/stack/data/venv/lib/python3.12/site-packages/oslo_config/cfg.py:3545}}
Aug 13 04:21:31.378947 np0000007151 nova-conductor[99077]: DEBUG cotyledon.oslo_config_glue [-] oslo_limit.endpoint_service_type = None {{(pid=99077) log_opt_values /opt/stack/data/venv/lib/python3.12/site-packages/oslo_config/cfg.py:3545}}
Aug 13 04:21:31.378947 np0000007151 nova-conductor[99077]: DEBUG cotyledon.oslo_config_glue [-] oslo_limit.insecure = False {{(pid=99077) log_opt_values /opt/stack/data/venv/lib/python3.12/site-packages/oslo_config/cfg.py:3545}}
Aug 13 04:21:31.379247 np0000007151 nova-conductor[99077]: DEBUG cotyledon.oslo_config_glue [-] oslo_limit.keyfile = None {{(pid=99077) log_opt_values /opt/stack/data/venv/lib/python3.12/site-packages/oslo_config/cfg.py:3545}}
Aug 13 04:21:31.379247 np0000007151 nova-conductor[99077]: DEBUG cotyledon.oslo_config_glue [-] oslo_limit.max_version = None {{(pid=99077) log_opt_values /opt/stack/data/venv/lib/python3.12/site-packages/oslo_config/cfg.py:3545}}
Aug 13 04:21:31.379247 np0000007151 nova-conductor[99077]: DEBUG cotyledon.oslo_config_glue [-] oslo_limit.min_version = None {{(pid=99077) log_opt_values /opt/stack/data/venv/lib/python3.12/site-packages/oslo_config/cfg.py:3545}}
Aug 13 04:21:31.379247 np0000007151 nova-conductor[99077]: DEBUG cotyledon.oslo_config_glue [-] oslo_limit.region_name = None {{(pid=99077) log_opt_values /opt/stack/data/venv/lib/python3.12/site-packages/oslo_config/cfg.py:3545}}
Aug 13 04:21:31.379247 np0000007151 nova-conductor[99077]: DEBUG cotyledon.oslo_config_glue [-] oslo_limit.retriable_status_codes = None {{(pid=99077) log_opt_values /opt/stack/data/venv/lib/python3.12/site-packages/oslo_config/cfg.py:3545}}
Aug 13 04:21:31.379247 np0000007151 nova-conductor[99077]: DEBUG cotyledon.oslo_config_glue [-] oslo_limit.service_name = None {{(pid=99077) log_opt_values /opt/stack/data/venv/lib/python3.12/site-packages/oslo_config/cfg.py:3545}}
Aug 13 04:21:31.379247 np0000007151 nova-conductor[99077]: DEBUG cotyledon.oslo_config_glue [-] oslo_limit.service_type = None {{(pid=99077) log_opt_values /opt/stack/data/venv/lib/python3.12/site-packages/oslo_config/cfg.py:3545}}
Aug 13 04:21:31.379247 np0000007151 nova-conductor[99077]: DEBUG cotyledon.oslo_config_glue [-] oslo_limit.split_loggers = False {{(pid=99077) log_opt_values /opt/stack/data/venv/lib/python3.12/site-packages/oslo_config/cfg.py:3545}}
Aug 13 04:21:31.379247 np0000007151 nova-conductor[99077]: DEBUG cotyledon.oslo_config_glue [-] oslo_limit.status_code_retries = None {{(pid=99077) log_opt_values /opt/stack/data/venv/lib/python3.12/site-packages/oslo_config/cfg.py:3545}}
Aug 13 04:21:31.379563 np0000007151 nova-conductor[99077]: DEBUG cotyledon.oslo_config_glue [-] oslo_limit.status_code_retry_delay = None {{(pid=99077) log_opt_values /opt/stack/data/venv/lib/python3.12/site-packages/oslo_config/cfg.py:3545}}
Aug 13 04:21:31.379563 np0000007151 nova-conductor[99077]: DEBUG cotyledon.oslo_config_glue [-] oslo_limit.timeout = None {{(pid=99077) log_opt_values /opt/stack/data/venv/lib/python3.12/site-packages/oslo_config/cfg.py:3545}}
Aug 13 04:21:31.379563 np0000007151 nova-conductor[99077]: DEBUG cotyledon.oslo_config_glue [-] oslo_limit.valid_interfaces = None {{(pid=99077) log_opt_values /opt/stack/data/venv/lib/python3.12/site-packages/oslo_config/cfg.py:3545}}
Aug 13 04:21:31.379563 np0000007151 nova-conductor[99077]: DEBUG cotyledon.oslo_config_glue [-] oslo_limit.version = None {{(pid=99077) log_opt_values /opt/stack/data/venv/lib/python3.12/site-packages/oslo_config/cfg.py:3545}}
Aug 13 04:21:31.379563 np0000007151 nova-conductor[99077]: DEBUG cotyledon.oslo_config_glue [-] oslo_reports.file_event_handler = None {{(pid=99077) log_opt_values /opt/stack/data/venv/lib/python3.12/site-packages/oslo_config/cfg.py:3545}}
Aug 13 04:21:31.379563 np0000007151 nova-conductor[99077]: DEBUG cotyledon.oslo_config_glue [-] oslo_reports.file_event_handler_interval = 1 {{(pid=99077) log_opt_values /opt/stack/data/venv/lib/python3.12/site-packages/oslo_config/cfg.py:3545}}
Aug 13 04:21:31.379563 np0000007151 nova-conductor[99077]: DEBUG cotyledon.oslo_config_glue [-] oslo_reports.log_dir = None {{(pid=99077) log_opt_values /opt/stack/data/venv/lib/python3.12/site-packages/oslo_config/cfg.py:3545}}
Aug 13 04:21:31.379563 np0000007151 nova-conductor[99077]: DEBUG cotyledon.oslo_config_glue [-] ******************************************************************************** {{(pid=99077) log_opt_values /opt/stack/data/venv/lib/python3.12/site-packages/oslo_config/cfg.py:3552}}
Aug 13 04:21:31.379563 np0000007151 nova-conductor[99077]: DEBUG cotyledon._service_worker [-] Run service ServiceWrapper(3) [99077] {{(pid=99077) wait_forever /opt/stack/data/venv/lib/python3.12/site-packages/cotyledon/_service_worker.py:218}}
Aug 13 04:21:31.379866 np0000007151 nova-conductor[99077]: INFO nova.service [-] Starting conductor node (version 33.1.0)
Aug 13 04:21:31.379911 np0000007151 nova-conductor[99050]: DEBUG oslo_db.sqlalchemy.engines [None req-b5a17356-bc25-4929-a27e-c446f9915f83 None None] MySQL server mode set to STRICT_TRANS_TABLES,STRICT_ALL_TABLES,NO_ZERO_IN_DATE,NO_ZERO_DATE,ERROR_FOR_DIVISION_BY_ZERO,TRADITIONAL,NO_ENGINE_SUBSTITUTION {{(pid=99050) _check_effective_sql_mode /opt/stack/data/venv/lib/python3.12/site-packages/oslo_db/sqlalchemy/engines.py:325}}
Aug 13 04:21:31.379973 np0000007151 nova-conductor[99077]: INFO dbcounter [None req-0b2c3845-a39d-46d3-ad4c-6acac79ee3e1 None None] Registered counter for database nova_cell0
Aug 13 04:21:31.380009 np0000007151 nova-conductor[99050]: DEBUG dbcounter [-] [99050] Writer thread running {{(pid=99050) stat_writer /opt/stack/data/venv/lib/python3.12/site-packages/dbcounter.py:102}}
Aug 13 04:21:31.380047 np0000007151 nova-conductor[99062]: DEBUG oslo_db.sqlalchemy.engines [None req-be5ec8b2-bb19-4f38-867c-3b3c4157eb64 None None] MySQL server mode set to STRICT_TRANS_TABLES,STRICT_ALL_TABLES,NO_ZERO_IN_DATE,NO_ZERO_DATE,ERROR_FOR_DIVISION_BY_ZERO,TRADITIONAL,NO_ENGINE_SUBSTITUTION {{(pid=99062) _check_effective_sql_mode /opt/stack/data/venv/lib/python3.12/site-packages/oslo_db/sqlalchemy/engines.py:325}}
Aug 13 04:21:31.380097 np0000007151 nova-conductor[99050]: DEBUG nova.service [None req-b5a17356-bc25-4929-a27e-c446f9915f83 None None] Creating RPC server for service: nova-conductor on topic: conductor {{(pid=99050) start /opt/stack/nova/nova/service.py:196}}
Aug 13 04:21:31.380149 np0000007151 nova-conductor[99070]: DEBUG oslo_db.sqlalchemy.engines [None req-7afe76fd-27c2-4d23-b5ea-b89f39a1ddb8 None None] MySQL server mode set to STRICT_TRANS_TABLES,STRICT_ALL_TABLES,NO_ZERO_IN_DATE,NO_ZERO_DATE,ERROR_FOR_DIVISION_BY_ZERO,TRADITIONAL,NO_ENGINE_SUBSTITUTION {{(pid=99070) _check_effective_sql_mode /opt/stack/data/venv/lib/python3.12/site-packages/oslo_db/sqlalchemy/engines.py:325}}
Aug 13 04:21:31.380197 np0000007151 nova-conductor[99062]: DEBUG dbcounter [-] [99062] Writer thread running {{(pid=99062) stat_writer /opt/stack/data/venv/lib/python3.12/site-packages/dbcounter.py:102}}
Aug 13 04:21:31.380197 np0000007151 nova-conductor[99062]: DEBUG nova.service [None req-be5ec8b2-bb19-4f38-867c-3b3c4157eb64 None None] Creating RPC server for service: nova-conductor on topic: conductor {{(pid=99062) start /opt/stack/nova/nova/service.py:196}}
Aug 13 04:21:31.380260 np0000007151 nova-conductor[99070]: DEBUG dbcounter [-] [99070] Writer thread running {{(pid=99070) stat_writer /opt/stack/data/venv/lib/python3.12/site-packages/dbcounter.py:102}}
Aug 13 04:21:31.380260 np0000007151 nova-conductor[99070]: DEBUG nova.service [None req-7afe76fd-27c2-4d23-b5ea-b89f39a1ddb8 None None] Creating RPC server for service: nova-conductor on topic: conductor {{(pid=99070) start /opt/stack/nova/nova/service.py:196}}
Aug 13 04:21:31.382822 np0000007151 nova-conductor[99050]: DEBUG nova.service [None req-b5a17356-bc25-4929-a27e-c446f9915f83 None None] Join ServiceGroup membership for this service conductor {{(pid=99050) start /opt/stack/nova/nova/service.py:222}}
Aug 13 04:21:31.383638 np0000007151 nova-conductor[99050]: DEBUG nova.servicegroup.drivers.db [None req-b5a17356-bc25-4929-a27e-c446f9915f83 None None] DB_Driver: join new ServiceGroup member np0000007151 to the conductor group, service = {{(pid=99050) join /opt/stack/nova/nova/servicegroup/drivers/db.py:44}}
Aug 13 04:21:31.383892 np0000007151 nova-conductor[99077]: DEBUG oslo_db.sqlalchemy.engines [None req-0b2c3845-a39d-46d3-ad4c-6acac79ee3e1 None None] MySQL server mode set to STRICT_TRANS_TABLES,STRICT_ALL_TABLES,NO_ZERO_IN_DATE,NO_ZERO_DATE,ERROR_FOR_DIVISION_BY_ZERO,TRADITIONAL,NO_ENGINE_SUBSTITUTION {{(pid=99077) _check_effective_sql_mode /opt/stack/data/venv/lib/python3.12/site-packages/oslo_db/sqlalchemy/engines.py:325}}
Aug 13 04:21:31.391086 np0000007151 nova-conductor[99062]: DEBUG nova.service [None req-be5ec8b2-bb19-4f38-867c-3b3c4157eb64 None None] Join ServiceGroup membership for this service conductor {{(pid=99062) start /opt/stack/nova/nova/service.py:222}}
Aug 13 04:21:31.392052 np0000007151 nova-conductor[99062]: DEBUG nova.servicegroup.drivers.db [None req-be5ec8b2-bb19-4f38-867c-3b3c4157eb64 None None] DB_Driver: join new ServiceGroup member np0000007151 to the conductor group, service = {{(pid=99062) join /opt/stack/nova/nova/servicegroup/drivers/db.py:44}}
Aug 13 04:21:31.397152 np0000007151 nova-conductor[99077]: DEBUG dbcounter [-] [99077] Writer thread running {{(pid=99077) stat_writer /opt/stack/data/venv/lib/python3.12/site-packages/dbcounter.py:102}}
Aug 13 04:21:31.401595 np0000007151 nova-conductor[99077]: DEBUG nova.service [None req-0b2c3845-a39d-46d3-ad4c-6acac79ee3e1 None None] Creating RPC server for service: nova-conductor on topic: conductor {{(pid=99077) start /opt/stack/nova/nova/service.py:196}}
Aug 13 04:21:31.403241 np0000007151 nova-conductor[99070]: DEBUG nova.service [None req-7afe76fd-27c2-4d23-b5ea-b89f39a1ddb8 None None] Join ServiceGroup membership for this service conductor {{(pid=99070) start /opt/stack/nova/nova/service.py:222}}
Aug 13 04:21:31.403581 np0000007151 nova-conductor[99070]: DEBUG nova.servicegroup.drivers.db [None req-7afe76fd-27c2-4d23-b5ea-b89f39a1ddb8 None None] DB_Driver: join new ServiceGroup member np0000007151 to the conductor group, service = {{(pid=99070) join /opt/stack/nova/nova/servicegroup/drivers/db.py:44}}
Aug 13 04:21:31.424050 np0000007151 nova-conductor[99077]: DEBUG nova.service [None req-0b2c3845-a39d-46d3-ad4c-6acac79ee3e1 None None] Join ServiceGroup membership for this service conductor {{(pid=99077) start /opt/stack/nova/nova/service.py:222}}
Aug 13 04:21:31.424757 np0000007151 nova-conductor[99077]: DEBUG nova.servicegroup.drivers.db [None req-0b2c3845-a39d-46d3-ad4c-6acac79ee3e1 None None] DB_Driver: join new ServiceGroup member np0000007151 to the conductor group, service = {{(pid=99077) join /opt/stack/nova/nova/servicegroup/drivers/db.py:44}}
Aug 13 04:21:36.402581 np0000007151 nova-conductor[99050]: DEBUG oslo.service.backend._threading.loopingcall [-] Fixed interval looping call 'nova.servicegroup.drivers.db.DbDriver._report_state' sleeping for 119.98 seconds {{(pid=99050) _run_loop /opt/stack/data/venv/lib/python3.12/site-packages/oslo_service/backend/_threading/loopingcall.py:125}}
Aug 13 04:21:36.405334 np0000007151 nova-conductor[99062]: DEBUG oslo.service.backend._threading.loopingcall [-] Fixed interval looping call 'nova.servicegroup.drivers.db.DbDriver._report_state' sleeping for 119.99 seconds {{(pid=99062) _run_loop /opt/stack/data/venv/lib/python3.12/site-packages/oslo_service/backend/_threading/loopingcall.py:125}}
Aug 13 04:21:36.419217 np0000007151 nova-conductor[99070]: DEBUG oslo.service.backend._threading.loopingcall [-] Fixed interval looping call 'nova.servicegroup.drivers.db.DbDriver._report_state' sleeping for 119.99 seconds {{(pid=99070) _run_loop /opt/stack/data/venv/lib/python3.12/site-packages/oslo_service/backend/_threading/loopingcall.py:125}}
Aug 13 04:21:36.436453 np0000007151 nova-conductor[99077]: DEBUG oslo.service.backend._threading.loopingcall [-] Fixed interval looping call 'nova.servicegroup.drivers.db.DbDriver._report_state' sleeping for 119.99 seconds {{(pid=99077) _run_loop /opt/stack/data/venv/lib/python3.12/site-packages/oslo_service/backend/_threading/loopingcall.py:125}}
Aug 13 04:21:39.885914 np0000007151 nova-conductor[97598]: DEBUG dbcounter [-] [97598] Writing DB stats nova_api:SELECT=1 {{(pid=97598) stat_writer /opt/stack/data/venv/lib/python3.12/site-packages/dbcounter.py:115}}
Aug 13 04:21:40.065833 np0000007151 nova-conductor[97598]: DEBUG dbcounter [-] [97598] Writing DB stats nova_cell0:SELECT=1 {{(pid=97598) stat_writer /opt/stack/data/venv/lib/python3.12/site-packages/dbcounter.py:115}}
Aug 13 04:21:40.068677 np0000007151 nova-conductor[97598]: DEBUG dbcounter [-] [97598] Writing DB stats nova_cell1:SELECT=1 {{(pid=97598) stat_writer /opt/stack/data/venv/lib/python3.12/site-packages/dbcounter.py:115}}
Aug 13 04:21:46.399838 np0000007151 nova-conductor[99050]: DEBUG dbcounter [-] [99050] Writing DB stats nova_cell0:SELECT=4,nova_cell0:INSERT=1,nova_cell0:UPDATE=1 {{(pid=99050) stat_writer /opt/stack/data/venv/lib/python3.12/site-packages/dbcounter.py:115}}
Aug 13 04:21:46.405792 np0000007151 nova-conductor[99062]: DEBUG dbcounter [-] [99062] Writing DB stats nova_cell0:SELECT=3 {{(pid=99062) stat_writer /opt/stack/data/venv/lib/python3.12/site-packages/dbcounter.py:115}}
Aug 13 04:21:46.415001 np0000007151 nova-conductor[99070]: DEBUG dbcounter [-] [99070] Writing DB stats nova_cell0:SELECT=3 {{(pid=99070) stat_writer /opt/stack/data/venv/lib/python3.12/site-packages/dbcounter.py:115}}
Aug 13 04:21:46.433386 np0000007151 nova-conductor[99077]: DEBUG dbcounter [-] [99077] Writing DB stats nova_cell0:SELECT=3 {{(pid=99077) stat_writer /opt/stack/data/venv/lib/python3.12/site-packages/dbcounter.py:115}}
Aug 13 04:21:59.427063 np0000007151 nova-conductor[99077]: DEBUG oslo.service.backend._threading.loopingcall [None req-b811e70d-37b3-486b-9a41-1ef3d678f083 None None] Dynamic interval looping call 'nova.service.Service.periodic_tasks' sleeping for 60.00 seconds {{(pid=99077) _run_loop /opt/stack/data/venv/lib/python3.12/site-packages/oslo_service/backend/_threading/loopingcall.py:125}}
Aug 13 04:22:02.406079 np0000007151 nova-conductor[99070]: DEBUG oslo.service.backend._threading.loopingcall [None req-2adf24c7-0c59-4363-b40a-95f23689158c None None] Dynamic interval looping call 'nova.service.Service.periodic_tasks' sleeping for 60.00 seconds {{(pid=99070) _run_loop /opt/stack/data/venv/lib/python3.12/site-packages/oslo_service/backend/_threading/loopingcall.py:125}}
Aug 13 04:22:22.385865 np0000007151 nova-conductor[99050]: DEBUG oslo.service.backend._threading.loopingcall [None req-f340582e-1165-494f-aea1-177b3941f8f0 None None] Dynamic interval looping call 'nova.service.Service.periodic_tasks' sleeping for 60.00 seconds {{(pid=99050) _run_loop /opt/stack/data/venv/lib/python3.12/site-packages/oslo_service/backend/_threading/loopingcall.py:125}}
Aug 13 04:22:23.394387 np0000007151 nova-conductor[99062]: DEBUG oslo.service.backend._threading.loopingcall [None req-d90664df-3f60-4757-ad75-580767715995 None None] Dynamic interval looping call 'nova.service.Service.periodic_tasks' sleeping for 60.00 seconds {{(pid=99062) _run_loop /opt/stack/data/venv/lib/python3.12/site-packages/oslo_service/backend/_threading/loopingcall.py:125}}
Aug 13 04:22:59.427665 np0000007151 nova-conductor[99077]: DEBUG oslo.service.backend._threading.loopingcall [None req-b811e70d-37b3-486b-9a41-1ef3d678f083 None None] Dynamic interval looping call 'nova.service.Service.periodic_tasks' sleeping for 60.00 seconds {{(pid=99077) _run_loop /opt/stack/data/venv/lib/python3.12/site-packages/oslo_service/backend/_threading/loopingcall.py:125}}
Aug 13 04:23:02.406556 np0000007151 nova-conductor[99070]: DEBUG oslo.service.backend._threading.loopingcall [None req-2adf24c7-0c59-4363-b40a-95f23689158c None None] Dynamic interval looping call 'nova.service.Service.periodic_tasks' sleeping for 60.00 seconds {{(pid=99070) _run_loop /opt/stack/data/venv/lib/python3.12/site-packages/oslo_service/backend/_threading/loopingcall.py:125}}
Aug 13 04:23:22.386465 np0000007151 nova-conductor[99050]: DEBUG oslo.service.backend._threading.loopingcall [None req-f340582e-1165-494f-aea1-177b3941f8f0 None None] Dynamic interval looping call 'nova.service.Service.periodic_tasks' sleeping for 60.00 seconds {{(pid=99050) _run_loop /opt/stack/data/venv/lib/python3.12/site-packages/oslo_service/backend/_threading/loopingcall.py:125}}
Aug 13 04:23:23.395067 np0000007151 nova-conductor[99062]: DEBUG oslo.service.backend._threading.loopingcall [None req-d90664df-3f60-4757-ad75-580767715995 None None] Dynamic interval looping call 'nova.service.Service.periodic_tasks' sleeping for 60.00 seconds {{(pid=99062) _run_loop /opt/stack/data/venv/lib/python3.12/site-packages/oslo_service/backend/_threading/loopingcall.py:125}}
Aug 13 04:23:36.392488 np0000007151 nova-conductor[99050]: DEBUG oslo.service.backend._threading.loopingcall [-] Fixed interval looping call 'nova.servicegroup.drivers.db.DbDriver._report_state' sleeping for 119.99 seconds {{(pid=99050) _run_loop /opt/stack/data/venv/lib/python3.12/site-packages/oslo_service/backend/_threading/loopingcall.py:125}}
Aug 13 04:23:36.399277 np0000007151 nova-conductor[99062]: DEBUG oslo.service.backend._threading.loopingcall [-] Fixed interval looping call 'nova.servicegroup.drivers.db.DbDriver._report_state' sleeping for 120.00 seconds {{(pid=99062) _run_loop /opt/stack/data/venv/lib/python3.12/site-packages/oslo_service/backend/_threading/loopingcall.py:125}}
Aug 13 04:23:36.413783 np0000007151 nova-conductor[99070]: DEBUG oslo.service.backend._threading.loopingcall [-] Fixed interval looping call 'nova.servicegroup.drivers.db.DbDriver._report_state' sleeping for 120.00 seconds {{(pid=99070) _run_loop /opt/stack/data/venv/lib/python3.12/site-packages/oslo_service/backend/_threading/loopingcall.py:125}}
Aug 13 04:23:36.430609 np0000007151 nova-conductor[99077]: DEBUG oslo.service.backend._threading.loopingcall [-] Fixed interval looping call 'nova.servicegroup.drivers.db.DbDriver._report_state' sleeping for 120.00 seconds {{(pid=99077) _run_loop /opt/stack/data/venv/lib/python3.12/site-packages/oslo_service/backend/_threading/loopingcall.py:125}}
Aug 13 04:23:46.387327 np0000007151 nova-conductor[99050]: DEBUG dbcounter [-] [99050] Writing DB stats nova_cell0:SELECT=1,nova_cell0:UPDATE=1 {{(pid=99050) stat_writer /opt/stack/data/venv/lib/python3.12/site-packages/dbcounter.py:115}}
Aug 13 04:23:46.397604 np0000007151 nova-conductor[99062]: DEBUG dbcounter [-] [99062] Writing DB stats nova_cell0:SELECT=1 {{(pid=99062) stat_writer /opt/stack/data/venv/lib/python3.12/site-packages/dbcounter.py:115}}
Aug 13 04:23:46.411763 np0000007151 nova-conductor[99070]: DEBUG dbcounter [-] [99070] Writing DB stats nova_cell0:SELECT=1 {{(pid=99070) stat_writer /opt/stack/data/venv/lib/python3.12/site-packages/dbcounter.py:115}}
Aug 13 04:23:46.428865 np0000007151 nova-conductor[99077]: DEBUG dbcounter [-] [99077] Writing DB stats nova_cell0:SELECT=1 {{(pid=99077) stat_writer /opt/stack/data/venv/lib/python3.12/site-packages/dbcounter.py:115}}
Aug 13 04:23:57.511274 np0000007151 nova-conductor[99050]: DEBUG oslo_db.sqlalchemy.engines [None req-f022f030-d106-4dc3-9cce-fa691c6f3beb tempest-ServersNegativeTestJSON-990861379 tempest-ServersNegativeTestJSON-990861379-project-member] Parent process 97598 forked (99050) with an open database connection, which is being discarded and recreated. {{(pid=99050) checkout /opt/stack/data/venv/lib/python3.12/site-packages/oslo_db/sqlalchemy/engines.py:402}}
Aug 13 04:23:57.551962 np0000007151 nova-conductor[99050]: DEBUG dbcounter [-] [99050] Writer thread running {{(pid=99050) stat_writer /opt/stack/data/venv/lib/python3.12/site-packages/dbcounter.py:102}}
Aug 13 04:23:58.686837 np0000007151 nova-conductor[99050]: DEBUG nova.conductor.manager [None req-f022f030-d106-4dc3-9cce-fa691c6f3beb tempest-ServersNegativeTestJSON-990861379 tempest-ServersNegativeTestJSON-990861379-project-member] Took 1.13 seconds to select destinations for 1 instance(s). {{(pid=99050) _schedule_instances /opt/stack/nova/nova/conductor/manager.py:968}}
Aug 13 04:23:58.723556 np0000007151 nova-conductor[99050]: DEBUG oslo_concurrency.lockutils [None req-f022f030-d106-4dc3-9cce-fa691c6f3beb tempest-ServersNegativeTestJSON-990861379 tempest-ServersNegativeTestJSON-990861379-project-member] Acquiring lock "4c4fd78a-30f6-473a-ae0a-2891770e2300" by "nova.context.set_target_cell..get_or_set_cached_cell_and_set_connections" {{(pid=99050) inner /opt/stack/data/venv/lib/python3.12/site-packages/oslo_concurrency/lockutils.py:512}}
Aug 13 04:23:58.723556 np0000007151 nova-conductor[99050]: DEBUG oslo_concurrency.lockutils [None req-f022f030-d106-4dc3-9cce-fa691c6f3beb tempest-ServersNegativeTestJSON-990861379 tempest-ServersNegativeTestJSON-990861379-project-member] Lock "4c4fd78a-30f6-473a-ae0a-2891770e2300" acquired by "nova.context.set_target_cell..get_or_set_cached_cell_and_set_connections" :: waited 0.000s {{(pid=99050) inner /opt/stack/data/venv/lib/python3.12/site-packages/oslo_concurrency/lockutils.py:525}}
Aug 13 04:23:58.724994 np0000007151 nova-conductor[99050]: DEBUG oslo_concurrency.lockutils [None req-f022f030-d106-4dc3-9cce-fa691c6f3beb tempest-ServersNegativeTestJSON-990861379 tempest-ServersNegativeTestJSON-990861379-project-member] Lock "4c4fd78a-30f6-473a-ae0a-2891770e2300" "released" by "nova.context.set_target_cell..get_or_set_cached_cell_and_set_connections" :: held 0.001s {{(pid=99050) inner /opt/stack/data/venv/lib/python3.12/site-packages/oslo_concurrency/lockutils.py:544}}
Aug 13 04:23:58.729102 np0000007151 nova-conductor[99050]: INFO dbcounter [None req-f022f030-d106-4dc3-9cce-fa691c6f3beb tempest-ServersNegativeTestJSON-990861379 tempest-ServersNegativeTestJSON-990861379-project-member] Registered counter for database nova_cell1
Aug 13 04:23:58.793749 np0000007151 nova-conductor[99050]: DEBUG oslo_db.sqlalchemy.engines [None req-f022f030-d106-4dc3-9cce-fa691c6f3beb tempest-ServersNegativeTestJSON-990861379 tempest-ServersNegativeTestJSON-990861379-project-member] MySQL server mode set to STRICT_TRANS_TABLES,STRICT_ALL_TABLES,NO_ZERO_IN_DATE,NO_ZERO_DATE,ERROR_FOR_DIVISION_BY_ZERO,TRADITIONAL,NO_ENGINE_SUBSTITUTION {{(pid=99050) _check_effective_sql_mode /opt/stack/data/venv/lib/python3.12/site-packages/oslo_db/sqlalchemy/engines.py:325}}
Aug 13 04:23:58.801287 np0000007151 nova-conductor[99050]: DEBUG dbcounter [-] [99050] Writer thread running {{(pid=99050) stat_writer /opt/stack/data/venv/lib/python3.12/site-packages/dbcounter.py:102}}
Aug 13 04:23:58.908118 np0000007151 nova-conductor[99050]: INFO nova.utils [None req-f022f030-d106-4dc3-9cce-fa691c6f3beb tempest-ServersNegativeTestJSON-990861379 tempest-ServersNegativeTestJSON-990861379-project-member] The cell worker thread pool ForkProcess-1.cell_worker is initialized
Aug 13 04:23:58.908526 np0000007151 nova-conductor[99050]: DEBUG oslo_concurrency.lockutils [None req-f022f030-d106-4dc3-9cce-fa691c6f3beb tempest-ServersNegativeTestJSON-990861379 tempest-ServersNegativeTestJSON-990861379-project-member] Acquiring lock "00000000-0000-0000-0000-000000000000" by "nova.context.set_target_cell..get_or_set_cached_cell_and_set_connections" {{(pid=99050) inner /opt/stack/data/venv/lib/python3.12/site-packages/oslo_concurrency/lockutils.py:512}}
Aug 13 04:23:58.909345 np0000007151 nova-conductor[99050]: DEBUG oslo_concurrency.lockutils [None req-f022f030-d106-4dc3-9cce-fa691c6f3beb tempest-ServersNegativeTestJSON-990861379 tempest-ServersNegativeTestJSON-990861379-project-member] Lock "00000000-0000-0000-0000-000000000000" acquired by "nova.context.set_target_cell..get_or_set_cached_cell_and_set_connections" :: waited 0.000s {{(pid=99050) inner /opt/stack/data/venv/lib/python3.12/site-packages/oslo_concurrency/lockutils.py:525}}
Aug 13 04:23:58.909345 np0000007151 nova-conductor[99050]: DEBUG oslo_concurrency.lockutils [None req-f022f030-d106-4dc3-9cce-fa691c6f3beb tempest-ServersNegativeTestJSON-990861379 tempest-ServersNegativeTestJSON-990861379-project-member] Lock "00000000-0000-0000-0000-000000000000" "released" by "nova.context.set_target_cell..get_or_set_cached_cell_and_set_connections" :: held 0.001s {{(pid=99050) inner /opt/stack/data/venv/lib/python3.12/site-packages/oslo_concurrency/lockutils.py:544}}
Aug 13 04:23:58.910634 np0000007151 nova-conductor[99050]: DEBUG oslo_concurrency.lockutils [None req-f022f030-d106-4dc3-9cce-fa691c6f3beb tempest-ServersNegativeTestJSON-990861379 tempest-ServersNegativeTestJSON-990861379-project-member] Acquiring lock "4c4fd78a-30f6-473a-ae0a-2891770e2300" by "nova.context.set_target_cell..get_or_set_cached_cell_and_set_connections" {{(pid=99050) inner /opt/stack/data/venv/lib/python3.12/site-packages/oslo_concurrency/lockutils.py:512}}
Aug 13 04:23:58.910817 np0000007151 nova-conductor[99050]: DEBUG oslo_concurrency.lockutils [None req-f022f030-d106-4dc3-9cce-fa691c6f3beb tempest-ServersNegativeTestJSON-990861379 tempest-ServersNegativeTestJSON-990861379-project-member] Lock "4c4fd78a-30f6-473a-ae0a-2891770e2300" acquired by "nova.context.set_target_cell..get_or_set_cached_cell_and_set_connections" :: waited 0.000s {{(pid=99050) inner /opt/stack/data/venv/lib/python3.12/site-packages/oslo_concurrency/lockutils.py:525}}
Aug 13 04:23:58.910979 np0000007151 nova-conductor[99050]: DEBUG oslo_concurrency.lockutils [None req-f022f030-d106-4dc3-9cce-fa691c6f3beb tempest-ServersNegativeTestJSON-990861379 tempest-ServersNegativeTestJSON-990861379-project-member] Lock "4c4fd78a-30f6-473a-ae0a-2891770e2300" "released" by "nova.context.set_target_cell..get_or_set_cached_cell_and_set_connections" :: held 0.000s {{(pid=99050) inner /opt/stack/data/venv/lib/python3.12/site-packages/oslo_concurrency/lockutils.py:544}}
Aug 13 04:23:58.912252 np0000007151 nova-conductor[99050]: INFO dbcounter [None req-f022f030-d106-4dc3-9cce-fa691c6f3beb tempest-ServersNegativeTestJSON-990861379 tempest-ServersNegativeTestJSON-990861379-project-member] Registered counter for database nova_cell0
Aug 13 04:23:58.959752 np0000007151 nova-conductor[99050]: DEBUG oslo_db.sqlalchemy.engines [None req-f022f030-d106-4dc3-9cce-fa691c6f3beb tempest-ServersNegativeTestJSON-990861379 tempest-ServersNegativeTestJSON-990861379-project-member] MySQL server mode set to STRICT_TRANS_TABLES,STRICT_ALL_TABLES,NO_ZERO_IN_DATE,NO_ZERO_DATE,ERROR_FOR_DIVISION_BY_ZERO,TRADITIONAL,NO_ENGINE_SUBSTITUTION {{(pid=99050) _check_effective_sql_mode /opt/stack/data/venv/lib/python3.12/site-packages/oslo_db/sqlalchemy/engines.py:325}}
