Aug 13 04:20:55.496562 np0000007151 devstack@neutron-api.service[90867]: DEBUG neutron.api.extensions [None req-8feb024b-d087-4b62-b403-4107a22442c0 None None] Ext name="Standard Attribute Segment Extension" alias="standard-attr-segment" description="Add standard attributes to Segment resource" updated="2018-04-09T10:00:00-00:00" {{(pid=90867) _check_extension /opt/stack/neutron/neutron/api/extensions.py:415}}
Aug 13 04:20:55.496562 np0000007151 devstack@neutron-api.service[90867]: INFO neutron.api.extensions [None req-8feb024b-d087-4b62-b403-4107a22442c0 None None] Extension standard-attr-segment not supported by any of loaded plugins
Aug 13 04:20:55.496562 np0000007151 devstack@neutron-api.service[90867]: DEBUG neutron.api.extensions [None req-8feb024b-d087-4b62-b403-4107a22442c0 None None] Loading extension file: standardattrdescription.py {{(pid=90867) _load_all_extensions_from_path /opt/stack/neutron/neutron/api/extensions.py:449}}
Aug 13 04:20:55.496950 np0000007151 devstack@neutron-api.service[90867]: DEBUG neutron.api.extensions [None req-8feb024b-d087-4b62-b403-4107a22442c0 None None] Ext name="standard-attr-description" alias="standard-attr-description" description="Extension to add descriptions to standard attributes" updated="2016-02-10T10:00:00-00:00" {{(pid=90867) _check_extension /opt/stack/neutron/neutron/api/extensions.py:415}}
Aug 13 04:20:55.496950 np0000007151 devstack@neutron-api.service[90867]: INFO neutron.api.extensions [None req-8feb024b-d087-4b62-b403-4107a22442c0 None None] Loaded extension: standard-attr-description
Aug 13 04:20:55.496950 np0000007151 devstack@neutron-api.service[90867]: DEBUG neutron.api.extensions [None req-8feb024b-d087-4b62-b403-4107a22442c0 None None] Loading extension file: stateful_security_group.py {{(pid=90867) _load_all_extensions_from_path /opt/stack/neutron/neutron/api/extensions.py:449}}
Aug 13 04:20:55.496950 np0000007151 devstack@neutron-api.service[90867]: DEBUG neutron.api.extensions [None req-8feb024b-d087-4b62-b403-4107a22442c0 None None] Ext name="Stateful security group" alias="stateful-security-group" description="Indicates if the security group is stateful or not" updated="2019-11-26T09:00:00-00:00" {{(pid=90867) _check_extension /opt/stack/neutron/neutron/api/extensions.py:415}}
Aug 13 04:20:55.496950 np0000007151 devstack@neutron-api.service[90867]: INFO neutron.api.extensions [None req-8feb024b-d087-4b62-b403-4107a22442c0 None None] Loaded extension: stateful-security-group
Aug 13 04:20:55.496950 np0000007151 devstack@neutron-api.service[90867]: DEBUG neutron.api.extensions [None req-8feb024b-d087-4b62-b403-4107a22442c0 None None] Loading extension file: stdattrs_common.py {{(pid=90867) _load_all_extensions_from_path /opt/stack/neutron/neutron/api/extensions.py:449}}
Aug 13 04:20:55.497342 np0000007151 devstack@neutron-api.service[90867]: WARNING neutron.api.extensions [None req-8feb024b-d087-4b62-b403-4107a22442c0 None None] Did not find expected name "Stdattrs_common" in /opt/stack/neutron/neutron/extensions/stdattrs_common.py
Aug 13 04:20:55.497483 np0000007151 devstack@neutron-api.service[90867]: DEBUG neutron.api.extensions [None req-8feb024b-d087-4b62-b403-4107a22442c0 None None] Loading extension file: subnet_dns_publish_fixed_ip.py {{(pid=90867) _load_all_extensions_from_path /opt/stack/neutron/neutron/api/extensions.py:449}}
Aug 13 04:20:55.497877 np0000007151 devstack@neutron-api.service[90867]: DEBUG neutron.api.extensions [None req-8feb024b-d087-4b62-b403-4107a22442c0 None None] Ext name="Subnet DNS publish fixed IP" alias="subnet-dns-publish-fixed-ip" description="Support choosing to publish DNS records for IPs from a subnet" updated="2019-05-24T10:00:00-00:00" {{(pid=90867) _check_extension /opt/stack/neutron/neutron/api/extensions.py:415}}
Aug 13 04:20:55.498269 np0000007151 devstack@neutron-api.service[90867]: INFO neutron.api.extensions [None req-8feb024b-d087-4b62-b403-4107a22442c0 None None] Loaded extension: subnet-dns-publish-fixed-ip
Aug 13 04:20:55.498269 np0000007151 devstack@neutron-api.service[90867]: DEBUG neutron.api.extensions [None req-8feb024b-d087-4b62-b403-4107a22442c0 None None] Loading extension file: subnet_external_network.py {{(pid=90867) _load_all_extensions_from_path /opt/stack/neutron/neutron/api/extensions.py:449}}
Aug 13 04:20:55.498653 np0000007151 devstack@neutron-api.service[90867]: DEBUG neutron.api.extensions [None req-8feb024b-d087-4b62-b403-4107a22442c0 None None] Ext name="Subnet belongs to an external network" alias="subnet-external-network" description="Informs if the subnet belongs to an external network" updated="2024-02-05T18:00:00-00:00" {{(pid=90867) _check_extension /opt/stack/neutron/neutron/api/extensions.py:415}}
Aug 13 04:20:55.498917 np0000007151 devstack@neutron-api.service[90867]: INFO neutron.api.extensions [None req-8feb024b-d087-4b62-b403-4107a22442c0 None None] Loaded extension: subnet-external-network
Aug 13 04:20:55.499028 np0000007151 devstack@neutron-api.service[90867]: DEBUG neutron.api.extensions [None req-8feb024b-d087-4b62-b403-4107a22442c0 None None] Loading extension file: subnet_onboard.py {{(pid=90867) _load_all_extensions_from_path /opt/stack/neutron/neutron/api/extensions.py:449}}
Aug 13 04:20:55.499517 np0000007151 devstack@neutron-api.service[90867]: DEBUG neutron.api.extensions [None req-8feb024b-d087-4b62-b403-4107a22442c0 None None] Ext name="Subnet Onboard" alias="subnet_onboard" description="Provides support for onboarding subnets into subnet pools" updated="2018-12-18T09:00:00-00:00" {{(pid=90867) _check_extension /opt/stack/neutron/neutron/api/extensions.py:415}}
Aug 13 04:20:55.499687 np0000007151 devstack@neutron-api.service[90867]: INFO neutron.api.extensions [None req-8feb024b-d087-4b62-b403-4107a22442c0 None None] Loaded extension: subnet_onboard
Aug 13 04:20:55.499891 np0000007151 devstack@neutron-api.service[90867]: DEBUG neutron.api.extensions [None req-8feb024b-d087-4b62-b403-4107a22442c0 None None] Loading extension file: subnet_segmentid_writable.py {{(pid=90867) _load_all_extensions_from_path /opt/stack/neutron/neutron/api/extensions.py:449}}
Aug 13 04:20:55.500192 np0000007151 devstack@neutron-api.service[90867]: DEBUG neutron.api.extensions [None req-8feb024b-d087-4b62-b403-4107a22442c0 None None] Ext name="Subnet SegmentID (writable)" alias="subnet-segmentid-writable" description="Provides a writable segment_id attribute for a subnet resource." updated="2018-03-12T00:00:00-00:00" {{(pid=90867) _check_extension /opt/stack/neutron/neutron/api/extensions.py:415}}
Aug 13 04:20:55.500705 np0000007151 devstack@neutron-api.service[90867]: INFO neutron.api.extensions [None req-8feb024b-d087-4b62-b403-4107a22442c0 None None] Extension subnet-segmentid-writable not supported by any of loaded plugins
Aug 13 04:20:55.500705 np0000007151 devstack@neutron-api.service[90867]: DEBUG neutron.api.extensions [None req-8feb024b-d087-4b62-b403-4107a22442c0 None None] Loading extension file: subnet_service_types.py {{(pid=90867) _load_all_extensions_from_path /opt/stack/neutron/neutron/api/extensions.py:449}}
Aug 13 04:20:55.500992 np0000007151 devstack@neutron-api.service[90867]: DEBUG neutron.api.extensions [None req-8feb024b-d087-4b62-b403-4107a22442c0 None None] Ext name="Subnet service types" alias="subnet-service-types" description="Provides ability to set the subnet service_types field" updated="2016-03-15T18:00:00-00:00" {{(pid=90867) _check_extension /opt/stack/neutron/neutron/api/extensions.py:415}}
Aug 13 04:20:55.501219 np0000007151 devstack@neutron-api.service[90867]: INFO neutron.api.extensions [None req-8feb024b-d087-4b62-b403-4107a22442c0 None None] Loaded extension: subnet-service-types
Aug 13 04:20:55.501399 np0000007151 devstack@neutron-api.service[90867]: DEBUG neutron.api.extensions [None req-8feb024b-d087-4b62-b403-4107a22442c0 None None] Loading extension file: subnetallocation.py {{(pid=90867) _load_all_extensions_from_path /opt/stack/neutron/neutron/api/extensions.py:449}}
Aug 13 04:20:55.501854 np0000007151 devstack@neutron-api.service[90867]: DEBUG neutron.api.extensions [None req-8feb024b-d087-4b62-b403-4107a22442c0 None None] Ext name="Subnet Allocation" alias="subnet_allocation" description="Enables allocation of subnets from a subnet pool" updated="2015-03-30T10:00:00-00:00" {{(pid=90867) _check_extension /opt/stack/neutron/neutron/api/extensions.py:415}}
Aug 13 04:20:55.502046 np0000007151 devstack@neutron-api.service[90867]: INFO neutron.api.extensions [None req-8feb024b-d087-4b62-b403-4107a22442c0 None None] Loaded extension: subnet_allocation
Aug 13 04:20:55.502181 np0000007151 devstack@neutron-api.service[90867]: DEBUG neutron.api.extensions [None req-8feb024b-d087-4b62-b403-4107a22442c0 None None] Loading extension file: subnetpool_prefix_ops.py {{(pid=90867) _load_all_extensions_from_path /opt/stack/neutron/neutron/api/extensions.py:449}}
Aug 13 04:20:55.502829 np0000007151 devstack@neutron-api.service[90867]: DEBUG neutron.api.extensions [None req-8feb024b-d087-4b62-b403-4107a22442c0 None None] Ext name="Subnet Pool Prefix Operations" alias="subnetpool-prefix-ops" description="Provides support for adjusting the prefix list of subnet pools" updated="2019-02-08T10:00:00-00:00" {{(pid=90867) _check_extension /opt/stack/neutron/neutron/api/extensions.py:415}}
Aug 13 04:20:55.502829 np0000007151 devstack@neutron-api.service[90867]: INFO neutron.api.extensions [None req-8feb024b-d087-4b62-b403-4107a22442c0 None None] Loaded extension: subnetpool-prefix-ops
Aug 13 04:20:55.502976 np0000007151 devstack@neutron-api.service[90867]: DEBUG neutron.api.extensions [None req-8feb024b-d087-4b62-b403-4107a22442c0 None None] Loading extension file: tag_creation.py {{(pid=90867) _load_all_extensions_from_path /opt/stack/neutron/neutron/api/extensions.py:449}}
Aug 13 04:20:55.503259 np0000007151 devstack@neutron-api.service[90867]: DEBUG neutron.api.extensions [None req-8feb024b-d087-4b62-b403-4107a22442c0 None None] Ext name="Tag creation extension" alias="tag-creation" description="Allow to create multiple tags for a resource" updated="2024-23-07T10:00:00-00:00" {{(pid=90867) _check_extension /opt/stack/neutron/neutron/api/extensions.py:415}}
Aug 13 04:20:55.503486 np0000007151 devstack@neutron-api.service[90867]: INFO neutron.api.extensions [None req-8feb024b-d087-4b62-b403-4107a22442c0 None None] Loaded extension: tag-creation
Aug 13 04:20:55.503610 np0000007151 devstack@neutron-api.service[90867]: DEBUG neutron.api.extensions [None req-8feb024b-d087-4b62-b403-4107a22442c0 None None] Loading extension file: tag_ports_during_bulk_creation.py {{(pid=90867) _load_all_extensions_from_path /opt/stack/neutron/neutron/api/extensions.py:449}}
Aug 13 04:20:55.503945 np0000007151 devstack@neutron-api.service[90867]: DEBUG neutron.api.extensions [None req-8feb024b-d087-4b62-b403-4107a22442c0 None None] Ext name="Tag Ports During Bulk Creation" alias="tag-ports-during-bulk-creation" description="Allow to tag ports during bulk creation" updated="2019-12-29T19:00:00-00:00" {{(pid=90867) _check_extension /opt/stack/neutron/neutron/api/extensions.py:415}}
Aug 13 04:20:55.504183 np0000007151 devstack@neutron-api.service[90867]: INFO neutron.api.extensions [None req-8feb024b-d087-4b62-b403-4107a22442c0 None None] Extension tag-ports-during-bulk-creation not supported by any of loaded plugins
Aug 13 04:20:55.504183 np0000007151 devstack@neutron-api.service[90867]: DEBUG neutron.api.extensions [None req-8feb024b-d087-4b62-b403-4107a22442c0 None None] Loading extension file: tagging.py {{(pid=90867) _load_all_extensions_from_path /opt/stack/neutron/neutron/api/extensions.py:449}}
Aug 13 04:20:55.505461 np0000007151 devstack@neutron-api.service[90867]: DEBUG neutron.api.extensions [None req-8feb024b-d087-4b62-b403-4107a22442c0 None None] Ext name="Tag support for resources with standard attribute: port, subnet, subnetpool, network, security_group, router, floatingip, policy, trunk, network_segment_range" alias="standard-attr-tag" description="Enables to set tag on resources with standard attribute." updated="2017-01-01T00:00:00-00:00" {{(pid=90867) _check_extension /opt/stack/neutron/neutron/api/extensions.py:415}}
Aug 13 04:20:55.505903 np0000007151 devstack@neutron-api.service[90867]: INFO neutron.api.extensions [None req-8feb024b-d087-4b62-b403-4107a22442c0 None None] Loaded extension: standard-attr-tag
Aug 13 04:20:55.505903 np0000007151 devstack@neutron-api.service[90867]: DEBUG neutron.api.extensions [None req-8feb024b-d087-4b62-b403-4107a22442c0 None None] Loading extension file: timestamp.py {{(pid=90867) _load_all_extensions_from_path /opt/stack/neutron/neutron/api/extensions.py:449}}
Aug 13 04:20:55.506347 np0000007151 devstack@neutron-api.service[90867]: DEBUG neutron.api.extensions [None req-8feb024b-d087-4b62-b403-4107a22442c0 None None] Ext name="Resource timestamps" alias="standard-attr-timestamp" description="Adds created_at and updated_at fields to all Neutron resources that have Neutron standard attributes." updated="2016-09-12T10:00:00-00:00" {{(pid=90867) _check_extension /opt/stack/neutron/neutron/api/extensions.py:415}}
Aug 13 04:20:55.506790 np0000007151 devstack@neutron-api.service[90867]: INFO neutron.api.extensions [None req-8feb024b-d087-4b62-b403-4107a22442c0 None None] Loaded extension: standard-attr-timestamp
Aug 13 04:20:55.506790 np0000007151 devstack@neutron-api.service[90867]: DEBUG neutron.api.extensions [None req-8feb024b-d087-4b62-b403-4107a22442c0 None None] Loading extension file: trunk.py {{(pid=90867) _load_all_extensions_from_path /opt/stack/neutron/neutron/api/extensions.py:449}}
Aug 13 04:20:55.507187 np0000007151 devstack@neutron-api.service[90867]: DEBUG neutron.api.extensions [None req-8feb024b-d087-4b62-b403-4107a22442c0 None None] Ext name="Trunk Extension" alias="trunk" description="Provides support for trunk ports" updated="2016-01-01T10:00:00-00:00" {{(pid=90867) _check_extension /opt/stack/neutron/neutron/api/extensions.py:415}}
Aug 13 04:20:55.507571 np0000007151 devstack@neutron-api.service[90867]: INFO neutron.api.extensions [None req-8feb024b-d087-4b62-b403-4107a22442c0 None None] Extension trunk not supported by any of loaded plugins
Aug 13 04:20:55.507571 np0000007151 devstack@neutron-api.service[90867]: DEBUG neutron.api.extensions [None req-8feb024b-d087-4b62-b403-4107a22442c0 None None] Loading extension file: trunk_details.py {{(pid=90867) _load_all_extensions_from_path /opt/stack/neutron/neutron/api/extensions.py:449}}
Aug 13 04:20:55.507839 np0000007151 devstack@neutron-api.service[90867]: DEBUG neutron.api.extensions [None req-8feb024b-d087-4b62-b403-4107a22442c0 None None] Ext name="Trunk port details" alias="trunk-details" description="Expose trunk port details" updated="2016-01-01T10:00:00-00:00" {{(pid=90867) _check_extension /opt/stack/neutron/neutron/api/extensions.py:415}}
Aug 13 04:20:55.508134 np0000007151 devstack@neutron-api.service[90867]: INFO neutron.api.extensions [None req-8feb024b-d087-4b62-b403-4107a22442c0 None None] Extension trunk-details not supported by any of loaded plugins
Aug 13 04:20:55.508134 np0000007151 devstack@neutron-api.service[90867]: DEBUG neutron.api.extensions [None req-8feb024b-d087-4b62-b403-4107a22442c0 None None] Loading extension file: uplink_status_propagation.py {{(pid=90867) _load_all_extensions_from_path /opt/stack/neutron/neutron/api/extensions.py:449}}
Aug 13 04:20:55.508438 np0000007151 devstack@neutron-api.service[90867]: DEBUG neutron.api.extensions [None req-8feb024b-d087-4b62-b403-4107a22442c0 None None] Ext name="Uplink status propagation extension" alias="uplink-status-propagation" description="Provides ability to propagate port uplink status." updated="2018-05-31T18:00:00-00:00" {{(pid=90867) _check_extension /opt/stack/neutron/neutron/api/extensions.py:415}}
Aug 13 04:20:55.508743 np0000007151 devstack@neutron-api.service[90867]: INFO neutron.api.extensions [None req-8feb024b-d087-4b62-b403-4107a22442c0 None None] Extension uplink-status-propagation not supported by any of loaded plugins
Aug 13 04:20:55.508743 np0000007151 devstack@neutron-api.service[90867]: DEBUG neutron.api.extensions [None req-8feb024b-d087-4b62-b403-4107a22442c0 None None] Loading extension file: uplink_status_propagation_updatable.py {{(pid=90867) _load_all_extensions_from_path /opt/stack/neutron/neutron/api/extensions.py:449}}
Aug 13 04:20:55.509105 np0000007151 devstack@neutron-api.service[90867]: DEBUG neutron.api.extensions [None req-8feb024b-d087-4b62-b403-4107a22442c0 None None] Ext name="Uplink status propagation updatable extension" alias="uplink-status-propagation-updatable" description="Provides ability to update the port uplink status." updated="2024-09-03T18:00:00-00:00" {{(pid=90867) _check_extension /opt/stack/neutron/neutron/api/extensions.py:415}}
Aug 13 04:20:55.509340 np0000007151 devstack@neutron-api.service[90867]: INFO neutron.api.extensions [None req-8feb024b-d087-4b62-b403-4107a22442c0 None None] Extension uplink-status-propagation-updatable not supported by any of loaded plugins
Aug 13 04:20:55.509488 np0000007151 devstack@neutron-api.service[90867]: DEBUG neutron.api.extensions [None req-8feb024b-d087-4b62-b403-4107a22442c0 None None] Loading extension file: vlantransparent.py {{(pid=90867) _load_all_extensions_from_path /opt/stack/neutron/neutron/api/extensions.py:449}}
Aug 13 04:20:55.509900 np0000007151 devstack@neutron-api.service[90867]: DEBUG neutron.api.extensions [None req-8feb024b-d087-4b62-b403-4107a22442c0 None None] Ext name="Vlantransparent" alias="vlan-transparent" description="Provides Vlan Transparent Networks" updated="2015-03-23T09:00:00-00:00" {{(pid=90867) _check_extension /opt/stack/neutron/neutron/api/extensions.py:415}}
Aug 13 04:20:55.510080 np0000007151 devstack@neutron-api.service[90867]: INFO neutron.api.extensions [None req-8feb024b-d087-4b62-b403-4107a22442c0 None None] Loaded extension: vlan-transparent
Aug 13 04:20:55.512412 np0000007151 devstack@neutron-api.service[90867]: INFO neutron.quota.resource_registry [None req-8feb024b-d087-4b62-b403-4107a22442c0 None None] Creating instance of TrackedResource for resource:network
Aug 13 04:20:55.512658 np0000007151 devstack@neutron-api.service[90867]: INFO neutron.quota.resource_registry [None req-8feb024b-d087-4b62-b403-4107a22442c0 None None] Creating instance of TrackedResource for resource:subnet
Aug 13 04:20:55.512821 np0000007151 devstack@neutron-api.service[90867]: INFO neutron.quota.resource_registry [None req-8feb024b-d087-4b62-b403-4107a22442c0 None None] Creating instance of TrackedResource for resource:subnetpool
Aug 13 04:20:55.512987 np0000007151 devstack@neutron-api.service[90867]: INFO neutron.quota.resource_registry [None req-8feb024b-d087-4b62-b403-4107a22442c0 None None] Creating instance of TrackedResource for resource:port
Aug 13 04:20:55.514626 np0000007151 devstack@neutron-api.service[90867]: INFO neutron.quota.resource_registry [None req-8feb024b-d087-4b62-b403-4107a22442c0 None None] Creating instance of CountableResource for resource:router_route
Aug 13 04:20:55.514940 np0000007151 devstack@neutron-api.service[90867]: DEBUG neutron.api.v2.resource_helper [None req-8feb024b-d087-4b62-b403-4107a22442c0 None None] Service L3_ROUTER_NAT assigned prefix: {{(pid=90867) build_resource_info /opt/stack/neutron/neutron/api/v2/resource_helper.py:77}}
Aug 13 04:20:55.515420 np0000007151 devstack@neutron-api.service[90867]: DEBUG neutron.api.v2.resource_helper [None req-8feb024b-d087-4b62-b403-4107a22442c0 None None] Service FLAVORS assigned prefix: {{(pid=90867) build_resource_info /opt/stack/neutron/neutron/api/v2/resource_helper.py:77}}
Aug 13 04:20:55.516753 np0000007151 devstack@neutron-api.service[90867]: DEBUG neutron.api.v2.resource_helper [None req-8feb024b-d087-4b62-b403-4107a22442c0 None None] Service L3_ROUTER_NAT assigned prefix: {{(pid=90867) build_resource_info /opt/stack/neutron/neutron/api/v2/resource_helper.py:77}}
Aug 13 04:20:55.517261 np0000007151 devstack@neutron-api.service[90867]: DEBUG neutron.api.v2.resource_helper [None req-8feb024b-d087-4b62-b403-4107a22442c0 None None] Service L3_ROUTER_NAT assigned prefix: {{(pid=90867) build_resource_info /opt/stack/neutron/neutron/api/v2/resource_helper.py:77}}
Aug 13 04:20:55.517410 np0000007151 devstack@neutron-api.service[90867]: INFO neutron.quota.resource_registry [None req-8feb024b-d087-4b62-b403-4107a22442c0 None None] Creating instance of TrackedResource for resource:router
Aug 13 04:20:55.518152 np0000007151 devstack@neutron-api.service[90867]: INFO neutron.quota.resource_registry [None req-8feb024b-d087-4b62-b403-4107a22442c0 None None] Creating instance of TrackedResource for resource:floatingip
Aug 13 04:20:55.519594 np0000007151 devstack@neutron-api.service[90867]: INFO neutron.quota.resource_registry [None req-8feb024b-d087-4b62-b403-4107a22442c0 None None] Creating instance of CountableResource for resource:rbac_policy
Aug 13 04:20:55.520593 np0000007151 devstack@neutron-api.service[90867]: INFO neutron.quota.resource_registry [None req-8feb024b-d087-4b62-b403-4107a22442c0 None None] Creating instance of TrackedResource for resource:security_group
Aug 13 04:20:55.521129 np0000007151 devstack@neutron-api.service[90867]: INFO neutron.quota.resource_registry [None req-8feb024b-d087-4b62-b403-4107a22442c0 None None] Creating instance of TrackedResource for resource:security_group_rule
Aug 13 04:20:55.521953 np0000007151 devstack@neutron-api.service[90867]: DEBUG neutron.api.v2.resource_helper [None req-8feb024b-d087-4b62-b403-4107a22442c0 None None] Service CORE assigned prefix: {{(pid=90867) build_resource_info /opt/stack/neutron/neutron/api/v2/resource_helper.py:77}}
Aug 13 04:20:55.522094 np0000007151 devstack@neutron-api.service[90867]: INFO neutron.quota.resource_registry [None req-8feb024b-d087-4b62-b403-4107a22442c0 None None] Creating instance of TrackedResource for resource:subnetpool
Aug 13 04:20:55.522226 np0000007151 devstack@neutron-api.service[90867]: WARNING neutron.quota.resource_registry [None req-8feb024b-d087-4b62-b403-4107a22442c0 None None] subnetpool is already registered
Aug 13 04:20:55.522940 np0000007151 devstack@neutron-api.service[90867]: DEBUG neutron.api.v2.resource_helper [None req-8feb024b-d087-4b62-b403-4107a22442c0 None None] Service CORE assigned prefix: {{(pid=90867) build_resource_info /opt/stack/neutron/neutron/api/v2/resource_helper.py:77}}
Aug 13 04:20:55.523064 np0000007151 devstack@neutron-api.service[90867]: INFO neutron.quota.resource_registry [None req-8feb024b-d087-4b62-b403-4107a22442c0 None None] Creating instance of TrackedResource for resource:subnetpool
Aug 13 04:20:55.523250 np0000007151 devstack@neutron-api.service[90867]: WARNING neutron.quota.resource_registry [None req-8feb024b-d087-4b62-b403-4107a22442c0 None None] subnetpool is already registered
Aug 13 04:20:55.526384 np0000007151 devstack@neutron-api.service[90867]: INFO neutron.quota.resource_registry [None req-8feb024b-d087-4b62-b403-4107a22442c0 None None] Creating instance of CountableResource for resource:router_route
Aug 13 04:20:55.526547 np0000007151 devstack@neutron-api.service[90867]: WARNING neutron.quota.resource_registry [None req-8feb024b-d087-4b62-b403-4107a22442c0 None None] router_route is already registered
Aug 13 04:20:55.526755 np0000007151 devstack@neutron-api.service[90867]: DEBUG neutron.api.v2.resource_helper [None req-8feb024b-d087-4b62-b403-4107a22442c0 None None] Service L3_ROUTER_NAT assigned prefix: {{(pid=90867) build_resource_info /opt/stack/neutron/neutron/api/v2/resource_helper.py:77}}
Aug 13 04:20:55.527237 np0000007151 devstack@neutron-api.service[90867]: DEBUG neutron.api.v2.resource_helper [None req-8feb024b-d087-4b62-b403-4107a22442c0 None None] Service FLAVORS assigned prefix: {{(pid=90867) build_resource_info /opt/stack/neutron/neutron/api/v2/resource_helper.py:77}}
Aug 13 04:20:55.528568 np0000007151 devstack@neutron-api.service[90867]: DEBUG neutron.api.v2.resource_helper [None req-8feb024b-d087-4b62-b403-4107a22442c0 None None] Service L3_ROUTER_NAT assigned prefix: {{(pid=90867) build_resource_info /opt/stack/neutron/neutron/api/v2/resource_helper.py:77}}
Aug 13 04:20:55.529128 np0000007151 devstack@neutron-api.service[90867]: DEBUG neutron.api.v2.resource_helper [None req-8feb024b-d087-4b62-b403-4107a22442c0 None None] Service L3_ROUTER_NAT assigned prefix: {{(pid=90867) build_resource_info /opt/stack/neutron/neutron/api/v2/resource_helper.py:77}}
Aug 13 04:20:55.529289 np0000007151 devstack@neutron-api.service[90867]: INFO neutron.quota.resource_registry [None req-8feb024b-d087-4b62-b403-4107a22442c0 None None] Creating instance of TrackedResource for resource:router
Aug 13 04:20:55.529660 np0000007151 devstack@neutron-api.service[90867]: WARNING neutron.quota.resource_registry [None req-8feb024b-d087-4b62-b403-4107a22442c0 None None] router is already registered
Aug 13 04:20:55.530194 np0000007151 devstack@neutron-api.service[90867]: INFO neutron.quota.resource_registry [None req-8feb024b-d087-4b62-b403-4107a22442c0 None None] Creating instance of TrackedResource for resource:floatingip
Aug 13 04:20:55.530361 np0000007151 devstack@neutron-api.service[90867]: WARNING neutron.quota.resource_registry [None req-8feb024b-d087-4b62-b403-4107a22442c0 None None] floatingip is already registered
Aug 13 04:20:55.531970 np0000007151 devstack@neutron-api.service[90867]: INFO neutron.quota.resource_registry [None req-8feb024b-d087-4b62-b403-4107a22442c0 None None] Creating instance of CountableResource for resource:rbac_policy
Aug 13 04:20:55.532143 np0000007151 devstack@neutron-api.service[90867]: WARNING neutron.quota.resource_registry [None req-8feb024b-d087-4b62-b403-4107a22442c0 None None] rbac_policy is already registered
Aug 13 04:20:55.533373 np0000007151 devstack@neutron-api.service[90867]: INFO neutron.quota.resource_registry [None req-8feb024b-d087-4b62-b403-4107a22442c0 None None] Creating instance of TrackedResource for resource:security_group
Aug 13 04:20:55.533658 np0000007151 devstack@neutron-api.service[90867]: WARNING neutron.quota.resource_registry [None req-8feb024b-d087-4b62-b403-4107a22442c0 None None] security_group is already registered
Aug 13 04:20:55.534172 np0000007151 devstack@neutron-api.service[90867]: INFO neutron.quota.resource_registry [None req-8feb024b-d087-4b62-b403-4107a22442c0 None None] Creating instance of TrackedResource for resource:security_group_rule
Aug 13 04:20:55.534434 np0000007151 devstack@neutron-api.service[90867]: WARNING neutron.quota.resource_registry [None req-8feb024b-d087-4b62-b403-4107a22442c0 None None] security_group_rule is already registered
Aug 13 04:20:55.535192 np0000007151 devstack@neutron-api.service[90867]: DEBUG neutron.api.v2.resource_helper [None req-8feb024b-d087-4b62-b403-4107a22442c0 None None] Service CORE assigned prefix: {{(pid=90867) build_resource_info /opt/stack/neutron/neutron/api/v2/resource_helper.py:77}}
Aug 13 04:20:55.535388 np0000007151 devstack@neutron-api.service[90867]: INFO neutron.quota.resource_registry [None req-8feb024b-d087-4b62-b403-4107a22442c0 None None] Creating instance of TrackedResource for resource:subnetpool
Aug 13 04:20:55.535671 np0000007151 devstack@neutron-api.service[90867]: WARNING neutron.quota.resource_registry [None req-8feb024b-d087-4b62-b403-4107a22442c0 None None] subnetpool is already registered
Aug 13 04:20:55.536058 np0000007151 devstack@neutron-api.service[90867]: DEBUG neutron.api.v2.resource_helper [None req-8feb024b-d087-4b62-b403-4107a22442c0 None None] Service CORE assigned prefix: {{(pid=90867) build_resource_info /opt/stack/neutron/neutron/api/v2/resource_helper.py:77}}
Aug 13 04:20:55.536248 np0000007151 devstack@neutron-api.service[90867]: INFO neutron.quota.resource_registry [None req-8feb024b-d087-4b62-b403-4107a22442c0 None None] Creating instance of TrackedResource for resource:subnetpool
Aug 13 04:20:55.536612 np0000007151 devstack@neutron-api.service[90867]: WARNING neutron.quota.resource_registry [None req-8feb024b-d087-4b62-b403-4107a22442c0 None None] subnetpool is already registered
Aug 13 04:20:55.536971 np0000007151 devstack@neutron-api.service[90867]: DEBUG neutron.api.extensions [None req-8feb024b-d087-4b62-b403-4107a22442c0 None None] Extended resource: extensions {{(pid=90867) __init__ /opt/stack/neutron/neutron/api/extensions.py:156}}
Aug 13 04:20:55.537889 np0000007151 devstack@neutron-api.service[90867]: DEBUG neutron.api.extensions [None req-8feb024b-d087-4b62-b403-4107a22442c0 None None] Extended resource: address-groups {{(pid=90867) __init__ /opt/stack/neutron/neutron/api/extensions.py:156}}
Aug 13 04:20:55.539064 np0000007151 devstack@neutron-api.service[90867]: DEBUG neutron.api.extensions [None req-8feb024b-d087-4b62-b403-4107a22442c0 None None] Extended resource: address-scopes {{(pid=90867) __init__ /opt/stack/neutron/neutron/api/extensions.py:156}}
Aug 13 04:20:55.539930 np0000007151 devstack@neutron-api.service[90867]: DEBUG neutron.api.extensions [None req-8feb024b-d087-4b62-b403-4107a22442c0 None None] Extended resource: agents {{(pid=90867) __init__ /opt/stack/neutron/neutron/api/extensions.py:156}}
Aug 13 04:20:55.540720 np0000007151 devstack@neutron-api.service[90867]: DEBUG neutron.api.extensions [None req-8feb024b-d087-4b62-b403-4107a22442c0 None None] Extended resource: auto-allocated-topology {{(pid=90867) __init__ /opt/stack/neutron/neutron/api/extensions.py:156}}
Aug 13 04:20:55.543404 np0000007151 devstack@neutron-api.service[90867]: DEBUG neutron.api.extensions [None req-8feb024b-d087-4b62-b403-4107a22442c0 None None] Extended resource: availability_zones {{(pid=90867) __init__ /opt/stack/neutron/neutron/api/extensions.py:156}}
Aug 13 04:20:55.544192 np0000007151 devstack@neutron-api.service[90867]: DEBUG neutron.api.extensions [None req-8feb024b-d087-4b62-b403-4107a22442c0 None None] Extended resource: dhcp-networks {{(pid=90867) __init__ /opt/stack/neutron/neutron/api/extensions.py:156}}
Aug 13 04:20:55.545011 np0000007151 devstack@neutron-api.service[90867]: DEBUG neutron.api.extensions [None req-8feb024b-d087-4b62-b403-4107a22442c0 None None] Extended resource: dhcp-agents {{(pid=90867) __init__ /opt/stack/neutron/neutron/api/extensions.py:156}}
Aug 13 04:20:55.545864 np0000007151 devstack@neutron-api.service[90867]: DEBUG neutron.api.extensions [None req-8feb024b-d087-4b62-b403-4107a22442c0 None None] Extended resource: routers {{(pid=90867) __init__ /opt/stack/neutron/neutron/api/extensions.py:156}}
Aug 13 04:20:55.547075 np0000007151 devstack@neutron-api.service[90867]: DEBUG neutron.api.extensions [None req-8feb024b-d087-4b62-b403-4107a22442c0 None None] Extended resource: flavors {{(pid=90867) __init__ /opt/stack/neutron/neutron/api/extensions.py:156}}
Aug 13 04:20:55.547753 np0000007151 devstack@neutron-api.service[90867]: DEBUG neutron.api.extensions [None req-8feb024b-d087-4b62-b403-4107a22442c0 None None] Extended resource: service_profiles {{(pid=90867) __init__ /opt/stack/neutron/neutron/api/extensions.py:156}}
Aug 13 04:20:55.548334 np0000007151 devstack@neutron-api.service[90867]: DEBUG neutron.api.extensions [None req-8feb024b-d087-4b62-b403-4107a22442c0 None None] Extended resource: next_providers {{(pid=90867) __init__ /opt/stack/neutron/neutron/api/extensions.py:156}}
Aug 13 04:20:55.549099 np0000007151 devstack@neutron-api.service[90867]: DEBUG neutron.api.extensions [None req-8feb024b-d087-4b62-b403-4107a22442c0 None None] Extended resource: service_profiles {{(pid=90867) __init__ /opt/stack/neutron/neutron/api/extensions.py:156}}
Aug 13 04:20:55.549872 np0000007151 devstack@neutron-api.service[90867]: DEBUG neutron.api.extensions [None req-8feb024b-d087-4b62-b403-4107a22442c0 None None] Extended resource: floatingip-pools {{(pid=90867) __init__ /opt/stack/neutron/neutron/api/extensions.py:156}}
Aug 13 04:20:55.550358 np0000007151 devstack@neutron-api.service[90867]: DEBUG neutron.api.extensions [None req-8feb024b-d087-4b62-b403-4107a22442c0 None None] Extended resource: routers {{(pid=90867) __init__ /opt/stack/neutron/neutron/api/extensions.py:156}}
Aug 13 04:20:55.551618 np0000007151 devstack@neutron-api.service[90869]: DEBUG oslo_concurrency.processutils [None req-b39b3713-3e9a-4155-b5ed-e797ce7716a6 None None] CMD "ovsdb-client transact ssl:10.4.3.226:6641 --timeout 180 -p /opt/stack/data/CA/int-ca/private/devstack-cert.key -c /opt/stack/data/CA/int-ca/devstack-cert.crt -C /opt/stack/data/CA/int-ca/ca-chain.pem ["OVN_Northbound", {"op": "wait", "timeout": 0, "table": "Port_Group", "where": [["name", "==", "neutron_pg_drop"]], "until": "==", "rows": []}, {"op": "insert", "table": "ACL", "row": {"action": "drop", "direction": "to-lport", "match": "outport == @neutron_pg_drop && ip", "priority": 1000}, "uuid-name": "droptoport"}, {"op": "insert", "table": "ACL", "row": {"action": "drop", "direction": "from-lport", "match": "inport == @neutron_pg_drop && ip", "priority": 1000}, "uuid-name": "dropfromport"}, {"op": "insert", "table": "Port_Group", "row": {"name": "neutron_pg_drop", "acls": ["set", [["named-uuid", "droptoport"], ["named-uuid", "dropfromport"]]]}}]" returned: 0 in 0.094s {{(pid=90869) execute /opt/stack/data/venv/lib/python3.12/site-packages/oslo_concurrency/processutils.py:468}}
Aug 13 04:20:55.551763 np0000007151 devstack@neutron-api.service[90867]: DEBUG neutron.api.extensions [None req-8feb024b-d087-4b62-b403-4107a22442c0 None None] Extended resource: floatingips {{(pid=90867) __init__ /opt/stack/neutron/neutron/api/extensions.py:156}}
Aug 13 04:20:55.552146 np0000007151 devstack@neutron-api.service[90869]: DEBUG neutron_lib.callbacks.manager [None req-b39b3713-3e9a-4155-b5ed-e797ce7716a6 None None] Publish callbacks ['neutron.plugins.ml2.drivers.ovn.mech_driver.mech_driver.OVNMechanismDriver.post_fork_initialize-224700', 'neutron.services.pvlan.drivers.ovn.driver._initialize_pvlan_pg_drop-8526744813682', 'neutron.services.ovn_l3.plugin.OVNL3RouterPlugin._post_fork_initialize-1046379'] for process (None), after_init {{(pid=90869) _notify_loop /opt/stack/data/venv/lib/python3.12/site-packages/neutron_lib/callbacks/manager.py:184}}
Aug 13 04:20:55.552253 np0000007151 devstack@neutron-api.service[90867]: DEBUG neutron.api.extensions [None req-8feb024b-d087-4b62-b403-4107a22442c0 None None] Extended resource: l3-routers {{(pid=90867) __init__ /opt/stack/neutron/neutron/api/extensions.py:156}}
Aug 13 04:20:55.552532 np0000007151 devstack@neutron-api.service[90869]: DEBUG oslo_concurrency.lockutils [None req-b39b3713-3e9a-4155-b5ed-e797ce7716a6 None None] Acquiring lock "singleton_lock" {{(pid=90869) lock /opt/stack/data/venv/lib/python3.12/site-packages/oslo_concurrency/lockutils.py:396}}
Aug 13 04:20:55.552617 np0000007151 devstack@neutron-api.service[90869]: DEBUG oslo_concurrency.lockutils [None req-b39b3713-3e9a-4155-b5ed-e797ce7716a6 None None] Acquired lock "singleton_lock" {{(pid=90869) lock /opt/stack/data/venv/lib/python3.12/site-packages/oslo_concurrency/lockutils.py:399}}
Aug 13 04:20:55.552785 np0000007151 devstack@neutron-api.service[90867]: DEBUG neutron.api.extensions [None req-8feb024b-d087-4b62-b403-4107a22442c0 None None] Extended resource: l3-agents {{(pid=90867) __init__ /opt/stack/neutron/neutron/api/extensions.py:156}}
Aug 13 04:20:55.552879 np0000007151 devstack@neutron-api.service[90869]: DEBUG oslo_concurrency.lockutils [None req-b39b3713-3e9a-4155-b5ed-e797ce7716a6 None None] Releasing lock "singleton_lock" {{(pid=90869) lock /opt/stack/data/venv/lib/python3.12/site-packages/oslo_concurrency/lockutils.py:419}}
Aug 13 04:20:55.553302 np0000007151 devstack@neutron-api.service[90867]: DEBUG neutron.api.extensions [None req-8feb024b-d087-4b62-b403-4107a22442c0 None None] Extended resource: network-ip-availabilities {{(pid=90867) __init__ /opt/stack/neutron/neutron/api/extensions.py:156}}
Aug 13 04:20:55.554007 np0000007151 devstack@neutron-api.service[90867]: DEBUG neutron.api.extensions [None req-8feb024b-d087-4b62-b403-4107a22442c0 None None] Extended resource: network-ip-availabilities {{(pid=90867) __init__ /opt/stack/neutron/neutron/api/extensions.py:156}}
Aug 13 04:20:55.554419 np0000007151 devstack@neutron-api.service[90867]: DEBUG neutron.api.extensions [None req-8feb024b-d087-4b62-b403-4107a22442c0 None None] Extended resource: bindings {{(pid=90867) __init__ /opt/stack/neutron/neutron/api/extensions.py:156}}
Aug 13 04:20:55.555061 np0000007151 devstack@neutron-api.service[90867]: DEBUG neutron.api.extensions [None req-8feb024b-d087-4b62-b403-4107a22442c0 None None] Extended resource: quotas {{(pid=90867) __init__ /opt/stack/neutron/neutron/api/extensions.py:156}}
Aug 13 04:20:55.555593 np0000007151 devstack@neutron-api.service[90869]: DEBUG neutron.plugins.ml2.drivers.ovn.mech_driver.mech_driver [None req-b39b3713-3e9a-4155-b5ed-e797ce7716a6 None None] Hash Ring setup using WSGI start time 2026-08-13 04:20:54+00:00 {{(pid=90869) _init_hash_ring /opt/stack/neutron/neutron/plugins/ml2/drivers/ovn/mech_driver/mech_driver.py:382}}
Aug 13 04:20:55.555951 np0000007151 devstack@neutron-api.service[90867]: DEBUG neutron.api.extensions [None req-8feb024b-d087-4b62-b403-4107a22442c0 None None] Extended resource: quotas {{(pid=90867) __init__ /opt/stack/neutron/neutron/api/extensions.py:156}}
Aug 13 04:20:55.556381 np0000007151 devstack@neutron-api.service[90866]: DEBUG oslo_concurrency.processutils [None req-c248b827-83df-474b-860b-b8f02a944a2b None None] CMD "ovsdb-client transact ssl:10.4.3.226:6641 --timeout 180 -p /opt/stack/data/CA/int-ca/private/devstack-cert.key -c /opt/stack/data/CA/int-ca/devstack-cert.crt -C /opt/stack/data/CA/int-ca/ca-chain.pem ["OVN_Northbound", {"op": "wait", "timeout": 0, "table": "Port_Group", "where": [["name", "==", "neutron_pg_drop"]], "until": "==", "rows": []}, {"op": "insert", "table": "ACL", "row": {"action": "drop", "direction": "to-lport", "match": "outport == @neutron_pg_drop && ip", "priority": 1000}, "uuid-name": "droptoport"}, {"op": "insert", "table": "ACL", "row": {"action": "drop", "direction": "from-lport", "match": "inport == @neutron_pg_drop && ip", "priority": 1000}, "uuid-name": "dropfromport"}, {"op": "insert", "table": "Port_Group", "row": {"name": "neutron_pg_drop", "acls": ["set", [["named-uuid", "droptoport"], ["named-uuid", "dropfromport"]]]}}]" returned: 0 in 0.070s {{(pid=90866) execute /opt/stack/data/venv/lib/python3.12/site-packages/oslo_concurrency/processutils.py:468}}
Aug 13 04:20:55.556854 np0000007151 devstack@neutron-api.service[90867]: DEBUG neutron.api.extensions [None req-8feb024b-d087-4b62-b403-4107a22442c0 None None] Extended resource: rbac-policies {{(pid=90867) __init__ /opt/stack/neutron/neutron/api/extensions.py:156}}
Aug 13 04:20:55.557381 np0000007151 devstack@neutron-api.service[90866]: DEBUG neutron_lib.callbacks.manager [None req-c248b827-83df-474b-860b-b8f02a944a2b None None] Publish callbacks ['neutron.plugins.ml2.drivers.ovn.mech_driver.mech_driver.OVNMechanismDriver.post_fork_initialize-224700', 'neutron.services.pvlan.drivers.ovn.driver._initialize_pvlan_pg_drop-8526744813682', 'neutron.services.ovn_l3.plugin.OVNL3RouterPlugin._post_fork_initialize-1045609'] for process (None), after_init {{(pid=90866) _notify_loop /opt/stack/data/venv/lib/python3.12/site-packages/neutron_lib/callbacks/manager.py:184}}
Aug 13 04:20:55.557515 np0000007151 devstack@neutron-api.service[90867]: DEBUG neutron.api.extensions [None req-8feb024b-d087-4b62-b403-4107a22442c0 None None] Extended resource: default-security-group-rules {{(pid=90867) __init__ /opt/stack/neutron/neutron/api/extensions.py:156}}
Aug 13 04:20:55.557880 np0000007151 devstack@neutron-api.service[90866]: DEBUG oslo_concurrency.lockutils [None req-c248b827-83df-474b-860b-b8f02a944a2b None None] Acquiring lock "singleton_lock" {{(pid=90866) lock /opt/stack/data/venv/lib/python3.12/site-packages/oslo_concurrency/lockutils.py:396}}
Aug 13 04:20:55.558011 np0000007151 devstack@neutron-api.service[90866]: DEBUG oslo_concurrency.lockutils [None req-c248b827-83df-474b-860b-b8f02a944a2b None None] Acquired lock "singleton_lock" {{(pid=90866) lock /opt/stack/data/venv/lib/python3.12/site-packages/oslo_concurrency/lockutils.py:399}}
Aug 13 04:20:55.558224 np0000007151 devstack@neutron-api.service[90867]: DEBUG neutron.api.extensions [None req-8feb024b-d087-4b62-b403-4107a22442c0 None None] Extended resource: security-groups-default-statefulness {{(pid=90867) __init__ /opt/stack/neutron/neutron/api/extensions.py:156}}
Aug 13 04:20:55.558323 np0000007151 devstack@neutron-api.service[90866]: DEBUG oslo_concurrency.lockutils [None req-c248b827-83df-474b-860b-b8f02a944a2b None None] Releasing lock "singleton_lock" {{(pid=90866) lock /opt/stack/data/venv/lib/python3.12/site-packages/oslo_concurrency/lockutils.py:419}}
Aug 13 04:20:55.559065 np0000007151 devstack@neutron-api.service[90867]: DEBUG neutron.api.extensions [None req-8feb024b-d087-4b62-b403-4107a22442c0 None None] Extended resource: security-groups {{(pid=90867) __init__ /opt/stack/neutron/neutron/api/extensions.py:156}}
Aug 13 04:20:55.559842 np0000007151 devstack@neutron-api.service[90867]: DEBUG neutron.api.extensions [None req-8feb024b-d087-4b62-b403-4107a22442c0 None None] Extended resource: security-group-rules {{(pid=90867) __init__ /opt/stack/neutron/neutron/api/extensions.py:156}}
Aug 13 04:20:55.560529 np0000007151 devstack@neutron-api.service[90867]: DEBUG neutron.api.extensions [None req-8feb024b-d087-4b62-b403-4107a22442c0 None None] Extended resource: service-providers {{(pid=90867) __init__ /opt/stack/neutron/neutron/api/extensions.py:156}}
Aug 13 04:20:55.561243 np0000007151 devstack@neutron-api.service[90867]: DEBUG neutron.api.extensions [None req-8feb024b-d087-4b62-b403-4107a22442c0 None None] Extended resource: subnetpools {{(pid=90867) __init__ /opt/stack/neutron/neutron/api/extensions.py:156}}
Aug 13 04:20:55.561613 np0000007151 devstack@neutron-api.service[90869]: INFO neutron.db.ovn_hash_ring_db [None req-b39b3713-3e9a-4155-b5ed-e797ce7716a6 None None] Nodes from host "np0000007151" and group "mechanism_driver" removed from the Hash Ring created at 2026-08-13 04:20:54+00:00
Aug 13 04:20:55.562016 np0000007151 devstack@neutron-api.service[90867]: DEBUG neutron.api.extensions [None req-8feb024b-d087-4b62-b403-4107a22442c0 None None] Extended resource: subnetpools {{(pid=90867) __init__ /opt/stack/neutron/neutron/api/extensions.py:156}}
Aug 13 04:20:55.562843 np0000007151 devstack@neutron-api.service[90867]: DEBUG neutron.api.extensions [None req-8feb024b-d087-4b62-b403-4107a22442c0 None None] Extended resource: tags {{(pid=90867) __init__ /opt/stack/neutron/neutron/api/extensions.py:156}}
Aug 13 04:20:55.563807 np0000007151 devstack@neutron-api.service[90867]: DEBUG neutron.api.extensions [None req-8feb024b-d087-4b62-b403-4107a22442c0 None None] Extended resource: tags {{(pid=90867) __init__ /opt/stack/neutron/neutron/api/extensions.py:156}}
Aug 13 04:20:55.564859 np0000007151 devstack@neutron-api.service[90867]: DEBUG neutron.api.extensions [None req-8feb024b-d087-4b62-b403-4107a22442c0 None None] Extended resource: tags {{(pid=90867) __init__ /opt/stack/neutron/neutron/api/extensions.py:156}}
Aug 13 04:20:55.565081 np0000007151 devstack@neutron-api.service[90869]: INFO neutron.db.ovn_hash_ring_db [None req-b39b3713-3e9a-4155-b5ed-e797ce7716a6 None None] Node 16dba53e49f45b6b90769b03ce52a915 from host "np0000007151" and group "mechanism_driver" added to the Hash Ring
Aug 13 04:20:55.565174 np0000007151 devstack@neutron-api.service[90866]: DEBUG neutron.plugins.ml2.drivers.ovn.mech_driver.mech_driver [None req-c248b827-83df-474b-860b-b8f02a944a2b None None] Hash Ring setup using WSGI start time 2026-08-13 04:20:54+00:00 {{(pid=90866) _init_hash_ring /opt/stack/neutron/neutron/plugins/ml2/drivers/ovn/mech_driver/mech_driver.py:382}}
Aug 13 04:20:55.565883 np0000007151 devstack@neutron-api.service[90867]: DEBUG neutron.api.extensions [None req-8feb024b-d087-4b62-b403-4107a22442c0 None None] Extended resource: tags {{(pid=90867) __init__ /opt/stack/neutron/neutron/api/extensions.py:156}}
Aug 13 04:20:55.566857 np0000007151 devstack@neutron-api.service[90867]: DEBUG neutron.api.extensions [None req-8feb024b-d087-4b62-b403-4107a22442c0 None None] Extended resource: tags {{(pid=90867) __init__ /opt/stack/neutron/neutron/api/extensions.py:156}}
Aug 13 04:20:55.567963 np0000007151 devstack@neutron-api.service[90867]: DEBUG neutron.api.extensions [None req-8feb024b-d087-4b62-b403-4107a22442c0 None None] Extended resource: tags {{(pid=90867) __init__ /opt/stack/neutron/neutron/api/extensions.py:156}}
Aug 13 04:20:55.568512 np0000007151 devstack@neutron-api.service[90869]: DEBUG neutron.plugins.ml2.drivers.ovn.mech_driver.mech_driver [None req-b39b3713-3e9a-4155-b5ed-e797ce7716a6 None None] Hash Ring setup, this worker has detected 2 OVN hash ring registers in the database {{(pid=90869) _init_hash_ring /opt/stack/neutron/neutron/plugins/ml2/drivers/ovn/mech_driver/mech_driver.py:392}}
Aug 13 04:20:55.568907 np0000007151 devstack@neutron-api.service[90867]: DEBUG neutron.api.extensions [None req-8feb024b-d087-4b62-b403-4107a22442c0 None None] Extended resource: tags {{(pid=90867) __init__ /opt/stack/neutron/neutron/api/extensions.py:156}}
Aug 13 04:20:55.570102 np0000007151 devstack@neutron-api.service[90867]: DEBUG neutron.api.extensions [None req-8feb024b-d087-4b62-b403-4107a22442c0 None None] Extended resource: tags {{(pid=90867) __init__ /opt/stack/neutron/neutron/api/extensions.py:156}}
Aug 13 04:20:55.571089 np0000007151 devstack@neutron-api.service[90867]: DEBUG neutron.api.extensions [None req-8feb024b-d087-4b62-b403-4107a22442c0 None None] Extended resource: tags {{(pid=90867) __init__ /opt/stack/neutron/neutron/api/extensions.py:156}}
Aug 13 04:20:55.572137 np0000007151 devstack@neutron-api.service[90867]: DEBUG neutron.api.extensions [None req-8feb024b-d087-4b62-b403-4107a22442c0 None None] Extended resource: tags {{(pid=90867) __init__ /opt/stack/neutron/neutron/api/extensions.py:156}}
Aug 13 04:20:55.575722 np0000007151 devstack@neutron-api.service[90866]: INFO neutron.db.ovn_hash_ring_db [None req-c248b827-83df-474b-860b-b8f02a944a2b None None] Nodes from host "np0000007151" and group "mechanism_driver" removed from the Hash Ring created at 2026-08-13 04:20:54+00:00
Aug 13 04:20:55.577051 np0000007151 devstack@neutron-api.service[90869]: DEBUG neutron.plugins.ml2.drivers.ovn.mech_driver.ovsdb.maintenance [None req-b39b3713-3e9a-4155-b5ed-e797ce7716a6 None None] Periodic task found: HashRingHealthCheckPeriodics.touch_hash_ring_node {{(pid=90869) add_periodics /opt/stack/neutron/neutron/plugins/ml2/drivers/ovn/mech_driver/ovsdb/maintenance.py:148}}
Aug 13 04:20:55.578387 np0000007151 devstack@neutron-api.service[90869]: INFO neutron.plugins.ml2.drivers.ovn.mech_driver.mech_driver [None req-b39b3713-3e9a-4155-b5ed-e797ce7716a6 None None] Hash Ring probing thread for node 16dba53e49f45b6b90769b03ce52a915 has started
Aug 13 04:20:55.579114 np0000007151 devstack@neutron-api.service[90869]: INFO neutron.plugins.ml2.drivers.ovn.mech_driver.ovsdb.impl_idl_ovn [None req-b39b3713-3e9a-4155-b5ed-e797ce7716a6 None None] Getting OvsdbNbOvnIdl for WorkerService with retry
Aug 13 04:20:55.584230 np0000007151 devstack@neutron-api.service[90866]: INFO neutron.db.ovn_hash_ring_db [None req-c248b827-83df-474b-860b-b8f02a944a2b None None] Node 9f02cb4994e655d1aebb0e4036079365 from host "np0000007151" and group "mechanism_driver" added to the Hash Ring
Aug 13 04:20:55.587972 np0000007151 devstack@neutron-api.service[90867]: DEBUG neutron_lib.callbacks.manager [None req-8feb024b-d087-4b62-b403-4107a22442c0 None None] Publish callbacks ['neutron.plugins.ml2.drivers.ovn.mech_driver.mech_driver.OVNMechanismDriver.pre_fork_initialize-224660'] for process (None), before_spawn {{(pid=90867) _notify_loop /opt/stack/data/venv/lib/python3.12/site-packages/neutron_lib/callbacks/manager.py:184}}
Aug 13 04:20:55.588372 np0000007151 devstack@neutron-api.service[90867]: DEBUG oslo_concurrency.processutils [None req-8feb024b-d087-4b62-b403-4107a22442c0 None None] Running cmd (subprocess): ovsdb-client transact ssl:10.4.3.226:6641 --timeout 180 -p /opt/stack/data/CA/int-ca/private/devstack-cert.key -c /opt/stack/data/CA/int-ca/devstack-cert.crt -C /opt/stack/data/CA/int-ca/ca-chain.pem ["OVN_Northbound", {"op": "wait", "timeout": 0, "table": "Port_Group", "where": [["name", "==", "neutron_pg_drop"]], "until": "==", "rows": []}, {"op": "insert", "table": "ACL", "row": {"action": "drop", "direction": "to-lport", "match": "outport == @neutron_pg_drop && ip", "priority": 1000}, "uuid-name": "droptoport"}, {"op": "insert", "table": "ACL", "row": {"action": "drop", "direction": "from-lport", "match": "inport == @neutron_pg_drop && ip", "priority": 1000}, "uuid-name": "dropfromport"}, {"op": "insert", "table": "Port_Group", "row": {"name": "neutron_pg_drop", "acls": ["set", [["named-uuid", "droptoport"], ["named-uuid", "dropfromport"]]]}}] {{(pid=90867) execute /opt/stack/data/venv/lib/python3.12/site-packages/oslo_concurrency/processutils.py:440}}
Aug 13 04:20:55.589265 np0000007151 devstack@neutron-api.service[90866]: DEBUG neutron.plugins.ml2.drivers.ovn.mech_driver.mech_driver [None req-c248b827-83df-474b-860b-b8f02a944a2b None None] Hash Ring setup, this worker has detected 3 OVN hash ring registers in the database {{(pid=90866) _init_hash_ring /opt/stack/neutron/neutron/plugins/ml2/drivers/ovn/mech_driver/mech_driver.py:392}}
Aug 13 04:20:55.598106 np0000007151 devstack@neutron-api.service[90866]: DEBUG neutron.plugins.ml2.drivers.ovn.mech_driver.ovsdb.maintenance [None req-c248b827-83df-474b-860b-b8f02a944a2b None None] Periodic task found: HashRingHealthCheckPeriodics.touch_hash_ring_node {{(pid=90866) add_periodics /opt/stack/neutron/neutron/plugins/ml2/drivers/ovn/mech_driver/ovsdb/maintenance.py:148}}
