Aug 24 08:16:50.572024 np0000007955 devstack@neutron-api.service[90928]: DEBUG neutron.api.extensions [None req-d7f5cbfe-8a54-4836-aeaf-20f01b854473 None None] Extended resource: dhcp-networks {{(pid=90928) __init__ /opt/stack/neutron/neutron/api/extensions.py:156}}
Aug 24 08:16:50.572024 np0000007955 devstack@neutron-api.service[90928]: DEBUG neutron.api.extensions [None req-d7f5cbfe-8a54-4836-aeaf-20f01b854473 None None] Extended resource: dhcp-agents {{(pid=90928) __init__ /opt/stack/neutron/neutron/api/extensions.py:156}}
Aug 24 08:16:50.572024 np0000007955 devstack@neutron-api.service[90928]: DEBUG neutron.api.extensions [None req-d7f5cbfe-8a54-4836-aeaf-20f01b854473 None None] Extended resource: routers {{(pid=90928) __init__ /opt/stack/neutron/neutron/api/extensions.py:156}}
Aug 24 08:16:50.572395 np0000007955 devstack@neutron-api.service[90927]: DEBUG neutron.manager [None req-32ae38e6-5f14-4b87-9549-62f07c06eee5 None None] Successfully loaded TAG plugin. Description: Tag support {{(pid=90927) _create_and_add_service_plugin /opt/stack/neutron/neutron/manager.py:236}}
Aug 24 08:16:50.572395 np0000007955 devstack@neutron-api.service[90927]: INFO neutron.manager [None req-32ae38e6-5f14-4b87-9549-62f07c06eee5 None None] Loading Plugin: timestamp
Aug 24 08:16:50.572569 np0000007955 devstack@neutron-api.service[90928]: DEBUG neutron.api.extensions [None req-d7f5cbfe-8a54-4836-aeaf-20f01b854473 None None] Extended resource: flavors {{(pid=90928) __init__ /opt/stack/neutron/neutron/api/extensions.py:156}}
Aug 24 08:16:50.572569 np0000007955 devstack@neutron-api.service[90928]: DEBUG neutron.api.extensions [None req-d7f5cbfe-8a54-4836-aeaf-20f01b854473 None None] Extended resource: service_profiles {{(pid=90928) __init__ /opt/stack/neutron/neutron/api/extensions.py:156}}
Aug 24 08:16:50.572569 np0000007955 devstack@neutron-api.service[90928]: DEBUG neutron.api.extensions [None req-d7f5cbfe-8a54-4836-aeaf-20f01b854473 None None] Extended resource: next_providers {{(pid=90928) __init__ /opt/stack/neutron/neutron/api/extensions.py:156}}
Aug 24 08:16:50.573179 np0000007955 devstack@neutron-api.service[90927]: DEBUG neutron.manager [None req-32ae38e6-5f14-4b87-9549-62f07c06eee5 None None] Successfully loaded timestamp plugin. Description: Adds timestamps to Neutron resources with standard attributes {{(pid=90927) _create_and_add_service_plugin /opt/stack/neutron/neutron/manager.py:236}}
Aug 24 08:16:50.573179 np0000007955 devstack@neutron-api.service[90927]: INFO neutron.manager [None req-32ae38e6-5f14-4b87-9549-62f07c06eee5 None None] Loading Plugin: network_ip_availability
Aug 24 08:16:50.573459 np0000007955 devstack@neutron-api.service[90928]: DEBUG neutron.api.extensions [None req-d7f5cbfe-8a54-4836-aeaf-20f01b854473 None None] Extended resource: service_profiles {{(pid=90928) __init__ /opt/stack/neutron/neutron/api/extensions.py:156}}
Aug 24 08:16:50.573459 np0000007955 devstack@neutron-api.service[90928]: DEBUG neutron.api.extensions [None req-d7f5cbfe-8a54-4836-aeaf-20f01b854473 None None] Extended resource: floatingip-pools {{(pid=90928) __init__ /opt/stack/neutron/neutron/api/extensions.py:156}}
Aug 24 08:16:50.573974 np0000007955 devstack@neutron-api.service[90928]: DEBUG neutron.api.extensions [None req-d7f5cbfe-8a54-4836-aeaf-20f01b854473 None None] Extended resource: routers {{(pid=90928) __init__ /opt/stack/neutron/neutron/api/extensions.py:156}}
Aug 24 08:16:50.574236 np0000007955 devstack@neutron-api.service[90927]: DEBUG neutron.manager [None req-32ae38e6-5f14-4b87-9549-62f07c06eee5 None None] Successfully loaded network-ip-availability plugin. Description: Provides IP availability data for each network and subnet. {{(pid=90927) _create_and_add_service_plugin /opt/stack/neutron/neutron/manager.py:236}}
Aug 24 08:16:50.574236 np0000007955 devstack@neutron-api.service[90927]: INFO neutron.manager [None req-32ae38e6-5f14-4b87-9549-62f07c06eee5 None None] Loading Plugin: flavors
Aug 24 08:16:50.575127 np0000007955 devstack@neutron-api.service[90927]: DEBUG neutron.manager [None req-32ae38e6-5f14-4b87-9549-62f07c06eee5 None None] Successfully loaded FLAVORS plugin. Description: Neutron Flavors and Service Profiles manager plugin {{(pid=90927) _create_and_add_service_plugin /opt/stack/neutron/neutron/manager.py:236}}
Aug 24 08:16:50.575363 np0000007955 devstack@neutron-api.service[90928]: DEBUG neutron.api.extensions [None req-d7f5cbfe-8a54-4836-aeaf-20f01b854473 None None] Extended resource: floatingips {{(pid=90928) __init__ /opt/stack/neutron/neutron/api/extensions.py:156}}
Aug 24 08:16:50.575614 np0000007955 devstack@neutron-api.service[90927]: INFO neutron.manager [None req-32ae38e6-5f14-4b87-9549-62f07c06eee5 None None] Loading Plugin: revisions
Aug 24 08:16:50.575950 np0000007955 devstack@neutron-api.service[90928]: DEBUG neutron.api.extensions [None req-d7f5cbfe-8a54-4836-aeaf-20f01b854473 None None] Extended resource: l3-routers {{(pid=90928) __init__ /opt/stack/neutron/neutron/api/extensions.py:156}}
Aug 24 08:16:50.576851 np0000007955 devstack@neutron-api.service[90927]: DEBUG neutron.manager [None req-32ae38e6-5f14-4b87-9549-62f07c06eee5 None None] Successfully loaded revision_plugin plugin. Description: Adds revision numbers to resources. {{(pid=90927) _create_and_add_service_plugin /opt/stack/neutron/neutron/manager.py:236}}
Aug 24 08:16:50.577118 np0000007955 devstack@neutron-api.service[90928]: DEBUG neutron.api.extensions [None req-d7f5cbfe-8a54-4836-aeaf-20f01b854473 None None] Extended resource: l3-agents {{(pid=90928) __init__ /opt/stack/neutron/neutron/api/extensions.py:156}}
Aug 24 08:16:50.577378 np0000007955 devstack@neutron-api.service[90927]: DEBUG oslo_concurrency.lockutils [None req-32ae38e6-5f14-4b87-9549-62f07c06eee5 None None] Lock "manager" "released" by "neutron.manager.NeutronManager._create_instance" :: held 5.152s {{(pid=90927) inner /opt/stack/data/venv/lib/python3.12/site-packages/oslo_concurrency/lockutils.py:544}}
Aug 24 08:16:50.577378 np0000007955 devstack@neutron-api.service[90927]: DEBUG neutron.api.extensions [None req-32ae38e6-5f14-4b87-9549-62f07c06eee5 None None] get_extension_paths = OrderedDict({'/opt/stack/neutron/neutron/extensions': 1}) {{(pid=90927) get_extensions_path /opt/stack/neutron/neutron/api/extensions.py:640}}
Aug 24 08:16:50.577378 np0000007955 devstack@neutron-api.service[90927]: INFO neutron.api.extensions [None req-32ae38e6-5f14-4b87-9549-62f07c06eee5 None None] Initializing extension manager.
Aug 24 08:16:50.577883 np0000007955 devstack@neutron-api.service[90928]: DEBUG neutron.api.extensions [None req-d7f5cbfe-8a54-4836-aeaf-20f01b854473 None None] Extended resource: network-ip-availabilities {{(pid=90928) __init__ /opt/stack/neutron/neutron/api/extensions.py:156}}
Aug 24 08:16:50.578184 np0000007955 devstack@neutron-api.service[90927]: DEBUG neutron.api.extensions [None req-32ae38e6-5f14-4b87-9549-62f07c06eee5 None None] Loading extension file: __init__.py {{(pid=90927) _load_all_extensions_from_path /opt/stack/neutron/neutron/api/extensions.py:449}}
Aug 24 08:16:50.578184 np0000007955 devstack@neutron-api.service[90927]: DEBUG neutron.api.extensions [None req-32ae38e6-5f14-4b87-9549-62f07c06eee5 None None] Loading extension file: __pycache__ {{(pid=90927) _load_all_extensions_from_path /opt/stack/neutron/neutron/api/extensions.py:449}}
Aug 24 08:16:50.578184 np0000007955 devstack@neutron-api.service[90927]: DEBUG neutron.api.extensions [None req-32ae38e6-5f14-4b87-9549-62f07c06eee5 None None] Loading extension file: aap_reject_multicast.py {{(pid=90927) _load_all_extensions_from_path /opt/stack/neutron/neutron/api/extensions.py:449}}
Aug 24 08:16:50.578532 np0000007955 devstack@neutron-api.service[90926]: DEBUG neutron_lib.callbacks.manager [None req-0ec61d79-56f5-441e-b2bf-ad4c1b4638d8 None None] Subscribe: > router before_delete 55550000, False {{(pid=90926) subscribe /opt/stack/data/venv/lib/python3.12/site-packages/neutron_lib/callbacks/manager.py:52}}
Aug 24 08:16:50.578797 np0000007955 devstack@neutron-api.service[90928]: DEBUG neutron.api.extensions [None req-d7f5cbfe-8a54-4836-aeaf-20f01b854473 None None] Extended resource: network-ip-availabilities {{(pid=90928) __init__ /opt/stack/neutron/neutron/api/extensions.py:156}}
Aug 24 08:16:50.579035 np0000007955 devstack@neutron-api.service[90927]: DEBUG neutron.api.extensions [None req-32ae38e6-5f14-4b87-9549-62f07c06eee5 None None] Ext name="Allowed address pairs reject multicast extension" alias="aap-reject-multicast" description="Reject multicast addresses in Allowed Address Pairs" updated="2026-04-01T00:00:00-00:00" {{(pid=90927) _check_extension /opt/stack/neutron/neutron/api/extensions.py:415}}
Aug 24 08:16:50.579607 np0000007955 devstack@neutron-api.service[90926]: DEBUG neutron_lib.callbacks.manager [None req-0ec61d79-56f5-441e-b2bf-ad4c1b4638d8 None None] Subscribe: port before_update 55550000, False {{(pid=90926) subscribe /opt/stack/data/venv/lib/python3.12/site-packages/neutron_lib/callbacks/manager.py:52}}
Aug 24 08:16:50.579607 np0000007955 devstack@neutron-api.service[90926]: DEBUG neutron_lib.callbacks.manager [None req-0ec61d79-56f5-441e-b2bf-ad4c1b4638d8 None None] Subscribe: port after_update 55550000, False {{(pid=90926) subscribe /opt/stack/data/venv/lib/python3.12/site-packages/neutron_lib/callbacks/manager.py:52}}
Aug 24 08:16:50.579607 np0000007955 devstack@neutron-api.service[90926]: DEBUG neutron_lib.callbacks.manager [None req-0ec61d79-56f5-441e-b2bf-ad4c1b4638d8 None None] Subscribe: > port precommit_delete 55550000, False {{(pid=90926) subscribe /opt/stack/data/venv/lib/python3.12/site-packages/neutron_lib/callbacks/manager.py:52}}
Aug 24 08:16:50.580098 np0000007955 devstack@neutron-api.service[90928]: DEBUG neutron.api.extensions [None req-d7f5cbfe-8a54-4836-aeaf-20f01b854473 None None] Extended resource: bindings {{(pid=90928) __init__ /opt/stack/neutron/neutron/api/extensions.py:156}}
Aug 24 08:16:50.580434 np0000007955 devstack@neutron-api.service[90927]: INFO neutron.api.extensions [None req-32ae38e6-5f14-4b87-9549-62f07c06eee5 None None] Extension aap-reject-multicast not supported by any of loaded plugins
Aug 24 08:16:50.581304 np0000007955 devstack@neutron-api.service[90926]: DEBUG neutron_lib.callbacks.manager [None req-0ec61d79-56f5-441e-b2bf-ad4c1b4638d8 None None] Subscribe: port before_update 55550000, False {{(pid=90926) subscribe /opt/stack/data/venv/lib/python3.12/site-packages/neutron_lib/callbacks/manager.py:52}}
Aug 24 08:16:50.581599 np0000007955 devstack@neutron-api.service[90927]: DEBUG neutron.api.extensions [None req-32ae38e6-5f14-4b87-9549-62f07c06eee5 None None] Loading extension file: address_group.py {{(pid=90927) _load_all_extensions_from_path /opt/stack/neutron/neutron/api/extensions.py:449}}
Aug 24 08:16:50.581915 np0000007955 devstack@neutron-api.service[90926]: DEBUG neutron_lib.callbacks.manager [None req-0ec61d79-56f5-441e-b2bf-ad4c1b4638d8 None None] Subscribe: port before_delete 55550000, False {{(pid=90926) subscribe /opt/stack/data/venv/lib/python3.12/site-packages/neutron_lib/callbacks/manager.py:52}}
Aug 24 08:16:50.581915 np0000007955 devstack@neutron-api.service[90926]: DEBUG neutron_lib.callbacks.manager [None req-0ec61d79-56f5-441e-b2bf-ad4c1b4638d8 None None] Subscribe: > router precommit_create 55550000, False {{(pid=90926) subscribe /opt/stack/data/venv/lib/python3.12/site-packages/neutron_lib/callbacks/manager.py:52}}
Aug 24 08:16:50.582290 np0000007955 devstack@neutron-api.service[90927]: DEBUG neutron.api.extensions [None req-32ae38e6-5f14-4b87-9549-62f07c06eee5 None None] Ext name="Address group" alias="address-group" description="Support address group" updated="2020-07-15T10:00:00-00:00" {{(pid=90927) _check_extension /opt/stack/neutron/neutron/api/extensions.py:415}}
Aug 24 08:16:50.582531 np0000007955 devstack@neutron-api.service[90926]: DEBUG neutron_lib.callbacks.manager [None req-0ec61d79-56f5-441e-b2bf-ad4c1b4638d8 None None] Subscribe: > router precommit_create 55550000, False {{(pid=90926) subscribe /opt/stack/data/venv/lib/python3.12/site-packages/neutron_lib/callbacks/manager.py:52}}
Aug 24 08:16:50.582531 np0000007955 devstack@neutron-api.service[90926]: DEBUG neutron_lib.callbacks.manager [None req-0ec61d79-56f5-441e-b2bf-ad4c1b4638d8 None None] Subscribe: > router precommit_update 55550000, False {{(pid=90926) subscribe /opt/stack/data/venv/lib/python3.12/site-packages/neutron_lib/callbacks/manager.py:52}}
Aug 24 08:16:50.582933 np0000007955 devstack@neutron-api.service[90927]: INFO neutron.api.extensions [None req-32ae38e6-5f14-4b87-9549-62f07c06eee5 None None] Loaded extension: address-group
Aug 24 08:16:50.583189 np0000007955 devstack@neutron-api.service[90926]: DEBUG neutron_lib.callbacks.manager [None req-0ec61d79-56f5-441e-b2bf-ad4c1b4638d8 None None] Subscribe: subnet after_update 55550000, False {{(pid=90926) subscribe /opt/stack/data/venv/lib/python3.12/site-packages/neutron_lib/callbacks/manager.py:52}}
Aug 24 08:16:50.583463 np0000007955 devstack@neutron-api.service[90928]: DEBUG neutron.api.extensions [None req-d7f5cbfe-8a54-4836-aeaf-20f01b854473 None None] Extended resource: quotas {{(pid=90928) __init__ /opt/stack/neutron/neutron/api/extensions.py:156}}
Aug 24 08:16:50.583721 np0000007955 devstack@neutron-api.service[90927]: DEBUG neutron.api.extensions [None req-32ae38e6-5f14-4b87-9549-62f07c06eee5 None None] Loading extension file: address_scope.py {{(pid=90927) _load_all_extensions_from_path /opt/stack/neutron/neutron/api/extensions.py:449}}
Aug 24 08:16:50.583975 np0000007955 devstack@neutron-api.service[90926]: DEBUG neutron.quota.resource_registry [None req-0ec61d79-56f5-441e-b2bf-ad4c1b4638d8 None None] Tracking information for resource: router configured {{(pid=90926) set_tracked_resource /opt/stack/neutron/neutron/quota/resource_registry.py:203}}
Aug 24 08:16:50.583975 np0000007955 devstack@neutron-api.service[90926]: DEBUG neutron.quota.resource_registry [None req-0ec61d79-56f5-441e-b2bf-ad4c1b4638d8 None None] Tracking information for resource: floatingip configured {{(pid=90926) set_tracked_resource /opt/stack/neutron/neutron/quota/resource_registry.py:203}}
Aug 24 08:16:50.584233 np0000007955 devstack@neutron-api.service[90927]: DEBUG neutron.api.extensions [None req-32ae38e6-5f14-4b87-9549-62f07c06eee5 None None] Ext name="Address scope" alias="address-scope" description="Address scopes extension." updated="2015-07-26T10:00:00-00:00" {{(pid=90927) _check_extension /opt/stack/neutron/neutron/api/extensions.py:415}}
Aug 24 08:16:50.584518 np0000007955 devstack@neutron-api.service[90926]: INFO neutron.services.ovn_l3.plugin [None req-0ec61d79-56f5-441e-b2bf-ad4c1b4638d8 None None] Starting OVNL3RouterPlugin
Aug 24 08:16:50.584870 np0000007955 devstack@neutron-api.service[90927]: INFO neutron.api.extensions [None req-32ae38e6-5f14-4b87-9549-62f07c06eee5 None None] Loaded extension: address-scope
Aug 24 08:16:50.585127 np0000007955 devstack@neutron-api.service[90926]: DEBUG neutron_lib.callbacks.manager [None req-0ec61d79-56f5-441e-b2bf-ad4c1b4638d8 None None] Subscribe: > port_forwarding_plugin after_init 55550000, False {{(pid=90926) subscribe /opt/stack/data/venv/lib/python3.12/site-packages/neutron_lib/callbacks/manager.py:52}}
Aug 24 08:16:50.585348 np0000007955 devstack@neutron-api.service[90927]: DEBUG neutron.api.extensions [None req-32ae38e6-5f14-4b87-9549-62f07c06eee5 None None] Loading extension file: admin_state_down_before_update.py {{(pid=90927) _load_all_extensions_from_path /opt/stack/neutron/neutron/api/extensions.py:449}}
Aug 24 08:16:50.585586 np0000007955 devstack@neutron-api.service[90928]: DEBUG neutron.api.extensions [None req-d7f5cbfe-8a54-4836-aeaf-20f01b854473 None None] Extended resource: quotas {{(pid=90928) __init__ /opt/stack/neutron/neutron/api/extensions.py:156}}
Aug 24 08:16:50.585852 np0000007955 devstack@neutron-api.service[90926]: DEBUG neutron_lib.callbacks.manager [None req-0ec61d79-56f5-441e-b2bf-ad4c1b4638d8 None None] Subscribe: > router before_create 55550100, False {{(pid=90926) subscribe /opt/stack/data/venv/lib/python3.12/site-packages/neutron_lib/callbacks/manager.py:52}}
Aug 24 08:16:50.585852 np0000007955 devstack@neutron-api.service[90926]: DEBUG neutron_lib.callbacks.manager [None req-0ec61d79-56f5-441e-b2bf-ad4c1b4638d8 None None] Subscribe: > router precommit_delete 55550100, False {{(pid=90926) subscribe /opt/stack/data/venv/lib/python3.12/site-packages/neutron_lib/callbacks/manager.py:52}}
Aug 24 08:16:50.586267 np0000007955 devstack@neutron-api.service[90927]: DEBUG neutron.api.extensions [None req-32ae38e6-5f14-4b87-9549-62f07c06eee5 None None] Ext name="Enforce Router's Admin State Down Before Update Extension" alias="router-admin-state-down-before-update" description="Ensure that the admin state of a router is DOWN (admin_state_up=False) before updating the distributed attribute" updated="2019-07-02T15:56:00" {{(pid=90927) _check_extension /opt/stack/neutron/neutron/api/extensions.py:415}}
Aug 24 08:16:50.586515 np0000007955 devstack@neutron-api.service[90926]: DEBUG neutron_lib.callbacks.manager [None req-0ec61d79-56f5-441e-b2bf-ad4c1b4638d8 None None] Subscribe: > router precommit_create 55550100, False {{(pid=90926) subscribe /opt/stack/data/venv/lib/python3.12/site-packages/neutron_lib/callbacks/manager.py:52}}
Aug 24 08:16:50.586819 np0000007955 devstack@neutron-api.service[90927]: INFO neutron.api.extensions [None req-32ae38e6-5f14-4b87-9549-62f07c06eee5 None None] Extension router-admin-state-down-before-update not supported by any of loaded plugins
Aug 24 08:16:50.587134 np0000007955 devstack@neutron-api.service[90926]: DEBUG neutron_lib.callbacks.manager [None req-0ec61d79-56f5-441e-b2bf-ad4c1b4638d8 None None] Subscribe: > router precommit_update 55550100, False {{(pid=90926) subscribe /opt/stack/data/venv/lib/python3.12/site-packages/neutron_lib/callbacks/manager.py:52}}
Aug 24 08:16:50.587394 np0000007955 devstack@neutron-api.service[90927]: DEBUG neutron.api.extensions [None req-32ae38e6-5f14-4b87-9549-62f07c06eee5 None None] Loading extension file: agent.py {{(pid=90927) _load_all_extensions_from_path /opt/stack/neutron/neutron/api/extensions.py:449}}
Aug 24 08:16:50.587394 np0000007955 devstack@neutron-api.service[90927]: DEBUG neutron.api.extensions [None req-32ae38e6-5f14-4b87-9549-62f07c06eee5 None None] Ext name="agent" alias="agent" description="The agent management extension." updated="2013-02-03T10:00:00-00:00" {{(pid=90927) _check_extension /opt/stack/neutron/neutron/api/extensions.py:415}}
Aug 24 08:16:50.587999 np0000007955 devstack@neutron-api.service[90928]: DEBUG neutron.api.extensions [None req-d7f5cbfe-8a54-4836-aeaf-20f01b854473 None None] Extended resource: rbac-policies {{(pid=90928) __init__ /opt/stack/neutron/neutron/api/extensions.py:156}}
Aug 24 08:16:50.588314 np0000007955 devstack@neutron-api.service[90927]: INFO neutron.api.extensions [None req-32ae38e6-5f14-4b87-9549-62f07c06eee5 None None] Loaded extension: agent
Aug 24 08:16:50.588314 np0000007955 devstack@neutron-api.service[90927]: DEBUG neutron.api.extensions [None req-32ae38e6-5f14-4b87-9549-62f07c06eee5 None None] Loading extension file: agent_resources_synced.py {{(pid=90927) _load_all_extensions_from_path /opt/stack/neutron/neutron/api/extensions.py:449}}
Aug 24 08:16:50.588314 np0000007955 devstack@neutron-api.service[90927]: DEBUG neutron.api.extensions [None req-32ae38e6-5f14-4b87-9549-62f07c06eee5 None None] Ext name="Agent's Resource View Synced to Placement" alias="agent-resources-synced" description="Stores success/failure of last sync to Placement" updated="2018-12-19T00:00:00-00:00" {{(pid=90927) _check_extension /opt/stack/neutron/neutron/api/extensions.py:415}}
Aug 24 08:16:50.588769 np0000007955 devstack@neutron-api.service[90928]: DEBUG neutron.api.extensions [None req-d7f5cbfe-8a54-4836-aeaf-20f01b854473 None None] Extended resource: default-security-group-rules {{(pid=90928) __init__ /opt/stack/neutron/neutron/api/extensions.py:156}}
Aug 24 08:16:50.589433 np0000007955 devstack@neutron-api.service[90927]: INFO neutron.api.extensions [None req-32ae38e6-5f14-4b87-9549-62f07c06eee5 None None] Extension agent-resources-synced not supported by any of loaded plugins
Aug 24 08:16:50.589433 np0000007955 devstack@neutron-api.service[90927]: DEBUG neutron.api.extensions [None req-32ae38e6-5f14-4b87-9549-62f07c06eee5 None None] Loading extension file: agent_sort_key.py {{(pid=90927) _load_all_extensions_from_path /opt/stack/neutron/neutron/api/extensions.py:449}}
Aug 24 08:16:50.589433 np0000007955 devstack@neutron-api.service[90927]: DEBUG neutron.api.extensions [None req-32ae38e6-5f14-4b87-9549-62f07c06eee5 None None] Ext name="Agents Sort Key" alias="agent_sort_key" description="Enabling the keyword sort_key for sorting in agents." updated="2013-02-03T10:00:00-00:00" {{(pid=90927) _check_extension /opt/stack/neutron/neutron/api/extensions.py:415}}
Aug 24 08:16:50.590025 np0000007955 devstack@neutron-api.service[90928]: DEBUG neutron.api.extensions [None req-d7f5cbfe-8a54-4836-aeaf-20f01b854473 None None] Extended resource: security-groups-default-statefulness {{(pid=90928) __init__ /opt/stack/neutron/neutron/api/extensions.py:156}}
Aug 24 08:16:50.590321 np0000007955 devstack@neutron-api.service[90927]: INFO neutron.api.extensions [None req-32ae38e6-5f14-4b87-9549-62f07c06eee5 None None] Extension agent_sort_key not supported by any of loaded plugins
Aug 24 08:16:50.590321 np0000007955 devstack@neutron-api.service[90927]: DEBUG neutron.api.extensions [None req-32ae38e6-5f14-4b87-9549-62f07c06eee5 None None] Loading extension file: allowedaddresspairs.py {{(pid=90927) _load_all_extensions_from_path /opt/stack/neutron/neutron/api/extensions.py:449}}
Aug 24 08:16:50.590674 np0000007955 devstack@neutron-api.service[90928]: DEBUG neutron.api.extensions [None req-d7f5cbfe-8a54-4836-aeaf-20f01b854473 None None] Extended resource: security-groups {{(pid=90928) __init__ /opt/stack/neutron/neutron/api/extensions.py:156}}
Aug 24 08:16:50.591002 np0000007955 devstack@neutron-api.service[90927]: DEBUG neutron.api.extensions [None req-32ae38e6-5f14-4b87-9549-62f07c06eee5 None None] Ext name="Allowed Address Pairs" alias="allowed-address-pairs" description="Provides allowed address pairs" updated="2013-07-23T10:00:00-00:00" {{(pid=90927) _check_extension /opt/stack/neutron/neutron/api/extensions.py:415}}
Aug 24 08:16:50.591002 np0000007955 devstack@neutron-api.service[90927]: INFO neutron.api.extensions [None req-32ae38e6-5f14-4b87-9549-62f07c06eee5 None None] Loaded extension: allowed-address-pairs
Aug 24 08:16:50.591002 np0000007955 devstack@neutron-api.service[90927]: DEBUG neutron.api.extensions [None req-32ae38e6-5f14-4b87-9549-62f07c06eee5 None None] Loading extension file: auto_allocated_topology.py {{(pid=90927) _load_all_extensions_from_path /opt/stack/neutron/neutron/api/extensions.py:449}}
Aug 24 08:16:50.591002 np0000007955 devstack@neutron-api.service[90927]: DEBUG neutron.api.extensions [None req-32ae38e6-5f14-4b87-9549-62f07c06eee5 None None] Ext name="Auto Allocated Topology Services" alias="auto-allocated-topology" description="Auto Allocated Topology Services." updated="2016-01-01T00:00:00-00:00" {{(pid=90927) _check_extension /opt/stack/neutron/neutron/api/extensions.py:415}}
Aug 24 08:16:50.591002 np0000007955 devstack@neutron-api.service[90927]: INFO neutron.api.extensions [None req-32ae38e6-5f14-4b87-9549-62f07c06eee5 None None] Loaded extension: auto-allocated-topology
Aug 24 08:16:50.591002 np0000007955 devstack@neutron-api.service[90927]: DEBUG neutron.api.extensions [None req-32ae38e6-5f14-4b87-9549-62f07c06eee5 None None] Loading extension file: availability_zone.py {{(pid=90927) _load_all_extensions_from_path /opt/stack/neutron/neutron/api/extensions.py:449}}
Aug 24 08:16:50.591002 np0000007955 devstack@neutron-api.service[90927]: DEBUG neutron.api.extensions [None req-32ae38e6-5f14-4b87-9549-62f07c06eee5 None None] Ext name="Availability Zone" alias="availability_zone" description="The availability zone extension." updated="2015-01-01T10:00:00-00:00" {{(pid=90927) _check_extension /opt/stack/neutron/neutron/api/extensions.py:415}}
Aug 24 08:16:50.591570 np0000007955 devstack@neutron-api.service[90927]: INFO neutron.api.extensions [None req-32ae38e6-5f14-4b87-9549-62f07c06eee5 None None] Loaded extension: availability_zone
Aug 24 08:16:50.591937 np0000007955 devstack@neutron-api.service[90926]: DEBUG neutron.services.provider_configuration [None req-0ec61d79-56f5-441e-b2bf-ad4c1b4638d8 None None] Service providers = [] {{(pid=90926) parse_service_provider_opt /opt/stack/neutron/neutron/services/provider_configuration.py:170}}
Aug 24 08:16:50.592280 np0000007955 devstack@neutron-api.service[90927]: DEBUG neutron.api.extensions [None req-32ae38e6-5f14-4b87-9549-62f07c06eee5 None None] Loading extension file: availability_zone_filter.py {{(pid=90927) _load_all_extensions_from_path /opt/stack/neutron/neutron/api/extensions.py:449}}
Aug 24 08:16:50.592563 np0000007955 devstack@neutron-api.service[90926]: DEBUG neutron.db.servicetype_db [None req-0ec61d79-56f5-441e-b2bf-ad4c1b4638d8 None None] Adding provider configuration for service L3_ROUTER_NAT {{(pid=90926) add_provider_configuration /opt/stack/neutron/neutron/db/servicetype_db.py:45}}
Aug 24 08:16:50.593007 np0000007955 devstack@neutron-api.service[90928]: DEBUG neutron.api.extensions [None req-d7f5cbfe-8a54-4836-aeaf-20f01b854473 None None] Extended resource: security-group-rules {{(pid=90928) __init__ /opt/stack/neutron/neutron/api/extensions.py:156}}
Aug 24 08:16:50.593281 np0000007955 devstack@neutron-api.service[90927]: DEBUG neutron.api.extensions [None req-32ae38e6-5f14-4b87-9549-62f07c06eee5 None None] Ext name="Availability Zone Filter Extension" alias="availability_zone_filter" description="Add filter parameters to AvailabilityZone resource" updated="2018-06-22T10:00:00-00:00" {{(pid=90927) _check_extension /opt/stack/neutron/neutron/api/extensions.py:415}}
Aug 24 08:16:50.593281 np0000007955 devstack@neutron-api.service[90927]: INFO neutron.api.extensions [None req-32ae38e6-5f14-4b87-9549-62f07c06eee5 None None] Extension availability_zone_filter not supported by any of loaded plugins
Aug 24 08:16:50.593572 np0000007955 devstack@neutron-api.service[90928]: DEBUG neutron.api.extensions [None req-d7f5cbfe-8a54-4836-aeaf-20f01b854473 None None] Extended resource: service-providers {{(pid=90928) __init__ /opt/stack/neutron/neutron/api/extensions.py:156}}
Aug 24 08:16:50.593792 np0000007955 devstack@neutron-api.service[90927]: DEBUG neutron.api.extensions [None req-32ae38e6-5f14-4b87-9549-62f07c06eee5 None None] Loading extension file: data_plane_status.py {{(pid=90927) _load_all_extensions_from_path /opt/stack/neutron/neutron/api/extensions.py:449}}
Aug 24 08:16:50.593792 np0000007955 devstack@neutron-api.service[90927]: DEBUG neutron.api.extensions [None req-32ae38e6-5f14-4b87-9549-62f07c06eee5 None None] Ext name="Port data plane status extension" alias="data-plane-status" description="Expose status of underlying data plane" updated="2017-01-24T10:00:00-00:00" {{(pid=90927) _check_extension /opt/stack/neutron/neutron/api/extensions.py:415}}
Aug 24 08:16:50.593792 np0000007955 devstack@neutron-api.service[90927]: INFO neutron.api.extensions [None req-32ae38e6-5f14-4b87-9549-62f07c06eee5 None None] Extension data-plane-status not supported by any of loaded plugins
Aug 24 08:16:50.593792 np0000007955 devstack@neutron-api.service[90927]: DEBUG neutron.api.extensions [None req-32ae38e6-5f14-4b87-9549-62f07c06eee5 None None] Loading extension file: default_subnetpools.py {{(pid=90927) _load_all_extensions_from_path /opt/stack/neutron/neutron/api/extensions.py:449}}
Aug 24 08:16:50.594124 np0000007955 devstack@neutron-api.service[90928]: DEBUG neutron.api.extensions [None req-d7f5cbfe-8a54-4836-aeaf-20f01b854473 None None] Extended resource: subnetpools {{(pid=90928) __init__ /opt/stack/neutron/neutron/api/extensions.py:156}}
Aug 24 08:16:50.594285 np0000007955 devstack@neutron-api.service[90927]: DEBUG neutron.api.extensions [None req-32ae38e6-5f14-4b87-9549-62f07c06eee5 None None] Ext name="Default Subnetpools" alias="default-subnetpools" description="Provides ability to mark and use a subnetpool as the default." updated="2016-02-18T18:00:00-00:00" {{(pid=90927) _check_extension /opt/stack/neutron/neutron/api/extensions.py:415}}
Aug 24 08:16:50.594285 np0000007955 devstack@neutron-api.service[90927]: INFO neutron.api.extensions [None req-32ae38e6-5f14-4b87-9549-62f07c06eee5 None None] Loaded extension: default-subnetpools
Aug 24 08:16:50.594285 np0000007955 devstack@neutron-api.service[90927]: DEBUG neutron.api.extensions [None req-32ae38e6-5f14-4b87-9549-62f07c06eee5 None None] Loading extension file: dhcpagentscheduler.py {{(pid=90927) _load_all_extensions_from_path /opt/stack/neutron/neutron/api/extensions.py:449}}
Aug 24 08:16:50.594623 np0000007955 devstack@neutron-api.service[90926]: DEBUG neutron_lib.callbacks.manager [None req-0ec61d79-56f5-441e-b2bf-ad4c1b4638d8 None None] Subscribe: > router precommit_create 55549900, False {{(pid=90926) subscribe /opt/stack/data/venv/lib/python3.12/site-packages/neutron_lib/callbacks/manager.py:52}}
Aug 24 08:16:50.594963 np0000007955 devstack@neutron-api.service[90928]: DEBUG neutron.api.extensions [None req-d7f5cbfe-8a54-4836-aeaf-20f01b854473 None None] Extended resource: subnetpools {{(pid=90928) __init__ /opt/stack/neutron/neutron/api/extensions.py:156}}
Aug 24 08:16:50.595262 np0000007955 devstack@neutron-api.service[90926]: DEBUG neutron_lib.callbacks.manager [None req-0ec61d79-56f5-441e-b2bf-ad4c1b4638d8 None None] Subscribe: > router_interface after_create 55550000, False {{(pid=90926) subscribe /opt/stack/data/venv/lib/python3.12/site-packages/neutron_lib/callbacks/manager.py:52}}
Aug 24 08:16:50.595485 np0000007955 devstack@neutron-api.service[90927]: DEBUG neutron.api.extensions [None req-32ae38e6-5f14-4b87-9549-62f07c06eee5 None None] Ext name="DHCP Agent Scheduler" alias="dhcp_agent_scheduler" description="Schedule networks among dhcp agents" updated="2013-02-07T10:00:00-00:00" {{(pid=90927) _check_extension /opt/stack/neutron/neutron/api/extensions.py:415}}
Aug 24 08:16:50.595643 np0000007955 devstack@neutron-api.service[90926]: DEBUG neutron_lib.callbacks.manager [None req-0ec61d79-56f5-441e-b2bf-ad4c1b4638d8 None None] Subscribe: > floatingip after_create 55550000, False {{(pid=90926) subscribe /opt/stack/data/venv/lib/python3.12/site-packages/neutron_lib/callbacks/manager.py:52}}
Aug 24 08:16:50.595801 np0000007955 devstack@neutron-api.service[90927]: INFO neutron.api.extensions [None req-32ae38e6-5f14-4b87-9549-62f07c06eee5 None None] Loaded extension: dhcp_agent_scheduler
Aug 24 08:16:50.595936 np0000007955 devstack@neutron-api.service[90926]: DEBUG neutron_lib.callbacks.manager [None req-0ec61d79-56f5-441e-b2bf-ad4c1b4638d8 None None] Subscribe: > floatingip precommit_create 55550000, False {{(pid=90926) subscribe /opt/stack/data/venv/lib/python3.12/site-packages/neutron_lib/callbacks/manager.py:52}}
Aug 24 08:16:50.596085 np0000007955 devstack@neutron-api.service[90927]: DEBUG neutron.api.extensions [None req-32ae38e6-5f14-4b87-9549-62f07c06eee5 None None] Loading extension file: dns.py {{(pid=90927) _load_all_extensions_from_path /opt/stack/neutron/neutron/api/extensions.py:449}}
Aug 24 08:16:50.596247 np0000007955 devstack@neutron-api.service[90926]: DEBUG neutron_lib.callbacks.manager [None req-0ec61d79-56f5-441e-b2bf-ad4c1b4638d8 None None] Subscribe: > floatingip precommit_update 55550000, False {{(pid=90926) subscribe /opt/stack/data/venv/lib/python3.12/site-packages/neutron_lib/callbacks/manager.py:52}}
Aug 24 08:16:50.596247 np0000007955 devstack@neutron-api.service[90926]: DEBUG neutron_lib.callbacks.manager [None req-0ec61d79-56f5-441e-b2bf-ad4c1b4638d8 None None] Subscribe: > floatingip after_delete 55550000, False {{(pid=90926) subscribe /opt/stack/data/venv/lib/python3.12/site-packages/neutron_lib/callbacks/manager.py:52}}
Aug 24 08:16:50.596429 np0000007955 devstack@neutron-api.service[90927]: DEBUG neutron.api.extensions [None req-32ae38e6-5f14-4b87-9549-62f07c06eee5 None None] Ext name="DNS Integration" alias="dns-integration" description="Provides integration with DNS." updated="2015-08-15T18:00:00-00:00" {{(pid=90927) _check_extension /opt/stack/neutron/neutron/api/extensions.py:415}}
Aug 24 08:16:50.596550 np0000007955 devstack@neutron-api.service[90926]: DEBUG neutron_lib.callbacks.manager [None req-0ec61d79-56f5-441e-b2bf-ad4c1b4638d8 None None] Subscribe: > floatingip after_status_update 55550000, False {{(pid=90926) subscribe /opt/stack/data/venv/lib/python3.12/site-packages/neutron_lib/callbacks/manager.py:52}}
Aug 24 08:16:50.596688 np0000007955 devstack@neutron-api.service[90928]: DEBUG neutron.api.extensions [None req-d7f5cbfe-8a54-4836-aeaf-20f01b854473 None None] Extended resource: tags {{(pid=90928) __init__ /opt/stack/neutron/neutron/api/extensions.py:156}}
Aug 24 08:16:50.596847 np0000007955 devstack@neutron-api.service[90926]: DEBUG neutron_lib.callbacks.manager [None req-0ec61d79-56f5-441e-b2bf-ad4c1b4638d8 None None] Subscribe: > floatingip after_update 55550000, False {{(pid=90926) subscribe /opt/stack/data/venv/lib/python3.12/site-packages/neutron_lib/callbacks/manager.py:52}}
Aug 24 08:16:50.596976 np0000007955 devstack@neutron-api.service[90927]: INFO neutron.api.extensions [None req-32ae38e6-5f14-4b87-9549-62f07c06eee5 None None] Loaded extension: dns-integration
Aug 24 08:16:50.597106 np0000007955 devstack@neutron-api.service[90926]: DEBUG neutron_lib.callbacks.manager [None req-0ec61d79-56f5-441e-b2bf-ad4c1b4638d8 None None] Subscribe: > port_forwarding after_create 55550000, False {{(pid=90926) subscribe /opt/stack/data/venv/lib/python3.12/site-packages/neutron_lib/callbacks/manager.py:52}}
Aug 24 08:16:50.597285 np0000007955 devstack@neutron-api.service[90927]: DEBUG neutron.api.extensions [None req-32ae38e6-5f14-4b87-9549-62f07c06eee5 None None] Loading extension file: dns_domain_ports.py {{(pid=90927) _load_all_extensions_from_path /opt/stack/neutron/neutron/api/extensions.py:449}}
Aug 24 08:16:50.597435 np0000007955 devstack@neutron-api.service[90926]: DEBUG neutron_lib.callbacks.manager [None req-0ec61d79-56f5-441e-b2bf-ad4c1b4638d8 None None] Subscribe: > router_interface after_delete 55550000, False {{(pid=90926) subscribe /opt/stack/data/venv/lib/python3.12/site-packages/neutron_lib/callbacks/manager.py:52}}
Aug 24 08:16:50.597600 np0000007955 devstack@neutron-api.service[90927]: DEBUG neutron.api.extensions [None req-32ae38e6-5f14-4b87-9549-62f07c06eee5 None None] Ext name="dns_domain for ports" alias="dns-domain-ports" description="Allows the DNS domain to be specified for a network port." updated="2017-04-24T10:00:00-00:00" {{(pid=90927) _check_extension /opt/stack/neutron/neutron/api/extensions.py:415}}
Aug 24 08:16:50.597804 np0000007955 devstack@neutron-api.service[90926]: DEBUG neutron_lib.callbacks.manager [None req-0ec61d79-56f5-441e-b2bf-ad4c1b4638d8 None None] Subscribe: > router after_create 55550000, False {{(pid=90926) subscribe /opt/stack/data/venv/lib/python3.12/site-packages/neutron_lib/callbacks/manager.py:52}}
Aug 24 08:16:50.597804 np0000007955 devstack@neutron-api.service[90926]: DEBUG neutron_lib.callbacks.manager [None req-0ec61d79-56f5-441e-b2bf-ad4c1b4638d8 None None] Subscribe: > router precommit_create 55550000, False {{(pid=90926) subscribe /opt/stack/data/venv/lib/python3.12/site-packages/neutron_lib/callbacks/manager.py:52}}
Aug 24 08:16:50.597993 np0000007955 devstack@neutron-api.service[90927]: INFO neutron.api.extensions [None req-32ae38e6-5f14-4b87-9549-62f07c06eee5 None None] Loaded extension: dns-domain-ports
Aug 24 08:16:50.598161 np0000007955 devstack@neutron-api.service[90926]: DEBUG neutron_lib.callbacks.manager [None req-0ec61d79-56f5-441e-b2bf-ad4c1b4638d8 None None] Subscribe: > router after_delete 55550000, False {{(pid=90926) subscribe /opt/stack/data/venv/lib/python3.12/site-packages/neutron_lib/callbacks/manager.py:52}}
Aug 24 08:16:50.598312 np0000007955 devstack@neutron-api.service[90927]: DEBUG neutron.api.extensions [None req-32ae38e6-5f14-4b87-9549-62f07c06eee5 None None] Loading extension file: dns_integration_domain_keywords.py {{(pid=90927) _load_all_extensions_from_path /opt/stack/neutron/neutron/api/extensions.py:449}}
Aug 24 08:16:50.598985 np0000007955 devstack@neutron-api.service[90926]: DEBUG neutron_lib.callbacks.manager [None req-0ec61d79-56f5-441e-b2bf-ad4c1b4638d8 None None] Subscribe: > router after_update 55550000, False {{(pid=90926) subscribe /opt/stack/data/venv/lib/python3.12/site-packages/neutron_lib/callbacks/manager.py:52}}
Aug 24 08:16:50.599157 np0000007955 devstack@neutron-api.service[90928]: DEBUG neutron.api.extensions [None req-d7f5cbfe-8a54-4836-aeaf-20f01b854473 None None] Extended resource: tags {{(pid=90928) __init__ /opt/stack/neutron/neutron/api/extensions.py:156}}
Aug 24 08:16:50.599285 np0000007955 devstack@neutron-api.service[90926]: DEBUG neutron.services.service_base [None req-0ec61d79-56f5-441e-b2bf-ad4c1b4638d8 None None] Loaded 'neutron.services.ovn_l3.service_providers.ovn.OvnDriver' provider for service L3_ROUTER_NAT {{(pid=90926) load_drivers /opt/stack/neutron/neutron/services/service_base.py:49}}
Aug 24 08:16:50.599433 np0000007955 devstack@neutron-api.service[90927]: DEBUG neutron.api.extensions [None req-32ae38e6-5f14-4b87-9549-62f07c06eee5 None None] Ext name="DNS domain names with keywords allowed" alias="dns-integration-domain-keywords" description="Allows to use keywords like , , and as DNS domain name" updated="2020-06-15T18:00:00-00:00" {{(pid=90927) _check_extension /opt/stack/neutron/neutron/api/extensions.py:415}}
Aug 24 08:16:50.599563 np0000007955 devstack@neutron-api.service[90926]: DEBUG neutron_lib.callbacks.manager [None req-0ec61d79-56f5-441e-b2bf-ad4c1b4638d8 None None] Subscribe: > process after_init 55550001, True {{(pid=90926) subscribe /opt/stack/data/venv/lib/python3.12/site-packages/neutron_lib/callbacks/manager.py:52}}
Aug 24 08:16:50.599917 np0000007955 devstack@neutron-api.service[90927]: INFO neutron.api.extensions [None req-32ae38e6-5f14-4b87-9549-62f07c06eee5 None None] Loaded extension: dns-integration-domain-keywords
Aug 24 08:16:50.599917 np0000007955 devstack@neutron-api.service[90927]: DEBUG neutron.api.extensions [None req-32ae38e6-5f14-4b87-9549-62f07c06eee5 None None] Loading extension file: dvr.py {{(pid=90927) _load_all_extensions_from_path /opt/stack/neutron/neutron/api/extensions.py:449}}
Aug 24 08:16:50.600080 np0000007955 devstack@neutron-api.service[90926]: DEBUG neutron.manager [None req-0ec61d79-56f5-441e-b2bf-ad4c1b4638d8 None None] Successfully loaded L3_ROUTER_NAT plugin. Description: L3 Router Service Plugin for basic L3 forwarding using OVN {{(pid=90926) _create_and_add_service_plugin /opt/stack/neutron/neutron/manager.py:236}}
Aug 24 08:16:50.600080 np0000007955 devstack@neutron-api.service[90926]: INFO neutron.manager [None req-0ec61d79-56f5-441e-b2bf-ad4c1b4638d8 None None] Loading Plugin: auto_allocate
Aug 24 08:16:50.600267 np0000007955 devstack@neutron-api.service[90927]: DEBUG neutron.api.extensions [None req-32ae38e6-5f14-4b87-9549-62f07c06eee5 None None] Ext name="Distributed Virtual Router" alias="dvr" description="Enables configuration of Distributed Virtual Routers." updated="2014-06-1T10:00:00-00:00" {{(pid=90927) _check_extension /opt/stack/neutron/neutron/api/extensions.py:415}}
Aug 24 08:16:50.600267 np0000007955 devstack@neutron-api.service[90927]: INFO neutron.api.extensions [None req-32ae38e6-5f14-4b87-9549-62f07c06eee5 None None] Extension dvr not supported by any of loaded plugins
Aug 24 08:16:50.600267 np0000007955 devstack@neutron-api.service[90927]: DEBUG neutron.api.extensions [None req-32ae38e6-5f14-4b87-9549-62f07c06eee5 None None] Loading extension file: ecmp_routes.py {{(pid=90927) _load_all_extensions_from_path /opt/stack/neutron/neutron/api/extensions.py:449}}
Aug 24 08:16:50.600448 np0000007955 devstack@neutron-api.service[90928]: DEBUG neutron.api.extensions [None req-d7f5cbfe-8a54-4836-aeaf-20f01b854473 None None] Extended resource: tags {{(pid=90928) __init__ /opt/stack/neutron/neutron/api/extensions.py:156}}
Aug 24 08:16:50.600577 np0000007955 devstack@neutron-api.service[90927]: DEBUG neutron.api.extensions [None req-32ae38e6-5f14-4b87-9549-62f07c06eee5 None None] Ext name="Equal Cost Multipath Routing" alias="ecmp_routes" description="Allows traffic to reach thesame destination via multiple different links " updated="2020-11-26T18:00:00-00:00" {{(pid=90927) _check_extension /opt/stack/neutron/neutron/api/extensions.py:415}}
Aug 24 08:16:50.600577 np0000007955 devstack@neutron-api.service[90927]: INFO neutron.api.extensions [None req-32ae38e6-5f14-4b87-9549-62f07c06eee5 None None] Extension ecmp_routes not supported by any of loaded plugins
Aug 24 08:16:50.600577 np0000007955 devstack@neutron-api.service[90927]: DEBUG neutron.api.extensions [None req-32ae38e6-5f14-4b87-9549-62f07c06eee5 None None] Loading extension file: empty_string_filtering.py {{(pid=90927) _load_all_extensions_from_path /opt/stack/neutron/neutron/api/extensions.py:449}}
Aug 24 08:16:50.600867 np0000007955 devstack@neutron-api.service[90926]: DEBUG neutron_lib.callbacks.manager [None req-0ec61d79-56f5-441e-b2bf-ad4c1b4638d8 None None] Subscribe: network precommit_update 55550000, False {{(pid=90926) subscribe /opt/stack/data/venv/lib/python3.12/site-packages/neutron_lib/callbacks/manager.py:52}}
Aug 24 08:16:50.601044 np0000007955 devstack@neutron-api.service[90927]: DEBUG neutron.api.extensions [None req-32ae38e6-5f14-4b87-9549-62f07c06eee5 None None] Ext name="Empty String Filtering Extension" alias="empty-string-filtering" description="Allow filtering by attributes with empty string value" updated="2018-05-01T10:00:00-00:00" {{(pid=90927) _check_extension /opt/stack/neutron/neutron/api/extensions.py:415}}
Aug 24 08:16:50.601221 np0000007955 devstack@neutron-api.service[90926]: DEBUG neutron_lib.callbacks.manager [None req-0ec61d79-56f5-441e-b2bf-ad4c1b4638d8 None None] Subscribe: network precommit_create 55550000, False {{(pid=90926) subscribe /opt/stack/data/venv/lib/python3.12/site-packages/neutron_lib/callbacks/manager.py:52}}
Aug 24 08:16:50.601393 np0000007955 devstack@neutron-api.service[90927]: INFO neutron.api.extensions [None req-32ae38e6-5f14-4b87-9549-62f07c06eee5 None None] Loaded extension: empty-string-filtering
Aug 24 08:16:50.601534 np0000007955 devstack@neutron-api.service[90928]: DEBUG neutron.api.extensions [None req-d7f5cbfe-8a54-4836-aeaf-20f01b854473 None None] Extended resource: tags {{(pid=90928) __init__ /opt/stack/neutron/neutron/api/extensions.py:156}}
Aug 24 08:16:50.601682 np0000007955 devstack@neutron-api.service[90927]: DEBUG neutron.api.extensions [None req-32ae38e6-5f14-4b87-9549-62f07c06eee5 None None] Loading extension file: evpn.py {{(pid=90927) _load_all_extensions_from_path /opt/stack/neutron/neutron/api/extensions.py:449}}
Aug 24 08:16:50.601849 np0000007955 devstack@neutron-api.service[90926]: DEBUG neutron.manager [None req-0ec61d79-56f5-441e-b2bf-ad4c1b4638d8 None None] Successfully loaded auto-allocated-topology plugin. Description: Auto Allocated Topology - aka get me a network. {{(pid=90926) _create_and_add_service_plugin /opt/stack/neutron/neutron/manager.py:236}}
Aug 24 08:16:50.601849 np0000007955 devstack@neutron-api.service[90926]: INFO neutron.manager [None req-0ec61d79-56f5-441e-b2bf-ad4c1b4638d8 None None] Loading Plugin: tag
Aug 24 08:16:50.602346 np0000007955 devstack@neutron-api.service[90927]: DEBUG neutron.api.extensions [None req-32ae38e6-5f14-4b87-9549-62f07c06eee5 None None] Ext name="EVPN" alias="evpn" description="Router extension to support EVPN Type-5 route advertisement" updated="2026-04-28T00:00:00-00:00" {{(pid=90927) _check_extension /opt/stack/neutron/neutron/api/extensions.py:415}}
Aug 24 08:16:50.602346 np0000007955 devstack@neutron-api.service[90927]: INFO neutron.api.extensions [None req-32ae38e6-5f14-4b87-9549-62f07c06eee5 None None] Extension evpn not supported by any of loaded plugins
Aug 24 08:16:50.602346 np0000007955 devstack@neutron-api.service[90927]: DEBUG neutron.api.extensions [None req-32ae38e6-5f14-4b87-9549-62f07c06eee5 None None] Loading extension file: expose_l3_conntrack_helper.py {{(pid=90927) _load_all_extensions_from_path /opt/stack/neutron/neutron/api/extensions.py:449}}
Aug 24 08:16:50.602346 np0000007955 devstack@neutron-api.service[90927]: DEBUG neutron.api.extensions [None req-32ae38e6-5f14-4b87-9549-62f07c06eee5 None None] Ext name="Expose CT target rules for conntrack helper" alias="expose-l3-conntrack-helper" description="Expose allow adding CT target rules for conntrack helper" updated="2019-04-04T10:00:00-00:00" {{(pid=90927) _check_extension /opt/stack/neutron/neutron/api/extensions.py:415}}
Aug 24 08:16:50.602618 np0000007955 devstack@neutron-api.service[90928]: DEBUG neutron.api.extensions [None req-d7f5cbfe-8a54-4836-aeaf-20f01b854473 None None] Extended resource: tags {{(pid=90928) __init__ /opt/stack/neutron/neutron/api/extensions.py:156}}
Aug 24 08:16:50.602857 np0000007955 devstack@neutron-api.service[90927]: INFO neutron.api.extensions [None req-32ae38e6-5f14-4b87-9549-62f07c06eee5 None None] Extension expose-l3-conntrack-helper not supported by any of loaded plugins
Aug 24 08:16:50.602857 np0000007955 devstack@neutron-api.service[90927]: DEBUG neutron.api.extensions [None req-32ae38e6-5f14-4b87-9549-62f07c06eee5 None None] Loading extension file: expose_port_forwarding_in_fip.py {{(pid=90927) _load_all_extensions_from_path /opt/stack/neutron/neutron/api/extensions.py:449}}
Aug 24 08:16:50.602857 np0000007955 devstack@neutron-api.service[90927]: DEBUG neutron.api.extensions [None req-32ae38e6-5f14-4b87-9549-62f07c06eee5 None None] Ext name="Expose Floating IP port forwardings" alias="expose-port-forwarding-in-fip" description="Expose port forwarding fields in floating IP response" updated="2018-06-28T16:00:00-00:00" {{(pid=90927) _check_extension /opt/stack/neutron/neutron/api/extensions.py:415}}
Aug 24 08:16:50.602857 np0000007955 devstack@neutron-api.service[90927]: INFO neutron.api.extensions [None req-32ae38e6-5f14-4b87-9549-62f07c06eee5 None None] Extension expose-port-forwarding-in-fip not supported by any of loaded plugins
Aug 24 08:16:50.602857 np0000007955 devstack@neutron-api.service[90927]: DEBUG neutron.api.extensions [None req-32ae38e6-5f14-4b87-9549-62f07c06eee5 None None] Loading extension file: external_net.py {{(pid=90927) _load_all_extensions_from_path /opt/stack/neutron/neutron/api/extensions.py:449}}
Aug 24 08:16:50.602857 np0000007955 devstack@neutron-api.service[90927]: DEBUG neutron.api.extensions [None req-32ae38e6-5f14-4b87-9549-62f07c06eee5 None None] Ext name="Neutron external network" alias="external-net" description="Adds external network attribute to network resource." updated="2013-01-14T10:00:00-00:00" {{(pid=90927) _check_extension /opt/stack/neutron/neutron/api/extensions.py:415}}
Aug 24 08:16:50.603181 np0000007955 devstack@neutron-api.service[90928]: DEBUG neutron.api.extensions [None req-d7f5cbfe-8a54-4836-aeaf-20f01b854473 None None] Extended resource: tags {{(pid=90928) __init__ /opt/stack/neutron/neutron/api/extensions.py:156}}
Aug 24 08:16:50.603324 np0000007955 devstack@neutron-api.service[90927]: INFO neutron.api.extensions [None req-32ae38e6-5f14-4b87-9549-62f07c06eee5 None None] Loaded extension: external-net
Aug 24 08:16:50.603324 np0000007955 devstack@neutron-api.service[90927]: DEBUG neutron.api.extensions [None req-32ae38e6-5f14-4b87-9549-62f07c06eee5 None None] Loading extension file: extra_dhcp_opt.py {{(pid=90927) _load_all_extensions_from_path /opt/stack/neutron/neutron/api/extensions.py:449}}
Aug 24 08:16:50.603324 np0000007955 devstack@neutron-api.service[90927]: DEBUG neutron.api.extensions [None req-32ae38e6-5f14-4b87-9549-62f07c06eee5 None None] Ext name="Neutron Extra DHCP options" alias="extra_dhcp_opt" description="Extra options configuration for DHCP. For example PXE boot options to DHCP clients can be specified (e.g. tftp-server, server-ip-address, bootfile-name)" updated="2013-03-17T12:00:00-00:00" {{(pid=90927) _check_extension /opt/stack/neutron/neutron/api/extensions.py:415}}
Aug 24 08:16:50.603324 np0000007955 devstack@neutron-api.service[90927]: INFO neutron.api.extensions [None req-32ae38e6-5f14-4b87-9549-62f07c06eee5 None None] Loaded extension: extra_dhcp_opt
Aug 24 08:16:50.603324 np0000007955 devstack@neutron-api.service[90927]: DEBUG neutron.api.extensions [None req-32ae38e6-5f14-4b87-9549-62f07c06eee5 None None] Loading extension file: extraroute.py {{(pid=90927) _load_all_extensions_from_path /opt/stack/neutron/neutron/api/extensions.py:449}}
Aug 24 08:16:50.603612 np0000007955 devstack@neutron-api.service[90928]: DEBUG neutron.api.extensions [None req-d7f5cbfe-8a54-4836-aeaf-20f01b854473 None None] Extended resource: tags {{(pid=90928) __init__ /opt/stack/neutron/neutron/api/extensions.py:156}}
Aug 24 08:16:50.603861 np0000007955 devstack@neutron-api.service[90927]: DEBUG neutron.api.extensions [None req-32ae38e6-5f14-4b87-9549-62f07c06eee5 None None] Ext name="Neutron Extra Route" alias="extraroute" description="Extra routes configuration for L3 router" updated="2013-02-01T10:00:00-00:00" {{(pid=90927) _check_extension /opt/stack/neutron/neutron/api/extensions.py:415}}
Aug 24 08:16:50.603861 np0000007955 devstack@neutron-api.service[90927]: INFO neutron.api.extensions [None req-32ae38e6-5f14-4b87-9549-62f07c06eee5 None None] Loaded extension: extraroute
