Jun 30 13:31:54.900685 np0000003986 devstack@g-api.service[102664]: DEBUG glance.api.middleware.version_negotiation [None req-a0bc3404-ea92-4d25-b33d-d7f036049009 tempest-ServerStableDeviceRescueTest-1260755450 tempest-ServerStableDeviceRescueTest-1260755450-project-member] Matched version: v2 {{(pid=102664) process_request /opt/stack/glance/glance/api/middleware/version_negotiation.py:69}}
Jun 30 13:31:54.900685 np0000003986 devstack@g-api.service[102664]: DEBUG glance.api.middleware.version_negotiation [None req-a0bc3404-ea92-4d25-b33d-d7f036049009 tempest-ServerStableDeviceRescueTest-1260755450 tempest-ServerStableDeviceRescueTest-1260755450-project-member] new path /v2/schemas/image {{(pid=102664) process_request /opt/stack/glance/glance/api/middleware/version_negotiation.py:70}}
Jun 30 13:31:54.902831 np0000003986 devstack@g-api.service[102664]: [pid: 102664|app: 0|req: 24/93] 127.0.0.1 () {44 vars in 1051 bytes} [Tue Jun 30 13:31:54 2026] GET /v2/schemas/image => generated 6083 bytes in 3 msecs (HTTP/1.1 200) 4 headers in 158 bytes (1 switches on core 0)
Jun 30 13:31:55.170656 np0000003986 devstack@g-api.service[102663]: DEBUG glance.api.middleware.version_negotiation [None req-a0bc3404-ea92-4d25-b33d-d7f036049009 tempest-ServerStableDeviceRescueTest-1260755450 tempest-ServerStableDeviceRescueTest-1260755450-project-member] Determining version of request: GET /v2/images/9bd2a87e-3b8c-465f-9cbe-7b7e07f2b5fd Accept: */* {{(pid=102663) process_request /opt/stack/glance/glance/api/middleware/version_negotiation.py:44}}
Jun 30 13:31:55.170879 np0000003986 devstack@g-api.service[102663]: DEBUG glance.api.middleware.version_negotiation [None req-a0bc3404-ea92-4d25-b33d-d7f036049009 tempest-ServerStableDeviceRescueTest-1260755450 tempest-ServerStableDeviceRescueTest-1260755450-project-member] Using url versioning {{(pid=102663) process_request /opt/stack/glance/glance/api/middleware/version_negotiation.py:57}}
Jun 30 13:31:55.171017 np0000003986 devstack@g-api.service[102663]: DEBUG glance.api.middleware.version_negotiation [None req-a0bc3404-ea92-4d25-b33d-d7f036049009 tempest-ServerStableDeviceRescueTest-1260755450 tempest-ServerStableDeviceRescueTest-1260755450-project-member] Matched version: v2 {{(pid=102663) process_request /opt/stack/glance/glance/api/middleware/version_negotiation.py:69}}
Jun 30 13:31:55.171163 np0000003986 devstack@g-api.service[102663]: DEBUG glance.api.middleware.version_negotiation [None req-a0bc3404-ea92-4d25-b33d-d7f036049009 tempest-ServerStableDeviceRescueTest-1260755450 tempest-ServerStableDeviceRescueTest-1260755450-project-member] new path /v2/images/9bd2a87e-3b8c-465f-9cbe-7b7e07f2b5fd {{(pid=102663) process_request /opt/stack/glance/glance/api/middleware/version_negotiation.py:70}}
Jun 30 13:31:55.390709 np0000003986 devstack@g-api.service[102662]: INFO glance.api.v2.image_data [None req-a0bc3404-ea92-4d25-b33d-d7f036049009 tempest-ServerStableDeviceRescueTest-1260755450 tempest-ServerStableDeviceRescueTest-1260755450-project-member] Unable to create trust: no such option collect_timing in group [keystone_authtoken] Use the existing user token.
Jun 30 13:31:55.437092 np0000003986 devstack@g-api.service[102663]: [pid: 102663|app: 0|req: 23/94] 127.0.0.1 () {44 vars in 1111 bytes} [Tue Jun 30 13:31:55 2026] GET /v2/images/9bd2a87e-3b8c-465f-9cbe-7b7e07f2b5fd => generated 1044 bytes in 266 msecs (HTTP/1.1 200) 4 headers in 158 bytes (1 switches on core 0)
Jun 30 13:31:55.446310 np0000003986 devstack@g-api.service[102665]: DEBUG glance.api.middleware.version_negotiation [None req-77402abe-0d29-47f1-aaea-10f26d84faf0 tempest-ServerStableDeviceRescueTest-1260755450 tempest-ServerStableDeviceRescueTest-1260755450-project-member] Determining version of request: GET /v2/schemas/image Accept: */* {{(pid=102665) process_request /opt/stack/glance/glance/api/middleware/version_negotiation.py:44}}
Jun 30 13:31:55.446310 np0000003986 devstack@g-api.service[102665]: DEBUG glance.api.middleware.version_negotiation [None req-77402abe-0d29-47f1-aaea-10f26d84faf0 tempest-ServerStableDeviceRescueTest-1260755450 tempest-ServerStableDeviceRescueTest-1260755450-project-member] Using url versioning {{(pid=102665) process_request /opt/stack/glance/glance/api/middleware/version_negotiation.py:57}}
Jun 30 13:31:55.446310 np0000003986 devstack@g-api.service[102665]: DEBUG glance.api.middleware.version_negotiation [None req-77402abe-0d29-47f1-aaea-10f26d84faf0 tempest-ServerStableDeviceRescueTest-1260755450 tempest-ServerStableDeviceRescueTest-1260755450-project-member] Matched version: v2 {{(pid=102665) process_request /opt/stack/glance/glance/api/middleware/version_negotiation.py:69}}
Jun 30 13:31:55.446310 np0000003986 devstack@g-api.service[102665]: DEBUG glance.api.middleware.version_negotiation [None req-77402abe-0d29-47f1-aaea-10f26d84faf0 tempest-ServerStableDeviceRescueTest-1260755450 tempest-ServerStableDeviceRescueTest-1260755450-project-member] new path /v2/schemas/image {{(pid=102665) process_request /opt/stack/glance/glance/api/middleware/version_negotiation.py:70}}
Jun 30 13:31:55.448290 np0000003986 devstack@g-api.service[102665]: [pid: 102665|app: 0|req: 24/95] 127.0.0.1 () {44 vars in 1051 bytes} [Tue Jun 30 13:31:55 2026] GET /v2/schemas/image => generated 6083 bytes in 3 msecs (HTTP/1.1 200) 4 headers in 158 bytes (1 switches on core 0)
Jun 30 13:31:55.455581 np0000003986 devstack@g-api.service[102664]: DEBUG glance.api.middleware.version_negotiation [None req-77402abe-0d29-47f1-aaea-10f26d84faf0 tempest-ServerStableDeviceRescueTest-1260755450 tempest-ServerStableDeviceRescueTest-1260755450-project-member] Determining version of request: GET /v2/schemas/image Accept: */* {{(pid=102664) process_request /opt/stack/glance/glance/api/middleware/version_negotiation.py:44}}
Jun 30 13:31:55.455732 np0000003986 devstack@g-api.service[102664]: DEBUG glance.api.middleware.version_negotiation [None req-77402abe-0d29-47f1-aaea-10f26d84faf0 tempest-ServerStableDeviceRescueTest-1260755450 tempest-ServerStableDeviceRescueTest-1260755450-project-member] Using url versioning {{(pid=102664) process_request /opt/stack/glance/glance/api/middleware/version_negotiation.py:57}}
Jun 30 13:31:55.455879 np0000003986 devstack@g-api.service[102664]: DEBUG glance.api.middleware.version_negotiation [None req-77402abe-0d29-47f1-aaea-10f26d84faf0 tempest-ServerStableDeviceRescueTest-1260755450 tempest-ServerStableDeviceRescueTest-1260755450-project-member] Matched version: v2 {{(pid=102664) process_request /opt/stack/glance/glance/api/middleware/version_negotiation.py:69}}
Jun 30 13:31:55.456029 np0000003986 devstack@g-api.service[102664]: DEBUG glance.api.middleware.version_negotiation [None req-77402abe-0d29-47f1-aaea-10f26d84faf0 tempest-ServerStableDeviceRescueTest-1260755450 tempest-ServerStableDeviceRescueTest-1260755450-project-member] new path /v2/schemas/image {{(pid=102664) process_request /opt/stack/glance/glance/api/middleware/version_negotiation.py:70}}
Jun 30 13:31:55.458660 np0000003986 devstack@g-api.service[102664]: [pid: 102664|app: 0|req: 25/96] 127.0.0.1 () {44 vars in 1051 bytes} [Tue Jun 30 13:31:55 2026] GET /v2/schemas/image => generated 6083 bytes in 3 msecs (HTTP/1.1 200) 4 headers in 158 bytes (1 switches on core 0)
Jun 30 13:31:55.466123 np0000003986 devstack@g-api.service[102663]: DEBUG glance.api.middleware.version_negotiation [None req-35f2e2e6-ca8c-4f92-9dac-573331977d5f tempest-TaggedBootDevicesTest_v242-1724461602 tempest-TaggedBootDevicesTest_v242-1724461602-project-member] Determining version of request: GET /v2/images/9bd2a87e-3b8c-465f-9cbe-7b7e07f2b5fd Accept: */* {{(pid=102663) process_request /opt/stack/glance/glance/api/middleware/version_negotiation.py:44}}
Jun 30 13:31:55.466317 np0000003986 devstack@g-api.service[102663]: DEBUG glance.api.middleware.version_negotiation [None req-35f2e2e6-ca8c-4f92-9dac-573331977d5f tempest-TaggedBootDevicesTest_v242-1724461602 tempest-TaggedBootDevicesTest_v242-1724461602-project-member] Using url versioning {{(pid=102663) process_request /opt/stack/glance/glance/api/middleware/version_negotiation.py:57}}
Jun 30 13:31:55.466460 np0000003986 devstack@g-api.service[102663]: DEBUG glance.api.middleware.version_negotiation [None req-35f2e2e6-ca8c-4f92-9dac-573331977d5f tempest-TaggedBootDevicesTest_v242-1724461602 tempest-TaggedBootDevicesTest_v242-1724461602-project-member] Matched version: v2 {{(pid=102663) process_request /opt/stack/glance/glance/api/middleware/version_negotiation.py:69}}
Jun 30 13:31:55.466541 np0000003986 devstack@g-api.service[102663]: DEBUG glance.api.middleware.version_negotiation [None req-35f2e2e6-ca8c-4f92-9dac-573331977d5f tempest-TaggedBootDevicesTest_v242-1724461602 tempest-TaggedBootDevicesTest_v242-1724461602-project-member] new path /v2/images/9bd2a87e-3b8c-465f-9cbe-7b7e07f2b5fd {{(pid=102663) process_request /opt/stack/glance/glance/api/middleware/version_negotiation.py:70}}
Jun 30 13:31:55.477090 np0000003986 devstack@g-api.service[102663]: [pid: 102663|app: 0|req: 24/97] 127.0.0.1 () {44 vars in 1111 bytes} [Tue Jun 30 13:31:55 2026] GET /v2/images/9bd2a87e-3b8c-465f-9cbe-7b7e07f2b5fd => generated 1044 bytes in 11 msecs (HTTP/1.1 200) 4 headers in 158 bytes (1 switches on core 0)
Jun 30 13:31:55.484831 np0000003986 devstack@g-api.service[102665]: DEBUG glance.api.middleware.version_negotiation [None req-35f2e2e6-ca8c-4f92-9dac-573331977d5f tempest-TaggedBootDevicesTest_v242-1724461602 tempest-TaggedBootDevicesTest_v242-1724461602-project-member] Determining version of request: GET /v2/schemas/image Accept: */* {{(pid=102665) process_request /opt/stack/glance/glance/api/middleware/version_negotiation.py:44}}
Jun 30 13:31:55.484831 np0000003986 devstack@g-api.service[102665]: DEBUG glance.api.middleware.version_negotiation [None req-35f2e2e6-ca8c-4f92-9dac-573331977d5f tempest-TaggedBootDevicesTest_v242-1724461602 tempest-TaggedBootDevicesTest_v242-1724461602-project-member] Using url versioning {{(pid=102665) process_request /opt/stack/glance/glance/api/middleware/version_negotiation.py:57}}
Jun 30 13:31:55.484831 np0000003986 devstack@g-api.service[102665]: DEBUG glance.api.middleware.version_negotiation [None req-35f2e2e6-ca8c-4f92-9dac-573331977d5f tempest-TaggedBootDevicesTest_v242-1724461602 tempest-TaggedBootDevicesTest_v242-1724461602-project-member] Matched version: v2 {{(pid=102665) process_request /opt/stack/glance/glance/api/middleware/version_negotiation.py:69}}
Jun 30 13:31:55.484831 np0000003986 devstack@g-api.service[102665]: DEBUG glance.api.middleware.version_negotiation [None req-35f2e2e6-ca8c-4f92-9dac-573331977d5f tempest-TaggedBootDevicesTest_v242-1724461602 tempest-TaggedBootDevicesTest_v242-1724461602-project-member] new path /v2/schemas/image {{(pid=102665) process_request /opt/stack/glance/glance/api/middleware/version_negotiation.py:70}}
Jun 30 13:31:55.487656 np0000003986 devstack@g-api.service[102665]: [pid: 102665|app: 0|req: 25/98] 127.0.0.1 () {44 vars in 1051 bytes} [Tue Jun 30 13:31:55 2026] GET /v2/schemas/image => generated 6083 bytes in 4 msecs (HTTP/1.1 200) 4 headers in 158 bytes (1 switches on core 0)
Jun 30 13:31:55.494795 np0000003986 devstack@g-api.service[102664]: DEBUG glance.api.middleware.version_negotiation [None req-35f2e2e6-ca8c-4f92-9dac-573331977d5f tempest-TaggedBootDevicesTest_v242-1724461602 tempest-TaggedBootDevicesTest_v242-1724461602-project-member] Determining version of request: GET /v2/schemas/image Accept: */* {{(pid=102664) process_request /opt/stack/glance/glance/api/middleware/version_negotiation.py:44}}
Jun 30 13:31:55.495024 np0000003986 devstack@g-api.service[102664]: DEBUG glance.api.middleware.version_negotiation [None req-35f2e2e6-ca8c-4f92-9dac-573331977d5f tempest-TaggedBootDevicesTest_v242-1724461602 tempest-TaggedBootDevicesTest_v242-1724461602-project-member] Using url versioning {{(pid=102664) process_request /opt/stack/glance/glance/api/middleware/version_negotiation.py:57}}
Jun 30 13:31:55.495128 np0000003986 devstack@g-api.service[102664]: DEBUG glance.api.middleware.version_negotiation [None req-35f2e2e6-ca8c-4f92-9dac-573331977d5f tempest-TaggedBootDevicesTest_v242-1724461602 tempest-TaggedBootDevicesTest_v242-1724461602-project-member] Matched version: v2 {{(pid=102664) process_request /opt/stack/glance/glance/api/middleware/version_negotiation.py:69}}
Jun 30 13:31:55.495251 np0000003986 devstack@g-api.service[102664]: DEBUG glance.api.middleware.version_negotiation [None req-35f2e2e6-ca8c-4f92-9dac-573331977d5f tempest-TaggedBootDevicesTest_v242-1724461602 tempest-TaggedBootDevicesTest_v242-1724461602-project-member] new path /v2/schemas/image {{(pid=102664) process_request /opt/stack/glance/glance/api/middleware/version_negotiation.py:70}}
Jun 30 13:31:55.497692 np0000003986 devstack@g-api.service[102664]: [pid: 102664|app: 0|req: 26/99] 127.0.0.1 () {44 vars in 1051 bytes} [Tue Jun 30 13:31:55 2026] GET /v2/schemas/image => generated 6083 bytes in 3 msecs (HTTP/1.1 200) 4 headers in 158 bytes (1 switches on core 0)
Jun 30 13:31:55.518258 np0000003986 devstack@g-api.service[102663]: DEBUG glance.api.middleware.version_negotiation [None req-35f2e2e6-ca8c-4f92-9dac-573331977d5f tempest-TaggedBootDevicesTest_v242-1724461602 tempest-TaggedBootDevicesTest_v242-1724461602-project-member] Determining version of request: GET /v2/images/9bd2a87e-3b8c-465f-9cbe-7b7e07f2b5fd Accept: */* {{(pid=102663) process_request /opt/stack/glance/glance/api/middleware/version_negotiation.py:44}}
Jun 30 13:31:55.518478 np0000003986 devstack@g-api.service[102663]: DEBUG glance.api.middleware.version_negotiation [None req-35f2e2e6-ca8c-4f92-9dac-573331977d5f tempest-TaggedBootDevicesTest_v242-1724461602 tempest-TaggedBootDevicesTest_v242-1724461602-project-member] Using url versioning {{(pid=102663) process_request /opt/stack/glance/glance/api/middleware/version_negotiation.py:57}}
Jun 30 13:31:55.518624 np0000003986 devstack@g-api.service[102663]: DEBUG glance.api.middleware.version_negotiation [None req-35f2e2e6-ca8c-4f92-9dac-573331977d5f tempest-TaggedBootDevicesTest_v242-1724461602 tempest-TaggedBootDevicesTest_v242-1724461602-project-member] Matched version: v2 {{(pid=102663) process_request /opt/stack/glance/glance/api/middleware/version_negotiation.py:69}}
Jun 30 13:31:55.518741 np0000003986 devstack@g-api.service[102663]: DEBUG glance.api.middleware.version_negotiation [None req-35f2e2e6-ca8c-4f92-9dac-573331977d5f tempest-TaggedBootDevicesTest_v242-1724461602 tempest-TaggedBootDevicesTest_v242-1724461602-project-member] new path /v2/images/9bd2a87e-3b8c-465f-9cbe-7b7e07f2b5fd {{(pid=102663) process_request /opt/stack/glance/glance/api/middleware/version_negotiation.py:70}}
Jun 30 13:31:55.528006 np0000003986 devstack@g-api.service[102663]: [pid: 102663|app: 0|req: 25/100] 127.0.0.1 () {44 vars in 1111 bytes} [Tue Jun 30 13:31:55 2026] GET /v2/images/9bd2a87e-3b8c-465f-9cbe-7b7e07f2b5fd => generated 1044 bytes in 10 msecs (HTTP/1.1 200) 4 headers in 158 bytes (1 switches on core 0)
Jun 30 13:31:55.537460 np0000003986 devstack@g-api.service[102665]: DEBUG glance.api.middleware.version_negotiation [None req-35f2e2e6-ca8c-4f92-9dac-573331977d5f tempest-TaggedBootDevicesTest_v242-1724461602 tempest-TaggedBootDevicesTest_v242-1724461602-project-member] Determining version of request: GET /v2/schemas/image Accept: */* {{(pid=102665) process_request /opt/stack/glance/glance/api/middleware/version_negotiation.py:44}}
Jun 30 13:31:55.537460 np0000003986 devstack@g-api.service[102665]: DEBUG glance.api.middleware.version_negotiation [None req-35f2e2e6-ca8c-4f92-9dac-573331977d5f tempest-TaggedBootDevicesTest_v242-1724461602 tempest-TaggedBootDevicesTest_v242-1724461602-project-member] Using url versioning {{(pid=102665) process_request /opt/stack/glance/glance/api/middleware/version_negotiation.py:57}}
Jun 30 13:31:55.537460 np0000003986 devstack@g-api.service[102665]: DEBUG glance.api.middleware.version_negotiation [None req-35f2e2e6-ca8c-4f92-9dac-573331977d5f tempest-TaggedBootDevicesTest_v242-1724461602 tempest-TaggedBootDevicesTest_v242-1724461602-project-member] Matched version: v2 {{(pid=102665) process_request /opt/stack/glance/glance/api/middleware/version_negotiation.py:69}}
Jun 30 13:31:55.537460 np0000003986 devstack@g-api.service[102665]: DEBUG glance.api.middleware.version_negotiation [None req-35f2e2e6-ca8c-4f92-9dac-573331977d5f tempest-TaggedBootDevicesTest_v242-1724461602 tempest-TaggedBootDevicesTest_v242-1724461602-project-member] new path /v2/schemas/image {{(pid=102665) process_request /opt/stack/glance/glance/api/middleware/version_negotiation.py:70}}
Jun 30 13:31:55.539632 np0000003986 devstack@g-api.service[102665]: [pid: 102665|app: 0|req: 26/101] 127.0.0.1 () {44 vars in 1051 bytes} [Tue Jun 30 13:31:55 2026] GET /v2/schemas/image => generated 6083 bytes in 3 msecs (HTTP/1.1 200) 4 headers in 158 bytes (1 switches on core 0)
Jun 30 13:31:55.548052 np0000003986 devstack@g-api.service[102664]: DEBUG glance.api.middleware.version_negotiation [None req-35f2e2e6-ca8c-4f92-9dac-573331977d5f tempest-TaggedBootDevicesTest_v242-1724461602 tempest-TaggedBootDevicesTest_v242-1724461602-project-member] Determining version of request: GET /v2/schemas/image Accept: */* {{(pid=102664) process_request /opt/stack/glance/glance/api/middleware/version_negotiation.py:44}}
Jun 30 13:31:55.548215 np0000003986 devstack@g-api.service[102664]: DEBUG glance.api.middleware.version_negotiation [None req-35f2e2e6-ca8c-4f92-9dac-573331977d5f tempest-TaggedBootDevicesTest_v242-1724461602 tempest-TaggedBootDevicesTest_v242-1724461602-project-member] Using url versioning {{(pid=102664) process_request /opt/stack/glance/glance/api/middleware/version_negotiation.py:57}}
Jun 30 13:31:55.548369 np0000003986 devstack@g-api.service[102664]: DEBUG glance.api.middleware.version_negotiation [None req-35f2e2e6-ca8c-4f92-9dac-573331977d5f tempest-TaggedBootDevicesTest_v242-1724461602 tempest-TaggedBootDevicesTest_v242-1724461602-project-member] Matched version: v2 {{(pid=102664) process_request /opt/stack/glance/glance/api/middleware/version_negotiation.py:69}}
Jun 30 13:31:55.548493 np0000003986 devstack@g-api.service[102664]: DEBUG glance.api.middleware.version_negotiation [None req-35f2e2e6-ca8c-4f92-9dac-573331977d5f tempest-TaggedBootDevicesTest_v242-1724461602 tempest-TaggedBootDevicesTest_v242-1724461602-project-member] new path /v2/schemas/image {{(pid=102664) process_request /opt/stack/glance/glance/api/middleware/version_negotiation.py:70}}
Jun 30 13:31:55.551099 np0000003986 devstack@g-api.service[102664]: [pid: 102664|app: 0|req: 27/102] 127.0.0.1 () {44 vars in 1051 bytes} [Tue Jun 30 13:31:55 2026] GET /v2/schemas/image => generated 6083 bytes in 3 msecs (HTTP/1.1 200) 4 headers in 158 bytes (1 switches on core 0)
Jun 30 13:31:55.966029 np0000003986 devstack@g-api.service[102662]: DEBUG glance.location [None req-a0bc3404-ea92-4d25-b33d-d7f036049009 tempest-ServerStableDeviceRescueTest-1260755450 tempest-ServerStableDeviceRescueTest-1260755450-project-member] Enabling in-flight format inspection for qcow2 {{(pid=102662) set_data /opt/stack/glance/glance/location.py:616}}
Jun 30 13:31:55.966490 np0000003986 devstack@g-api.service[102662]: DEBUG glance_store.backend [None req-a0bc3404-ea92-4d25-b33d-d7f036049009 tempest-ServerStableDeviceRescueTest-1260755450 tempest-ServerStableDeviceRescueTest-1260755450-project-member] Attempting to import store swift {{(pid=102662) _load_store /opt/stack/data/venv/lib/python3.12/site-packages/glance_store/backend.py:215}}
Jun 30 13:31:55.967863 np0000003986 devstack@g-api.service[102662]: DEBUG glance_store.capabilities [None req-a0bc3404-ea92-4d25-b33d-d7f036049009 tempest-ServerStableDeviceRescueTest-1260755450 tempest-ServerStableDeviceRescueTest-1260755450-project-member] Store glance_store._drivers.swift.store.SingleTenantStore doesn't support updating dynamic storage capabilities. Please overwrite 'update_capabilities' method of the store to implement updating logics if needed. {{(pid=102662) update_capabilities /opt/stack/data/venv/lib/python3.12/site-packages/glance_store/capabilities.py:91}}
Jun 30 13:31:55.968019 np0000003986 devstack@g-api.service[102662]: DEBUG glance_store.driver [None req-a0bc3404-ea92-4d25-b33d-d7f036049009 tempest-ServerStableDeviceRescueTest-1260755450 tempest-ServerStableDeviceRescueTest-1260755450-project-member] Late loading location class glance_store._drivers.swift.store.StoreLocation {{(pid=102662) get_store_location_class /opt/stack/data/venv/lib/python3.12/site-packages/glance_store/driver.py:134}}
Jun 30 13:31:55.968124 np0000003986 devstack@g-api.service[102662]: DEBUG glance_store.location [None req-a0bc3404-ea92-4d25-b33d-d7f036049009 tempest-ServerStableDeviceRescueTest-1260755450 tempest-ServerStableDeviceRescueTest-1260755450-project-member] Registering scheme swift+https with {'store': , 'location_class': , 'store_entry': 'swift'} {{(pid=102662) register_scheme_map /opt/stack/data/venv/lib/python3.12/site-packages/glance_store/location.py:146}}
Jun 30 13:31:55.968191 np0000003986 devstack@g-api.service[102662]: DEBUG glance_store.location [None req-a0bc3404-ea92-4d25-b33d-d7f036049009 tempest-ServerStableDeviceRescueTest-1260755450 tempest-ServerStableDeviceRescueTest-1260755450-project-member] Registering scheme swift+https with {'store': , 'location_class': , 'store_entry': 'swift'} {{(pid=102662) register_scheme_map /opt/stack/data/venv/lib/python3.12/site-packages/glance_store/location.py:146}}
Jun 30 13:31:55.968309 np0000003986 devstack@g-api.service[102662]: DEBUG glance_store.location [None req-a0bc3404-ea92-4d25-b33d-d7f036049009 tempest-ServerStableDeviceRescueTest-1260755450 tempest-ServerStableDeviceRescueTest-1260755450-project-member] Registering scheme swift with {'store': , 'location_class': , 'store_entry': 'swift'} {{(pid=102662) register_scheme_map /opt/stack/data/venv/lib/python3.12/site-packages/glance_store/location.py:146}}
Jun 30 13:31:55.968387 np0000003986 devstack@g-api.service[102662]: DEBUG glance_store.location [None req-a0bc3404-ea92-4d25-b33d-d7f036049009 tempest-ServerStableDeviceRescueTest-1260755450 tempest-ServerStableDeviceRescueTest-1260755450-project-member] Registering scheme swift+https with {'store': , 'location_class': , 'store_entry': 'swift'} {{(pid=102662) register_scheme_map /opt/stack/data/venv/lib/python3.12/site-packages/glance_store/location.py:146}}
Jun 30 13:31:55.968439 np0000003986 devstack@g-api.service[102662]: DEBUG glance_store.location [None req-a0bc3404-ea92-4d25-b33d-d7f036049009 tempest-ServerStableDeviceRescueTest-1260755450 tempest-ServerStableDeviceRescueTest-1260755450-project-member] Registering scheme swift with {'store': , 'location_class': , 'store_entry': 'swift'} {{(pid=102662) register_scheme_map /opt/stack/data/venv/lib/python3.12/site-packages/glance_store/location.py:146}}
Jun 30 13:31:55.968484 np0000003986 devstack@g-api.service[102662]: DEBUG glance_store.location [None req-a0bc3404-ea92-4d25-b33d-d7f036049009 tempest-ServerStableDeviceRescueTest-1260755450 tempest-ServerStableDeviceRescueTest-1260755450-project-member] Registering scheme swift+http with {'store': , 'location_class': , 'store_entry': 'swift'} {{(pid=102662) register_scheme_map /opt/stack/data/venv/lib/python3.12/site-packages/glance_store/location.py:146}}
Jun 30 13:31:55.968620 np0000003986 devstack@g-api.service[102662]: DEBUG glance_store.location [None req-a0bc3404-ea92-4d25-b33d-d7f036049009 tempest-ServerStableDeviceRescueTest-1260755450 tempest-ServerStableDeviceRescueTest-1260755450-project-member] Registering scheme swift+https with {'store': , 'location_class': , 'store_entry': 'swift'} {{(pid=102662) register_scheme_map /opt/stack/data/venv/lib/python3.12/site-packages/glance_store/location.py:146}}
Jun 30 13:31:55.968620 np0000003986 devstack@g-api.service[102662]: DEBUG glance_store.location [None req-a0bc3404-ea92-4d25-b33d-d7f036049009 tempest-ServerStableDeviceRescueTest-1260755450 tempest-ServerStableDeviceRescueTest-1260755450-project-member] Registering scheme swift with {'store': , 'location_class': , 'store_entry': 'swift'} {{(pid=102662) register_scheme_map /opt/stack/data/venv/lib/python3.12/site-packages/glance_store/location.py:146}}
Jun 30 13:31:55.968769 np0000003986 devstack@g-api.service[102662]: DEBUG glance_store.location [None req-a0bc3404-ea92-4d25-b33d-d7f036049009 tempest-ServerStableDeviceRescueTest-1260755450 tempest-ServerStableDeviceRescueTest-1260755450-project-member] Registering scheme swift+http with {'store': , 'location_class': , 'store_entry': 'swift'} {{(pid=102662) register_scheme_map /opt/stack/data/venv/lib/python3.12/site-packages/glance_store/location.py:146}}
Jun 30 13:31:55.968769 np0000003986 devstack@g-api.service[102662]: DEBUG glance_store.location [None req-a0bc3404-ea92-4d25-b33d-d7f036049009 tempest-ServerStableDeviceRescueTest-1260755450 tempest-ServerStableDeviceRescueTest-1260755450-project-member] Registering scheme swift+config with {'store': , 'location_class': , 'store_entry': 'swift'} {{(pid=102662) register_scheme_map /opt/stack/data/venv/lib/python3.12/site-packages/glance_store/location.py:146}}
Jun 30 13:31:55.971862 np0000003986 devstack@g-api.service[102663]: DEBUG glance.api.middleware.version_negotiation [None req-35f2e2e6-ca8c-4f92-9dac-573331977d5f tempest-TaggedBootDevicesTest_v242-1724461602 tempest-TaggedBootDevicesTest_v242-1724461602-project-member] Determining version of request: GET /versions Accept: */* {{(pid=102663) process_request /opt/stack/glance/glance/api/middleware/version_negotiation.py:44}}
Jun 30 13:31:55.972530 np0000003986 devstack@g-api.service[102663]: [pid: 102663|app: 0|req: 26/103] 127.0.0.1 () {44 vars in 1035 bytes} [Tue Jun 30 13:31:55 2026] GET /versions => generated 1394 bytes in 1 msecs (HTTP/1.1 200) 3 headers in 92 bytes (1 switches on core 0)
Jun 30 13:31:55.978006 np0000003986 devstack@g-api.service[102665]: DEBUG glance.api.middleware.version_negotiation [None req-35f2e2e6-ca8c-4f92-9dac-573331977d5f tempest-TaggedBootDevicesTest_v242-1724461602 tempest-TaggedBootDevicesTest_v242-1724461602-project-member] Determining version of request: GET /v2/images/f0305f65-abed-4f98-878e-12f7d5fb3253 Accept: */* {{(pid=102665) process_request /opt/stack/glance/glance/api/middleware/version_negotiation.py:44}}
Jun 30 13:31:55.978006 np0000003986 devstack@g-api.service[102665]: DEBUG glance.api.middleware.version_negotiation [None req-35f2e2e6-ca8c-4f92-9dac-573331977d5f tempest-TaggedBootDevicesTest_v242-1724461602 tempest-TaggedBootDevicesTest_v242-1724461602-project-member] Using url versioning {{(pid=102665) process_request /opt/stack/glance/glance/api/middleware/version_negotiation.py:57}}
Jun 30 13:31:55.978006 np0000003986 devstack@g-api.service[102665]: DEBUG glance.api.middleware.version_negotiation [None req-35f2e2e6-ca8c-4f92-9dac-573331977d5f tempest-TaggedBootDevicesTest_v242-1724461602 tempest-TaggedBootDevicesTest_v242-1724461602-project-member] Matched version: v2 {{(pid=102665) process_request /opt/stack/glance/glance/api/middleware/version_negotiation.py:69}}
Jun 30 13:31:55.978006 np0000003986 devstack@g-api.service[102665]: DEBUG glance.api.middleware.version_negotiation [None req-35f2e2e6-ca8c-4f92-9dac-573331977d5f tempest-TaggedBootDevicesTest_v242-1724461602 tempest-TaggedBootDevicesTest_v242-1724461602-project-member] new path /v2/images/f0305f65-abed-4f98-878e-12f7d5fb3253 {{(pid=102665) process_request /opt/stack/glance/glance/api/middleware/version_negotiation.py:70}}
Jun 30 13:31:55.985605 np0000003986 devstack@g-api.service[102664]: DEBUG glance.api.middleware.version_negotiation [None req-35f2e2e6-ca8c-4f92-9dac-573331977d5f tempest-TaggedBootDevicesTest_v242-1724461602 tempest-TaggedBootDevicesTest_v242-1724461602-project-member] Determining version of request: GET /v2/images/9bd2a87e-3b8c-465f-9cbe-7b7e07f2b5fd/locations Accept: */* {{(pid=102664) process_request /opt/stack/glance/glance/api/middleware/version_negotiation.py:44}}
Jun 30 13:31:55.989572 np0000003986 devstack@g-api.service[102664]: DEBUG glance.api.middleware.version_negotiation [None req-35f2e2e6-ca8c-4f92-9dac-573331977d5f tempest-TaggedBootDevicesTest_v242-1724461602 tempest-TaggedBootDevicesTest_v242-1724461602-project-member] Using url versioning {{(pid=102664) process_request /opt/stack/glance/glance/api/middleware/version_negotiation.py:57}}
Jun 30 13:31:55.989572 np0000003986 devstack@g-api.service[102664]: DEBUG glance.api.middleware.version_negotiation [None req-35f2e2e6-ca8c-4f92-9dac-573331977d5f tempest-TaggedBootDevicesTest_v242-1724461602 tempest-TaggedBootDevicesTest_v242-1724461602-project-member] Matched version: v2 {{(pid=102664) process_request /opt/stack/glance/glance/api/middleware/version_negotiation.py:69}}
Jun 30 13:31:55.989572 np0000003986 devstack@g-api.service[102664]: DEBUG glance.api.middleware.version_negotiation [None req-35f2e2e6-ca8c-4f92-9dac-573331977d5f tempest-TaggedBootDevicesTest_v242-1724461602 tempest-TaggedBootDevicesTest_v242-1724461602-project-member] new path /v2/images/9bd2a87e-3b8c-465f-9cbe-7b7e07f2b5fd/locations {{(pid=102664) process_request /opt/stack/glance/glance/api/middleware/version_negotiation.py:70}}
Jun 30 13:31:55.996042 np0000003986 devstack@g-api.service[102665]: [pid: 102665|app: 0|req: 27/104] 127.0.0.1 () {44 vars in 1111 bytes} [Tue Jun 30 13:31:55 2026] GET /v2/images/f0305f65-abed-4f98-878e-12f7d5fb3253 => generated 1445 bytes in 19 msecs (HTTP/1.1 200) 4 headers in 158 bytes (1 switches on core 0)
Jun 30 13:31:56.046820 np0000003986 devstack@g-api.service[102663]: DEBUG glance.api.middleware.version_negotiation [None req-35f2e2e6-ca8c-4f92-9dac-573331977d5f tempest-TaggedBootDevicesTest_v242-1724461602 tempest-TaggedBootDevicesTest_v242-1724461602-project-member] Determining version of request: GET /v2/schemas/image Accept: */* {{(pid=102663) process_request /opt/stack/glance/glance/api/middleware/version_negotiation.py:44}}
Jun 30 13:31:56.047184 np0000003986 devstack@g-api.service[102663]: DEBUG glance.api.middleware.version_negotiation [None req-35f2e2e6-ca8c-4f92-9dac-573331977d5f tempest-TaggedBootDevicesTest_v242-1724461602 tempest-TaggedBootDevicesTest_v242-1724461602-project-member] Using url versioning {{(pid=102663) process_request /opt/stack/glance/glance/api/middleware/version_negotiation.py:57}}
Jun 30 13:31:56.047184 np0000003986 devstack@g-api.service[102663]: DEBUG glance.api.middleware.version_negotiation [None req-35f2e2e6-ca8c-4f92-9dac-573331977d5f tempest-TaggedBootDevicesTest_v242-1724461602 tempest-TaggedBootDevicesTest_v242-1724461602-project-member] Matched version: v2 {{(pid=102663) process_request /opt/stack/glance/glance/api/middleware/version_negotiation.py:69}}
Jun 30 13:31:56.047410 np0000003986 devstack@g-api.service[102663]: DEBUG glance.api.middleware.version_negotiation [None req-35f2e2e6-ca8c-4f92-9dac-573331977d5f tempest-TaggedBootDevicesTest_v242-1724461602 tempest-TaggedBootDevicesTest_v242-1724461602-project-member] new path /v2/schemas/image {{(pid=102663) process_request /opt/stack/glance/glance/api/middleware/version_negotiation.py:70}}
Jun 30 13:31:56.049496 np0000003986 devstack@g-api.service[102663]: [pid: 102663|app: 0|req: 27/105] 127.0.0.1 () {44 vars in 1051 bytes} [Tue Jun 30 13:31:56 2026] GET /v2/schemas/image => generated 6083 bytes in 3 msecs (HTTP/1.1 200) 4 headers in 158 bytes (1 switches on core 0)
Jun 30 13:31:56.219255 np0000003986 devstack@g-api.service[102664]: [pid: 102664|app: 0|req: 28/106] 127.0.0.1 () {44 vars in 1131 bytes} [Tue Jun 30 13:31:55 2026] GET /v2/images/9bd2a87e-3b8c-465f-9cbe-7b7e07f2b5fd/locations => generated 92 bytes in 234 msecs (HTTP/1.1 200) 4 headers in 156 bytes (1 switches on core 0)
Jun 30 13:31:56.228953 np0000003986 devstack@g-api.service[102665]: DEBUG glance.api.middleware.version_negotiation [None req-4ff0fb3a-1398-419c-876d-92ab857207fe tempest-ServerStableDeviceRescueTest-1260755450 tempest-ServerStableDeviceRescueTest-1260755450-project-member] Determining version of request: GET /v2/images/9bd2a87e-3b8c-465f-9cbe-7b7e07f2b5fd Accept: */* {{(pid=102665) process_request /opt/stack/glance/glance/api/middleware/version_negotiation.py:44}}
Jun 30 13:31:56.228953 np0000003986 devstack@g-api.service[102665]: DEBUG glance.api.middleware.version_negotiation [None req-4ff0fb3a-1398-419c-876d-92ab857207fe tempest-ServerStableDeviceRescueTest-1260755450 tempest-ServerStableDeviceRescueTest-1260755450-project-member] Using url versioning {{(pid=102665) process_request /opt/stack/glance/glance/api/middleware/version_negotiation.py:57}}
Jun 30 13:31:56.228953 np0000003986 devstack@g-api.service[102665]: DEBUG glance.api.middleware.version_negotiation [None req-4ff0fb3a-1398-419c-876d-92ab857207fe tempest-ServerStableDeviceRescueTest-1260755450 tempest-ServerStableDeviceRescueTest-1260755450-project-member] Matched version: v2 {{(pid=102665) process_request /opt/stack/glance/glance/api/middleware/version_negotiation.py:69}}
Jun 30 13:31:56.228953 np0000003986 devstack@g-api.service[102665]: DEBUG glance.api.middleware.version_negotiation [None req-4ff0fb3a-1398-419c-876d-92ab857207fe tempest-ServerStableDeviceRescueTest-1260755450 tempest-ServerStableDeviceRescueTest-1260755450-project-member] new path /v2/images/9bd2a87e-3b8c-465f-9cbe-7b7e07f2b5fd {{(pid=102665) process_request /opt/stack/glance/glance/api/middleware/version_negotiation.py:70}}
Jun 30 13:31:56.240054 np0000003986 devstack@g-api.service[102665]: [pid: 102665|app: 0|req: 28/107] 127.0.0.1 () {44 vars in 1111 bytes} [Tue Jun 30 13:31:56 2026] GET /v2/images/9bd2a87e-3b8c-465f-9cbe-7b7e07f2b5fd => generated 1044 bytes in 12 msecs (HTTP/1.1 200) 4 headers in 158 bytes (1 switches on core 0)
Jun 30 13:31:56.248222 np0000003986 devstack@g-api.service[102663]: DEBUG glance.api.middleware.version_negotiation [None req-4ff0fb3a-1398-419c-876d-92ab857207fe tempest-ServerStableDeviceRescueTest-1260755450 tempest-ServerStableDeviceRescueTest-1260755450-project-member] Determining version of request: GET /v2/schemas/image Accept: */* {{(pid=102663) process_request /opt/stack/glance/glance/api/middleware/version_negotiation.py:44}}
Jun 30 13:31:56.248381 np0000003986 devstack@g-api.service[102663]: DEBUG glance.api.middleware.version_negotiation [None req-4ff0fb3a-1398-419c-876d-92ab857207fe tempest-ServerStableDeviceRescueTest-1260755450 tempest-ServerStableDeviceRescueTest-1260755450-project-member] Using url versioning {{(pid=102663) process_request /opt/stack/glance/glance/api/middleware/version_negotiation.py:57}}
Jun 30 13:31:56.248482 np0000003986 devstack@g-api.service[102663]: DEBUG glance.api.middleware.version_negotiation [None req-4ff0fb3a-1398-419c-876d-92ab857207fe tempest-ServerStableDeviceRescueTest-1260755450 tempest-ServerStableDeviceRescueTest-1260755450-project-member] Matched version: v2 {{(pid=102663) process_request /opt/stack/glance/glance/api/middleware/version_negotiation.py:69}}
Jun 30 13:31:56.248566 np0000003986 devstack@g-api.service[102663]: DEBUG glance.api.middleware.version_negotiation [None req-4ff0fb3a-1398-419c-876d-92ab857207fe tempest-ServerStableDeviceRescueTest-1260755450 tempest-ServerStableDeviceRescueTest-1260755450-project-member] new path /v2/schemas/image {{(pid=102663) process_request /opt/stack/glance/glance/api/middleware/version_negotiation.py:70}}
Jun 30 13:31:56.252141 np0000003986 devstack@g-api.service[102663]: [pid: 102663|app: 0|req: 28/108] 127.0.0.1 () {44 vars in 1051 bytes} [Tue Jun 30 13:31:56 2026] GET /v2/schemas/image => generated 6083 bytes in 4 msecs (HTTP/1.1 200) 4 headers in 158 bytes (1 switches on core 0)
Jun 30 13:31:56.260410 np0000003986 devstack@g-api.service[102664]: DEBUG glance.api.middleware.version_negotiation [None req-35f2e2e6-ca8c-4f92-9dac-573331977d5f service glance] Determining version of request: GET /v2/schemas/image Accept: */* {{(pid=102664) process_request /opt/stack/glance/glance/api/middleware/version_negotiation.py:44}}
Jun 30 13:31:56.260647 np0000003986 devstack@g-api.service[102664]: DEBUG glance.api.middleware.version_negotiation [None req-35f2e2e6-ca8c-4f92-9dac-573331977d5f service glance] Using url versioning {{(pid=102664) process_request /opt/stack/glance/glance/api/middleware/version_negotiation.py:57}}
Jun 30 13:31:56.260794 np0000003986 devstack@g-api.service[102664]: DEBUG glance.api.middleware.version_negotiation [None req-35f2e2e6-ca8c-4f92-9dac-573331977d5f service glance] Matched version: v2 {{(pid=102664) process_request /opt/stack/glance/glance/api/middleware/version_negotiation.py:69}}
Jun 30 13:31:56.260899 np0000003986 devstack@g-api.service[102664]: DEBUG glance.api.middleware.version_negotiation [None req-35f2e2e6-ca8c-4f92-9dac-573331977d5f service glance] new path /v2/schemas/image {{(pid=102664) process_request /opt/stack/glance/glance/api/middleware/version_negotiation.py:70}}
Jun 30 13:31:56.263430 np0000003986 devstack@g-api.service[102664]: [pid: 102664|app: 0|req: 29/109] 127.0.0.1 () {44 vars in 1051 bytes} [Tue Jun 30 13:31:56 2026] GET /v2/schemas/image => generated 6083 bytes in 3 msecs (HTTP/1.1 200) 4 headers in 158 bytes (1 switches on core 0)
Jun 30 13:31:56.325767 np0000003986 devstack@g-api.service[102662]: DEBUG swiftclient [None req-a0bc3404-ea92-4d25-b33d-d7f036049009 tempest-ServerStableDeviceRescueTest-1260755450 tempest-ServerStableDeviceRescueTest-1260755450-project-member] REQ: curl -i https://10.4.3.94:8080/v1/AUTH_d4c3da32e9af4cbcb3e18032ad5b9579/glance -I -H "X-Auth-Token: gAAAAABqQ8VMXiiL..." {{(pid=102662) http_log /opt/stack/data/venv/lib/python3.12/site-packages/swiftclient/client.py:160}}
Jun 30 13:31:56.325901 np0000003986 devstack@g-api.service[102662]: DEBUG swiftclient [None req-a0bc3404-ea92-4d25-b33d-d7f036049009 tempest-ServerStableDeviceRescueTest-1260755450 tempest-ServerStableDeviceRescueTest-1260755450-project-member] RESP STATUS: 204 No Content {{(pid=102662) http_log /opt/stack/data/venv/lib/python3.12/site-packages/swiftclient/client.py:161}}
Jun 30 13:31:56.326109 np0000003986 devstack@g-api.service[102662]: DEBUG swiftclient [None req-a0bc3404-ea92-4d25-b33d-d7f036049009 tempest-ServerStableDeviceRescueTest-1260755450 tempest-ServerStableDeviceRescueTest-1260755450-project-member] RESP HEADERS: {'Date': 'Tue, 30 Jun 2026 13:31:56 GMT', 'Server': 'Apache/2.4.58 (Ubuntu)', 'Content-Type': 'text/plain; charset=utf-8', 'X-Container-Object-Count': '5', 'X-Container-Bytes-Used': '86048768', 'X-Timestamp': '1782826148.35524', 'Last-Modified': 'Tue, 30 Jun 2026 13:29:09 GMT', 'Accept-Ranges': 'bytes', 'X-Storage-Policy': 'Policy-0', 'X-Container-Sharding': 'False', 'Vary': 'Accept', 'X-Trans-Id': 'txe56ba422ecf0413bad990-006a43c54c', 'X-Openstack-Request-Id': 'txe56ba422ecf0413bad990-006a43c54c', 'Connection': 'close'} {{(pid=102662) http_log /opt/stack/data/venv/lib/python3.12/site-packages/swiftclient/client.py:162}}
Jun 30 13:31:56.326262 np0000003986 devstack@g-api.service[102662]: DEBUG glance_store._drivers.swift.store [None req-a0bc3404-ea92-4d25-b33d-d7f036049009 tempest-ServerStableDeviceRescueTest-1260755450 tempest-ServerStableDeviceRescueTest-1260755450-project-member] Adding image object 'f0305f65-abed-4f98-878e-12f7d5fb3253' to Swift {{(pid=102662) add /opt/stack/data/venv/lib/python3.12/site-packages/glance_store/_drivers/swift/store.py:970}}
Jun 30 13:31:56.326331 np0000003986 devstack@g-api.service[102662]: DEBUG glance_store._drivers.swift.store [None req-a0bc3404-ea92-4d25-b33d-d7f036049009 tempest-ServerStableDeviceRescueTest-1260755450 tempest-ServerStableDeviceRescueTest-1260755450-project-member] Cannot determine image size because it is either not provided in the request or chunked-transfer encoding is used. Adding image as a segmented object to Swift. {{(pid=102662) add /opt/stack/data/venv/lib/python3.12/site-packages/glance_store/_drivers/swift/store.py:994}}
Jun 30 13:31:56.332251 np0000003986 devstack@g-api.service[102662]: DEBUG oslo_utils.imageutils.format_inspector [None req-a0bc3404-ea92-4d25-b33d-d7f036049009 tempest-ServerStableDeviceRescueTest-1260755450 tempest-ServerStableDeviceRescueTest-1260755450-project-member] Format inspector for vmdk does not match, excluding from consideration (Signature KDMV not found: b'QFI\xfb') {{(pid=102662) _process_chunk /opt/stack/data/venv/lib/python3.12/site-packages/oslo_utils/imageutils/format_inspector.py:1758}}
Jun 30 13:31:56.334343 np0000003986 devstack@g-api.service[102662]: DEBUG oslo_utils.imageutils.format_inspector [None req-a0bc3404-ea92-4d25-b33d-d7f036049009 tempest-ServerStableDeviceRescueTest-1260755450 tempest-ServerStableDeviceRescueTest-1260755450-project-member] Format inspector for vhdx does not match, excluding from consideration (Region signature not found at 30000) {{(pid=102662) _process_chunk /opt/stack/data/venv/lib/python3.12/site-packages/oslo_utils/imageutils/format_inspector.py:1758}}
Jun 30 13:31:56.839861 np0000003986 devstack@g-api.service[102662]: DEBUG swiftclient [None req-a0bc3404-ea92-4d25-b33d-d7f036049009 tempest-ServerStableDeviceRescueTest-1260755450 tempest-ServerStableDeviceRescueTest-1260755450-project-member] REQ: curl -i https://10.4.3.94:8080/v1/AUTH_d4c3da32e9af4cbcb3e18032ad5b9579/glance/f0305f65-abed-4f98-878e-12f7d5fb3253-00001 -X PUT -H "X-Auth-Token: gAAAAABqQ8VMXiiL..." {{(pid=102662) http_log /opt/stack/data/venv/lib/python3.12/site-packages/swiftclient/client.py:160}}
Jun 30 13:31:56.840188 np0000003986 devstack@g-api.service[102662]: DEBUG swiftclient [None req-a0bc3404-ea92-4d25-b33d-d7f036049009 tempest-ServerStableDeviceRescueTest-1260755450 tempest-ServerStableDeviceRescueTest-1260755450-project-member] RESP STATUS: 201 Created {{(pid=102662) http_log /opt/stack/data/venv/lib/python3.12/site-packages/swiftclient/client.py:161}}
Jun 30 13:31:56.840188 np0000003986 devstack@g-api.service[102662]: DEBUG swiftclient [None req-a0bc3404-ea92-4d25-b33d-d7f036049009 tempest-ServerStableDeviceRescueTest-1260755450 tempest-ServerStableDeviceRescueTest-1260755450-project-member] RESP HEADERS: {'Date': 'Tue, 30 Jun 2026 13:31:56 GMT', 'Server': 'Apache/2.4.58 (Ubuntu)', 'Content-Type': 'text/html; charset=UTF-8', 'Content-Length': '0', 'Etag': 'faf907fff2b4d5e86e58c1f598045f1e', 'Last-Modified': 'Tue, 30 Jun 2026 13:31:57 GMT', 'X-Trans-Id': 'tx1557ddccfeff4e6babc41-006a43c54c', 'X-Openstack-Request-Id': 'tx1557ddccfeff4e6babc41-006a43c54c', 'Connection': 'close'} {{(pid=102662) http_log /opt/stack/data/venv/lib/python3.12/site-packages/swiftclient/client.py:162}}
Jun 30 13:31:56.840264 np0000003986 devstack@g-api.service[102662]: DEBUG glance_store._drivers.swift.store [None req-a0bc3404-ea92-4d25-b33d-d7f036049009 tempest-ServerStableDeviceRescueTest-1260755450 tempest-ServerStableDeviceRescueTest-1260755450-project-member] Wrote chunk f0305f65-abed-4f98-878e-12f7d5fb3253-00001 (1/?) of length 53608448 to Swift returning MD5 of content: faf907fff2b4d5e86e58c1f598045f1e {{(pid=102662) add /opt/stack/data/venv/lib/python3.12/site-packages/glance_store/_drivers/swift/store.py:1059}}
Jun 30 13:31:56.840461 np0000003986 devstack@g-api.service[102662]: DEBUG glance_store._drivers.swift.store [None req-a0bc3404-ea92-4d25-b33d-d7f036049009 tempest-ServerStableDeviceRescueTest-1260755450 tempest-ServerStableDeviceRescueTest-1260755450-project-member] Not writing zero-length chunk. {{(pid=102662) add /opt/stack/data/venv/lib/python3.12/site-packages/glance_store/_drivers/swift/store.py:1028}}
Jun 30 13:31:56.864749 np0000003986 devstack@g-api.service[102662]: DEBUG swiftclient [None req-a0bc3404-ea92-4d25-b33d-d7f036049009 tempest-ServerStableDeviceRescueTest-1260755450 tempest-ServerStableDeviceRescueTest-1260755450-project-member] REQ: curl -i https://10.4.3.94:8080/v1/AUTH_d4c3da32e9af4cbcb3e18032ad5b9579/glance/f0305f65-abed-4f98-878e-12f7d5fb3253 -X PUT -H "X-Object-Manifest: glance/f0305f65-abed-4f98-878e-12f7d5fb3253-" -H "X-Auth-Token: gAAAAABqQ8VMXiiL..." -H "Content-Length: 0" {{(pid=102662) http_log /opt/stack/data/venv/lib/python3.12/site-packages/swiftclient/client.py:160}}
Jun 30 13:31:56.864941 np0000003986 devstack@g-api.service[102662]: DEBUG swiftclient [None req-a0bc3404-ea92-4d25-b33d-d7f036049009 tempest-ServerStableDeviceRescueTest-1260755450 tempest-ServerStableDeviceRescueTest-1260755450-project-member] RESP STATUS: 201 Created {{(pid=102662) http_log /opt/stack/data/venv/lib/python3.12/site-packages/swiftclient/client.py:161}}
Jun 30 13:31:56.865000 np0000003986 devstack@g-api.service[102662]: DEBUG swiftclient [None req-a0bc3404-ea92-4d25-b33d-d7f036049009 tempest-ServerStableDeviceRescueTest-1260755450 tempest-ServerStableDeviceRescueTest-1260755450-project-member] RESP HEADERS: {'Date': 'Tue, 30 Jun 2026 13:31:56 GMT', 'Server': 'Apache/2.4.58 (Ubuntu)', 'Content-Type': 'text/html; charset=UTF-8', 'Content-Length': '0', 'Etag': 'd41d8cd98f00b204e9800998ecf8427e', 'Last-Modified': 'Tue, 30 Jun 2026 13:31:57 GMT', 'X-Trans-Id': 'tx2662b7666d24426bbf48e-006a43c54c', 'X-Openstack-Request-Id': 'tx2662b7666d24426bbf48e-006a43c54c', 'Connection': 'close'} {{(pid=102662) http_log /opt/stack/data/venv/lib/python3.12/site-packages/swiftclient/client.py:162}}
Jun 30 13:31:56.865478 np0000003986 devstack@g-api.service[102662]: INFO glance.location [None req-a0bc3404-ea92-4d25-b33d-d7f036049009 tempest-ServerStableDeviceRescueTest-1260755450 tempest-ServerStableDeviceRescueTest-1260755450-project-member] Image format matched and virtual size computed: 1073741824
Jun 30 13:31:56.907154 np0000003986 devstack@g-api.service[102662]: DEBUG glance_store.backend [None req-a0bc3404-ea92-4d25-b33d-d7f036049009 tempest-ServerStableDeviceRescueTest-1260755450 tempest-ServerStableDeviceRescueTest-1260755450-project-member] Attempting to import store swift {{(pid=102662) _load_store /opt/stack/data/venv/lib/python3.12/site-packages/glance_store/backend.py:215}}
Jun 30 13:31:56.908789 np0000003986 devstack@g-api.service[102662]: DEBUG glance_store.capabilities [None req-a0bc3404-ea92-4d25-b33d-d7f036049009 tempest-ServerStableDeviceRescueTest-1260755450 tempest-ServerStableDeviceRescueTest-1260755450-project-member] Store glance_store._drivers.swift.store.SingleTenantStore doesn't support updating dynamic storage capabilities. Please overwrite 'update_capabilities' method of the store to implement updating logics if needed. {{(pid=102662) update_capabilities /opt/stack/data/venv/lib/python3.12/site-packages/glance_store/capabilities.py:91}}
Jun 30 13:31:56.908907 np0000003986 devstack@g-api.service[102662]: DEBUG glance_store.driver [None req-a0bc3404-ea92-4d25-b33d-d7f036049009 tempest-ServerStableDeviceRescueTest-1260755450 tempest-ServerStableDeviceRescueTest-1260755450-project-member] Late loading location class glance_store._drivers.swift.store.StoreLocation {{(pid=102662) get_store_location_class /opt/stack/data/venv/lib/python3.12/site-packages/glance_store/driver.py:134}}
Jun 30 13:31:56.909052 np0000003986 devstack@g-api.service[102662]: DEBUG glance_store.location [None req-a0bc3404-ea92-4d25-b33d-d7f036049009 tempest-ServerStableDeviceRescueTest-1260755450 tempest-ServerStableDeviceRescueTest-1260755450-project-member] Registering scheme swift+https with {'store': , 'location_class': , 'store_entry': 'swift'} {{(pid=102662) register_scheme_map /opt/stack/data/venv/lib/python3.12/site-packages/glance_store/location.py:146}}
Jun 30 13:31:56.909146 np0000003986 devstack@g-api.service[102662]: DEBUG glance_store.location [None req-a0bc3404-ea92-4d25-b33d-d7f036049009 tempest-ServerStableDeviceRescueTest-1260755450 tempest-ServerStableDeviceRescueTest-1260755450-project-member] Registering scheme swift+https with {'store': , 'location_class': , 'store_entry': 'swift'} {{(pid=102662) register_scheme_map /opt/stack/data/venv/lib/python3.12/site-packages/glance_store/location.py:146}}
Jun 30 13:31:56.909246 np0000003986 devstack@g-api.service[102662]: DEBUG glance_store.location [None req-a0bc3404-ea92-4d25-b33d-d7f036049009 tempest-ServerStableDeviceRescueTest-1260755450 tempest-ServerStableDeviceRescueTest-1260755450-project-member] Registering scheme swift with {'store': , 'location_class': , 'store_entry': 'swift'} {{(pid=102662) register_scheme_map /opt/stack/data/venv/lib/python3.12/site-packages/glance_store/location.py:146}}
Jun 30 13:31:56.909326 np0000003986 devstack@g-api.service[102662]: DEBUG glance_store.location [None req-a0bc3404-ea92-4d25-b33d-d7f036049009 tempest-ServerStableDeviceRescueTest-1260755450 tempest-ServerStableDeviceRescueTest-1260755450-project-member] Registering scheme swift+https with {'store': , 'location_class': , 'store_entry': 'swift'} {{(pid=102662) register_scheme_map /opt/stack/data/venv/lib/python3.12/site-packages/glance_store/location.py:146}}
Jun 30 13:31:56.909429 np0000003986 devstack@g-api.service[102662]: DEBUG glance_store.location [None req-a0bc3404-ea92-4d25-b33d-d7f036049009 tempest-ServerStableDeviceRescueTest-1260755450 tempest-ServerStableDeviceRescueTest-1260755450-project-member] Registering scheme swift with {'store': , 'location_class': , 'store_entry': 'swift'} {{(pid=102662) register_scheme_map /opt/stack/data/venv/lib/python3.12/site-packages/glance_store/location.py:146}}
Jun 30 13:31:56.909514 np0000003986 devstack@g-api.service[102662]: DEBUG glance_store.location [None req-a0bc3404-ea92-4d25-b33d-d7f036049009 tempest-ServerStableDeviceRescueTest-1260755450 tempest-ServerStableDeviceRescueTest-1260755450-project-member] Registering scheme swift+http with {'store': , 'location_class': , 'store_entry': 'swift'} {{(pid=102662) register_scheme_map /opt/stack/data/venv/lib/python3.12/site-packages/glance_store/location.py:146}}
