Jul 08 18:10:14.417956 np0000004841 devstack@g-api.service[99598]: DEBUG glance_store.backend [-] Registering store swift with schemes ('swift+https', 'swift', 'swift+http', 'swift+config') {{(pid=99598) create_stores /opt/stack/data/venv/lib/python3.12/site-packages/glance_store/backend.py:261}}
Jul 08 18:10:14.418003 np0000004841 devstack@g-api.service[99598]: DEBUG glance_store.driver [-] Late loading location class glance_store._drivers.swift.store.StoreLocation {{(pid=99598) get_store_location_class /opt/stack/data/venv/lib/python3.12/site-packages/glance_store/driver.py:134}}
Jul 08 18:10:14.418067 np0000004841 devstack@g-api.service[99598]: DEBUG glance_store.location [-] Registering scheme swift+https with {'store': , 'location_class': , 'store_entry': 'swift'} {{(pid=99598) register_scheme_map /opt/stack/data/venv/lib/python3.12/site-packages/glance_store/location.py:146}}
Jul 08 18:10:14.418112 np0000004841 devstack@g-api.service[99598]: DEBUG glance_store.location [-] Registering scheme swift with {'store': , 'location_class': , 'store_entry': 'swift'} {{(pid=99598) register_scheme_map /opt/stack/data/venv/lib/python3.12/site-packages/glance_store/location.py:146}}
Jul 08 18:10:14.418166 np0000004841 devstack@g-api.service[99598]: DEBUG glance_store.location [-] Registering scheme swift+http with {'store': , 'location_class': , 'store_entry': 'swift'} {{(pid=99598) register_scheme_map /opt/stack/data/venv/lib/python3.12/site-packages/glance_store/location.py:146}}
Jul 08 18:10:14.418248 np0000004841 devstack@g-api.service[99598]: DEBUG glance_store.location [-] Registering scheme swift+config with {'store': , 'location_class': , 'store_entry': 'swift'} {{(pid=99598) register_scheme_map /opt/stack/data/venv/lib/python3.12/site-packages/glance_store/location.py:146}}
Jul 08 18:10:14.418289 np0000004841 devstack@g-api.service[99598]: DEBUG glance_store.backend [-] Attempting to import store file {{(pid=99598) _load_store /opt/stack/data/venv/lib/python3.12/site-packages/glance_store/backend.py:215}}
Jul 08 18:10:14.418751 np0000004841 devstack@g-api.service[99598]: DEBUG glance_store.capabilities [-] Store glance_store._drivers.filesystem.Store doesn't support updating dynamic storage capabilities. Please overwrite 'update_capabilities' method of the store to implement updating logics if needed. {{(pid=99598) update_capabilities /opt/stack/data/venv/lib/python3.12/site-packages/glance_store/capabilities.py:91}}
Jul 08 18:10:14.418852 np0000004841 devstack@g-api.service[99598]: DEBUG glance_store.backend [-] Registering store file with schemes ('file', 'filesystem') {{(pid=99598) create_stores /opt/stack/data/venv/lib/python3.12/site-packages/glance_store/backend.py:261}}
Jul 08 18:10:14.418852 np0000004841 devstack@g-api.service[99598]: DEBUG glance_store.driver [-] Late loading location class glance_store._drivers.filesystem.StoreLocation {{(pid=99598) get_store_location_class /opt/stack/data/venv/lib/python3.12/site-packages/glance_store/driver.py:134}}
Jul 08 18:10:14.418913 np0000004841 devstack@g-api.service[99598]: DEBUG glance_store.location [-] Registering scheme file with {'store': , 'location_class': , 'store_entry': 'file'} {{(pid=99598) register_scheme_map /opt/stack/data/venv/lib/python3.12/site-packages/glance_store/location.py:146}}
Jul 08 18:10:14.418943 np0000004841 devstack@g-api.service[99598]: DEBUG glance_store.location [-] Registering scheme filesystem with {'store': , 'location_class': , 'store_entry': 'file'} {{(pid=99598) register_scheme_map /opt/stack/data/venv/lib/python3.12/site-packages/glance_store/location.py:146}}
Jul 08 18:10:14.419043 np0000004841 devstack@g-api.service[99598]: DEBUG glance_store.backend [-] Attempting to import store swift {{(pid=99598) _load_store /opt/stack/data/venv/lib/python3.12/site-packages/glance_store/backend.py:215}}
Jul 08 18:10:14.420523 np0000004841 devstack@g-api.service[99598]: DEBUG glance_store.capabilities [-] Store glance_store._drivers.swift.store.SingleTenantStore doesn't support updating dynamic storage capabilities. Please overwrite 'update_capabilities' method of the store to implement updating logics if needed. {{(pid=99598) update_capabilities /opt/stack/data/venv/lib/python3.12/site-packages/glance_store/capabilities.py:91}}
Jul 08 18:10:14.420523 np0000004841 devstack@g-api.service[99598]: DEBUG glance_store.driver [-] Late loading location class glance_store._drivers.swift.store.StoreLocation {{(pid=99598) get_store_location_class /opt/stack/data/venv/lib/python3.12/site-packages/glance_store/driver.py:134}}
Jul 08 18:10:14.420523 np0000004841 devstack@g-api.service[99598]: DEBUG glance_store.location [-] Registering scheme swift+https with {'store': , 'location_class': , 'store_entry': 'swift'} {{(pid=99598) register_scheme_map /opt/stack/data/venv/lib/python3.12/site-packages/glance_store/location.py:146}}
Jul 08 18:10:14.420523 np0000004841 devstack@g-api.service[99598]: DEBUG glance_store.location [-] Registering scheme swift+https with {'store': , 'location_class': , 'store_entry': 'swift'} {{(pid=99598) register_scheme_map /opt/stack/data/venv/lib/python3.12/site-packages/glance_store/location.py:146}}
Jul 08 18:10:14.420523 np0000004841 devstack@g-api.service[99598]: DEBUG glance_store.location [-] Registering scheme swift with {'store': , 'location_class': , 'store_entry': 'swift'} {{(pid=99598) register_scheme_map /opt/stack/data/venv/lib/python3.12/site-packages/glance_store/location.py:146}}
Jul 08 18:10:14.420758 np0000004841 devstack@g-api.service[99598]: DEBUG glance_store.location [-] Registering scheme swift+https with {'store': , 'location_class': , 'store_entry': 'swift'} {{(pid=99598) register_scheme_map /opt/stack/data/venv/lib/python3.12/site-packages/glance_store/location.py:146}}
Jul 08 18:10:14.420758 np0000004841 devstack@g-api.service[99598]: DEBUG glance_store.location [-] Registering scheme swift with {'store': , 'location_class': , 'store_entry': 'swift'} {{(pid=99598) register_scheme_map /opt/stack/data/venv/lib/python3.12/site-packages/glance_store/location.py:146}}
Jul 08 18:10:14.420758 np0000004841 devstack@g-api.service[99598]: DEBUG glance_store.location [-] Registering scheme swift+http with {'store': , 'location_class': , 'store_entry': 'swift'} {{(pid=99598) register_scheme_map /opt/stack/data/venv/lib/python3.12/site-packages/glance_store/location.py:146}}
Jul 08 18:10:14.420758 np0000004841 devstack@g-api.service[99598]: DEBUG glance_store.location [-] Registering scheme swift+https with {'store': , 'location_class': , 'store_entry': 'swift'} {{(pid=99598) register_scheme_map /opt/stack/data/venv/lib/python3.12/site-packages/glance_store/location.py:146}}
Jul 08 18:10:14.420758 np0000004841 devstack@g-api.service[99598]: DEBUG glance_store.location [-] Registering scheme swift with {'store': , 'location_class': , 'store_entry': 'swift'} {{(pid=99598) register_scheme_map /opt/stack/data/venv/lib/python3.12/site-packages/glance_store/location.py:146}}
Jul 08 18:10:14.420959 np0000004841 devstack@g-api.service[99598]: DEBUG glance_store.location [-] Registering scheme swift+http with {'store': , 'location_class': , 'store_entry': 'swift'} {{(pid=99598) register_scheme_map /opt/stack/data/venv/lib/python3.12/site-packages/glance_store/location.py:146}}
Jul 08 18:10:14.420959 np0000004841 devstack@g-api.service[99598]: DEBUG glance_store.location [-] Registering scheme swift+config with {'store': , 'location_class': , 'store_entry': 'swift'} {{(pid=99598) register_scheme_map /opt/stack/data/venv/lib/python3.12/site-packages/glance_store/location.py:146}}
Jul 08 18:10:14.420959 np0000004841 devstack@g-api.service[99598]: DEBUG glance.sqlite_migration [-] SQLite caching database not located, skipping migration {{(pid=99598) get_db_path /opt/stack/glance/glance/sqlite_migration.py:68}}
Jul 08 18:10:14.421124 np0000004841 devstack@g-api.service[99598]: WARNING glance.common.wsgi_app [-] Import methods are enabled but staging directory /tmp/staging/ does not exist; Imports will fail!
Jul 08 18:10:14.539010 np0000004841 devstack@g-api.service[99597]: DEBUG glance.common.config [None req-6f2edb3f-1f36-41a1-b0ca-88b6fa1a9144 None None] Loading glance-api-keystone+cachemanagement from /etc/glance/glance-api-paste.ini {{(pid=99597) load_paste_app /opt/stack/glance/glance/common/config.py:765}}
Jul 08 18:10:14.550296 np0000004841 devstack@g-api.service[99599]: DEBUG glance.common.config [None req-0623cd6e-2c46-4ace-9c13-4dab606d6d23 None None] Loading glance-api-keystone+cachemanagement from /etc/glance/glance-api-paste.ini {{(pid=99599) load_paste_app /opt/stack/glance/glance/common/config.py:765}}
Jul 08 18:10:14.552779 np0000004841 devstack@g-api.service[99598]: DEBUG glance.common.config [None req-7ef906ea-2152-45a9-8a0b-3d48c5706595 None None] Loading glance-api-keystone+cachemanagement from /etc/glance/glance-api-paste.ini {{(pid=99598) load_paste_app /opt/stack/glance/glance/common/config.py:765}}
Jul 08 18:10:15.171813 np0000004841 devstack@g-api.service[99598]: INFO glance.image_cache [None req-7ef906ea-2152-45a9-8a0b-3d48c5706595 None None] Image cache loaded driver 'centralized_db'.
Jul 08 18:10:15.175486 np0000004841 devstack@g-api.service[99599]: INFO glance.image_cache [None req-0623cd6e-2c46-4ace-9c13-4dab606d6d23 None None] Image cache loaded driver 'centralized_db'.
Jul 08 18:10:15.196625 np0000004841 devstack@g-api.service[99597]: INFO glance.image_cache [None req-6f2edb3f-1f36-41a1-b0ca-88b6fa1a9144 None None] Image cache loaded driver 'centralized_db'.
Jul 08 18:10:15.214637 np0000004841 devstack@g-api.service[99598]: INFO dbcounter [None req-7ef906ea-2152-45a9-8a0b-3d48c5706595 None None] Registered counter for database glance
Jul 08 18:10:15.221347 np0000004841 devstack@g-api.service[99599]: INFO dbcounter [None req-0623cd6e-2c46-4ace-9c13-4dab606d6d23 None None] Registered counter for database glance
Jul 08 18:10:15.249443 np0000004841 devstack@g-api.service[99597]: INFO dbcounter [None req-6f2edb3f-1f36-41a1-b0ca-88b6fa1a9144 None None] Registered counter for database glance
Jul 08 18:10:15.253606 np0000004841 devstack@g-api.service[99598]: DEBUG oslo_db.sqlalchemy.engines [None req-7ef906ea-2152-45a9-8a0b-3d48c5706595 None None] MySQL server mode set to STRICT_TRANS_TABLES,STRICT_ALL_TABLES,NO_ZERO_IN_DATE,NO_ZERO_DATE,ERROR_FOR_DIVISION_BY_ZERO,TRADITIONAL,NO_ENGINE_SUBSTITUTION {{(pid=99598) _check_effective_sql_mode /opt/stack/data/venv/lib/python3.12/site-packages/oslo_db/sqlalchemy/engines.py:325}}
Jul 08 18:10:15.261777 np0000004841 devstack@g-api.service[99599]: DEBUG oslo_db.sqlalchemy.engines [None req-0623cd6e-2c46-4ace-9c13-4dab606d6d23 None None] MySQL server mode set to STRICT_TRANS_TABLES,STRICT_ALL_TABLES,NO_ZERO_IN_DATE,NO_ZERO_DATE,ERROR_FOR_DIVISION_BY_ZERO,TRADITIONAL,NO_ENGINE_SUBSTITUTION {{(pid=99599) _check_effective_sql_mode /opt/stack/data/venv/lib/python3.12/site-packages/oslo_db/sqlalchemy/engines.py:325}}
Jul 08 18:10:15.274754 np0000004841 devstack@g-api.service[99598]: DEBUG dbcounter [-] [99598] Writer thread running {{(pid=99598) stat_writer /opt/stack/data/venv/lib/python3.12/site-packages/dbcounter.py:102}}
Jul 08 18:10:15.283281 np0000004841 devstack@g-api.service[99599]: DEBUG dbcounter [-] [99599] Writer thread running {{(pid=99599) stat_writer /opt/stack/data/venv/lib/python3.12/site-packages/dbcounter.py:102}}
Jul 08 18:10:15.286874 np0000004841 devstack@g-api.service[99599]: DEBUG glance.image_cache.drivers.centralized_db [None req-0623cd6e-2c46-4ace-9c13-4dab606d6d23 None None] Node reference is already recorded, ignoring it {{(pid=99599) configure /opt/stack/glance/glance/image_cache/drivers/centralized_db.py:71}}
Jul 08 18:10:15.288554 np0000004841 devstack@g-api.service[99598]: INFO glance.image_cache [None req-7ef906ea-2152-45a9-8a0b-3d48c5706595 None None] Image cache loaded driver 'centralized_db'.
Jul 08 18:10:15.289655 np0000004841 devstack@g-api.service[99597]: DEBUG oslo_db.sqlalchemy.engines [None req-6f2edb3f-1f36-41a1-b0ca-88b6fa1a9144 None None] MySQL server mode set to STRICT_TRANS_TABLES,STRICT_ALL_TABLES,NO_ZERO_IN_DATE,NO_ZERO_DATE,ERROR_FOR_DIVISION_BY_ZERO,TRADITIONAL,NO_ENGINE_SUBSTITUTION {{(pid=99597) _check_effective_sql_mode /opt/stack/data/venv/lib/python3.12/site-packages/oslo_db/sqlalchemy/engines.py:325}}
Jul 08 18:10:15.294562 np0000004841 devstack@g-api.service[99599]: INFO glance.image_cache [None req-0623cd6e-2c46-4ace-9c13-4dab606d6d23 None None] Image cache loaded driver 'centralized_db'.
Jul 08 18:10:15.297844 np0000004841 devstack@g-api.service[99598]: DEBUG glance.image_cache.drivers.centralized_db [None req-7ef906ea-2152-45a9-8a0b-3d48c5706595 None None] Node reference is already recorded, ignoring it {{(pid=99598) configure /opt/stack/glance/glance/image_cache/drivers/centralized_db.py:71}}
Jul 08 18:10:15.310913 np0000004841 devstack@g-api.service[99597]: DEBUG dbcounter [-] [99597] Writer thread running {{(pid=99597) stat_writer /opt/stack/data/venv/lib/python3.12/site-packages/dbcounter.py:102}}
Jul 08 18:10:15.315127 np0000004841 devstack@g-api.service[99597]: DEBUG glance.image_cache.drivers.centralized_db [None req-6f2edb3f-1f36-41a1-b0ca-88b6fa1a9144 None None] Node reference is already recorded, ignoring it {{(pid=99597) configure /opt/stack/glance/glance/image_cache/drivers/centralized_db.py:71}}
Jul 08 18:10:15.321765 np0000004841 devstack@g-api.service[99597]: INFO glance.image_cache [None req-6f2edb3f-1f36-41a1-b0ca-88b6fa1a9144 None None] Image cache loaded driver 'centralized_db'.
Jul 08 18:10:15.389660 np0000004841 devstack@g-api.service[99598]: DEBUG glance.api.v2.cached_images [None req-7ef906ea-2152-45a9-8a0b-3d48c5706595 None None] Started cache worker thread {{(pid=99598) __init__ /opt/stack/glance/glance/api/v2/cached_images.py:71}}
Jul 08 18:10:15.390413 np0000004841 devstack@g-api.service[99598]: INFO glance.image_cache [None req-7ef906ea-2152-45a9-8a0b-3d48c5706595 None None] Image cache loaded driver 'centralized_db'.
Jul 08 18:10:15.394959 np0000004841 devstack@g-api.service[99599]: DEBUG glance.image_cache.drivers.centralized_db [None req-0623cd6e-2c46-4ace-9c13-4dab606d6d23 None None] Node reference is already recorded, ignoring it {{(pid=99599) configure /opt/stack/glance/glance/image_cache/drivers/centralized_db.py:71}}
Jul 08 18:10:15.398829 np0000004841 devstack@g-api.service[99598]: DEBUG glance.image_cache.drivers.centralized_db [None req-7ef906ea-2152-45a9-8a0b-3d48c5706595 None None] Node reference is already recorded, ignoring it {{(pid=99598) configure /opt/stack/glance/glance/image_cache/drivers/centralized_db.py:71}}
Jul 08 18:10:15.399930 np0000004841 devstack@g-api.service[99599]: DEBUG glance.api.v2.cached_images [None req-0623cd6e-2c46-4ace-9c13-4dab606d6d23 None None] Started cache worker thread {{(pid=99599) __init__ /opt/stack/glance/glance/api/v2/cached_images.py:71}}
Jul 08 18:10:15.400671 np0000004841 devstack@g-api.service[99599]: INFO glance.image_cache [None req-0623cd6e-2c46-4ace-9c13-4dab606d6d23 None None] Image cache loaded driver 'centralized_db'.
Jul 08 18:10:15.403271 np0000004841 devstack@g-api.service[99598]: INFO glance.api.middleware.cache_manage [None req-7ef906ea-2152-45a9-8a0b-3d48c5706595 None None] Initialized image cache management middleware
Jul 08 18:10:15.403459 np0000004841 devstack@g-api.service[99598]: INFO glance.image_cache [None req-7ef906ea-2152-45a9-8a0b-3d48c5706595 None None] Image cache loaded driver 'centralized_db'.
Jul 08 18:10:15.408607 np0000004841 devstack@g-api.service[99599]: DEBUG glance.image_cache.drivers.centralized_db [None req-0623cd6e-2c46-4ace-9c13-4dab606d6d23 None None] Node reference is already recorded, ignoring it {{(pid=99599) configure /opt/stack/glance/glance/image_cache/drivers/centralized_db.py:71}}
Jul 08 18:10:15.409589 np0000004841 devstack@g-api.service[99598]: DEBUG glance.image_cache.drivers.centralized_db [None req-7ef906ea-2152-45a9-8a0b-3d48c5706595 None None] Node reference is already recorded, ignoring it {{(pid=99598) configure /opt/stack/glance/glance/image_cache/drivers/centralized_db.py:71}}
Jul 08 18:10:15.412969 np0000004841 devstack@g-api.service[99599]: INFO glance.api.middleware.cache_manage [None req-0623cd6e-2c46-4ace-9c13-4dab606d6d23 None None] Initialized image cache management middleware
Jul 08 18:10:15.413040 np0000004841 devstack@g-api.service[99598]: INFO glance.api.middleware.cache [None req-7ef906ea-2152-45a9-8a0b-3d48c5706595 None None] Initialized image cache middleware
Jul 08 18:10:15.413124 np0000004841 devstack@g-api.service[99599]: INFO glance.image_cache [None req-0623cd6e-2c46-4ace-9c13-4dab606d6d23 None None] Image cache loaded driver 'centralized_db'.
Jul 08 18:10:15.419524 np0000004841 devstack@g-api.service[99597]: DEBUG glance.image_cache.drivers.centralized_db [None req-6f2edb3f-1f36-41a1-b0ca-88b6fa1a9144 None None] Node reference is already recorded, ignoring it {{(pid=99597) configure /opt/stack/glance/glance/image_cache/drivers/centralized_db.py:71}}
Jul 08 18:10:15.420938 np0000004841 devstack@g-api.service[99599]: DEBUG glance.image_cache.drivers.centralized_db [None req-0623cd6e-2c46-4ace-9c13-4dab606d6d23 None None] Node reference is already recorded, ignoring it {{(pid=99599) configure /opt/stack/glance/glance/image_cache/drivers/centralized_db.py:71}}
Jul 08 18:10:15.423883 np0000004841 devstack@g-api.service[99598]: DEBUG glance.common.config [None req-7ef906ea-2152-45a9-8a0b-3d48c5706595 None None] ******************************************************************************** {{(pid=99598) log_opt_values /opt/stack/data/venv/lib/python3.12/site-packages/oslo_config/cfg.py:3226}}
Jul 08 18:10:15.423959 np0000004841 devstack@g-api.service[99598]: DEBUG glance.common.config [None req-7ef906ea-2152-45a9-8a0b-3d48c5706595 None None] Configuration options gathered from: {{(pid=99598) log_opt_values /opt/stack/data/venv/lib/python3.12/site-packages/oslo_config/cfg.py:3227}}
Jul 08 18:10:15.424196 np0000004841 devstack@g-api.service[99598]: DEBUG glance.common.config [None req-7ef906ea-2152-45a9-8a0b-3d48c5706595 None None] command line args: [] {{(pid=99598) log_opt_values /opt/stack/data/venv/lib/python3.12/site-packages/oslo_config/cfg.py:3228}}
Jul 08 18:10:15.424256 np0000004841 devstack@g-api.service[99597]: DEBUG glance.api.v2.cached_images [None req-6f2edb3f-1f36-41a1-b0ca-88b6fa1a9144 None None] Started cache worker thread {{(pid=99597) __init__ /opt/stack/glance/glance/api/v2/cached_images.py:71}}
Jul 08 18:10:15.424311 np0000004841 devstack@g-api.service[99598]: DEBUG glance.common.config [None req-7ef906ea-2152-45a9-8a0b-3d48c5706595 None None] config files: ['/etc/glance/glance-image-import.conf', '/etc/glance/glance-api.conf'] {{(pid=99598) log_opt_values /opt/stack/data/venv/lib/python3.12/site-packages/oslo_config/cfg.py:3229}}
Jul 08 18:10:15.424396 np0000004841 devstack@g-api.service[99598]: DEBUG glance.common.config [None req-7ef906ea-2152-45a9-8a0b-3d48c5706595 None None] ================================================================================ {{(pid=99598) log_opt_values /opt/stack/data/venv/lib/python3.12/site-packages/oslo_config/cfg.py:3234}}
Jul 08 18:10:15.424514 np0000004841 devstack@g-api.service[99598]: DEBUG glance.common.config [None req-7ef906ea-2152-45a9-8a0b-3d48c5706595 None None] allow_anonymous_access = False {{(pid=99598) log_opt_values /opt/stack/data/venv/lib/python3.12/site-packages/oslo_config/cfg.py:3242}}
Jul 08 18:10:15.424569 np0000004841 devstack@g-api.service[99599]: INFO glance.api.middleware.cache [None req-0623cd6e-2c46-4ace-9c13-4dab606d6d23 None None] Initialized image cache middleware
Jul 08 18:10:15.424646 np0000004841 devstack@g-api.service[99598]: DEBUG glance.common.config [None req-7ef906ea-2152-45a9-8a0b-3d48c5706595 None None] api_limit_max = 1000 {{(pid=99598) log_opt_values /opt/stack/data/venv/lib/python3.12/site-packages/oslo_config/cfg.py:3242}}
Jul 08 18:10:15.424746 np0000004841 devstack@g-api.service[99598]: DEBUG glance.common.config [None req-7ef906ea-2152-45a9-8a0b-3d48c5706595 None None] config_dir = [] {{(pid=99598) log_opt_values /opt/stack/data/venv/lib/python3.12/site-packages/oslo_config/cfg.py:3242}}
Jul 08 18:10:15.424814 np0000004841 devstack@g-api.service[99598]: DEBUG glance.common.config [None req-7ef906ea-2152-45a9-8a0b-3d48c5706595 None None] config_file = ['/etc/glance/glance-image-import.conf', '/etc/glance/glance-api.conf'] {{(pid=99598) log_opt_values /opt/stack/data/venv/lib/python3.12/site-packages/oslo_config/cfg.py:3242}}
Jul 08 18:10:15.424909 np0000004841 devstack@g-api.service[99598]: DEBUG glance.common.config [None req-7ef906ea-2152-45a9-8a0b-3d48c5706595 None None] config_source = [] {{(pid=99598) log_opt_values /opt/stack/data/venv/lib/python3.12/site-packages/oslo_config/cfg.py:3242}}
Jul 08 18:10:15.424993 np0000004841 devstack@g-api.service[99597]: INFO glance.image_cache [None req-6f2edb3f-1f36-41a1-b0ca-88b6fa1a9144 None None] Image cache loaded driver 'centralized_db'.
Jul 08 18:10:15.425022 np0000004841 devstack@g-api.service[99598]: DEBUG glance.common.config [None req-7ef906ea-2152-45a9-8a0b-3d48c5706595 None None] control_exchange = glance {{(pid=99598) log_opt_values /opt/stack/data/venv/lib/python3.12/site-packages/oslo_config/cfg.py:3242}}
Jul 08 18:10:15.425063 np0000004841 devstack@g-api.service[99598]: DEBUG glance.common.config [None req-7ef906ea-2152-45a9-8a0b-3d48c5706595 None None] debug = True {{(pid=99598) log_opt_values /opt/stack/data/venv/lib/python3.12/site-packages/oslo_config/cfg.py:3242}}
Jul 08 18:10:15.425243 np0000004841 devstack@g-api.service[99598]: DEBUG glance.common.config [None req-7ef906ea-2152-45a9-8a0b-3d48c5706595 None None] default_log_levels = ['amqp=WARN', 'boto=WARN', 'sqlalchemy=WARN', 'suds=INFO', 'oslo.messaging=INFO', 'oslo_messaging=INFO', 'iso8601=WARN', 'requests.packages.urllib3.connectionpool=WARN', 'urllib3.connectionpool=WARN', 'websocket=WARN', 'requests.packages.urllib3.util.retry=WARN', 'urllib3.util.retry=WARN', 'keystonemiddleware=WARN', 'routes.middleware=WARN', 'stevedore=WARN', 'taskflow=WARN', 'keystoneauth=WARN', 'oslo.cache=INFO', 'oslo_policy=INFO', 'dogpile.core.dogpile=INFO'] {{(pid=99598) log_opt_values /opt/stack/data/venv/lib/python3.12/site-packages/oslo_config/cfg.py:3242}}
Jul 08 18:10:15.425355 np0000004841 devstack@g-api.service[99598]: DEBUG glance.common.config [None req-7ef906ea-2152-45a9-8a0b-3d48c5706595 None None] default_publisher_id = image.localhost {{(pid=99598) log_opt_values /opt/stack/data/venv/lib/python3.12/site-packages/oslo_config/cfg.py:3242}}
Jul 08 18:10:15.425446 np0000004841 devstack@g-api.service[99598]: DEBUG glance.common.config [None req-7ef906ea-2152-45a9-8a0b-3d48c5706595 None None] delayed_delete = False {{(pid=99598) log_opt_values /opt/stack/data/venv/lib/python3.12/site-packages/oslo_config/cfg.py:3242}}
Jul 08 18:10:15.425556 np0000004841 devstack@g-api.service[99598]: DEBUG glance.common.config [None req-7ef906ea-2152-45a9-8a0b-3d48c5706595 None None] digest_algorithm = sha256 {{(pid=99598) log_opt_values /opt/stack/data/venv/lib/python3.12/site-packages/oslo_config/cfg.py:3242}}
Jul 08 18:10:15.425646 np0000004841 devstack@g-api.service[99598]: DEBUG glance.common.config [None req-7ef906ea-2152-45a9-8a0b-3d48c5706595 None None] disabled_notifications = [] {{(pid=99598) log_opt_values /opt/stack/data/venv/lib/python3.12/site-packages/oslo_config/cfg.py:3242}}
Jul 08 18:10:15.425730 np0000004841 devstack@g-api.service[99598]: DEBUG glance.common.config [None req-7ef906ea-2152-45a9-8a0b-3d48c5706595 None None] do_secure_hash = True {{(pid=99598) log_opt_values /opt/stack/data/venv/lib/python3.12/site-packages/oslo_config/cfg.py:3242}}
Jul 08 18:10:15.425819 np0000004841 devstack@g-api.service[99598]: DEBUG glance.common.config [None req-7ef906ea-2152-45a9-8a0b-3d48c5706595 None None] enabled_backends = None {{(pid=99598) log_opt_values /opt/stack/data/venv/lib/python3.12/site-packages/oslo_config/cfg.py:3242}}
Jul 08 18:10:15.425924 np0000004841 devstack@g-api.service[99598]: DEBUG glance.common.config [None req-7ef906ea-2152-45a9-8a0b-3d48c5706595 None None] enabled_import_methods = ['glance-direct', 'web-download', 'copy-image'] {{(pid=99598) log_opt_values /opt/stack/data/venv/lib/python3.12/site-packages/oslo_config/cfg.py:3242}}
Jul 08 18:10:15.426012 np0000004841 devstack@g-api.service[99598]: DEBUG glance.common.config [None req-7ef906ea-2152-45a9-8a0b-3d48c5706595 None None] fatal_deprecations = False {{(pid=99598) log_opt_values /opt/stack/data/venv/lib/python3.12/site-packages/oslo_config/cfg.py:3242}}
Jul 08 18:10:15.426102 np0000004841 devstack@g-api.service[99598]: DEBUG glance.common.config [None req-7ef906ea-2152-45a9-8a0b-3d48c5706595 None None] hashing_algorithm = sha512 {{(pid=99598) log_opt_values /opt/stack/data/venv/lib/python3.12/site-packages/oslo_config/cfg.py:3242}}
Jul 08 18:10:15.426189 np0000004841 devstack@g-api.service[99598]: DEBUG glance.common.config [None req-7ef906ea-2152-45a9-8a0b-3d48c5706595 None None] http_retries = 3 {{(pid=99598) log_opt_values /opt/stack/data/venv/lib/python3.12/site-packages/oslo_config/cfg.py:3242}}
Jul 08 18:10:15.426280 np0000004841 devstack@g-api.service[99598]: DEBUG glance.common.config [None req-7ef906ea-2152-45a9-8a0b-3d48c5706595 None None] image_cache_dir = /opt/stack/data/glance/cache/ {{(pid=99598) log_opt_values /opt/stack/data/venv/lib/python3.12/site-packages/oslo_config/cfg.py:3242}}
Jul 08 18:10:15.426405 np0000004841 devstack@g-api.service[99598]: DEBUG glance.common.config [None req-7ef906ea-2152-45a9-8a0b-3d48c5706595 None None] image_cache_driver = centralized_db {{(pid=99598) log_opt_values /opt/stack/data/venv/lib/python3.12/site-packages/oslo_config/cfg.py:3242}}
Jul 08 18:10:15.426496 np0000004841 devstack@g-api.service[99598]: DEBUG glance.common.config [None req-7ef906ea-2152-45a9-8a0b-3d48c5706595 None None] image_cache_max_size = 10737418240 {{(pid=99598) log_opt_values /opt/stack/data/venv/lib/python3.12/site-packages/oslo_config/cfg.py:3242}}
Jul 08 18:10:15.426607 np0000004841 devstack@g-api.service[99598]: DEBUG glance.common.config [None req-7ef906ea-2152-45a9-8a0b-3d48c5706595 None None] image_cache_sqlite_db = cache.db {{(pid=99598) log_opt_values /opt/stack/data/venv/lib/python3.12/site-packages/oslo_config/cfg.py:3242}}
Jul 08 18:10:15.426700 np0000004841 devstack@g-api.service[99598]: DEBUG glance.common.config [None req-7ef906ea-2152-45a9-8a0b-3d48c5706595 None None] image_cache_stall_time = 86400 {{(pid=99598) log_opt_values /opt/stack/data/venv/lib/python3.12/site-packages/oslo_config/cfg.py:3242}}
Jul 08 18:10:15.426786 np0000004841 devstack@g-api.service[99598]: DEBUG glance.common.config [None req-7ef906ea-2152-45a9-8a0b-3d48c5706595 None None] image_location_quota = 10 {{(pid=99598) log_opt_values /opt/stack/data/venv/lib/python3.12/site-packages/oslo_config/cfg.py:3242}}
Jul 08 18:10:15.426871 np0000004841 devstack@g-api.service[99598]: DEBUG glance.common.config [None req-7ef906ea-2152-45a9-8a0b-3d48c5706595 None None] image_member_quota = 128 {{(pid=99598) log_opt_values /opt/stack/data/venv/lib/python3.12/site-packages/oslo_config/cfg.py:3242}}
Jul 08 18:10:15.426955 np0000004841 devstack@g-api.service[99598]: DEBUG glance.common.config [None req-7ef906ea-2152-45a9-8a0b-3d48c5706595 None None] image_property_quota = 128 {{(pid=99598) log_opt_values /opt/stack/data/venv/lib/python3.12/site-packages/oslo_config/cfg.py:3242}}
Jul 08 18:10:15.427039 np0000004841 devstack@g-api.service[99598]: DEBUG glance.common.config [None req-7ef906ea-2152-45a9-8a0b-3d48c5706595 None None] image_size_cap = 1099511627776 {{(pid=99598) log_opt_values /opt/stack/data/venv/lib/python3.12/site-packages/oslo_config/cfg.py:3242}}
Jul 08 18:10:15.427124 np0000004841 devstack@g-api.service[99598]: DEBUG glance.common.config [None req-7ef906ea-2152-45a9-8a0b-3d48c5706595 None None] image_tag_quota = 128 {{(pid=99598) log_opt_values /opt/stack/data/venv/lib/python3.12/site-packages/oslo_config/cfg.py:3242}}
Jul 08 18:10:15.427239 np0000004841 devstack@g-api.service[99598]: DEBUG glance.common.config [None req-7ef906ea-2152-45a9-8a0b-3d48c5706595 None None] instance_format = [instance: %(uuid)s] {{(pid=99598) log_opt_values /opt/stack/data/venv/lib/python3.12/site-packages/oslo_config/cfg.py:3242}}
Jul 08 18:10:15.427356 np0000004841 devstack@g-api.service[99598]: DEBUG glance.common.config [None req-7ef906ea-2152-45a9-8a0b-3d48c5706595 None None] instance_uuid_format = [instance: %(uuid)s] {{(pid=99598) log_opt_values /opt/stack/data/venv/lib/python3.12/site-packages/oslo_config/cfg.py:3242}}
Jul 08 18:10:15.427439 np0000004841 devstack@g-api.service[99598]: DEBUG glance.common.config [None req-7ef906ea-2152-45a9-8a0b-3d48c5706595 None None] limit_param_default = 25 {{(pid=99598) log_opt_values /opt/stack/data/venv/lib/python3.12/site-packages/oslo_config/cfg.py:3242}}
Jul 08 18:10:15.427548 np0000004841 devstack@g-api.service[99598]: DEBUG glance.common.config [None req-7ef906ea-2152-45a9-8a0b-3d48c5706595 None None] log_color = False {{(pid=99598) log_opt_values /opt/stack/data/venv/lib/python3.12/site-packages/oslo_config/cfg.py:3242}}
Jul 08 18:10:15.427647 np0000004841 devstack@g-api.service[99598]: DEBUG glance.common.config [None req-7ef906ea-2152-45a9-8a0b-3d48c5706595 None None] log_config_append = None {{(pid=99598) log_opt_values /opt/stack/data/venv/lib/python3.12/site-packages/oslo_config/cfg.py:3242}}
Jul 08 18:10:15.427743 np0000004841 devstack@g-api.service[99598]: DEBUG glance.common.config [None req-7ef906ea-2152-45a9-8a0b-3d48c5706595 None None] log_date_format = %Y-%m-%d %H:%M:%S {{(pid=99598) log_opt_values /opt/stack/data/venv/lib/python3.12/site-packages/oslo_config/cfg.py:3242}}
Jul 08 18:10:15.427829 np0000004841 devstack@g-api.service[99598]: DEBUG glance.common.config [None req-7ef906ea-2152-45a9-8a0b-3d48c5706595 None None] log_dir = None {{(pid=99598) log_opt_values /opt/stack/data/venv/lib/python3.12/site-packages/oslo_config/cfg.py:3242}}
Jul 08 18:10:15.427915 np0000004841 devstack@g-api.service[99598]: DEBUG glance.common.config [None req-7ef906ea-2152-45a9-8a0b-3d48c5706595 None None] log_file = None {{(pid=99598) log_opt_values /opt/stack/data/venv/lib/python3.12/site-packages/oslo_config/cfg.py:3242}}
Jul 08 18:10:15.428016 np0000004841 devstack@g-api.service[99598]: DEBUG glance.common.config [None req-7ef906ea-2152-45a9-8a0b-3d48c5706595 None None] log_rotate_interval = 1 {{(pid=99598) log_opt_values /opt/stack/data/venv/lib/python3.12/site-packages/oslo_config/cfg.py:3242}}
Jul 08 18:10:15.428111 np0000004841 devstack@g-api.service[99598]: DEBUG glance.common.config [None req-7ef906ea-2152-45a9-8a0b-3d48c5706595 None None] log_rotate_interval_type = days {{(pid=99598) log_opt_values /opt/stack/data/venv/lib/python3.12/site-packages/oslo_config/cfg.py:3242}}
Jul 08 18:10:15.428204 np0000004841 devstack@g-api.service[99598]: DEBUG glance.common.config [None req-7ef906ea-2152-45a9-8a0b-3d48c5706595 None None] log_rotation_type = none {{(pid=99598) log_opt_values /opt/stack/data/venv/lib/python3.12/site-packages/oslo_config/cfg.py:3242}}
Jul 08 18:10:15.428270 np0000004841 devstack@g-api.service[99598]: DEBUG glance.common.config [None req-7ef906ea-2152-45a9-8a0b-3d48c5706595 None None] logging_context_format_string = %(color)s%(levelname)s %(name)s [%(global_request_id)s %(request_id)s %(project_name)s %(user_name)s%(color)s] %(instance)s%(color)s%(message)s {{(pid=99598) log_opt_values /opt/stack/data/venv/lib/python3.12/site-packages/oslo_config/cfg.py:3242}}
Jul 08 18:10:15.428363 np0000004841 devstack@g-api.service[99598]: DEBUG glance.common.config [None req-7ef906ea-2152-45a9-8a0b-3d48c5706595 None None] logging_debug_format_suffix = {{(pid=%(process)d) %(funcName)s %(pathname)s:%(lineno)d}} {{(pid=99598) log_opt_values /opt/stack/data/venv/lib/python3.12/site-packages/oslo_config/cfg.py:3242}}
Jul 08 18:10:15.428473 np0000004841 devstack@g-api.service[99598]: DEBUG glance.common.config [None req-7ef906ea-2152-45a9-8a0b-3d48c5706595 None None] logging_default_format_string = %(color)s%(levelname)s %(name)s [-%(color)s] %(instance)s%(color)s%(message)s {{(pid=99598) log_opt_values /opt/stack/data/venv/lib/python3.12/site-packages/oslo_config/cfg.py:3242}}
Jul 08 18:10:15.428606 np0000004841 devstack@g-api.service[99598]: DEBUG glance.common.config [None req-7ef906ea-2152-45a9-8a0b-3d48c5706595 None None] logging_exception_prefix = ERROR %(name)s %(instance)s {{(pid=99598) log_opt_values /opt/stack/data/venv/lib/python3.12/site-packages/oslo_config/cfg.py:3242}}
Jul 08 18:10:15.428674 np0000004841 devstack@g-api.service[99598]: DEBUG glance.common.config [None req-7ef906ea-2152-45a9-8a0b-3d48c5706595 None None] logging_user_identity_format = %(user)s %(project)s %(domain)s %(system_scope)s %(user_domain)s %(project_domain)s {{(pid=99598) log_opt_values /opt/stack/data/venv/lib/python3.12/site-packages/oslo_config/cfg.py:3242}}
Jul 08 18:10:15.428767 np0000004841 devstack@g-api.service[99598]: DEBUG glance.common.config [None req-7ef906ea-2152-45a9-8a0b-3d48c5706595 None None] max_logfile_count = 30 {{(pid=99598) log_opt_values /opt/stack/data/venv/lib/python3.12/site-packages/oslo_config/cfg.py:3242}}
Jul 08 18:10:15.428886 np0000004841 devstack@g-api.service[99598]: DEBUG glance.common.config [None req-7ef906ea-2152-45a9-8a0b-3d48c5706595 None None] max_logfile_size_mb = 200 {{(pid=99598) log_opt_values /opt/stack/data/venv/lib/python3.12/site-packages/oslo_config/cfg.py:3242}}
Jul 08 18:10:15.428983 np0000004841 devstack@g-api.service[99598]: DEBUG glance.common.config [None req-7ef906ea-2152-45a9-8a0b-3d48c5706595 None None] max_request_id_length = 64 {{(pid=99598) log_opt_values /opt/stack/data/venv/lib/python3.12/site-packages/oslo_config/cfg.py:3242}}
Jul 08 18:10:15.429082 np0000004841 devstack@g-api.service[99598]: DEBUG glance.common.config [None req-7ef906ea-2152-45a9-8a0b-3d48c5706595 None None] metadata_encryption_key = **** {{(pid=99598) log_opt_values /opt/stack/data/venv/lib/python3.12/site-packages/oslo_config/cfg.py:3242}}
Jul 08 18:10:15.429185 np0000004841 devstack@g-api.service[99598]: DEBUG glance.common.config [None req-7ef906ea-2152-45a9-8a0b-3d48c5706595 None None] node_staging_uri = file:///tmp/staging/ {{(pid=99598) log_opt_values /opt/stack/data/venv/lib/python3.12/site-packages/oslo_config/cfg.py:3242}}
Jul 08 18:10:15.429303 np0000004841 devstack@g-api.service[99598]: DEBUG glance.common.config [None req-7ef906ea-2152-45a9-8a0b-3d48c5706595 None None] property_protection_file = None {{(pid=99598) log_opt_values /opt/stack/data/venv/lib/python3.12/site-packages/oslo_config/cfg.py:3242}}
Jul 08 18:10:15.429413 np0000004841 devstack@g-api.service[99598]: DEBUG glance.common.config [None req-7ef906ea-2152-45a9-8a0b-3d48c5706595 None None] property_protection_rule_format = roles {{(pid=99598) log_opt_values /opt/stack/data/venv/lib/python3.12/site-packages/oslo_config/cfg.py:3242}}
Jul 08 18:10:15.429511 np0000004841 devstack@g-api.service[99598]: DEBUG glance.common.config [None req-7ef906ea-2152-45a9-8a0b-3d48c5706595 None None] public_endpoint = https://10.4.3.177/image {{(pid=99598) log_opt_values /opt/stack/data/venv/lib/python3.12/site-packages/oslo_config/cfg.py:3242}}
Jul 08 18:10:15.429623 np0000004841 devstack@g-api.service[99598]: DEBUG glance.common.config [None req-7ef906ea-2152-45a9-8a0b-3d48c5706595 None None] publish_errors = False {{(pid=99598) log_opt_values /opt/stack/data/venv/lib/python3.12/site-packages/oslo_config/cfg.py:3242}}
Jul 08 18:10:15.429710 np0000004841 devstack@g-api.service[99598]: DEBUG glance.common.config [None req-7ef906ea-2152-45a9-8a0b-3d48c5706595 None None] pydev_worker_debug_host = None {{(pid=99598) log_opt_values /opt/stack/data/venv/lib/python3.12/site-packages/oslo_config/cfg.py:3242}}
Jul 08 18:10:15.429804 np0000004841 devstack@g-api.service[99598]: DEBUG glance.common.config [None req-7ef906ea-2152-45a9-8a0b-3d48c5706595 None None] pydev_worker_debug_port = 5678 {{(pid=99598) log_opt_values /opt/stack/data/venv/lib/python3.12/site-packages/oslo_config/cfg.py:3242}}
Jul 08 18:10:15.429902 np0000004841 devstack@g-api.service[99598]: DEBUG glance.common.config [None req-7ef906ea-2152-45a9-8a0b-3d48c5706595 None None] rate_limit_burst = 0 {{(pid=99598) log_opt_values /opt/stack/data/venv/lib/python3.12/site-packages/oslo_config/cfg.py:3242}}
Jul 08 18:10:15.430064 np0000004841 devstack@g-api.service[99598]: DEBUG glance.common.config [None req-7ef906ea-2152-45a9-8a0b-3d48c5706595 None None] rate_limit_except_level = CRITICAL {{(pid=99598) log_opt_values /opt/stack/data/venv/lib/python3.12/site-packages/oslo_config/cfg.py:3242}}
Jul 08 18:10:15.430194 np0000004841 devstack@g-api.service[99598]: DEBUG glance.common.config [None req-7ef906ea-2152-45a9-8a0b-3d48c5706595 None None] rate_limit_interval = 0 {{(pid=99598) log_opt_values /opt/stack/data/venv/lib/python3.12/site-packages/oslo_config/cfg.py:3242}}
Jul 08 18:10:15.430292 np0000004841 devstack@g-api.service[99598]: DEBUG glance.common.config [None req-7ef906ea-2152-45a9-8a0b-3d48c5706595 None None] scrub_pool_size = 1 {{(pid=99598) log_opt_values /opt/stack/data/venv/lib/python3.12/site-packages/oslo_config/cfg.py:3242}}
Jul 08 18:10:15.430387 np0000004841 devstack@g-api.service[99598]: DEBUG glance.common.config [None req-7ef906ea-2152-45a9-8a0b-3d48c5706595 None None] scrub_time = 0 {{(pid=99598) log_opt_values /opt/stack/data/venv/lib/python3.12/site-packages/oslo_config/cfg.py:3242}}
Jul 08 18:10:15.430470 np0000004841 devstack@g-api.service[99598]: DEBUG glance.common.config [None req-7ef906ea-2152-45a9-8a0b-3d48c5706595 None None] shell_completion = None {{(pid=99598) log_opt_values /opt/stack/data/venv/lib/python3.12/site-packages/oslo_config/cfg.py:3242}}
Jul 08 18:10:15.430584 np0000004841 devstack@g-api.service[99598]: DEBUG glance.common.config [None req-7ef906ea-2152-45a9-8a0b-3d48c5706595 None None] show_image_direct_url = False {{(pid=99598) log_opt_values /opt/stack/data/venv/lib/python3.12/site-packages/oslo_config/cfg.py:3242}}
Jul 08 18:10:15.430786 np0000004841 devstack@g-api.service[99598]: WARNING oslo_config.cfg [None req-7ef906ea-2152-45a9-8a0b-3d48c5706595 None None] Deprecated: Option "show_multiple_locations" from group "DEFAULT" is deprecated for removal (Use of this option, deprecated since Newton, is a security risk and will be removed once we figure out a way to satisfy those use cases that currently require it. An earlier announcement that the same functionality can be achieved with greater granularity by using policies is incorrect. You cannot work around this option via policy configuration at the present time, though that is the direction we believe the fix will take. Please keep an eye on the Glance release notes to stay up to date on progress in addressing this issue.). Its value may be silently ignored in the future.
Jul 08 18:10:15.430891 np0000004841 devstack@g-api.service[99598]: DEBUG glance.common.config [None req-7ef906ea-2152-45a9-8a0b-3d48c5706595 None None] show_multiple_locations = False {{(pid=99598) log_opt_values /opt/stack/data/venv/lib/python3.12/site-packages/oslo_config/cfg.py:3242}}
Jul 08 18:10:15.430987 np0000004841 devstack@g-api.service[99598]: DEBUG glance.common.config [None req-7ef906ea-2152-45a9-8a0b-3d48c5706595 None None] syslog_log_facility = LOG_USER {{(pid=99598) log_opt_values /opt/stack/data/venv/lib/python3.12/site-packages/oslo_config/cfg.py:3242}}
Jul 08 18:10:15.431077 np0000004841 devstack@g-api.service[99598]: DEBUG glance.common.config [None req-7ef906ea-2152-45a9-8a0b-3d48c5706595 None None] transport_url = **** {{(pid=99598) log_opt_values /opt/stack/data/venv/lib/python3.12/site-packages/oslo_config/cfg.py:3242}}
Jul 08 18:10:15.431168 np0000004841 devstack@g-api.service[99598]: DEBUG glance.common.config [None req-7ef906ea-2152-45a9-8a0b-3d48c5706595 None None] use_journal = False {{(pid=99598) log_opt_values /opt/stack/data/venv/lib/python3.12/site-packages/oslo_config/cfg.py:3242}}
Jul 08 18:10:15.431278 np0000004841 devstack@g-api.service[99598]: DEBUG glance.common.config [None req-7ef906ea-2152-45a9-8a0b-3d48c5706595 None None] use_json = False {{(pid=99598) log_opt_values /opt/stack/data/venv/lib/python3.12/site-packages/oslo_config/cfg.py:3242}}
Jul 08 18:10:15.431386 np0000004841 devstack@g-api.service[99598]: DEBUG glance.common.config [None req-7ef906ea-2152-45a9-8a0b-3d48c5706595 None None] use_keystone_limits = True {{(pid=99598) log_opt_values /opt/stack/data/venv/lib/python3.12/site-packages/oslo_config/cfg.py:3242}}
Jul 08 18:10:15.431470 np0000004841 devstack@g-api.service[99598]: DEBUG glance.common.config [None req-7ef906ea-2152-45a9-8a0b-3d48c5706595 None None] use_stderr = False {{(pid=99598) log_opt_values /opt/stack/data/venv/lib/python3.12/site-packages/oslo_config/cfg.py:3242}}
Jul 08 18:10:15.431594 np0000004841 devstack@g-api.service[99598]: DEBUG glance.common.config [None req-7ef906ea-2152-45a9-8a0b-3d48c5706595 None None] use_syslog = False {{(pid=99598) log_opt_values /opt/stack/data/venv/lib/python3.12/site-packages/oslo_config/cfg.py:3242}}
Jul 08 18:10:15.431722 np0000004841 devstack@g-api.service[99598]: DEBUG glance.common.config [None req-7ef906ea-2152-45a9-8a0b-3d48c5706595 None None] user_storage_quota = 0 {{(pid=99598) log_opt_values /opt/stack/data/venv/lib/python3.12/site-packages/oslo_config/cfg.py:3242}}
Jul 08 18:10:15.431843 np0000004841 devstack@g-api.service[99598]: DEBUG glance.common.config [None req-7ef906ea-2152-45a9-8a0b-3d48c5706595 None None] worker_self_reference_url = http://127.0.0.1:60999 {{(pid=99598) log_opt_values /opt/stack/data/venv/lib/python3.12/site-packages/oslo_config/cfg.py:3242}}
Jul 08 18:10:15.431982 np0000004841 devstack@g-api.service[99598]: DEBUG glance.common.config [None req-7ef906ea-2152-45a9-8a0b-3d48c5706595 None None] oslo_concurrency.disable_process_locking = False {{(pid=99598) log_opt_values /opt/stack/data/venv/lib/python3.12/site-packages/oslo_config/cfg.py:3253}}
Jul 08 18:10:15.432117 np0000004841 devstack@g-api.service[99598]: DEBUG glance.common.config [None req-7ef906ea-2152-45a9-8a0b-3d48c5706595 None None] oslo_concurrency.lock_path = /opt/stack/data/glance/locks {{(pid=99598) log_opt_values /opt/stack/data/venv/lib/python3.12/site-packages/oslo_config/cfg.py:3253}}
Jul 08 18:10:15.432254 np0000004841 devstack@g-api.service[99598]: DEBUG glance.common.config [None req-7ef906ea-2152-45a9-8a0b-3d48c5706595 None None] oslo_middleware.enable_proxy_headers_parsing = False {{(pid=99598) log_opt_values /opt/stack/data/venv/lib/python3.12/site-packages/oslo_config/cfg.py:3253}}
Jul 08 18:10:15.432401 np0000004841 devstack@g-api.service[99598]: DEBUG glance.common.config [None req-7ef906ea-2152-45a9-8a0b-3d48c5706595 None None] oslo_middleware.http_basic_auth_user_file = /etc/htpasswd {{(pid=99598) log_opt_values /opt/stack/data/venv/lib/python3.12/site-packages/oslo_config/cfg.py:3253}}
Jul 08 18:10:15.432553 np0000004841 devstack@g-api.service[99598]: DEBUG glance.common.config [None req-7ef906ea-2152-45a9-8a0b-3d48c5706595 None None] paste_deploy.config_file = None {{(pid=99598) log_opt_values /opt/stack/data/venv/lib/python3.12/site-packages/oslo_config/cfg.py:3253}}
Jul 08 18:10:15.432651 np0000004841 devstack@g-api.service[99598]: DEBUG glance.common.config [None req-7ef906ea-2152-45a9-8a0b-3d48c5706595 None None] paste_deploy.flavor = keystone+cachemanagement {{(pid=99598) log_opt_values /opt/stack/data/venv/lib/python3.12/site-packages/oslo_config/cfg.py:3253}}
Jul 08 18:10:15.432779 np0000004841 devstack@g-api.service[99598]: DEBUG glance.common.config [None req-7ef906ea-2152-45a9-8a0b-3d48c5706595 None None] image_format.container_formats = ['ami', 'ari', 'aki', 'bare', 'ovf', 'ova', 'docker', 'compressed'] {{(pid=99598) log_opt_values /opt/stack/data/venv/lib/python3.12/site-packages/oslo_config/cfg.py:3253}}
Jul 08 18:10:15.432905 np0000004841 devstack@g-api.service[99598]: DEBUG glance.common.config [None req-7ef906ea-2152-45a9-8a0b-3d48c5706595 None None] image_format.disk_formats = ['ami', 'ari', 'aki', 'vhd', 'vhdx', 'vmdk', 'raw', 'qcow2', 'vdi', 'iso', 'ploop'] {{(pid=99598) log_opt_values /opt/stack/data/venv/lib/python3.12/site-packages/oslo_config/cfg.py:3253}}
Jul 08 18:10:15.434135 np0000004841 devstack@g-api.service[99598]: DEBUG glance.common.config [None req-7ef906ea-2152-45a9-8a0b-3d48c5706595 None None] image_format.gpt_safety_checks_nonfatal = [] {{(pid=99598) log_opt_values /opt/stack/data/venv/lib/python3.12/site-packages/oslo_config/cfg.py:3253}}
Jul 08 18:10:15.434135 np0000004841 devstack@g-api.service[99598]: DEBUG glance.common.config [None req-7ef906ea-2152-45a9-8a0b-3d48c5706595 None None] image_format.require_image_format_match = True {{(pid=99598) log_opt_values /opt/stack/data/venv/lib/python3.12/site-packages/oslo_config/cfg.py:3253}}
Jul 08 18:10:15.434135 np0000004841 devstack@g-api.service[99598]: DEBUG glance.common.config [None req-7ef906ea-2152-45a9-8a0b-3d48c5706595 None None] image_format.vmdk_allowed_types = ['streamOptimized', 'monolithicSparse'] {{(pid=99598) log_opt_values /opt/stack/data/venv/lib/python3.12/site-packages/oslo_config/cfg.py:3253}}
Jul 08 18:10:15.434135 np0000004841 devstack@g-api.service[99598]: DEBUG glance.common.config [None req-7ef906ea-2152-45a9-8a0b-3d48c5706595 None None] task.task_executor = taskflow {{(pid=99598) log_opt_values /opt/stack/data/venv/lib/python3.12/site-packages/oslo_config/cfg.py:3253}}
Jul 08 18:10:15.434135 np0000004841 devstack@g-api.service[99598]: DEBUG glance.common.config [None req-7ef906ea-2152-45a9-8a0b-3d48c5706595 None None] task.task_time_to_live = 48 {{(pid=99598) log_opt_values /opt/stack/data/venv/lib/python3.12/site-packages/oslo_config/cfg.py:3253}}
Jul 08 18:10:15.434135 np0000004841 devstack@g-api.service[99598]: DEBUG glance.common.config [None req-7ef906ea-2152-45a9-8a0b-3d48c5706595 None None] task.work_dir = None {{(pid=99598) log_opt_values /opt/stack/data/venv/lib/python3.12/site-packages/oslo_config/cfg.py:3253}}
Jul 08 18:10:15.434135 np0000004841 devstack@g-api.service[99598]: DEBUG glance.common.config [None req-7ef906ea-2152-45a9-8a0b-3d48c5706595 None None] wsgi.python_interpreter = /opt/stack/data/venv/bin/python3 {{(pid=99598) log_opt_values /opt/stack/data/venv/lib/python3.12/site-packages/oslo_config/cfg.py:3253}}
Jul 08 18:10:15.434392 np0000004841 devstack@g-api.service[99598]: DEBUG glance.common.config [None req-7ef906ea-2152-45a9-8a0b-3d48c5706595 None None] wsgi.task_pool_threads = 16 {{(pid=99598) log_opt_values /opt/stack/data/venv/lib/python3.12/site-packages/oslo_config/cfg.py:3253}}
Jul 08 18:10:15.434392 np0000004841 devstack@g-api.service[99598]: DEBUG glance.common.config [None req-7ef906ea-2152-45a9-8a0b-3d48c5706595 None None] import_filtering_opts.allowed_hosts = [] {{(pid=99598) log_opt_values /opt/stack/data/venv/lib/python3.12/site-packages/oslo_config/cfg.py:3253}}
Jul 08 18:10:15.434392 np0000004841 devstack@g-api.service[99598]: DEBUG glance.common.config [None req-7ef906ea-2152-45a9-8a0b-3d48c5706595 None None] import_filtering_opts.allowed_ports = [80, 443] {{(pid=99598) log_opt_values /opt/stack/data/venv/lib/python3.12/site-packages/oslo_config/cfg.py:3253}}
Jul 08 18:10:15.434392 np0000004841 devstack@g-api.service[99598]: DEBUG glance.common.config [None req-7ef906ea-2152-45a9-8a0b-3d48c5706595 None None] import_filtering_opts.allowed_schemes = ['http', 'https'] {{(pid=99598) log_opt_values /opt/stack/data/venv/lib/python3.12/site-packages/oslo_config/cfg.py:3253}}
Jul 08 18:10:15.434392 np0000004841 devstack@g-api.service[99598]: DEBUG glance.common.config [None req-7ef906ea-2152-45a9-8a0b-3d48c5706595 None None] import_filtering_opts.disallowed_hosts = [] {{(pid=99598) log_opt_values /opt/stack/data/venv/lib/python3.12/site-packages/oslo_config/cfg.py:3253}}
Jul 08 18:10:15.434537 np0000004841 devstack@g-api.service[99598]: DEBUG glance.common.config [None req-7ef906ea-2152-45a9-8a0b-3d48c5706595 None None] import_filtering_opts.disallowed_ports = [] {{(pid=99598) log_opt_values /opt/stack/data/venv/lib/python3.12/site-packages/oslo_config/cfg.py:3253}}
Jul 08 18:10:15.434713 np0000004841 devstack@g-api.service[99598]: DEBUG glance.common.config [None req-7ef906ea-2152-45a9-8a0b-3d48c5706595 None None] import_filtering_opts.disallowed_schemes = [] {{(pid=99598) log_opt_values /opt/stack/data/venv/lib/python3.12/site-packages/oslo_config/cfg.py:3253}}
Jul 08 18:10:15.434825 np0000004841 devstack@g-api.service[99598]: DEBUG glance.common.config [None req-7ef906ea-2152-45a9-8a0b-3d48c5706595 None None] oslo_messaging_metrics.metrics_buffer_size = 1000 {{(pid=99598) log_opt_values /opt/stack/data/venv/lib/python3.12/site-packages/oslo_config/cfg.py:3253}}
Jul 08 18:10:15.434922 np0000004841 devstack@g-api.service[99598]: DEBUG glance.common.config [None req-7ef906ea-2152-45a9-8a0b-3d48c5706595 None None] oslo_messaging_metrics.metrics_enabled = False {{(pid=99598) log_opt_values /opt/stack/data/venv/lib/python3.12/site-packages/oslo_config/cfg.py:3253}}
Jul 08 18:10:15.435013 np0000004841 devstack@g-api.service[99598]: DEBUG glance.common.config [None req-7ef906ea-2152-45a9-8a0b-3d48c5706595 None None] oslo_messaging_metrics.metrics_process_name = {{(pid=99598) log_opt_values /opt/stack/data/venv/lib/python3.12/site-packages/oslo_config/cfg.py:3253}}
Jul 08 18:10:15.435113 np0000004841 devstack@g-api.service[99598]: DEBUG glance.common.config [None req-7ef906ea-2152-45a9-8a0b-3d48c5706595 None None] oslo_messaging_metrics.metrics_socket_file = /var/tmp/metrics_collector.sock {{(pid=99598) log_opt_values /opt/stack/data/venv/lib/python3.12/site-packages/oslo_config/cfg.py:3253}}
