Jul 08 18:15:54.306257 np0000004841 devstack@g-api.service[99597]: DEBUG swiftclient [None req-5ec89095-2bbb-4176-bbc4-58c2c11f6426 tempest-AttachVolumeShelveTestJSON-1500043249 tempest-AttachVolumeShelveTestJSON-1500043249-project-member] RESP HEADERS: {'Date': 'Wed, 08 Jul 2026 18:15:54 GMT', 'Server': 'Apache/2.4.58 (Ubuntu)', 'Content-Type': 'application/octet-stream', 'X-Object-Manifest': 'glance/217d14d9-5d2c-4184-9bc6-569a6fee68af-', 'Last-Modified': 'Wed, 08 Jul 2026 18:15:37 GMT', 'X-Timestamp': '1783534536.89182', 'Accept-Ranges': 'bytes', 'Content-Length': '53608448', 'Etag': '"f8a1a0dea4f98543dd66b3004ed09a5a"', 'X-Trans-Id': 'txbdf6e20d5575485eaebd7-006a4e93da', 'X-Openstack-Request-Id': 'txbdf6e20d5575485eaebd7-006a4e93da', 'Connection': 'close'} {{(pid=99597) http_log /opt/stack/data/venv/lib/python3.12/site-packages/swiftclient/client.py:162}}
Jul 08 18:15:54.315860 np0000004841 devstack@g-api.service[99597]: DEBUG glance.image_cache [None req-5ec89095-2bbb-4176-bbc4-58c2c11f6426 tempest-AttachVolumeShelveTestJSON-1500043249 tempest-AttachVolumeShelveTestJSON-1500043249-project-member] Tee'ing image '217d14d9-5d2c-4184-9bc6-569a6fee68af' into cache {{(pid=99597) get_caching_iter /opt/stack/glance/glance/image_cache/__init__.py:356}}
Jul 08 18:15:54.837518 np0000004841 devstack@g-api.service[99597]: DEBUG glance.image_cache.drivers.centralized_db [None req-5ec89095-2bbb-4176-bbc4-58c2c11f6426 tempest-AttachVolumeShelveTestJSON-1500043249 tempest-AttachVolumeShelveTestJSON-1500043249-project-member] Fetch finished, moving '/opt/stack/data/glance/cache/incomplete/217d14d9-5d2c-4184-9bc6-569a6fee68af' to '/opt/stack/data/glance/cache/217d14d9-5d2c-4184-9bc6-569a6fee68af' {{(pid=99597) commit /opt/stack/glance/glance/image_cache/drivers/centralized_db.py:243}}
Jul 08 18:15:54.848080 np0000004841 devstack@g-api.service[99597]: DEBUG glance.image_cache.drivers.centralized_db [None req-5ec89095-2bbb-4176-bbc4-58c2c11f6426 tempest-AttachVolumeShelveTestJSON-1500043249 tempest-AttachVolumeShelveTestJSON-1500043249-project-member] Image cached successfully. {{(pid=99597) commit /opt/stack/glance/glance/image_cache/drivers/centralized_db.py:258}}
Jul 08 18:15:54.848211 np0000004841 devstack@g-api.service[99597]: [pid: 99597|app: 0|req: 66/192] 127.0.0.1 () {44 vars in 1125 bytes} [Wed Jul 8 18:15:54 2026] GET /v2/images/217d14d9-5d2c-4184-9bc6-569a6fee68af/file => generated 53608448 bytes in 763 msecs (HTTP/1.1 200) 4 headers in 191 bytes (818 switches on core 0)
Jul 08 18:15:54.962417 np0000004841 devstack@g-api.service[99599]: DEBUG glance.api.middleware.version_negotiation [None req-5ec89095-2bbb-4176-bbc4-58c2c11f6426 tempest-AttachVolumeShelveTestJSON-1500043249 tempest-AttachVolumeShelveTestJSON-1500043249-project-member] Determining version of request: GET /v2/images/217d14d9-5d2c-4184-9bc6-569a6fee68af Accept: */* {{(pid=99599) process_request /opt/stack/glance/glance/api/middleware/version_negotiation.py:44}}
Jul 08 18:15:54.962417 np0000004841 devstack@g-api.service[99599]: DEBUG glance.api.middleware.version_negotiation [None req-5ec89095-2bbb-4176-bbc4-58c2c11f6426 tempest-AttachVolumeShelveTestJSON-1500043249 tempest-AttachVolumeShelveTestJSON-1500043249-project-member] Using url versioning {{(pid=99599) process_request /opt/stack/glance/glance/api/middleware/version_negotiation.py:57}}
Jul 08 18:15:54.962417 np0000004841 devstack@g-api.service[99599]: DEBUG glance.api.middleware.version_negotiation [None req-5ec89095-2bbb-4176-bbc4-58c2c11f6426 tempest-AttachVolumeShelveTestJSON-1500043249 tempest-AttachVolumeShelveTestJSON-1500043249-project-member] Matched version: v2 {{(pid=99599) process_request /opt/stack/glance/glance/api/middleware/version_negotiation.py:69}}
Jul 08 18:15:54.962417 np0000004841 devstack@g-api.service[99599]: DEBUG glance.api.middleware.version_negotiation [None req-5ec89095-2bbb-4176-bbc4-58c2c11f6426 tempest-AttachVolumeShelveTestJSON-1500043249 tempest-AttachVolumeShelveTestJSON-1500043249-project-member] new path /v2/images/217d14d9-5d2c-4184-9bc6-569a6fee68af {{(pid=99599) process_request /opt/stack/glance/glance/api/middleware/version_negotiation.py:70}}
Jul 08 18:15:54.976572 np0000004841 devstack@g-api.service[99599]: [pid: 99599|app: 0|req: 65/193] 127.0.0.1 () {44 vars in 1115 bytes} [Wed Jul 8 18:15:54 2026] GET /v2/images/217d14d9-5d2c-4184-9bc6-569a6fee68af => generated 1619 bytes in 14 msecs (HTTP/1.1 200) 4 headers in 158 bytes (1 switches on core 0)
Jul 08 18:15:55.003517 np0000004841 devstack@g-api.service[99598]: DEBUG glance.api.middleware.version_negotiation [None req-5ec89095-2bbb-4176-bbc4-58c2c11f6426 tempest-AttachVolumeShelveTestJSON-1500043249 tempest-AttachVolumeShelveTestJSON-1500043249-project-member] Determining version of request: GET /v2/schemas/image Accept: */* {{(pid=99598) process_request /opt/stack/glance/glance/api/middleware/version_negotiation.py:44}}
Jul 08 18:15:55.003694 np0000004841 devstack@g-api.service[99598]: DEBUG glance.api.middleware.version_negotiation [None req-5ec89095-2bbb-4176-bbc4-58c2c11f6426 tempest-AttachVolumeShelveTestJSON-1500043249 tempest-AttachVolumeShelveTestJSON-1500043249-project-member] Using url versioning {{(pid=99598) process_request /opt/stack/glance/glance/api/middleware/version_negotiation.py:57}}
Jul 08 18:15:55.003835 np0000004841 devstack@g-api.service[99598]: DEBUG glance.api.middleware.version_negotiation [None req-5ec89095-2bbb-4176-bbc4-58c2c11f6426 tempest-AttachVolumeShelveTestJSON-1500043249 tempest-AttachVolumeShelveTestJSON-1500043249-project-member] Matched version: v2 {{(pid=99598) process_request /opt/stack/glance/glance/api/middleware/version_negotiation.py:69}}
Jul 08 18:15:55.003982 np0000004841 devstack@g-api.service[99598]: DEBUG glance.api.middleware.version_negotiation [None req-5ec89095-2bbb-4176-bbc4-58c2c11f6426 tempest-AttachVolumeShelveTestJSON-1500043249 tempest-AttachVolumeShelveTestJSON-1500043249-project-member] new path /v2/schemas/image {{(pid=99598) process_request /opt/stack/glance/glance/api/middleware/version_negotiation.py:70}}
Jul 08 18:15:55.006131 np0000004841 devstack@g-api.service[99598]: [pid: 99598|app: 0|req: 63/194] 127.0.0.1 () {44 vars in 1055 bytes} [Wed Jul 8 18:15:55 2026] GET /v2/schemas/image => generated 6083 bytes in 3 msecs (HTTP/1.1 200) 4 headers in 158 bytes (1 switches on core 0)
Jul 08 18:16:03.834207 np0000004841 devstack@g-api.service[99597]: DEBUG glance.api.middleware.version_negotiation [None req-5ec89095-2bbb-4176-bbc4-58c2c11f6426 tempest-AttachVolumeShelveTestJSON-1500043249 tempest-AttachVolumeShelveTestJSON-1500043249-project-member] Determining version of request: DELETE /v2/images/217d14d9-5d2c-4184-9bc6-569a6fee68af Accept: */* {{(pid=99597) process_request /opt/stack/glance/glance/api/middleware/version_negotiation.py:44}}
Jul 08 18:16:03.834572 np0000004841 devstack@g-api.service[99597]: DEBUG glance.api.middleware.version_negotiation [None req-5ec89095-2bbb-4176-bbc4-58c2c11f6426 tempest-AttachVolumeShelveTestJSON-1500043249 tempest-AttachVolumeShelveTestJSON-1500043249-project-member] Using url versioning {{(pid=99597) process_request /opt/stack/glance/glance/api/middleware/version_negotiation.py:57}}
Jul 08 18:16:03.834572 np0000004841 devstack@g-api.service[99597]: DEBUG glance.api.middleware.version_negotiation [None req-5ec89095-2bbb-4176-bbc4-58c2c11f6426 tempest-AttachVolumeShelveTestJSON-1500043249 tempest-AttachVolumeShelveTestJSON-1500043249-project-member] Matched version: v2 {{(pid=99597) process_request /opt/stack/glance/glance/api/middleware/version_negotiation.py:69}}
Jul 08 18:16:03.834572 np0000004841 devstack@g-api.service[99597]: DEBUG glance.api.middleware.version_negotiation [None req-5ec89095-2bbb-4176-bbc4-58c2c11f6426 tempest-AttachVolumeShelveTestJSON-1500043249 tempest-AttachVolumeShelveTestJSON-1500043249-project-member] new path /v2/images/217d14d9-5d2c-4184-9bc6-569a6fee68af {{(pid=99597) process_request /opt/stack/glance/glance/api/middleware/version_negotiation.py:70}}
Jul 08 18:16:03.849877 np0000004841 devstack@g-api.service[99597]: WARNING glance.api.v2.images [None req-5ec89095-2bbb-4176-bbc4-58c2c11f6426 tempest-AttachVolumeShelveTestJSON-1500043249 tempest-AttachVolumeShelveTestJSON-1500043249-project-member] After upload to backend, deletion of staged image data has failed because it cannot be found at /tmp/staging//217d14d9-5d2c-4184-9bc6-569a6fee68af
Jul 08 18:16:03.850704 np0000004841 devstack@g-api.service[99597]: DEBUG glance_store.backend [None req-5ec89095-2bbb-4176-bbc4-58c2c11f6426 tempest-AttachVolumeShelveTestJSON-1500043249 tempest-AttachVolumeShelveTestJSON-1500043249-project-member] Attempting to import store swift {{(pid=99597) _load_store /opt/stack/data/venv/lib/python3.12/site-packages/glance_store/backend.py:215}}
Jul 08 18:16:03.852029 np0000004841 devstack@g-api.service[99597]: DEBUG glance_store.capabilities [None req-5ec89095-2bbb-4176-bbc4-58c2c11f6426 tempest-AttachVolumeShelveTestJSON-1500043249 tempest-AttachVolumeShelveTestJSON-1500043249-project-member] Store glance_store._drivers.swift.store.SingleTenantStore doesn't support updating dynamic storage capabilities. Please overwrite 'update_capabilities' method of the store to implement updating logics if needed. {{(pid=99597) update_capabilities /opt/stack/data/venv/lib/python3.12/site-packages/glance_store/capabilities.py:91}}
Jul 08 18:16:03.852130 np0000004841 devstack@g-api.service[99597]: DEBUG glance_store.driver [None req-5ec89095-2bbb-4176-bbc4-58c2c11f6426 tempest-AttachVolumeShelveTestJSON-1500043249 tempest-AttachVolumeShelveTestJSON-1500043249-project-member] Late loading location class glance_store._drivers.swift.store.StoreLocation {{(pid=99597) get_store_location_class /opt/stack/data/venv/lib/python3.12/site-packages/glance_store/driver.py:134}}
Jul 08 18:16:03.852234 np0000004841 devstack@g-api.service[99597]: DEBUG glance_store.location [None req-5ec89095-2bbb-4176-bbc4-58c2c11f6426 tempest-AttachVolumeShelveTestJSON-1500043249 tempest-AttachVolumeShelveTestJSON-1500043249-project-member] Registering scheme swift+https with {'store': , 'location_class': , 'store_entry': 'swift'} {{(pid=99597) register_scheme_map /opt/stack/data/venv/lib/python3.12/site-packages/glance_store/location.py:146}}
Jul 08 18:16:03.852330 np0000004841 devstack@g-api.service[99597]: DEBUG glance_store.location [None req-5ec89095-2bbb-4176-bbc4-58c2c11f6426 tempest-AttachVolumeShelveTestJSON-1500043249 tempest-AttachVolumeShelveTestJSON-1500043249-project-member] Registering scheme swift+https with {'store': , 'location_class': , 'store_entry': 'swift'} {{(pid=99597) register_scheme_map /opt/stack/data/venv/lib/python3.12/site-packages/glance_store/location.py:146}}
Jul 08 18:16:03.852384 np0000004841 devstack@g-api.service[99597]: DEBUG glance_store.location [None req-5ec89095-2bbb-4176-bbc4-58c2c11f6426 tempest-AttachVolumeShelveTestJSON-1500043249 tempest-AttachVolumeShelveTestJSON-1500043249-project-member] Registering scheme swift with {'store': , 'location_class': , 'store_entry': 'swift'} {{(pid=99597) register_scheme_map /opt/stack/data/venv/lib/python3.12/site-packages/glance_store/location.py:146}}
Jul 08 18:16:03.852700 np0000004841 devstack@g-api.service[99597]: DEBUG glance_store.location [None req-5ec89095-2bbb-4176-bbc4-58c2c11f6426 tempest-AttachVolumeShelveTestJSON-1500043249 tempest-AttachVolumeShelveTestJSON-1500043249-project-member] Registering scheme swift+https with {'store': , 'location_class': , 'store_entry': 'swift'} {{(pid=99597) register_scheme_map /opt/stack/data/venv/lib/python3.12/site-packages/glance_store/location.py:146}}
Jul 08 18:16:03.852700 np0000004841 devstack@g-api.service[99597]: DEBUG glance_store.location [None req-5ec89095-2bbb-4176-bbc4-58c2c11f6426 tempest-AttachVolumeShelveTestJSON-1500043249 tempest-AttachVolumeShelveTestJSON-1500043249-project-member] Registering scheme swift with {'store': , 'location_class': , 'store_entry': 'swift'} {{(pid=99597) register_scheme_map /opt/stack/data/venv/lib/python3.12/site-packages/glance_store/location.py:146}}
Jul 08 18:16:03.852700 np0000004841 devstack@g-api.service[99597]: DEBUG glance_store.location [None req-5ec89095-2bbb-4176-bbc4-58c2c11f6426 tempest-AttachVolumeShelveTestJSON-1500043249 tempest-AttachVolumeShelveTestJSON-1500043249-project-member] Registering scheme swift+http with {'store': , 'location_class': , 'store_entry': 'swift'} {{(pid=99597) register_scheme_map /opt/stack/data/venv/lib/python3.12/site-packages/glance_store/location.py:146}}
Jul 08 18:16:03.852879 np0000004841 devstack@g-api.service[99597]: DEBUG glance_store.location [None req-5ec89095-2bbb-4176-bbc4-58c2c11f6426 tempest-AttachVolumeShelveTestJSON-1500043249 tempest-AttachVolumeShelveTestJSON-1500043249-project-member] Registering scheme swift+https with {'store': , 'location_class': , 'store_entry': 'swift'} {{(pid=99597) register_scheme_map /opt/stack/data/venv/lib/python3.12/site-packages/glance_store/location.py:146}}
Jul 08 18:16:03.852879 np0000004841 devstack@g-api.service[99597]: DEBUG glance_store.location [None req-5ec89095-2bbb-4176-bbc4-58c2c11f6426 tempest-AttachVolumeShelveTestJSON-1500043249 tempest-AttachVolumeShelveTestJSON-1500043249-project-member] Registering scheme swift with {'store': , 'location_class': , 'store_entry': 'swift'} {{(pid=99597) register_scheme_map /opt/stack/data/venv/lib/python3.12/site-packages/glance_store/location.py:146}}
Jul 08 18:16:03.852879 np0000004841 devstack@g-api.service[99597]: DEBUG glance_store.location [None req-5ec89095-2bbb-4176-bbc4-58c2c11f6426 tempest-AttachVolumeShelveTestJSON-1500043249 tempest-AttachVolumeShelveTestJSON-1500043249-project-member] Registering scheme swift+http with {'store': , 'location_class': , 'store_entry': 'swift'} {{(pid=99597) register_scheme_map /opt/stack/data/venv/lib/python3.12/site-packages/glance_store/location.py:146}}
Jul 08 18:16:03.853017 np0000004841 devstack@g-api.service[99597]: DEBUG glance_store.location [None req-5ec89095-2bbb-4176-bbc4-58c2c11f6426 tempest-AttachVolumeShelveTestJSON-1500043249 tempest-AttachVolumeShelveTestJSON-1500043249-project-member] Registering scheme swift+config with {'store': , 'location_class': , 'store_entry': 'swift'} {{(pid=99597) register_scheme_map /opt/stack/data/venv/lib/python3.12/site-packages/glance_store/location.py:146}}
Jul 08 18:16:03.853601 np0000004841 devstack@g-api.service[99597]: DEBUG keystoneclient.auth.identity.v3.base [None req-5ec89095-2bbb-4176-bbc4-58c2c11f6426 tempest-AttachVolumeShelveTestJSON-1500043249 tempest-AttachVolumeShelveTestJSON-1500043249-project-member] Making authentication request to https://10.4.3.177/identity/v3/auth/tokens {{(pid=99597) get_auth_ref /opt/stack/data/venv/lib/python3.12/site-packages/keystoneclient/auth/identity/v3/base.py:185}}
Jul 08 18:16:03.926230 np0000004841 devstack@g-api.service[99597]: DEBUG keystoneclient.auth.identity.v3.base [None req-5ec89095-2bbb-4176-bbc4-58c2c11f6426 tempest-AttachVolumeShelveTestJSON-1500043249 tempest-AttachVolumeShelveTestJSON-1500043249-project-member] {"token": {"methods": ["password"], "user": {"domain": {"id": "default", "name": "Default"}, "id": "8b3dde818a114be7973343639d8269ff", "name": "glance-swift", "password_expires_at": null}, "audit_ids": ["5_m9oEz1RqCEOtuSAkBg_A"], "expires_at": "2026-07-08T19:16:03.000000Z", "issued_at": "2026-07-08T18:16:03.000000Z", "project": {"domain": {"id": "default", "name": "Default"}, "id": "1726bb656f9f4bb68c21e554d8a80f86", "name": "service"}, "is_domain": false, "roles": [{"id": "273fd4fdeb4744ee9aa8da67a8be0446", "name": "service"}, {"id": "1a837fcaee9f4875a9edad0830802620", "name": "ResellerAdmin"}], "catalog": [{"endpoints": [{"id": "8e3ac404e2eb48c29e5b75b4f2f4eb6e", "interface": "public", "region_id": "RegionOne", "url": "https://10.4.3.177/identity", "region": "RegionOne"}], "id": "037bdd9713da49f895c13a6b499d4f56", "type": "identity", "name": "keystone"}, {"endpoints": [{"id": "ae64747bb8be4c71b23aceb44cd38da0", "interface": "public", "region_id": "RegionOne", "url": "https://10.4.3.177/compute/v2.1", "region": "RegionOne"}], "id": "4199fe29310145a2be352527ad539fbc", "type": "compute", "name": "nova"}, {"endpoints": [{"id": "2d31468ea5f14a3398e0d6fd66b5dce7", "interface": "public", "region_id": "RegionOne", "url": "https://10.4.3.177:8080/v1/AUTH_1726bb656f9f4bb68c21e554d8a80f86", "region": "RegionOne"}, {"id": "383cd57a89f84669839dd080163c49f3", "interface": "admin", "region_id": "RegionOne", "url": "https://10.4.3.177:8080", "region": "RegionOne"}], "id": "4dcc1a4c41b54787b2e04e8d0a652255", "type": "object-store", "name": "swift"}, {"endpoints": [{"id": "e1c411762e114cdb9446eb0be147a17f", "interface": "public", "region_id": "RegionOne", "url": "https://10.4.3.177/volume/v3", "region": "RegionOne"}], "id": "81fc55b6d5944a1cad819ba1dd4be365", "type": "block-storage", "name": "cinder"}, {"endpoints": [{"id": "9d47731261c047fcae1086ff0544d5cb", "interface": "public", "region_id": "RegionOne", "url": "https://10.4.3.177/compute/v2/1726bb656f9f4bb68c21e554d8a80f86", "region": "RegionOne"}], "id": "a162959c8f454998b8cdc9ee8d3cf32e", "type": "compute_legacy", "name": "nova_legacy"}, {"endpoints": [{"id": "47be9b6d23fb4cd4a83ef58710aee323", "interface": "public", "region_id": "RegionOne", "url": "https://10.4.3.177/image", "region": "RegionOne"}], "id": "d4e3647544f843639a72f9863c972900", "type": "image", "name": "glance"}, {"endpoints": [{"id": "d7d24be941b1469c946884efef0824a0", "interface": "public", "region_id": "RegionOne", "url": "https://10.4.3.177/placement", "region": "RegionOne"}], "id": "d6790c3683ff45b2be9b9a3fc47f4173", "type": "placement", "name": "placement"}, {"endpoints": [{"id": "8ed316641704469485e3e4c1221fdc12", "interface": "public", "region_id": "RegionOne", "url": "https://10.4.3.177/networking", "region": "RegionOne"}], "id": "e3264822b96041a19c9ed6f14ac3bc34", "type": "network", "name": "neutron"}]}} {{(pid=99597) get_auth_ref /opt/stack/data/venv/lib/python3.12/site-packages/keystoneclient/auth/identity/v3/base.py:190}}
Jul 08 18:16:03.926992 np0000004841 devstack@g-api.service[99597]: DEBUG keystoneclient.httpclient [None req-5ec89095-2bbb-4176-bbc4-58c2c11f6426 tempest-AttachVolumeShelveTestJSON-1500043249 tempest-AttachVolumeShelveTestJSON-1500043249-project-member] Failed to find endpoint for management url admin endpoint for identity service not found {{(pid=99597) _process_management_url /opt/stack/data/venv/lib/python3.12/site-packages/keystoneclient/httpclient.py:670}}
Jul 08 18:16:04.043928 np0000004841 devstack@g-api.service[99598]: DEBUG dbcounter [-] [99598] Writing DB stats glance:SELECT=2 {{(pid=99598) stat_writer /opt/stack/data/venv/lib/python3.12/site-packages/dbcounter.py:115}}
Jul 08 18:16:04.142925 np0000004841 devstack@g-api.service[99597]: DEBUG swiftclient [None req-5ec89095-2bbb-4176-bbc4-58c2c11f6426 tempest-AttachVolumeShelveTestJSON-1500043249 tempest-AttachVolumeShelveTestJSON-1500043249-project-member] REQ: curl -i https://10.4.3.177:8080/v1/AUTH_1726bb656f9f4bb68c21e554d8a80f86/glance/217d14d9-5d2c-4184-9bc6-569a6fee68af -I -H "X-Auth-Token: gAAAAABqTpPjjDwB..." {{(pid=99597) http_log /opt/stack/data/venv/lib/python3.12/site-packages/swiftclient/client.py:160}}
Jul 08 18:16:04.142925 np0000004841 devstack@g-api.service[99597]: DEBUG swiftclient [None req-5ec89095-2bbb-4176-bbc4-58c2c11f6426 tempest-AttachVolumeShelveTestJSON-1500043249 tempest-AttachVolumeShelveTestJSON-1500043249-project-member] RESP STATUS: 200 OK {{(pid=99597) http_log /opt/stack/data/venv/lib/python3.12/site-packages/swiftclient/client.py:161}}
Jul 08 18:16:04.142925 np0000004841 devstack@g-api.service[99597]: DEBUG swiftclient [None req-5ec89095-2bbb-4176-bbc4-58c2c11f6426 tempest-AttachVolumeShelveTestJSON-1500043249 tempest-AttachVolumeShelveTestJSON-1500043249-project-member] RESP HEADERS: {'Date': 'Wed, 08 Jul 2026 18:16:04 GMT', 'Server': 'Apache/2.4.58 (Ubuntu)', 'Content-Type': 'application/octet-stream', 'Content-Length': '53608448', 'X-Object-Manifest': 'glance/217d14d9-5d2c-4184-9bc6-569a6fee68af-', 'Last-Modified': 'Wed, 08 Jul 2026 18:15:37 GMT', 'X-Timestamp': '1783534536.89182', 'Accept-Ranges': 'bytes', 'Etag': '"f8a1a0dea4f98543dd66b3004ed09a5a"', 'X-Trans-Id': 'txd11c82f35f14492b9dce6-006a4e93e3', 'X-Openstack-Request-Id': 'txd11c82f35f14492b9dce6-006a4e93e3', 'Connection': 'close'} {{(pid=99597) http_log /opt/stack/data/venv/lib/python3.12/site-packages/swiftclient/client.py:162}}
Jul 08 18:16:04.154723 np0000004841 devstack@g-api.service[99597]: DEBUG swiftclient [None req-5ec89095-2bbb-4176-bbc4-58c2c11f6426 tempest-AttachVolumeShelveTestJSON-1500043249 tempest-AttachVolumeShelveTestJSON-1500043249-project-member] REQ: curl -i https://10.4.3.177:8080/v1/AUTH_1726bb656f9f4bb68c21e554d8a80f86/glance?format=json&prefix=217d14d9-5d2c-4184-9bc6-569a6fee68af- -X GET -H "X-Auth-Token: gAAAAABqTpPjjDwB..." -H "Accept-Encoding: gzip" {{(pid=99597) http_log /opt/stack/data/venv/lib/python3.12/site-packages/swiftclient/client.py:160}}
Jul 08 18:16:04.154723 np0000004841 devstack@g-api.service[99597]: DEBUG swiftclient [None req-5ec89095-2bbb-4176-bbc4-58c2c11f6426 tempest-AttachVolumeShelveTestJSON-1500043249 tempest-AttachVolumeShelveTestJSON-1500043249-project-member] RESP STATUS: 200 OK {{(pid=99597) http_log /opt/stack/data/venv/lib/python3.12/site-packages/swiftclient/client.py:161}}
Jul 08 18:16:04.154723 np0000004841 devstack@g-api.service[99597]: DEBUG swiftclient [None req-5ec89095-2bbb-4176-bbc4-58c2c11f6426 tempest-AttachVolumeShelveTestJSON-1500043249 tempest-AttachVolumeShelveTestJSON-1500043249-project-member] RESP HEADERS: {'Date': 'Wed, 08 Jul 2026 18:16:04 GMT', 'Server': 'Apache/2.4.58 (Ubuntu)', 'Content-Type': 'application/json; charset=utf-8', 'Content-Length': '210', 'X-Container-Object-Count': '5', 'X-Container-Bytes-Used': '117964800', 'X-Timestamp': '1783534221.66321', 'Last-Modified': 'Wed, 08 Jul 2026 18:10:22 GMT', 'Accept-Ranges': 'bytes', 'X-Storage-Policy': 'Policy-0', 'X-Container-Sharding': 'False', 'X-Trans-Id': 'tx9839b1a12daf47a5bfbbe-006a4e93e4', 'X-Openstack-Request-Id': 'tx9839b1a12daf47a5bfbbe-006a4e93e4', 'Connection': 'close'} {{(pid=99597) http_log /opt/stack/data/venv/lib/python3.12/site-packages/swiftclient/client.py:162}}
Jul 08 18:16:04.154723 np0000004841 devstack@g-api.service[99597]: DEBUG swiftclient [None req-5ec89095-2bbb-4176-bbc4-58c2c11f6426 tempest-AttachVolumeShelveTestJSON-1500043249 tempest-AttachVolumeShelveTestJSON-1500043249-project-member] RESP BODY: b'[{"bytes": 53608448, "hash": "fed9cefab9a635c7bd0fa55cea0aa894", "name": "217d14d9-5d2c-4184-9bc6-569a6fee68af-00001", "content_type": "application/octet-stream", "last_modified": "2026-07-08T18:15:36.375420"}]' {{(pid=99597) http_log /opt/stack/data/venv/lib/python3.12/site-packages/swiftclient/client.py:166}}
Jul 08 18:16:04.182140 np0000004841 devstack@g-api.service[99597]: DEBUG swiftclient [None req-5ec89095-2bbb-4176-bbc4-58c2c11f6426 tempest-AttachVolumeShelveTestJSON-1500043249 tempest-AttachVolumeShelveTestJSON-1500043249-project-member] REQ: curl -i https://10.4.3.177:8080/v1/AUTH_1726bb656f9f4bb68c21e554d8a80f86/glance/217d14d9-5d2c-4184-9bc6-569a6fee68af-00001 DELETE -H "X-Auth-Token: gAAAAABqTpPjjDwB..." {{(pid=99597) http_log /opt/stack/data/venv/lib/python3.12/site-packages/swiftclient/client.py:160}}
Jul 08 18:16:04.182241 np0000004841 devstack@g-api.service[99597]: DEBUG swiftclient [None req-5ec89095-2bbb-4176-bbc4-58c2c11f6426 tempest-AttachVolumeShelveTestJSON-1500043249 tempest-AttachVolumeShelveTestJSON-1500043249-project-member] RESP STATUS: 204 No Content {{(pid=99597) http_log /opt/stack/data/venv/lib/python3.12/site-packages/swiftclient/client.py:161}}
Jul 08 18:16:04.182364 np0000004841 devstack@g-api.service[99597]: DEBUG swiftclient [None req-5ec89095-2bbb-4176-bbc4-58c2c11f6426 tempest-AttachVolumeShelveTestJSON-1500043249 tempest-AttachVolumeShelveTestJSON-1500043249-project-member] RESP HEADERS: {'Date': 'Wed, 08 Jul 2026 18:16:04 GMT', 'Server': 'Apache/2.4.58 (Ubuntu)', 'Content-Type': 'text/html; charset=UTF-8', 'X-Trans-Id': 'tx338577654bf042e1973cd-006a4e93e4', 'X-Openstack-Request-Id': 'tx338577654bf042e1973cd-006a4e93e4', 'Connection': 'close'} {{(pid=99597) http_log /opt/stack/data/venv/lib/python3.12/site-packages/swiftclient/client.py:162}}
Jul 08 18:16:04.209867 np0000004841 devstack@g-api.service[99597]: DEBUG swiftclient [None req-5ec89095-2bbb-4176-bbc4-58c2c11f6426 tempest-AttachVolumeShelveTestJSON-1500043249 tempest-AttachVolumeShelveTestJSON-1500043249-project-member] REQ: curl -i https://10.4.3.177:8080/v1/AUTH_1726bb656f9f4bb68c21e554d8a80f86/glance/217d14d9-5d2c-4184-9bc6-569a6fee68af DELETE -H "X-Auth-Token: gAAAAABqTpPjjDwB..." {{(pid=99597) http_log /opt/stack/data/venv/lib/python3.12/site-packages/swiftclient/client.py:160}}
Jul 08 18:16:04.210043 np0000004841 devstack@g-api.service[99597]: DEBUG swiftclient [None req-5ec89095-2bbb-4176-bbc4-58c2c11f6426 tempest-AttachVolumeShelveTestJSON-1500043249 tempest-AttachVolumeShelveTestJSON-1500043249-project-member] RESP STATUS: 204 No Content {{(pid=99597) http_log /opt/stack/data/venv/lib/python3.12/site-packages/swiftclient/client.py:161}}
Jul 08 18:16:04.210231 np0000004841 devstack@g-api.service[99597]: DEBUG swiftclient [None req-5ec89095-2bbb-4176-bbc4-58c2c11f6426 tempest-AttachVolumeShelveTestJSON-1500043249 tempest-AttachVolumeShelveTestJSON-1500043249-project-member] RESP HEADERS: {'Date': 'Wed, 08 Jul 2026 18:16:04 GMT', 'Server': 'Apache/2.4.58 (Ubuntu)', 'Content-Type': 'text/html; charset=UTF-8', 'X-Trans-Id': 'tx62d2a9d11c39486d998b9-006a4e93e4', 'X-Openstack-Request-Id': 'tx62d2a9d11c39486d998b9-006a4e93e4', 'Connection': 'close'} {{(pid=99597) http_log /opt/stack/data/venv/lib/python3.12/site-packages/swiftclient/client.py:162}}
Jul 08 18:16:04.341085 np0000004841 devstack@g-api.service[99597]: DEBUG glance.api.middleware.cache [None req-5ec89095-2bbb-4176-bbc4-58c2c11f6426 tempest-AttachVolumeShelveTestJSON-1500043249 tempest-AttachVolumeShelveTestJSON-1500043249-project-member] Removing image 217d14d9-5d2c-4184-9bc6-569a6fee68af from cache {{(pid=99597) _process_DELETE_response /opt/stack/glance/glance/api/middleware/cache.py:264}}
Jul 08 18:16:04.341326 np0000004841 devstack@g-api.service[99597]: DEBUG glance.image_cache.drivers.centralized_db [None req-5ec89095-2bbb-4176-bbc4-58c2c11f6426 tempest-AttachVolumeShelveTestJSON-1500043249 tempest-AttachVolumeShelveTestJSON-1500043249-project-member] Deleting image cache file '/opt/stack/data/glance/cache/217d14d9-5d2c-4184-9bc6-569a6fee68af' {{(pid=99597) delete_cached_file /opt/stack/glance/glance/image_cache/drivers/centralized_db.py:400}}
Jul 08 18:16:04.360654 np0000004841 devstack@g-api.service[99597]: [pid: 99597|app: 0|req: 67/195] 127.0.0.1 () {46 vars in 1137 bytes} [Wed Jul 8 18:16:03 2026] DELETE /v2/images/217d14d9-5d2c-4184-9bc6-569a6fee68af => generated 0 bytes in 526 msecs (HTTP/1.1 204) 4 headers in 171 bytes (1 switches on core 0)
Jul 08 18:16:04.973967 np0000004841 devstack@g-api.service[99599]: DEBUG dbcounter [-] [99599] Writing DB stats glance:SELECT=2 {{(pid=99599) stat_writer /opt/stack/data/venv/lib/python3.12/site-packages/dbcounter.py:115}}
Jul 08 18:16:14.357000 np0000004841 devstack@g-api.service[99597]: DEBUG dbcounter [-] [99597] Writing DB stats glance:SELECT=33,glance:INSERT=1,glance:UPDATE=25,glance:DELETE=1 {{(pid=99597) stat_writer /opt/stack/data/venv/lib/python3.12/site-packages/dbcounter.py:115}}
Jul 08 18:16:17.734211 np0000004841 devstack@g-api.service[99599]: DEBUG glance.api.middleware.version_negotiation [None req-5ec89095-2bbb-4176-bbc4-58c2c11f6426 tempest-AttachVolumeShelveTestJSON-1500043249 tempest-AttachVolumeShelveTestJSON-1500043249-project-member] Determining version of request: GET /v2/images/4f4310d0-9499-4317-adf2-5b023aa0ae64 Accept: application/json {{(pid=99599) process_request /opt/stack/glance/glance/api/middleware/version_negotiation.py:44}}
Jul 08 18:16:17.734784 np0000004841 devstack@g-api.service[99599]: DEBUG glance.api.middleware.version_negotiation [None req-5ec89095-2bbb-4176-bbc4-58c2c11f6426 tempest-AttachVolumeShelveTestJSON-1500043249 tempest-AttachVolumeShelveTestJSON-1500043249-project-member] Using url versioning {{(pid=99599) process_request /opt/stack/glance/glance/api/middleware/version_negotiation.py:57}}
Jul 08 18:16:17.734784 np0000004841 devstack@g-api.service[99599]: DEBUG glance.api.middleware.version_negotiation [None req-5ec89095-2bbb-4176-bbc4-58c2c11f6426 tempest-AttachVolumeShelveTestJSON-1500043249 tempest-AttachVolumeShelveTestJSON-1500043249-project-member] Matched version: v2 {{(pid=99599) process_request /opt/stack/glance/glance/api/middleware/version_negotiation.py:69}}
Jul 08 18:16:17.734784 np0000004841 devstack@g-api.service[99599]: DEBUG glance.api.middleware.version_negotiation [None req-5ec89095-2bbb-4176-bbc4-58c2c11f6426 tempest-AttachVolumeShelveTestJSON-1500043249 tempest-AttachVolumeShelveTestJSON-1500043249-project-member] new path /v2/images/4f4310d0-9499-4317-adf2-5b023aa0ae64 {{(pid=99599) process_request /opt/stack/glance/glance/api/middleware/version_negotiation.py:70}}
Jul 08 18:16:17.753157 np0000004841 devstack@g-api.service[99599]: [pid: 99599|app: 0|req: 66/196] 127.0.0.1 () {40 vars in 838 bytes} [Wed Jul 8 18:16:17 2026] GET /v2/images/4f4310d0-9499-4317-adf2-5b023aa0ae64 => generated 1044 bytes in 19 msecs (HTTP/1.1 200) 4 headers in 158 bytes (1 switches on core 0)
Jul 08 18:16:17.774313 np0000004841 devstack@g-api.service[99598]: DEBUG glance.api.middleware.version_negotiation [None req-5ec89095-2bbb-4176-bbc4-58c2c11f6426 tempest-AttachVolumeShelveTestJSON-1500043249 tempest-AttachVolumeShelveTestJSON-1500043249-project-member] Determining version of request: GET /v2/images/4f4310d0-9499-4317-adf2-5b023aa0ae64 Accept: */* {{(pid=99598) process_request /opt/stack/glance/glance/api/middleware/version_negotiation.py:44}}
Jul 08 18:16:17.776141 np0000004841 devstack@g-api.service[99598]: DEBUG glance.api.middleware.version_negotiation [None req-5ec89095-2bbb-4176-bbc4-58c2c11f6426 tempest-AttachVolumeShelveTestJSON-1500043249 tempest-AttachVolumeShelveTestJSON-1500043249-project-member] Using url versioning {{(pid=99598) process_request /opt/stack/glance/glance/api/middleware/version_negotiation.py:57}}
Jul 08 18:16:17.776141 np0000004841 devstack@g-api.service[99598]: DEBUG glance.api.middleware.version_negotiation [None req-5ec89095-2bbb-4176-bbc4-58c2c11f6426 tempest-AttachVolumeShelveTestJSON-1500043249 tempest-AttachVolumeShelveTestJSON-1500043249-project-member] Matched version: v2 {{(pid=99598) process_request /opt/stack/glance/glance/api/middleware/version_negotiation.py:69}}
Jul 08 18:16:17.776141 np0000004841 devstack@g-api.service[99598]: DEBUG glance.api.middleware.version_negotiation [None req-5ec89095-2bbb-4176-bbc4-58c2c11f6426 tempest-AttachVolumeShelveTestJSON-1500043249 tempest-AttachVolumeShelveTestJSON-1500043249-project-member] new path /v2/images/4f4310d0-9499-4317-adf2-5b023aa0ae64 {{(pid=99598) process_request /opt/stack/glance/glance/api/middleware/version_negotiation.py:70}}
Jul 08 18:16:17.783743 np0000004841 devstack@g-api.service[99598]: [pid: 99598|app: 0|req: 64/197] 127.0.0.1 () {44 vars in 1115 bytes} [Wed Jul 8 18:16:17 2026] GET /v2/images/4f4310d0-9499-4317-adf2-5b023aa0ae64 => generated 1044 bytes in 9 msecs (HTTP/1.1 200) 4 headers in 158 bytes (1 switches on core 0)
Jul 08 18:16:17.794398 np0000004841 devstack@g-api.service[99597]: DEBUG glance.api.middleware.version_negotiation [None req-5ec89095-2bbb-4176-bbc4-58c2c11f6426 tempest-AttachVolumeShelveTestJSON-1500043249 tempest-AttachVolumeShelveTestJSON-1500043249-project-member] Determining version of request: GET /v2/schemas/image Accept: */* {{(pid=99597) process_request /opt/stack/glance/glance/api/middleware/version_negotiation.py:44}}
Jul 08 18:16:17.794777 np0000004841 devstack@g-api.service[99597]: DEBUG glance.api.middleware.version_negotiation [None req-5ec89095-2bbb-4176-bbc4-58c2c11f6426 tempest-AttachVolumeShelveTestJSON-1500043249 tempest-AttachVolumeShelveTestJSON-1500043249-project-member] Using url versioning {{(pid=99597) process_request /opt/stack/glance/glance/api/middleware/version_negotiation.py:57}}
Jul 08 18:16:17.794777 np0000004841 devstack@g-api.service[99597]: DEBUG glance.api.middleware.version_negotiation [None req-5ec89095-2bbb-4176-bbc4-58c2c11f6426 tempest-AttachVolumeShelveTestJSON-1500043249 tempest-AttachVolumeShelveTestJSON-1500043249-project-member] Matched version: v2 {{(pid=99597) process_request /opt/stack/glance/glance/api/middleware/version_negotiation.py:69}}
Jul 08 18:16:17.796317 np0000004841 devstack@g-api.service[99597]: DEBUG glance.api.middleware.version_negotiation [None req-5ec89095-2bbb-4176-bbc4-58c2c11f6426 tempest-AttachVolumeShelveTestJSON-1500043249 tempest-AttachVolumeShelveTestJSON-1500043249-project-member] new path /v2/schemas/image {{(pid=99597) process_request /opt/stack/glance/glance/api/middleware/version_negotiation.py:70}}
Jul 08 18:16:17.801293 np0000004841 devstack@g-api.service[99597]: [pid: 99597|app: 0|req: 68/198] 127.0.0.1 () {44 vars in 1055 bytes} [Wed Jul 8 18:16:17 2026] GET /v2/schemas/image => generated 6083 bytes in 7 msecs (HTTP/1.1 200) 4 headers in 158 bytes (1 switches on core 0)
Jul 08 18:16:17.808668 np0000004841 devstack@g-api.service[99599]: DEBUG glance.api.middleware.version_negotiation [None req-abcd6919-c68c-42ec-8f9b-4fb7702d281e tempest-TestVolumeBootPattern-136107335 tempest-TestVolumeBootPattern-136107335-project-member] Determining version of request: GET /v2/schemas/image Accept: */* {{(pid=99599) process_request /opt/stack/glance/glance/api/middleware/version_negotiation.py:44}}
Jul 08 18:16:17.808869 np0000004841 devstack@g-api.service[99599]: DEBUG glance.api.middleware.version_negotiation [None req-abcd6919-c68c-42ec-8f9b-4fb7702d281e tempest-TestVolumeBootPattern-136107335 tempest-TestVolumeBootPattern-136107335-project-member] Using url versioning {{(pid=99599) process_request /opt/stack/glance/glance/api/middleware/version_negotiation.py:57}}
Jul 08 18:16:17.808980 np0000004841 devstack@g-api.service[99599]: DEBUG glance.api.middleware.version_negotiation [None req-abcd6919-c68c-42ec-8f9b-4fb7702d281e tempest-TestVolumeBootPattern-136107335 tempest-TestVolumeBootPattern-136107335-project-member] Matched version: v2 {{(pid=99599) process_request /opt/stack/glance/glance/api/middleware/version_negotiation.py:69}}
Jul 08 18:16:17.809092 np0000004841 devstack@g-api.service[99599]: DEBUG glance.api.middleware.version_negotiation [None req-abcd6919-c68c-42ec-8f9b-4fb7702d281e tempest-TestVolumeBootPattern-136107335 tempest-TestVolumeBootPattern-136107335-project-member] new path /v2/schemas/image {{(pid=99599) process_request /opt/stack/glance/glance/api/middleware/version_negotiation.py:70}}
Jul 08 18:16:17.811353 np0000004841 devstack@g-api.service[99599]: [pid: 99599|app: 0|req: 67/199] 127.0.0.1 () {44 vars in 1055 bytes} [Wed Jul 8 18:16:17 2026] GET /v2/schemas/image => generated 6083 bytes in 3 msecs (HTTP/1.1 200) 4 headers in 158 bytes (1 switches on core 0)
Jul 08 18:16:17.818728 np0000004841 devstack@g-api.service[99598]: DEBUG glance.api.middleware.version_negotiation [None req-bda438a3-9824-43c7-b383-772368e27f62 tempest-TestVolumeBootPattern-136107335 tempest-TestVolumeBootPattern-136107335-project-member] Determining version of request: GET /v2/images/4f4310d0-9499-4317-adf2-5b023aa0ae64 Accept: */* {{(pid=99598) process_request /opt/stack/glance/glance/api/middleware/version_negotiation.py:44}}
Jul 08 18:16:17.818904 np0000004841 devstack@g-api.service[99598]: DEBUG glance.api.middleware.version_negotiation [None req-bda438a3-9824-43c7-b383-772368e27f62 tempest-TestVolumeBootPattern-136107335 tempest-TestVolumeBootPattern-136107335-project-member] Using url versioning {{(pid=99598) process_request /opt/stack/glance/glance/api/middleware/version_negotiation.py:57}}
Jul 08 18:16:17.819066 np0000004841 devstack@g-api.service[99598]: DEBUG glance.api.middleware.version_negotiation [None req-bda438a3-9824-43c7-b383-772368e27f62 tempest-TestVolumeBootPattern-136107335 tempest-TestVolumeBootPattern-136107335-project-member] Matched version: v2 {{(pid=99598) process_request /opt/stack/glance/glance/api/middleware/version_negotiation.py:69}}
Jul 08 18:16:17.819217 np0000004841 devstack@g-api.service[99598]: DEBUG glance.api.middleware.version_negotiation [None req-bda438a3-9824-43c7-b383-772368e27f62 tempest-TestVolumeBootPattern-136107335 tempest-TestVolumeBootPattern-136107335-project-member] new path /v2/images/4f4310d0-9499-4317-adf2-5b023aa0ae64 {{(pid=99598) process_request /opt/stack/glance/glance/api/middleware/version_negotiation.py:70}}
Jul 08 18:16:17.828167 np0000004841 devstack@g-api.service[99598]: [pid: 99598|app: 0|req: 65/200] 127.0.0.1 () {44 vars in 1115 bytes} [Wed Jul 8 18:16:17 2026] GET /v2/images/4f4310d0-9499-4317-adf2-5b023aa0ae64 => generated 1044 bytes in 9 msecs (HTTP/1.1 200) 4 headers in 158 bytes (1 switches on core 0)
Jul 08 18:16:17.836823 np0000004841 devstack@g-api.service[99597]: DEBUG glance.api.middleware.version_negotiation [None req-bda438a3-9824-43c7-b383-772368e27f62 tempest-TestVolumeBootPattern-136107335 tempest-TestVolumeBootPattern-136107335-project-member] Determining version of request: GET /v2/schemas/image Accept: */* {{(pid=99597) process_request /opt/stack/glance/glance/api/middleware/version_negotiation.py:44}}
Jul 08 18:16:17.837078 np0000004841 devstack@g-api.service[99597]: DEBUG glance.api.middleware.version_negotiation [None req-bda438a3-9824-43c7-b383-772368e27f62 tempest-TestVolumeBootPattern-136107335 tempest-TestVolumeBootPattern-136107335-project-member] Using url versioning {{(pid=99597) process_request /opt/stack/glance/glance/api/middleware/version_negotiation.py:57}}
Jul 08 18:16:17.837221 np0000004841 devstack@g-api.service[99597]: DEBUG glance.api.middleware.version_negotiation [None req-bda438a3-9824-43c7-b383-772368e27f62 tempest-TestVolumeBootPattern-136107335 tempest-TestVolumeBootPattern-136107335-project-member] Matched version: v2 {{(pid=99597) process_request /opt/stack/glance/glance/api/middleware/version_negotiation.py:69}}
Jul 08 18:16:17.837320 np0000004841 devstack@g-api.service[99597]: DEBUG glance.api.middleware.version_negotiation [None req-bda438a3-9824-43c7-b383-772368e27f62 tempest-TestVolumeBootPattern-136107335 tempest-TestVolumeBootPattern-136107335-project-member] new path /v2/schemas/image {{(pid=99597) process_request /opt/stack/glance/glance/api/middleware/version_negotiation.py:70}}
Jul 08 18:16:17.839450 np0000004841 devstack@g-api.service[99597]: [pid: 99597|app: 0|req: 69/201] 127.0.0.1 () {44 vars in 1055 bytes} [Wed Jul 8 18:16:17 2026] GET /v2/schemas/image => generated 6083 bytes in 3 msecs (HTTP/1.1 200) 4 headers in 158 bytes (1 switches on core 0)
Jul 08 18:16:17.846738 np0000004841 devstack@g-api.service[99599]: DEBUG glance.api.middleware.version_negotiation [None req-bda438a3-9824-43c7-b383-772368e27f62 tempest-TestVolumeBootPattern-136107335 tempest-TestVolumeBootPattern-136107335-project-member] Determining version of request: GET /v2/schemas/image Accept: */* {{(pid=99599) process_request /opt/stack/glance/glance/api/middleware/version_negotiation.py:44}}
Jul 08 18:16:17.846909 np0000004841 devstack@g-api.service[99599]: DEBUG glance.api.middleware.version_negotiation [None req-bda438a3-9824-43c7-b383-772368e27f62 tempest-TestVolumeBootPattern-136107335 tempest-TestVolumeBootPattern-136107335-project-member] Using url versioning {{(pid=99599) process_request /opt/stack/glance/glance/api/middleware/version_negotiation.py:57}}
Jul 08 18:16:17.847017 np0000004841 devstack@g-api.service[99599]: DEBUG glance.api.middleware.version_negotiation [None req-bda438a3-9824-43c7-b383-772368e27f62 tempest-TestVolumeBootPattern-136107335 tempest-TestVolumeBootPattern-136107335-project-member] Matched version: v2 {{(pid=99599) process_request /opt/stack/glance/glance/api/middleware/version_negotiation.py:69}}
Jul 08 18:16:17.847108 np0000004841 devstack@g-api.service[99599]: DEBUG glance.api.middleware.version_negotiation [None req-bda438a3-9824-43c7-b383-772368e27f62 tempest-TestVolumeBootPattern-136107335 tempest-TestVolumeBootPattern-136107335-project-member] new path /v2/schemas/image {{(pid=99599) process_request /opt/stack/glance/glance/api/middleware/version_negotiation.py:70}}
Jul 08 18:16:17.849384 np0000004841 devstack@g-api.service[99599]: [pid: 99599|app: 0|req: 68/202] 127.0.0.1 () {44 vars in 1055 bytes} [Wed Jul 8 18:16:17 2026] GET /v2/schemas/image => generated 6083 bytes in 3 msecs (HTTP/1.1 200) 4 headers in 158 bytes (1 switches on core 0)
Jul 08 18:16:17.871884 np0000004841 devstack@g-api.service[99598]: DEBUG glance.api.middleware.version_negotiation [None req-bda438a3-9824-43c7-b383-772368e27f62 tempest-TestVolumeBootPattern-136107335 tempest-TestVolumeBootPattern-136107335-project-member] Determining version of request: GET /v2/images/4f4310d0-9499-4317-adf2-5b023aa0ae64 Accept: */* {{(pid=99598) process_request /opt/stack/glance/glance/api/middleware/version_negotiation.py:44}}
Jul 08 18:16:17.872022 np0000004841 devstack@g-api.service[99598]: DEBUG glance.api.middleware.version_negotiation [None req-bda438a3-9824-43c7-b383-772368e27f62 tempest-TestVolumeBootPattern-136107335 tempest-TestVolumeBootPattern-136107335-project-member] Using url versioning {{(pid=99598) process_request /opt/stack/glance/glance/api/middleware/version_negotiation.py:57}}
Jul 08 18:16:17.872168 np0000004841 devstack@g-api.service[99598]: DEBUG glance.api.middleware.version_negotiation [None req-bda438a3-9824-43c7-b383-772368e27f62 tempest-TestVolumeBootPattern-136107335 tempest-TestVolumeBootPattern-136107335-project-member] Matched version: v2 {{(pid=99598) process_request /opt/stack/glance/glance/api/middleware/version_negotiation.py:69}}
Jul 08 18:16:17.872259 np0000004841 devstack@g-api.service[99598]: DEBUG glance.api.middleware.version_negotiation [None req-bda438a3-9824-43c7-b383-772368e27f62 tempest-TestVolumeBootPattern-136107335 tempest-TestVolumeBootPattern-136107335-project-member] new path /v2/images/4f4310d0-9499-4317-adf2-5b023aa0ae64 {{(pid=99598) process_request /opt/stack/glance/glance/api/middleware/version_negotiation.py:70}}
Jul 08 18:16:17.889952 np0000004841 devstack@g-api.service[99598]: [pid: 99598|app: 0|req: 66/203] 127.0.0.1 () {44 vars in 1115 bytes} [Wed Jul 8 18:16:17 2026] GET /v2/images/4f4310d0-9499-4317-adf2-5b023aa0ae64 => generated 1044 bytes in 11 msecs (HTTP/1.1 200) 4 headers in 158 bytes (1 switches on core 0)
Jul 08 18:16:17.894336 np0000004841 devstack@g-api.service[99597]: DEBUG glance.api.middleware.version_negotiation [None req-bda438a3-9824-43c7-b383-772368e27f62 tempest-TestVolumeBootPattern-136107335 tempest-TestVolumeBootPattern-136107335-project-member] Determining version of request: GET /v2/schemas/image Accept: */* {{(pid=99597) process_request /opt/stack/glance/glance/api/middleware/version_negotiation.py:44}}
Jul 08 18:16:17.895251 np0000004841 devstack@g-api.service[99597]: DEBUG glance.api.middleware.version_negotiation [None req-bda438a3-9824-43c7-b383-772368e27f62 tempest-TestVolumeBootPattern-136107335 tempest-TestVolumeBootPattern-136107335-project-member] Using url versioning {{(pid=99597) process_request /opt/stack/glance/glance/api/middleware/version_negotiation.py:57}}
Jul 08 18:16:17.895477 np0000004841 devstack@g-api.service[99597]: DEBUG glance.api.middleware.version_negotiation [None req-bda438a3-9824-43c7-b383-772368e27f62 tempest-TestVolumeBootPattern-136107335 tempest-TestVolumeBootPattern-136107335-project-member] Matched version: v2 {{(pid=99597) process_request /opt/stack/glance/glance/api/middleware/version_negotiation.py:69}}
Jul 08 18:16:17.895643 np0000004841 devstack@g-api.service[99597]: DEBUG glance.api.middleware.version_negotiation [None req-bda438a3-9824-43c7-b383-772368e27f62 tempest-TestVolumeBootPattern-136107335 tempest-TestVolumeBootPattern-136107335-project-member] new path /v2/schemas/image {{(pid=99597) process_request /opt/stack/glance/glance/api/middleware/version_negotiation.py:70}}
Jul 08 18:16:17.900244 np0000004841 devstack@g-api.service[99597]: [pid: 99597|app: 0|req: 70/204] 127.0.0.1 () {44 vars in 1055 bytes} [Wed Jul 8 18:16:17 2026] GET /v2/schemas/image => generated 6083 bytes in 5 msecs (HTTP/1.1 200) 4 headers in 158 bytes (1 switches on core 0)
Jul 08 18:16:18.378029 np0000004841 devstack@g-api.service[99599]: DEBUG glance.api.middleware.version_negotiation [None req-bda438a3-9824-43c7-b383-772368e27f62 tempest-TestVolumeBootPattern-136107335 tempest-TestVolumeBootPattern-136107335-project-member] Determining version of request: GET /versions Accept: */* {{(pid=99599) process_request /opt/stack/glance/glance/api/middleware/version_negotiation.py:44}}
Jul 08 18:16:18.378754 np0000004841 devstack@g-api.service[99599]: [pid: 99599|app: 0|req: 69/205] 127.0.0.1 () {44 vars in 1039 bytes} [Wed Jul 8 18:16:18 2026] GET /versions => generated 1515 bytes in 1 msecs (HTTP/1.1 200) 3 headers in 92 bytes (1 switches on core 0)
Jul 08 18:16:18.387538 np0000004841 devstack@g-api.service[99598]: DEBUG glance.api.middleware.version_negotiation [None req-bda438a3-9824-43c7-b383-772368e27f62 tempest-TestVolumeBootPattern-136107335 tempest-TestVolumeBootPattern-136107335-project-member] Determining version of request: GET /v2/images/4f4310d0-9499-4317-adf2-5b023aa0ae64/locations Accept: */* {{(pid=99598) process_request /opt/stack/glance/glance/api/middleware/version_negotiation.py:44}}
Jul 08 18:16:18.390144 np0000004841 devstack@g-api.service[99598]: DEBUG glance.api.middleware.version_negotiation [None req-bda438a3-9824-43c7-b383-772368e27f62 tempest-TestVolumeBootPattern-136107335 tempest-TestVolumeBootPattern-136107335-project-member] Using url versioning {{(pid=99598) process_request /opt/stack/glance/glance/api/middleware/version_negotiation.py:57}}
Jul 08 18:16:18.390144 np0000004841 devstack@g-api.service[99598]: DEBUG glance.api.middleware.version_negotiation [None req-bda438a3-9824-43c7-b383-772368e27f62 tempest-TestVolumeBootPattern-136107335 tempest-TestVolumeBootPattern-136107335-project-member] Matched version: v2 {{(pid=99598) process_request /opt/stack/glance/glance/api/middleware/version_negotiation.py:69}}
Jul 08 18:16:18.390144 np0000004841 devstack@g-api.service[99598]: DEBUG glance.api.middleware.version_negotiation [None req-bda438a3-9824-43c7-b383-772368e27f62 tempest-TestVolumeBootPattern-136107335 tempest-TestVolumeBootPattern-136107335-project-member] new path /v2/images/4f4310d0-9499-4317-adf2-5b023aa0ae64/locations {{(pid=99598) process_request /opt/stack/glance/glance/api/middleware/version_negotiation.py:70}}
Jul 08 18:16:18.514570 np0000004841 devstack@g-api.service[99598]: [pid: 99598|app: 0|req: 67/206] 127.0.0.1 () {44 vars in 1135 bytes} [Wed Jul 8 18:16:18 2026] GET /v2/images/4f4310d0-9499-4317-adf2-5b023aa0ae64/locations => generated 92 bytes in 127 msecs (HTTP/1.1 200) 4 headers in 156 bytes (1 switches on core 0)
Jul 08 18:16:18.522788 np0000004841 devstack@g-api.service[99597]: DEBUG glance.api.middleware.version_negotiation [None req-bda438a3-9824-43c7-b383-772368e27f62 tempest-TestVolumeBootPattern-136107335 tempest-TestVolumeBootPattern-136107335-project-member] Determining version of request: GET /v2/images/4f4310d0-9499-4317-adf2-5b023aa0ae64 Accept: */* {{(pid=99597) process_request /opt/stack/glance/glance/api/middleware/version_negotiation.py:44}}
Jul 08 18:16:18.522788 np0000004841 devstack@g-api.service[99597]: DEBUG glance.api.middleware.version_negotiation [None req-bda438a3-9824-43c7-b383-772368e27f62 tempest-TestVolumeBootPattern-136107335 tempest-TestVolumeBootPattern-136107335-project-member] Using url versioning {{(pid=99597) process_request /opt/stack/glance/glance/api/middleware/version_negotiation.py:57}}
Jul 08 18:16:18.522788 np0000004841 devstack@g-api.service[99597]: DEBUG glance.api.middleware.version_negotiation [None req-bda438a3-9824-43c7-b383-772368e27f62 tempest-TestVolumeBootPattern-136107335 tempest-TestVolumeBootPattern-136107335-project-member] Matched version: v2 {{(pid=99597) process_request /opt/stack/glance/glance/api/middleware/version_negotiation.py:69}}
Jul 08 18:16:18.522788 np0000004841 devstack@g-api.service[99597]: DEBUG glance.api.middleware.version_negotiation [None req-bda438a3-9824-43c7-b383-772368e27f62 tempest-TestVolumeBootPattern-136107335 tempest-TestVolumeBootPattern-136107335-project-member] new path /v2/images/4f4310d0-9499-4317-adf2-5b023aa0ae64 {{(pid=99597) process_request /opt/stack/glance/glance/api/middleware/version_negotiation.py:70}}
Jul 08 18:16:18.532864 np0000004841 devstack@g-api.service[99597]: [pid: 99597|app: 0|req: 71/207] 127.0.0.1 () {44 vars in 1115 bytes} [Wed Jul 8 18:16:18 2026] GET /v2/images/4f4310d0-9499-4317-adf2-5b023aa0ae64 => generated 1044 bytes in 11 msecs (HTTP/1.1 200) 4 headers in 158 bytes (1 switches on core 0)
Jul 08 18:16:18.543099 np0000004841 devstack@g-api.service[99599]: DEBUG glance.api.middleware.version_negotiation [None req-bda438a3-9824-43c7-b383-772368e27f62 tempest-TestVolumeBootPattern-136107335 tempest-TestVolumeBootPattern-136107335-project-member] Determining version of request: GET /v2/schemas/image Accept: */* {{(pid=99599) process_request /opt/stack/glance/glance/api/middleware/version_negotiation.py:44}}
