Jul 08 18:17:47.629078 np0000004841 devstack@g-api.service[99598]: INFO glance.api.v2.image_data [None req-075fe86c-c37e-41f9-a318-5c137d8322f3 tempest-VolumesActionsTest-770809809 tempest-VolumesActionsTest-770809809-project-member] Unable to create trust: no such option collect_timing in group [keystone_authtoken] Use the existing user token.
Jul 08 18:17:47.727032 np0000004841 devstack@g-api.service[99597]: DEBUG glance.api.middleware.version_negotiation [None req-79cfa726-a070-41f9-bc17-d1fd8e82416c tempest-ServerBootFromVolumeStableRescueTest-591397263 tempest-ServerBootFromVolumeStableRescueTest-591397263-project-member] Determining version of request: GET /v2/images/d614ad72-254a-4479-a61a-74b5c6e71c44 Accept: application/json {{(pid=99597) process_request /opt/stack/glance/glance/api/middleware/version_negotiation.py:44}}
Jul 08 18:17:47.727334 np0000004841 devstack@g-api.service[99597]: DEBUG glance.api.middleware.version_negotiation [None req-79cfa726-a070-41f9-bc17-d1fd8e82416c tempest-ServerBootFromVolumeStableRescueTest-591397263 tempest-ServerBootFromVolumeStableRescueTest-591397263-project-member] Using url versioning {{(pid=99597) process_request /opt/stack/glance/glance/api/middleware/version_negotiation.py:57}}
Jul 08 18:17:47.727334 np0000004841 devstack@g-api.service[99597]: DEBUG glance.api.middleware.version_negotiation [None req-79cfa726-a070-41f9-bc17-d1fd8e82416c tempest-ServerBootFromVolumeStableRescueTest-591397263 tempest-ServerBootFromVolumeStableRescueTest-591397263-project-member] Matched version: v2 {{(pid=99597) process_request /opt/stack/glance/glance/api/middleware/version_negotiation.py:69}}
Jul 08 18:17:47.727409 np0000004841 devstack@g-api.service[99597]: DEBUG glance.api.middleware.version_negotiation [None req-79cfa726-a070-41f9-bc17-d1fd8e82416c tempest-ServerBootFromVolumeStableRescueTest-591397263 tempest-ServerBootFromVolumeStableRescueTest-591397263-project-member] new path /v2/images/d614ad72-254a-4479-a61a-74b5c6e71c44 {{(pid=99597) process_request /opt/stack/glance/glance/api/middleware/version_negotiation.py:70}}
Jul 08 18:17:47.738370 np0000004841 devstack@g-api.service[99597]: [pid: 99597|app: 0|req: 115/342] 127.0.0.1 () {40 vars in 838 bytes} [Wed Jul 8 18:17:47 2026] GET /v2/images/d614ad72-254a-4479-a61a-74b5c6e71c44 => generated 650 bytes in 11 msecs (HTTP/1.1 200) 4 headers in 157 bytes (1 switches on core 0)
Jul 08 18:17:48.011005 np0000004841 devstack@g-api.service[99599]: DEBUG glance.api.middleware.version_negotiation [None req-6fb73145-1d3a-4fb4-9cd4-58772c248958 tempest-ServerBootFromVolumeStableRescueTest-591397263 tempest-ServerBootFromVolumeStableRescueTest-591397263-project-member] Determining version of request: GET /v2/schemas/image Accept: */* {{(pid=99599) process_request /opt/stack/glance/glance/api/middleware/version_negotiation.py:44}}
Jul 08 18:17:48.011267 np0000004841 devstack@g-api.service[99599]: DEBUG glance.api.middleware.version_negotiation [None req-6fb73145-1d3a-4fb4-9cd4-58772c248958 tempest-ServerBootFromVolumeStableRescueTest-591397263 tempest-ServerBootFromVolumeStableRescueTest-591397263-project-member] Using url versioning {{(pid=99599) process_request /opt/stack/glance/glance/api/middleware/version_negotiation.py:57}}
Jul 08 18:17:48.011436 np0000004841 devstack@g-api.service[99599]: DEBUG glance.api.middleware.version_negotiation [None req-6fb73145-1d3a-4fb4-9cd4-58772c248958 tempest-ServerBootFromVolumeStableRescueTest-591397263 tempest-ServerBootFromVolumeStableRescueTest-591397263-project-member] Matched version: v2 {{(pid=99599) process_request /opt/stack/glance/glance/api/middleware/version_negotiation.py:69}}
Jul 08 18:17:48.011595 np0000004841 devstack@g-api.service[99599]: DEBUG glance.api.middleware.version_negotiation [None req-6fb73145-1d3a-4fb4-9cd4-58772c248958 tempest-ServerBootFromVolumeStableRescueTest-591397263 tempest-ServerBootFromVolumeStableRescueTest-591397263-project-member] new path /v2/schemas/image {{(pid=99599) process_request /opt/stack/glance/glance/api/middleware/version_negotiation.py:70}}
Jul 08 18:17:48.014121 np0000004841 devstack@g-api.service[99599]: [pid: 99599|app: 0|req: 115/343] 127.0.0.1 () {44 vars in 1055 bytes} [Wed Jul 8 18:17:48 2026] GET /v2/schemas/image => generated 6083 bytes in 3 msecs (HTTP/1.1 200) 4 headers in 158 bytes (1 switches on core 0)
Jul 08 18:17:48.069066 np0000004841 devstack@g-api.service[99597]: DEBUG glance.api.middleware.version_negotiation [None req-c36e0468-8dfd-41c5-b421-59bf67d8862f tempest-VolumesActionsTest-770809809 tempest-VolumesActionsTest-770809809-project-member] Determining version of request: POST /v2/images Accept: */* {{(pid=99597) process_request /opt/stack/glance/glance/api/middleware/version_negotiation.py:44}}
Jul 08 18:17:48.069338 np0000004841 devstack@g-api.service[99597]: DEBUG glance.api.middleware.version_negotiation [None req-c36e0468-8dfd-41c5-b421-59bf67d8862f tempest-VolumesActionsTest-770809809 tempest-VolumesActionsTest-770809809-project-member] Using url versioning {{(pid=99597) process_request /opt/stack/glance/glance/api/middleware/version_negotiation.py:57}}
Jul 08 18:17:48.069644 np0000004841 devstack@g-api.service[99597]: DEBUG glance.api.middleware.version_negotiation [None req-c36e0468-8dfd-41c5-b421-59bf67d8862f tempest-VolumesActionsTest-770809809 tempest-VolumesActionsTest-770809809-project-member] Matched version: v2 {{(pid=99597) process_request /opt/stack/glance/glance/api/middleware/version_negotiation.py:69}}
Jul 08 18:17:48.069801 np0000004841 devstack@g-api.service[99597]: DEBUG glance.api.middleware.version_negotiation [None req-c36e0468-8dfd-41c5-b421-59bf67d8862f tempest-VolumesActionsTest-770809809 tempest-VolumesActionsTest-770809809-project-member] new path /v2/images {{(pid=99597) process_request /opt/stack/glance/glance/api/middleware/version_negotiation.py:70}}
Jul 08 18:17:48.086151 np0000004841 devstack@g-api.service[99598]: DEBUG glance.location [None req-075fe86c-c37e-41f9-a318-5c137d8322f3 tempest-VolumesActionsTest-770809809 tempest-VolumesActionsTest-770809809-project-member] Enabling in-flight format inspection for raw {{(pid=99598) set_data /opt/stack/glance/glance/location.py:596}}
Jul 08 18:17:48.086151 np0000004841 devstack@g-api.service[99598]: DEBUG glance_store.backend [None req-075fe86c-c37e-41f9-a318-5c137d8322f3 tempest-VolumesActionsTest-770809809 tempest-VolumesActionsTest-770809809-project-member] Attempting to import store swift {{(pid=99598) _load_store /opt/stack/data/venv/lib/python3.12/site-packages/glance_store/backend.py:215}}
Jul 08 18:17:48.086151 np0000004841 devstack@g-api.service[99598]: DEBUG glance_store.capabilities [None req-075fe86c-c37e-41f9-a318-5c137d8322f3 tempest-VolumesActionsTest-770809809 tempest-VolumesActionsTest-770809809-project-member] Store glance_store._drivers.swift.store.SingleTenantStore doesn't support updating dynamic storage capabilities. Please overwrite 'update_capabilities' method of the store to implement updating logics if needed. {{(pid=99598) update_capabilities /opt/stack/data/venv/lib/python3.12/site-packages/glance_store/capabilities.py:91}}
Jul 08 18:17:48.086151 np0000004841 devstack@g-api.service[99598]: DEBUG glance_store.driver [None req-075fe86c-c37e-41f9-a318-5c137d8322f3 tempest-VolumesActionsTest-770809809 tempest-VolumesActionsTest-770809809-project-member] Late loading location class glance_store._drivers.swift.store.StoreLocation {{(pid=99598) get_store_location_class /opt/stack/data/venv/lib/python3.12/site-packages/glance_store/driver.py:134}}
Jul 08 18:17:48.086151 np0000004841 devstack@g-api.service[99598]: DEBUG glance_store.location [None req-075fe86c-c37e-41f9-a318-5c137d8322f3 tempest-VolumesActionsTest-770809809 tempest-VolumesActionsTest-770809809-project-member] Registering scheme swift+https with {'store': , 'location_class': , 'store_entry': 'swift'} {{(pid=99598) register_scheme_map /opt/stack/data/venv/lib/python3.12/site-packages/glance_store/location.py:146}}
Jul 08 18:17:48.086151 np0000004841 devstack@g-api.service[99598]: DEBUG glance_store.location [None req-075fe86c-c37e-41f9-a318-5c137d8322f3 tempest-VolumesActionsTest-770809809 tempest-VolumesActionsTest-770809809-project-member] Registering scheme swift+https with {'store': , 'location_class': , 'store_entry': 'swift'} {{(pid=99598) register_scheme_map /opt/stack/data/venv/lib/python3.12/site-packages/glance_store/location.py:146}}
Jul 08 18:17:48.086151 np0000004841 devstack@g-api.service[99598]: DEBUG glance_store.location [None req-075fe86c-c37e-41f9-a318-5c137d8322f3 tempest-VolumesActionsTest-770809809 tempest-VolumesActionsTest-770809809-project-member] Registering scheme swift with {'store': , 'location_class': , 'store_entry': 'swift'} {{(pid=99598) register_scheme_map /opt/stack/data/venv/lib/python3.12/site-packages/glance_store/location.py:146}}
Jul 08 18:17:48.086151 np0000004841 devstack@g-api.service[99598]: DEBUG glance_store.location [None req-075fe86c-c37e-41f9-a318-5c137d8322f3 tempest-VolumesActionsTest-770809809 tempest-VolumesActionsTest-770809809-project-member] Registering scheme swift+https with {'store': , 'location_class': , 'store_entry': 'swift'} {{(pid=99598) register_scheme_map /opt/stack/data/venv/lib/python3.12/site-packages/glance_store/location.py:146}}
Jul 08 18:17:48.086151 np0000004841 devstack@g-api.service[99598]: DEBUG glance_store.location [None req-075fe86c-c37e-41f9-a318-5c137d8322f3 tempest-VolumesActionsTest-770809809 tempest-VolumesActionsTest-770809809-project-member] Registering scheme swift with {'store': , 'location_class': , 'store_entry': 'swift'} {{(pid=99598) register_scheme_map /opt/stack/data/venv/lib/python3.12/site-packages/glance_store/location.py:146}}
Jul 08 18:17:48.086151 np0000004841 devstack@g-api.service[99598]: DEBUG glance_store.location [None req-075fe86c-c37e-41f9-a318-5c137d8322f3 tempest-VolumesActionsTest-770809809 tempest-VolumesActionsTest-770809809-project-member] Registering scheme swift+http with {'store': , 'location_class': , 'store_entry': 'swift'} {{(pid=99598) register_scheme_map /opt/stack/data/venv/lib/python3.12/site-packages/glance_store/location.py:146}}
Jul 08 18:17:48.086151 np0000004841 devstack@g-api.service[99598]: DEBUG glance_store.location [None req-075fe86c-c37e-41f9-a318-5c137d8322f3 tempest-VolumesActionsTest-770809809 tempest-VolumesActionsTest-770809809-project-member] Registering scheme swift+https with {'store': , 'location_class': , 'store_entry': 'swift'} {{(pid=99598) register_scheme_map /opt/stack/data/venv/lib/python3.12/site-packages/glance_store/location.py:146}}
Jul 08 18:17:48.086151 np0000004841 devstack@g-api.service[99598]: DEBUG glance_store.location [None req-075fe86c-c37e-41f9-a318-5c137d8322f3 tempest-VolumesActionsTest-770809809 tempest-VolumesActionsTest-770809809-project-member] Registering scheme swift with {'store': , 'location_class': , 'store_entry': 'swift'} {{(pid=99598) register_scheme_map /opt/stack/data/venv/lib/python3.12/site-packages/glance_store/location.py:146}}
Jul 08 18:17:48.086699 np0000004841 devstack@g-api.service[99598]: DEBUG glance_store.location [None req-075fe86c-c37e-41f9-a318-5c137d8322f3 tempest-VolumesActionsTest-770809809 tempest-VolumesActionsTest-770809809-project-member] Registering scheme swift+http with {'store': , 'location_class': , 'store_entry': 'swift'} {{(pid=99598) register_scheme_map /opt/stack/data/venv/lib/python3.12/site-packages/glance_store/location.py:146}}
Jul 08 18:17:48.086699 np0000004841 devstack@g-api.service[99598]: DEBUG glance_store.location [None req-075fe86c-c37e-41f9-a318-5c137d8322f3 tempest-VolumesActionsTest-770809809 tempest-VolumesActionsTest-770809809-project-member] Registering scheme swift+config with {'store': , 'location_class': , 'store_entry': 'swift'} {{(pid=99598) register_scheme_map /opt/stack/data/venv/lib/python3.12/site-packages/glance_store/location.py:146}}
Jul 08 18:17:48.169234 np0000004841 devstack@g-api.service[99598]: DEBUG swiftclient [None req-075fe86c-c37e-41f9-a318-5c137d8322f3 tempest-VolumesActionsTest-770809809 tempest-VolumesActionsTest-770809809-project-member] REQ: curl -i https://10.4.3.177:8080/v1/AUTH_1726bb656f9f4bb68c21e554d8a80f86/glance -I -H "X-Auth-Token: gAAAAABqTpRMAsWB..." {{(pid=99598) http_log /opt/stack/data/venv/lib/python3.12/site-packages/swiftclient/client.py:160}}
Jul 08 18:17:48.169451 np0000004841 devstack@g-api.service[99598]: DEBUG swiftclient [None req-075fe86c-c37e-41f9-a318-5c137d8322f3 tempest-VolumesActionsTest-770809809 tempest-VolumesActionsTest-770809809-project-member] RESP STATUS: 204 No Content {{(pid=99598) http_log /opt/stack/data/venv/lib/python3.12/site-packages/swiftclient/client.py:161}}
Jul 08 18:17:48.169702 np0000004841 devstack@g-api.service[99598]: DEBUG swiftclient [None req-075fe86c-c37e-41f9-a318-5c137d8322f3 tempest-VolumesActionsTest-770809809 tempest-VolumesActionsTest-770809809-project-member] RESP HEADERS: {'Date': 'Wed, 08 Jul 2026 18:17:48 GMT', 'Server': 'Apache/2.4.58 (Ubuntu)', 'Content-Type': 'text/plain; charset=utf-8', 'X-Container-Object-Count': '5', 'X-Container-Bytes-Used': '87883776', 'X-Timestamp': '1783534221.66321', 'Last-Modified': 'Wed, 08 Jul 2026 18:10:22 GMT', 'Accept-Ranges': 'bytes', 'X-Storage-Policy': 'Policy-0', 'X-Container-Sharding': 'False', 'Vary': 'Accept', 'X-Trans-Id': 'txcb9cee2ecd5347a591b77-006a4e944c', 'X-Openstack-Request-Id': 'txcb9cee2ecd5347a591b77-006a4e944c', 'Connection': 'close'} {{(pid=99598) http_log /opt/stack/data/venv/lib/python3.12/site-packages/swiftclient/client.py:162}}
Jul 08 18:17:48.169958 np0000004841 devstack@g-api.service[99598]: DEBUG glance_store._drivers.swift.store [None req-075fe86c-c37e-41f9-a318-5c137d8322f3 tempest-VolumesActionsTest-770809809 tempest-VolumesActionsTest-770809809-project-member] Adding image object 'd614ad72-254a-4479-a61a-74b5c6e71c44' to Swift {{(pid=99598) add /opt/stack/data/venv/lib/python3.12/site-packages/glance_store/_drivers/swift/store.py:970}}
Jul 08 18:17:48.170116 np0000004841 devstack@g-api.service[99598]: DEBUG glance_store._drivers.swift.store [None req-075fe86c-c37e-41f9-a318-5c137d8322f3 tempest-VolumesActionsTest-770809809 tempest-VolumesActionsTest-770809809-project-member] Cannot determine image size because it is either not provided in the request or chunked-transfer encoding is used. Adding image as a segmented object to Swift. {{(pid=99598) add /opt/stack/data/venv/lib/python3.12/site-packages/glance_store/_drivers/swift/store.py:994}}
Jul 08 18:17:48.175883 np0000004841 devstack@g-api.service[99598]: DEBUG oslo_utils.imageutils.format_inspector [None req-075fe86c-c37e-41f9-a318-5c137d8322f3 tempest-VolumesActionsTest-770809809 tempest-VolumesActionsTest-770809809-project-member] Format inspector for vmdk does not match, excluding from consideration (Signature KDMV not found: b'\x00\x00\x00\x00') {{(pid=99598) _process_chunk /opt/stack/data/venv/lib/python3.12/site-packages/oslo_utils/imageutils/format_inspector.py:1758}}
Jul 08 18:17:48.178182 np0000004841 devstack@g-api.service[99598]: DEBUG oslo_utils.imageutils.format_inspector [None req-075fe86c-c37e-41f9-a318-5c137d8322f3 tempest-VolumesActionsTest-770809809 tempest-VolumesActionsTest-770809809-project-member] Format inspector for vhdx does not match, excluding from consideration (Region signature not found at 30000) {{(pid=99598) _process_chunk /opt/stack/data/venv/lib/python3.12/site-packages/oslo_utils/imageutils/format_inspector.py:1758}}
Jul 08 18:17:48.410006 np0000004841 devstack@g-api.service[99599]: DEBUG glance.api.middleware.version_negotiation [None req-6d392c9d-c1b1-4d15-96d7-2464690a275c tempest-AttachVolumeShelveTestJSON-1500043249 tempest-AttachVolumeShelveTestJSON-1500043249-project-member] Determining version of request: GET /v2/images/c21e0bc8-dc6d-495a-a469-788521deb695 Accept: application/json {{(pid=99599) process_request /opt/stack/glance/glance/api/middleware/version_negotiation.py:44}}
Jul 08 18:17:48.410524 np0000004841 devstack@g-api.service[99599]: DEBUG glance.api.middleware.version_negotiation [None req-6d392c9d-c1b1-4d15-96d7-2464690a275c tempest-AttachVolumeShelveTestJSON-1500043249 tempest-AttachVolumeShelveTestJSON-1500043249-project-member] Using url versioning {{(pid=99599) process_request /opt/stack/glance/glance/api/middleware/version_negotiation.py:57}}
Jul 08 18:17:48.410524 np0000004841 devstack@g-api.service[99599]: DEBUG glance.api.middleware.version_negotiation [None req-6d392c9d-c1b1-4d15-96d7-2464690a275c tempest-AttachVolumeShelveTestJSON-1500043249 tempest-AttachVolumeShelveTestJSON-1500043249-project-member] Matched version: v2 {{(pid=99599) process_request /opt/stack/glance/glance/api/middleware/version_negotiation.py:69}}
Jul 08 18:17:48.410604 np0000004841 devstack@g-api.service[99599]: DEBUG glance.api.middleware.version_negotiation [None req-6d392c9d-c1b1-4d15-96d7-2464690a275c tempest-AttachVolumeShelveTestJSON-1500043249 tempest-AttachVolumeShelveTestJSON-1500043249-project-member] new path /v2/images/c21e0bc8-dc6d-495a-a469-788521deb695 {{(pid=99599) process_request /opt/stack/glance/glance/api/middleware/version_negotiation.py:70}}
Jul 08 18:17:48.427769 np0000004841 devstack@g-api.service[99599]: [pid: 99599|app: 0|req: 116/344] 127.0.0.1 () {40 vars in 838 bytes} [Wed Jul 8 18:17:48 2026] GET /v2/images/c21e0bc8-dc6d-495a-a469-788521deb695 => generated 1356 bytes in 18 msecs (HTTP/1.1 200) 4 headers in 158 bytes (1 switches on core 0)
Jul 08 18:17:48.625762 np0000004841 devstack@g-api.service[99597]: [pid: 99597|app: 0|req: 116/345] 127.0.0.1 () {46 vars in 1055 bytes} [Wed Jul 8 18:17:48 2026] POST /v2/images => generated 1338 bytes in 557 msecs (HTTP/1.1 201) 6 headers in 316 bytes (1 switches on core 0)
Jul 08 18:17:48.748479 np0000004841 devstack@g-api.service[99599]: DEBUG glance.api.middleware.version_negotiation [None req-2a76c811-0308-4fb6-85f6-17fcf08dcb6f tempest-ServerBootFromVolumeStableRescueTest-591397263 tempest-ServerBootFromVolumeStableRescueTest-591397263-project-member] Determining version of request: GET /v2/images/d614ad72-254a-4479-a61a-74b5c6e71c44 Accept: application/json {{(pid=99599) process_request /opt/stack/glance/glance/api/middleware/version_negotiation.py:44}}
Jul 08 18:17:48.748674 np0000004841 devstack@g-api.service[99599]: DEBUG glance.api.middleware.version_negotiation [None req-2a76c811-0308-4fb6-85f6-17fcf08dcb6f tempest-ServerBootFromVolumeStableRescueTest-591397263 tempest-ServerBootFromVolumeStableRescueTest-591397263-project-member] Using url versioning {{(pid=99599) process_request /opt/stack/glance/glance/api/middleware/version_negotiation.py:57}}
Jul 08 18:17:48.748814 np0000004841 devstack@g-api.service[99599]: DEBUG glance.api.middleware.version_negotiation [None req-2a76c811-0308-4fb6-85f6-17fcf08dcb6f tempest-ServerBootFromVolumeStableRescueTest-591397263 tempest-ServerBootFromVolumeStableRescueTest-591397263-project-member] Matched version: v2 {{(pid=99599) process_request /opt/stack/glance/glance/api/middleware/version_negotiation.py:69}}
Jul 08 18:17:48.748913 np0000004841 devstack@g-api.service[99599]: DEBUG glance.api.middleware.version_negotiation [None req-2a76c811-0308-4fb6-85f6-17fcf08dcb6f tempest-ServerBootFromVolumeStableRescueTest-591397263 tempest-ServerBootFromVolumeStableRescueTest-591397263-project-member] new path /v2/images/d614ad72-254a-4479-a61a-74b5c6e71c44 {{(pid=99599) process_request /opt/stack/glance/glance/api/middleware/version_negotiation.py:70}}
Jul 08 18:17:48.761421 np0000004841 devstack@g-api.service[99599]: [pid: 99599|app: 0|req: 117/346] 127.0.0.1 () {40 vars in 838 bytes} [Wed Jul 8 18:17:48 2026] GET /v2/images/d614ad72-254a-4479-a61a-74b5c6e71c44 => generated 650 bytes in 13 msecs (HTTP/1.1 200) 4 headers in 157 bytes (1 switches on core 0)
Jul 08 18:17:48.949828 np0000004841 devstack@g-api.service[99597]: DEBUG glance.api.middleware.version_negotiation [None req-6d392c9d-c1b1-4d15-96d7-2464690a275c tempest-AttachVolumeShelveTestJSON-1500043249 tempest-AttachVolumeShelveTestJSON-1500043249-project-member] Determining version of request: GET /v2/images/c21e0bc8-dc6d-495a-a469-788521deb695 Accept: */* {{(pid=99597) process_request /opt/stack/glance/glance/api/middleware/version_negotiation.py:44}}
Jul 08 18:17:48.950296 np0000004841 devstack@g-api.service[99597]: DEBUG glance.api.middleware.version_negotiation [None req-6d392c9d-c1b1-4d15-96d7-2464690a275c tempest-AttachVolumeShelveTestJSON-1500043249 tempest-AttachVolumeShelveTestJSON-1500043249-project-member] Using url versioning {{(pid=99597) process_request /opt/stack/glance/glance/api/middleware/version_negotiation.py:57}}
Jul 08 18:17:48.950296 np0000004841 devstack@g-api.service[99597]: DEBUG glance.api.middleware.version_negotiation [None req-6d392c9d-c1b1-4d15-96d7-2464690a275c tempest-AttachVolumeShelveTestJSON-1500043249 tempest-AttachVolumeShelveTestJSON-1500043249-project-member] Matched version: v2 {{(pid=99597) process_request /opt/stack/glance/glance/api/middleware/version_negotiation.py:69}}
Jul 08 18:17:48.950296 np0000004841 devstack@g-api.service[99597]: DEBUG glance.api.middleware.version_negotiation [None req-6d392c9d-c1b1-4d15-96d7-2464690a275c tempest-AttachVolumeShelveTestJSON-1500043249 tempest-AttachVolumeShelveTestJSON-1500043249-project-member] new path /v2/images/c21e0bc8-dc6d-495a-a469-788521deb695 {{(pid=99597) process_request /opt/stack/glance/glance/api/middleware/version_negotiation.py:70}}
Jul 08 18:17:48.968763 np0000004841 devstack@g-api.service[99597]: [pid: 99597|app: 0|req: 117/347] 127.0.0.1 () {44 vars in 1115 bytes} [Wed Jul 8 18:17:48 2026] GET /v2/images/c21e0bc8-dc6d-495a-a469-788521deb695 => generated 1356 bytes in 19 msecs (HTTP/1.1 200) 4 headers in 158 bytes (1 switches on core 0)
Jul 08 18:17:49.011984 np0000004841 devstack@g-api.service[99599]: DEBUG glance.api.middleware.version_negotiation [None req-2c43a48e-6b99-405b-9551-58c9c52bf345 tempest-VolumesActionsTest-770809809 tempest-VolumesActionsTest-770809809-project-member] Determining version of request: GET /v2/schemas/image Accept: */* {{(pid=99599) process_request /opt/stack/glance/glance/api/middleware/version_negotiation.py:44}}
Jul 08 18:17:49.012229 np0000004841 devstack@g-api.service[99599]: DEBUG glance.api.middleware.version_negotiation [None req-2c43a48e-6b99-405b-9551-58c9c52bf345 tempest-VolumesActionsTest-770809809 tempest-VolumesActionsTest-770809809-project-member] Using url versioning {{(pid=99599) process_request /opt/stack/glance/glance/api/middleware/version_negotiation.py:57}}
Jul 08 18:17:49.012618 np0000004841 devstack@g-api.service[99599]: DEBUG glance.api.middleware.version_negotiation [None req-2c43a48e-6b99-405b-9551-58c9c52bf345 tempest-VolumesActionsTest-770809809 tempest-VolumesActionsTest-770809809-project-member] Matched version: v2 {{(pid=99599) process_request /opt/stack/glance/glance/api/middleware/version_negotiation.py:69}}
Jul 08 18:17:49.012618 np0000004841 devstack@g-api.service[99599]: DEBUG glance.api.middleware.version_negotiation [None req-2c43a48e-6b99-405b-9551-58c9c52bf345 tempest-VolumesActionsTest-770809809 tempest-VolumesActionsTest-770809809-project-member] new path /v2/schemas/image {{(pid=99599) process_request /opt/stack/glance/glance/api/middleware/version_negotiation.py:70}}
Jul 08 18:17:49.015740 np0000004841 devstack@g-api.service[99599]: [pid: 99599|app: 0|req: 118/348] 127.0.0.1 () {44 vars in 1055 bytes} [Wed Jul 8 18:17:49 2026] GET /v2/schemas/image => generated 6083 bytes in 4 msecs (HTTP/1.1 200) 4 headers in 158 bytes (1 switches on core 0)
Jul 08 18:17:49.441772 np0000004841 devstack@g-api.service[99597]: DEBUG glance.api.middleware.version_negotiation [None req-79cfa726-a070-41f9-bc17-d1fd8e82416c tempest-ServerBootFromVolumeStableRescueTest-591397263 tempest-ServerBootFromVolumeStableRescueTest-591397263-project-member] Determining version of request: GET /v2/images/c21e0bc8-dc6d-495a-a469-788521deb695 Accept: application/json {{(pid=99597) process_request /opt/stack/glance/glance/api/middleware/version_negotiation.py:44}}
Jul 08 18:17:49.442131 np0000004841 devstack@g-api.service[99597]: DEBUG glance.api.middleware.version_negotiation [None req-79cfa726-a070-41f9-bc17-d1fd8e82416c tempest-ServerBootFromVolumeStableRescueTest-591397263 tempest-ServerBootFromVolumeStableRescueTest-591397263-project-member] Using url versioning {{(pid=99597) process_request /opt/stack/glance/glance/api/middleware/version_negotiation.py:57}}
Jul 08 18:17:49.442262 np0000004841 devstack@g-api.service[99597]: DEBUG glance.api.middleware.version_negotiation [None req-79cfa726-a070-41f9-bc17-d1fd8e82416c tempest-ServerBootFromVolumeStableRescueTest-591397263 tempest-ServerBootFromVolumeStableRescueTest-591397263-project-member] Matched version: v2 {{(pid=99597) process_request /opt/stack/glance/glance/api/middleware/version_negotiation.py:69}}
Jul 08 18:17:49.442352 np0000004841 devstack@g-api.service[99597]: DEBUG glance.api.middleware.version_negotiation [None req-79cfa726-a070-41f9-bc17-d1fd8e82416c tempest-ServerBootFromVolumeStableRescueTest-591397263 tempest-ServerBootFromVolumeStableRescueTest-591397263-project-member] new path /v2/images/c21e0bc8-dc6d-495a-a469-788521deb695 {{(pid=99597) process_request /opt/stack/glance/glance/api/middleware/version_negotiation.py:70}}
Jul 08 18:17:49.456999 np0000004841 devstack@g-api.service[99597]: [pid: 99597|app: 0|req: 118/349] 127.0.0.1 () {40 vars in 838 bytes} [Wed Jul 8 18:17:49 2026] GET /v2/images/c21e0bc8-dc6d-495a-a469-788521deb695 => generated 1356 bytes in 15 msecs (HTTP/1.1 200) 4 headers in 158 bytes (1 switches on core 0)
Jul 08 18:17:49.774549 np0000004841 devstack@g-api.service[99599]: DEBUG glance.api.middleware.version_negotiation [None req-79cfa726-a070-41f9-bc17-d1fd8e82416c tempest-ServerBootFromVolumeStableRescueTest-591397263 tempest-ServerBootFromVolumeStableRescueTest-591397263-project-member] Determining version of request: GET /v2/images/d614ad72-254a-4479-a61a-74b5c6e71c44 Accept: application/json {{(pid=99599) process_request /opt/stack/glance/glance/api/middleware/version_negotiation.py:44}}
Jul 08 18:17:49.774922 np0000004841 devstack@g-api.service[99599]: DEBUG glance.api.middleware.version_negotiation [None req-79cfa726-a070-41f9-bc17-d1fd8e82416c tempest-ServerBootFromVolumeStableRescueTest-591397263 tempest-ServerBootFromVolumeStableRescueTest-591397263-project-member] Using url versioning {{(pid=99599) process_request /opt/stack/glance/glance/api/middleware/version_negotiation.py:57}}
Jul 08 18:17:49.775034 np0000004841 devstack@g-api.service[99599]: DEBUG glance.api.middleware.version_negotiation [None req-79cfa726-a070-41f9-bc17-d1fd8e82416c tempest-ServerBootFromVolumeStableRescueTest-591397263 tempest-ServerBootFromVolumeStableRescueTest-591397263-project-member] Matched version: v2 {{(pid=99599) process_request /opt/stack/glance/glance/api/middleware/version_negotiation.py:69}}
Jul 08 18:17:49.775213 np0000004841 devstack@g-api.service[99599]: DEBUG glance.api.middleware.version_negotiation [None req-79cfa726-a070-41f9-bc17-d1fd8e82416c tempest-ServerBootFromVolumeStableRescueTest-591397263 tempest-ServerBootFromVolumeStableRescueTest-591397263-project-member] new path /v2/images/d614ad72-254a-4479-a61a-74b5c6e71c44 {{(pid=99599) process_request /opt/stack/glance/glance/api/middleware/version_negotiation.py:70}}
Jul 08 18:17:49.785653 np0000004841 devstack@g-api.service[99599]: [pid: 99599|app: 0|req: 119/350] 127.0.0.1 () {40 vars in 838 bytes} [Wed Jul 8 18:17:49 2026] GET /v2/images/d614ad72-254a-4479-a61a-74b5c6e71c44 => generated 650 bytes in 12 msecs (HTTP/1.1 200) 4 headers in 157 bytes (1 switches on core 0)
Jul 08 18:17:50.072881 np0000004841 devstack@g-api.service[99598]: DEBUG swiftclient [None req-075fe86c-c37e-41f9-a318-5c137d8322f3 tempest-VolumesActionsTest-770809809 tempest-VolumesActionsTest-770809809-project-member] REQ: curl -i https://10.4.3.177:8080/v1/AUTH_1726bb656f9f4bb68c21e554d8a80f86/glance/d614ad72-254a-4479-a61a-74b5c6e71c44-00001 -X PUT -H "X-Auth-Token: gAAAAABqTpRMAsWB..." {{(pid=99598) http_log /opt/stack/data/venv/lib/python3.12/site-packages/swiftclient/client.py:160}}
Jul 08 18:17:50.073149 np0000004841 devstack@g-api.service[99598]: DEBUG swiftclient [None req-075fe86c-c37e-41f9-a318-5c137d8322f3 tempest-VolumesActionsTest-770809809 tempest-VolumesActionsTest-770809809-project-member] RESP STATUS: 201 Created {{(pid=99598) http_log /opt/stack/data/venv/lib/python3.12/site-packages/swiftclient/client.py:161}}
Jul 08 18:17:50.073183 np0000004841 devstack@g-api.service[99598]: DEBUG swiftclient [None req-075fe86c-c37e-41f9-a318-5c137d8322f3 tempest-VolumesActionsTest-770809809 tempest-VolumesActionsTest-770809809-project-member] RESP HEADERS: {'Date': 'Wed, 08 Jul 2026 18:17:50 GMT', 'Server': 'Apache/2.4.58 (Ubuntu)', 'Content-Type': 'text/html; charset=UTF-8', 'Content-Length': '0', 'Etag': 'eda9a9889837ac4bc81d6387d92c1bec', 'Last-Modified': 'Wed, 08 Jul 2026 18:17:49 GMT', 'X-Trans-Id': 'tx16c7262492f0411dabc9e-006a4e944c', 'X-Openstack-Request-Id': 'tx16c7262492f0411dabc9e-006a4e944c', 'Connection': 'close'} {{(pid=99598) http_log /opt/stack/data/venv/lib/python3.12/site-packages/swiftclient/client.py:162}}
Jul 08 18:17:50.073272 np0000004841 devstack@g-api.service[99598]: DEBUG glance_store._drivers.swift.store [None req-075fe86c-c37e-41f9-a318-5c137d8322f3 tempest-VolumesActionsTest-770809809 tempest-VolumesActionsTest-770809809-project-member] Wrote chunk d614ad72-254a-4479-a61a-74b5c6e71c44-00001 (1/?) of length 204800000 to Swift returning MD5 of content: eda9a9889837ac4bc81d6387d92c1bec {{(pid=99598) add /opt/stack/data/venv/lib/python3.12/site-packages/glance_store/_drivers/swift/store.py:1059}}
Jul 08 18:17:50.470255 np0000004841 devstack@g-api.service[99597]: DEBUG glance.api.middleware.version_negotiation [None req-80628c91-2335-46e1-b4ba-d149976e8461 tempest-ServerBootFromVolumeStableRescueTest-591397263 tempest-ServerBootFromVolumeStableRescueTest-591397263-project-member] Determining version of request: GET /v2/images/c21e0bc8-dc6d-495a-a469-788521deb695 Accept: application/json {{(pid=99597) process_request /opt/stack/glance/glance/api/middleware/version_negotiation.py:44}}
Jul 08 18:17:50.470703 np0000004841 devstack@g-api.service[99597]: DEBUG glance.api.middleware.version_negotiation [None req-80628c91-2335-46e1-b4ba-d149976e8461 tempest-ServerBootFromVolumeStableRescueTest-591397263 tempest-ServerBootFromVolumeStableRescueTest-591397263-project-member] Using url versioning {{(pid=99597) process_request /opt/stack/glance/glance/api/middleware/version_negotiation.py:57}}
Jul 08 18:17:50.470703 np0000004841 devstack@g-api.service[99597]: DEBUG glance.api.middleware.version_negotiation [None req-80628c91-2335-46e1-b4ba-d149976e8461 tempest-ServerBootFromVolumeStableRescueTest-591397263 tempest-ServerBootFromVolumeStableRescueTest-591397263-project-member] Matched version: v2 {{(pid=99597) process_request /opt/stack/glance/glance/api/middleware/version_negotiation.py:69}}
Jul 08 18:17:50.470703 np0000004841 devstack@g-api.service[99597]: DEBUG glance.api.middleware.version_negotiation [None req-80628c91-2335-46e1-b4ba-d149976e8461 tempest-ServerBootFromVolumeStableRescueTest-591397263 tempest-ServerBootFromVolumeStableRescueTest-591397263-project-member] new path /v2/images/c21e0bc8-dc6d-495a-a469-788521deb695 {{(pid=99597) process_request /opt/stack/glance/glance/api/middleware/version_negotiation.py:70}}
Jul 08 18:17:50.485022 np0000004841 devstack@g-api.service[99597]: [pid: 99597|app: 0|req: 119/351] 127.0.0.1 () {40 vars in 838 bytes} [Wed Jul 8 18:17:50 2026] GET /v2/images/c21e0bc8-dc6d-495a-a469-788521deb695 => generated 1356 bytes in 15 msecs (HTTP/1.1 200) 4 headers in 158 bytes (1 switches on core 0)
Jul 08 18:17:50.798412 np0000004841 devstack@g-api.service[99599]: DEBUG glance.api.middleware.version_negotiation [None req-35f9abd0-53f8-4a0a-b125-01e6484b08c1 tempest-VolumesActionsTest-770809809 tempest-VolumesActionsTest-770809809-project-member] Determining version of request: GET /v2/images/d614ad72-254a-4479-a61a-74b5c6e71c44 Accept: application/json {{(pid=99599) process_request /opt/stack/glance/glance/api/middleware/version_negotiation.py:44}}
Jul 08 18:17:50.798817 np0000004841 devstack@g-api.service[99599]: DEBUG glance.api.middleware.version_negotiation [None req-35f9abd0-53f8-4a0a-b125-01e6484b08c1 tempest-VolumesActionsTest-770809809 tempest-VolumesActionsTest-770809809-project-member] Using url versioning {{(pid=99599) process_request /opt/stack/glance/glance/api/middleware/version_negotiation.py:57}}
Jul 08 18:17:50.798817 np0000004841 devstack@g-api.service[99599]: DEBUG glance.api.middleware.version_negotiation [None req-35f9abd0-53f8-4a0a-b125-01e6484b08c1 tempest-VolumesActionsTest-770809809 tempest-VolumesActionsTest-770809809-project-member] Matched version: v2 {{(pid=99599) process_request /opt/stack/glance/glance/api/middleware/version_negotiation.py:69}}
Jul 08 18:17:50.798983 np0000004841 devstack@g-api.service[99599]: DEBUG glance.api.middleware.version_negotiation [None req-35f9abd0-53f8-4a0a-b125-01e6484b08c1 tempest-VolumesActionsTest-770809809 tempest-VolumesActionsTest-770809809-project-member] new path /v2/images/d614ad72-254a-4479-a61a-74b5c6e71c44 {{(pid=99599) process_request /opt/stack/glance/glance/api/middleware/version_negotiation.py:70}}
Jul 08 18:17:50.814389 np0000004841 devstack@g-api.service[99599]: [pid: 99599|app: 0|req: 120/352] 127.0.0.1 () {40 vars in 838 bytes} [Wed Jul 8 18:17:50 2026] GET /v2/images/d614ad72-254a-4479-a61a-74b5c6e71c44 => generated 650 bytes in 16 msecs (HTTP/1.1 200) 4 headers in 157 bytes (1 switches on core 0)
Jul 08 18:17:51.058306 np0000004841 devstack@g-api.service[99597]: DEBUG glance.api.middleware.version_negotiation [None req-2a2a42a3-aca9-4668-9eb3-dbcaa8a65891 tempest-ServerBootFromVolumeStableRescueTest-591397263 tempest-ServerBootFromVolumeStableRescueTest-591397263-project-member] Determining version of request: GET /v2/images/2c7d15ce-29ef-4977-92fc-7e1dd9c3be1f Accept: */* {{(pid=99597) process_request /opt/stack/glance/glance/api/middleware/version_negotiation.py:44}}
Jul 08 18:17:51.058469 np0000004841 devstack@g-api.service[99597]: DEBUG glance.api.middleware.version_negotiation [None req-2a2a42a3-aca9-4668-9eb3-dbcaa8a65891 tempest-ServerBootFromVolumeStableRescueTest-591397263 tempest-ServerBootFromVolumeStableRescueTest-591397263-project-member] Using url versioning {{(pid=99597) process_request /opt/stack/glance/glance/api/middleware/version_negotiation.py:57}}
Jul 08 18:17:51.058628 np0000004841 devstack@g-api.service[99597]: DEBUG glance.api.middleware.version_negotiation [None req-2a2a42a3-aca9-4668-9eb3-dbcaa8a65891 tempest-ServerBootFromVolumeStableRescueTest-591397263 tempest-ServerBootFromVolumeStableRescueTest-591397263-project-member] Matched version: v2 {{(pid=99597) process_request /opt/stack/glance/glance/api/middleware/version_negotiation.py:69}}
Jul 08 18:17:51.059496 np0000004841 devstack@g-api.service[99597]: DEBUG glance.api.middleware.version_negotiation [None req-2a2a42a3-aca9-4668-9eb3-dbcaa8a65891 tempest-ServerBootFromVolumeStableRescueTest-591397263 tempest-ServerBootFromVolumeStableRescueTest-591397263-project-member] new path /v2/images/2c7d15ce-29ef-4977-92fc-7e1dd9c3be1f {{(pid=99597) process_request /opt/stack/glance/glance/api/middleware/version_negotiation.py:70}}
Jul 08 18:17:51.081683 np0000004841 devstack@g-api.service[99597]: [pid: 99597|app: 0|req: 120/353] 127.0.0.1 () {44 vars in 1115 bytes} [Wed Jul 8 18:17:51 2026] GET /v2/images/2c7d15ce-29ef-4977-92fc-7e1dd9c3be1f => generated 1338 bytes in 23 msecs (HTTP/1.1 200) 4 headers in 158 bytes (1 switches on core 0)
Jul 08 18:17:51.130176 np0000004841 devstack@g-api.service[99599]: DEBUG glance.api.middleware.version_negotiation [None req-52bd7f70-04af-43e2-aa78-ef431550b724 tempest-VolumesActionsTest-770809809 tempest-VolumesActionsTest-770809809-project-member] Determining version of request: GET /v2/schemas/image Accept: */* {{(pid=99599) process_request /opt/stack/glance/glance/api/middleware/version_negotiation.py:44}}
Jul 08 18:17:51.130176 np0000004841 devstack@g-api.service[99599]: DEBUG glance.api.middleware.version_negotiation [None req-52bd7f70-04af-43e2-aa78-ef431550b724 tempest-VolumesActionsTest-770809809 tempest-VolumesActionsTest-770809809-project-member] Using url versioning {{(pid=99599) process_request /opt/stack/glance/glance/api/middleware/version_negotiation.py:57}}
Jul 08 18:17:51.130176 np0000004841 devstack@g-api.service[99599]: DEBUG glance.api.middleware.version_negotiation [None req-52bd7f70-04af-43e2-aa78-ef431550b724 tempest-VolumesActionsTest-770809809 tempest-VolumesActionsTest-770809809-project-member] Matched version: v2 {{(pid=99599) process_request /opt/stack/glance/glance/api/middleware/version_negotiation.py:69}}
Jul 08 18:17:51.130176 np0000004841 devstack@g-api.service[99599]: DEBUG glance.api.middleware.version_negotiation [None req-52bd7f70-04af-43e2-aa78-ef431550b724 tempest-VolumesActionsTest-770809809 tempest-VolumesActionsTest-770809809-project-member] new path /v2/schemas/image {{(pid=99599) process_request /opt/stack/glance/glance/api/middleware/version_negotiation.py:70}}
Jul 08 18:17:51.135637 np0000004841 devstack@g-api.service[99599]: [pid: 99599|app: 0|req: 121/354] 127.0.0.1 () {44 vars in 1055 bytes} [Wed Jul 8 18:17:51 2026] GET /v2/schemas/image => generated 6083 bytes in 5 msecs (HTTP/1.1 200) 4 headers in 158 bytes (1 switches on core 0)
Jul 08 18:17:51.493918 np0000004841 devstack@g-api.service[99597]: DEBUG glance.api.middleware.version_negotiation [None req-6d392c9d-c1b1-4d15-96d7-2464690a275c tempest-AttachVolumeShelveTestJSON-1500043249 tempest-AttachVolumeShelveTestJSON-1500043249-project-member] Determining version of request: GET /v2/images/c21e0bc8-dc6d-495a-a469-788521deb695 Accept: application/json {{(pid=99597) process_request /opt/stack/glance/glance/api/middleware/version_negotiation.py:44}}
Jul 08 18:17:51.494420 np0000004841 devstack@g-api.service[99597]: DEBUG glance.api.middleware.version_negotiation [None req-6d392c9d-c1b1-4d15-96d7-2464690a275c tempest-AttachVolumeShelveTestJSON-1500043249 tempest-AttachVolumeShelveTestJSON-1500043249-project-member] Using url versioning {{(pid=99597) process_request /opt/stack/glance/glance/api/middleware/version_negotiation.py:57}}
Jul 08 18:17:51.494420 np0000004841 devstack@g-api.service[99597]: DEBUG glance.api.middleware.version_negotiation [None req-6d392c9d-c1b1-4d15-96d7-2464690a275c tempest-AttachVolumeShelveTestJSON-1500043249 tempest-AttachVolumeShelveTestJSON-1500043249-project-member] Matched version: v2 {{(pid=99597) process_request /opt/stack/glance/glance/api/middleware/version_negotiation.py:69}}
Jul 08 18:17:51.494540 np0000004841 devstack@g-api.service[99597]: DEBUG glance.api.middleware.version_negotiation [None req-6d392c9d-c1b1-4d15-96d7-2464690a275c tempest-AttachVolumeShelveTestJSON-1500043249 tempest-AttachVolumeShelveTestJSON-1500043249-project-member] new path /v2/images/c21e0bc8-dc6d-495a-a469-788521deb695 {{(pid=99597) process_request /opt/stack/glance/glance/api/middleware/version_negotiation.py:70}}
Jul 08 18:17:51.507191 np0000004841 devstack@g-api.service[99597]: [pid: 99597|app: 0|req: 121/355] 127.0.0.1 () {40 vars in 838 bytes} [Wed Jul 8 18:17:51 2026] GET /v2/images/c21e0bc8-dc6d-495a-a469-788521deb695 => generated 1356 bytes in 13 msecs (HTTP/1.1 200) 4 headers in 158 bytes (1 switches on core 0)
Jul 08 18:17:51.821253 np0000004841 devstack@g-api.service[99599]: DEBUG glance.api.middleware.version_negotiation [None req-6d392c9d-c1b1-4d15-96d7-2464690a275c tempest-AttachVolumeShelveTestJSON-1500043249 tempest-AttachVolumeShelveTestJSON-1500043249-project-member] Determining version of request: GET /v2/images/d614ad72-254a-4479-a61a-74b5c6e71c44 Accept: application/json {{(pid=99599) process_request /opt/stack/glance/glance/api/middleware/version_negotiation.py:44}}
Jul 08 18:17:51.821668 np0000004841 devstack@g-api.service[99599]: DEBUG glance.api.middleware.version_negotiation [None req-6d392c9d-c1b1-4d15-96d7-2464690a275c tempest-AttachVolumeShelveTestJSON-1500043249 tempest-AttachVolumeShelveTestJSON-1500043249-project-member] Using url versioning {{(pid=99599) process_request /opt/stack/glance/glance/api/middleware/version_negotiation.py:57}}
Jul 08 18:17:51.821668 np0000004841 devstack@g-api.service[99599]: DEBUG glance.api.middleware.version_negotiation [None req-6d392c9d-c1b1-4d15-96d7-2464690a275c tempest-AttachVolumeShelveTestJSON-1500043249 tempest-AttachVolumeShelveTestJSON-1500043249-project-member] Matched version: v2 {{(pid=99599) process_request /opt/stack/glance/glance/api/middleware/version_negotiation.py:69}}
Jul 08 18:17:51.821728 np0000004841 devstack@g-api.service[99599]: DEBUG glance.api.middleware.version_negotiation [None req-6d392c9d-c1b1-4d15-96d7-2464690a275c tempest-AttachVolumeShelveTestJSON-1500043249 tempest-AttachVolumeShelveTestJSON-1500043249-project-member] new path /v2/images/d614ad72-254a-4479-a61a-74b5c6e71c44 {{(pid=99599) process_request /opt/stack/glance/glance/api/middleware/version_negotiation.py:70}}
Jul 08 18:17:51.831872 np0000004841 devstack@g-api.service[99599]: [pid: 99599|app: 0|req: 122/356] 127.0.0.1 () {40 vars in 838 bytes} [Wed Jul 8 18:17:51 2026] GET /v2/images/d614ad72-254a-4479-a61a-74b5c6e71c44 => generated 650 bytes in 11 msecs (HTTP/1.1 200) 4 headers in 157 bytes (1 switches on core 0)
Jul 08 18:17:52.041206 np0000004841 devstack@g-api.service[99597]: DEBUG glance.api.middleware.version_negotiation [None req-4e8c8432-6ee7-46d9-8553-1c476e558d95 tempest-ServerBootFromVolumeStableRescueTest-591397263 tempest-ServerBootFromVolumeStableRescueTest-591397263-project-member] Determining version of request: GET /v2/images/c21e0bc8-dc6d-495a-a469-788521deb695 Accept: */* {{(pid=99597) process_request /opt/stack/glance/glance/api/middleware/version_negotiation.py:44}}
Jul 08 18:17:52.041422 np0000004841 devstack@g-api.service[99597]: DEBUG glance.api.middleware.version_negotiation [None req-4e8c8432-6ee7-46d9-8553-1c476e558d95 tempest-ServerBootFromVolumeStableRescueTest-591397263 tempest-ServerBootFromVolumeStableRescueTest-591397263-project-member] Using url versioning {{(pid=99597) process_request /opt/stack/glance/glance/api/middleware/version_negotiation.py:57}}
Jul 08 18:17:52.041611 np0000004841 devstack@g-api.service[99597]: DEBUG glance.api.middleware.version_negotiation [None req-4e8c8432-6ee7-46d9-8553-1c476e558d95 tempest-ServerBootFromVolumeStableRescueTest-591397263 tempest-ServerBootFromVolumeStableRescueTest-591397263-project-member] Matched version: v2 {{(pid=99597) process_request /opt/stack/glance/glance/api/middleware/version_negotiation.py:69}}
Jul 08 18:17:52.041741 np0000004841 devstack@g-api.service[99597]: DEBUG glance.api.middleware.version_negotiation [None req-4e8c8432-6ee7-46d9-8553-1c476e558d95 tempest-ServerBootFromVolumeStableRescueTest-591397263 tempest-ServerBootFromVolumeStableRescueTest-591397263-project-member] new path /v2/images/c21e0bc8-dc6d-495a-a469-788521deb695 {{(pid=99597) process_request /opt/stack/glance/glance/api/middleware/version_negotiation.py:70}}
Jul 08 18:17:52.064078 np0000004841 devstack@g-api.service[99597]: [pid: 99597|app: 0|req: 122/357] 127.0.0.1 () {44 vars in 1115 bytes} [Wed Jul 8 18:17:52 2026] GET /v2/images/c21e0bc8-dc6d-495a-a469-788521deb695 => generated 1356 bytes in 23 msecs (HTTP/1.1 200) 4 headers in 158 bytes (1 switches on core 0)
Jul 08 18:17:52.076195 np0000004841 devstack@g-api.service[99598]: DEBUG swiftclient [None req-075fe86c-c37e-41f9-a318-5c137d8322f3 tempest-VolumesActionsTest-770809809 tempest-VolumesActionsTest-770809809-project-member] REQ: curl -i https://10.4.3.177:8080/v1/AUTH_1726bb656f9f4bb68c21e554d8a80f86/glance/d614ad72-254a-4479-a61a-74b5c6e71c44-00002 -X PUT -H "X-Auth-Token: gAAAAABqTpRMAsWB..." {{(pid=99598) http_log /opt/stack/data/venv/lib/python3.12/site-packages/swiftclient/client.py:160}}
Jul 08 18:17:52.077039 np0000004841 devstack@g-api.service[99598]: DEBUG swiftclient [None req-075fe86c-c37e-41f9-a318-5c137d8322f3 tempest-VolumesActionsTest-770809809 tempest-VolumesActionsTest-770809809-project-member] RESP STATUS: 201 Created {{(pid=99598) http_log /opt/stack/data/venv/lib/python3.12/site-packages/swiftclient/client.py:161}}
Jul 08 18:17:52.077039 np0000004841 devstack@g-api.service[99598]: DEBUG swiftclient [None req-075fe86c-c37e-41f9-a318-5c137d8322f3 tempest-VolumesActionsTest-770809809 tempest-VolumesActionsTest-770809809-project-member] RESP HEADERS: {'Date': 'Wed, 08 Jul 2026 18:17:52 GMT', 'Server': 'Apache/2.4.58 (Ubuntu)', 'Content-Type': 'text/html; charset=UTF-8', 'Content-Length': '0', 'Etag': 'eda9a9889837ac4bc81d6387d92c1bec', 'Last-Modified': 'Wed, 08 Jul 2026 18:17:51 GMT', 'X-Trans-Id': 'tx97b1089597fd48fba7520-006a4e944e', 'X-Openstack-Request-Id': 'tx97b1089597fd48fba7520-006a4e944e', 'Connection': 'close'} {{(pid=99598) http_log /opt/stack/data/venv/lib/python3.12/site-packages/swiftclient/client.py:162}}
Jul 08 18:17:52.077039 np0000004841 devstack@g-api.service[99598]: DEBUG glance_store._drivers.swift.store [None req-075fe86c-c37e-41f9-a318-5c137d8322f3 tempest-VolumesActionsTest-770809809 tempest-VolumesActionsTest-770809809-project-member] Wrote chunk d614ad72-254a-4479-a61a-74b5c6e71c44-00002 (2/?) of length 204800000 to Swift returning MD5 of content: eda9a9889837ac4bc81d6387d92c1bec {{(pid=99598) add /opt/stack/data/venv/lib/python3.12/site-packages/glance_store/_drivers/swift/store.py:1059}}
Jul 08 18:17:52.097522 np0000004841 devstack@g-api.service[99599]: DEBUG glance.api.middleware.version_negotiation [None req-ce1e5f9c-c89c-48fe-a939-78084593734e tempest-VolumesActionsTest-770809809 tempest-VolumesActionsTest-770809809-project-member] Determining version of request: GET /v2/schemas/image Accept: */* {{(pid=99599) process_request /opt/stack/glance/glance/api/middleware/version_negotiation.py:44}}
Jul 08 18:17:52.097522 np0000004841 devstack@g-api.service[99599]: DEBUG glance.api.middleware.version_negotiation [None req-ce1e5f9c-c89c-48fe-a939-78084593734e tempest-VolumesActionsTest-770809809 tempest-VolumesActionsTest-770809809-project-member] Using url versioning {{(pid=99599) process_request /opt/stack/glance/glance/api/middleware/version_negotiation.py:57}}
Jul 08 18:17:52.097659 np0000004841 devstack@g-api.service[99599]: DEBUG glance.api.middleware.version_negotiation [None req-ce1e5f9c-c89c-48fe-a939-78084593734e tempest-VolumesActionsTest-770809809 tempest-VolumesActionsTest-770809809-project-member] Matched version: v2 {{(pid=99599) process_request /opt/stack/glance/glance/api/middleware/version_negotiation.py:69}}
Jul 08 18:17:52.097739 np0000004841 devstack@g-api.service[99599]: DEBUG glance.api.middleware.version_negotiation [None req-ce1e5f9c-c89c-48fe-a939-78084593734e tempest-VolumesActionsTest-770809809 tempest-VolumesActionsTest-770809809-project-member] new path /v2/schemas/image {{(pid=99599) process_request /opt/stack/glance/glance/api/middleware/version_negotiation.py:70}}
Jul 08 18:17:52.103908 np0000004841 devstack@g-api.service[99599]: [pid: 99599|app: 0|req: 123/358] 127.0.0.1 () {44 vars in 1055 bytes} [Wed Jul 8 18:17:52 2026] GET /v2/schemas/image => generated 6083 bytes in 7 msecs (HTTP/1.1 200) 4 headers in 158 bytes (1 switches on core 0)
Jul 08 18:17:52.149028 np0000004841 devstack@g-api.service[99597]: DEBUG glance.api.middleware.version_negotiation [None req-79cfa726-a070-41f9-bc17-d1fd8e82416c tempest-ServerBootFromVolumeStableRescueTest-591397263 tempest-ServerBootFromVolumeStableRescueTest-591397263-project-member] Determining version of request: GET /v2/schemas/image Accept: */* {{(pid=99597) process_request /opt/stack/glance/glance/api/middleware/version_negotiation.py:44}}
Jul 08 18:17:52.149155 np0000004841 devstack@g-api.service[99597]: DEBUG glance.api.middleware.version_negotiation [None req-79cfa726-a070-41f9-bc17-d1fd8e82416c tempest-ServerBootFromVolumeStableRescueTest-591397263 tempest-ServerBootFromVolumeStableRescueTest-591397263-project-member] Using url versioning {{(pid=99597) process_request /opt/stack/glance/glance/api/middleware/version_negotiation.py:57}}
Jul 08 18:17:52.149276 np0000004841 devstack@g-api.service[99597]: DEBUG glance.api.middleware.version_negotiation [None req-79cfa726-a070-41f9-bc17-d1fd8e82416c tempest-ServerBootFromVolumeStableRescueTest-591397263 tempest-ServerBootFromVolumeStableRescueTest-591397263-project-member] Matched version: v2 {{(pid=99597) process_request /opt/stack/glance/glance/api/middleware/version_negotiation.py:69}}
Jul 08 18:17:52.149368 np0000004841 devstack@g-api.service[99597]: DEBUG glance.api.middleware.version_negotiation [None req-79cfa726-a070-41f9-bc17-d1fd8e82416c tempest-ServerBootFromVolumeStableRescueTest-591397263 tempest-ServerBootFromVolumeStableRescueTest-591397263-project-member] new path /v2/schemas/image {{(pid=99597) process_request /opt/stack/glance/glance/api/middleware/version_negotiation.py:70}}
Jul 08 18:17:52.151435 np0000004841 devstack@g-api.service[99597]: [pid: 99597|app: 0|req: 123/359] 127.0.0.1 () {44 vars in 1055 bytes} [Wed Jul 8 18:17:52 2026] GET /v2/schemas/image => generated 6083 bytes in 2 msecs (HTTP/1.1 200) 4 headers in 158 bytes (1 switches on core 0)
