Aug 06 13:00:26.176896 np0000006653 devstack@neutron-api.service[90818]: DEBUG ovsdbapp.backend.ovs_idl.transaction [None req-a7ddecc5-c9eb-4f17-b460-04f5dbea7749 None None] Running txn n=1 command(idx=2): QoSDelCommand(_result=None, switch=neutron-64901276-173e-4380-94d0-f9705aa93e98, conditions=[('direction', '=', 'from-lport'), ('priority', '=', 2002), ('match', '=', 'inport == "bc83feac-074f-461f-800d-94c42f717694"')], if_exists=True) {{(pid=90818) do_commit /opt/stack/data/venv/lib/python3.12/site-packages/ovsdbapp/backend/ovs_idl/transaction.py:89}}
Aug 06 13:00:26.181924 np0000006653 devstack@neutron-api.service[90817]: DEBUG neutron.plugins.ml2.drivers.ovn.mech_driver.ovsdb.ovsdb_monitor [None req-4144d470-e9ea-4028-87ef-181e5cbf6a7e None None] Hash Ring: Node a1580afa823953ecbed0e3bf624cbc50 (host: np0000006653) handling event "create" for row dc731b75-0843-4b2a-9693-f2757504f983 (table: Logical_Switch_Port) {{(pid=90817) notify /opt/stack/neutron/neutron/plugins/ml2/drivers/ovn/mech_driver/ovsdb/ovsdb_monitor.py:1099}}
Aug 06 13:00:26.182053 np0000006653 devstack@neutron-api.service[90819]: DEBUG neutron.plugins.ml2.drivers.ovn.mech_driver.ovsdb.ovsdb_monitor [None req-38a10d73-0425-4f5b-940f-cfab1a08fde5 None None] Hash Ring: Node 4be5f29724565757baa3bc78bb698175 (host: np0000006653) handling event "update" for row 64901276-173e-4380-94d0-f9705aa93e98 (table: Logical_Switch) {{(pid=90819) notify /opt/stack/neutron/neutron/plugins/ml2/drivers/ovn/mech_driver/ovsdb/ovsdb_monitor.py:1099}}
Aug 06 13:00:26.183156 np0000006653 devstack@neutron-api.service[90817]: DEBUG ovsdbapp.backend.ovs_idl.event [None req-4144d470-e9ea-4028-87ef-181e5cbf6a7e None None] Matched CREATE: LogicalSwitchPortCreateEvent(events=('create',), table='Logical_Switch_Port', conditions=[], old_conditions=None), priority=20 to row=Logical_Switch_Port(uuid=dc731b75-0843-4b2a-9693-f2757504f983, addresses=['fa:16:3e:05:97:74'], dhcpv4_options=[], dhcpv6_options=[], dynamic_addresses=[], enabled=True, external_ids={'neutron:cidrs': '', 'neutron:device_id': 'ovnmeta-64901276-173e-4380-94d0-f9705aa93e98', 'neutron:device_owner': 'network:distributed', 'neutron:mtu': '1372', 'neutron:network_name': 'neutron-64901276-173e-4380-94d0-f9705aa93e98', 'neutron:port_capabilities': '', 'neutron:port_name': '', 'neutron:project_id': '542730b30f7646619ae62d67af88909e', 'neutron:revision_number': '1', 'neutron:security_group_ids': '', 'neutron:subnet_pool_addr_scope4': '', 'neutron:subnet_pool_addr_scope6': '', 'neutron:vnic_type': 'normal'}, ha_chassis_group=[], mirror_rules=[], name='bc83feac-074f-461f-800d-94c42f717694', options={}, parent_name=[], port_security=[], tag=[], tag_request=[], type='localport', up=[]) old= {{(pid=90817) matches /opt/stack/data/venv/lib/python3.12/site-packages/ovsdbapp/backend/ovs_idl/event.py:55}}
Aug 06 13:00:26.183837 np0000006653 devstack@neutron-api.service[90817]: INFO neutron.plugins.ml2.drivers.ovn.mech_driver.mech_driver [None req-16934c35-a2a5-46f4-ad04-da2482df258a None None] OVN reports status down for port: bc83feac-074f-461f-800d-94c42f717694
Aug 06 13:00:26.183990 np0000006653 devstack@neutron-api.service[90818]: DEBUG neutron.plugins.ml2.drivers.ovn.mech_driver.ovsdb.ovsdb_monitor [None req-a7e56563-0f7b-4d22-bf6c-0dde0b00024c None None] Hash Ring: Node 14b98135aaa355ba8e0b6785afd6c91f (host: np0000006653) handling event "create" for row 1574bef2-ad7d-4edb-bf08-29b871c1e472 (table: Port_Binding) {{(pid=90818) notify /opt/stack/neutron/neutron/plugins/ml2/drivers/ovn/mech_driver/ovsdb/ovsdb_monitor.py:1099}}
Aug 06 13:00:26.185241 np0000006653 devstack@neutron-api.service[90817]: DEBUG neutron.plugins.ml2.drivers.ovn.mech_driver.ovsdb.ovsdb_monitor [None req-4144d470-e9ea-4028-87ef-181e5cbf6a7e None None] Hash Ring: Node a1580afa823953ecbed0e3bf624cbc50 (host: np0000006653) handling event "update" for row dc731b75-0843-4b2a-9693-f2757504f983 (table: Logical_Switch_Port) {{(pid=90817) notify /opt/stack/neutron/neutron/plugins/ml2/drivers/ovn/mech_driver/ovsdb/ovsdb_monitor.py:1099}}
Aug 06 13:00:26.206008 np0000006653 devstack@neutron-api.service[90817]: DEBUG neutron.db.provisioning_blocks [None req-16934c35-a2a5-46f4-ad04-da2482df258a None None] Transition to ACTIVE for port object bc83feac-074f-461f-800d-94c42f717694 will not be triggered until provisioned by entity L2. {{(pid=90817) add_provisioning_component /opt/stack/neutron/neutron/db/provisioning_blocks.py:74}}
Aug 06 13:00:26.207123 np0000006653 devstack@neutron-api.service[90818]: INFO neutron.db.ovn_revision_numbers_db [None req-8a5149f8-a882-43a0-a200-174e63931369 admin admin] Successfully bumped revision number for resource bc83feac-074f-461f-800d-94c42f717694 (type: ports) to 1
Aug 06 13:00:26.216271 np0000006653 devstack@neutron-api.service[90818]: DEBUG neutron.pecan_wsgi.hooks.policy_enforcement [None req-8a5149f8-a882-43a0-a200-174e63931369 admin admin] Attributes excluded by policy engine: ['standard_attr_id'] {{(pid=90818) _exclude_attributes_by_policy /opt/stack/neutron/neutron/pecan_wsgi/hooks/policy_enforcement.py:259}}
Aug 06 13:00:26.216557 np0000006653 devstack@neutron-api.service[90818]: DEBUG neutron_lib.callbacks.manager [None req-8a5149f8-a882-43a0-a200-174e63931369 admin admin] Publish callbacks [] for network (None), before_response {{(pid=90818) _notify_loop /opt/stack/data/venv/lib/python3.12/site-packages/neutron_lib/callbacks/manager.py:184}}
Aug 06 13:00:26.223814 np0000006653 devstack@neutron-api.service[90818]: [pid: 90818|app: 0|req: 9/37] 10.4.3.59 () {68 vars in 1319 bytes} [Thu Aug 6 13:00:25 2026] POST /networking/v2.0/networks => generated 678 bytes in 321 msecs (HTTP/1.1 201) 4 headers in 162 bytes (1 switches on core 0)
Aug 06 13:00:26.224152 np0000006653 devstack@neutron-api.service[90817]: DEBUG neutron.plugins.ml2.plugin [None req-16934c35-a2a5-46f4-ad04-da2482df258a None None] Current status of the port bc83feac-074f-461f-800d-94c42f717694 is: DOWN; New status is: DOWN {{(pid=90817) _update_individual_port_db_status /opt/stack/neutron/neutron/plugins/ml2/plugin.py:2473}}
Aug 06 13:00:26.225396 np0000006653 devstack@neutron-api.service[90817]: DEBUG ovsdbapp.backend.ovs_idl.transaction [None req-4144d470-e9ea-4028-87ef-181e5cbf6a7e None None] Running txn n=1 command(idx=0): DbRemoveCommand(_result=None, table=Logical_Switch_Port, record=bc83feac-074f-461f-800d-94c42f717694, column=external_ids, values=('neutron:host_id',), keyvalues={}, if_exists=True) {{(pid=90817) do_commit /opt/stack/data/venv/lib/python3.12/site-packages/ovsdbapp/backend/ovs_idl/transaction.py:89}}
Aug 06 13:00:26.399666 np0000006653 devstack@neutron-api.service[90816]: INFO neutron.pecan_wsgi.hooks.translation [None req-2c5de776-e6c6-4df6-b162-c6eb7addde82 admin admin] GET failed (client error): The resource could not be found.
Aug 06 13:00:26.400394 np0000006653 devstack@neutron-api.service[90816]: [pid: 90816|app: 0|req: 11/38] 10.4.3.59 () {64 vars in 1287 bytes} [Thu Aug 6 13:00:26 2026] GET /networking/v2.0/networks/shared => generated 108 bytes in 9 msecs (HTTP/1.1 404) 4 headers in 164 bytes (1 switches on core 0)
Aug 06 13:00:26.432164 np0000006653 devstack@neutron-api.service[90819]: DEBUG neutron.pecan_wsgi.hooks.policy_enforcement [None req-7e150c86-c23e-4f1f-a4bf-b5c3bdb3b089 admin admin] Attributes excluded by policy engine: ['standard_attr_id'] {{(pid=90819) _exclude_attributes_by_policy /opt/stack/neutron/neutron/pecan_wsgi/hooks/policy_enforcement.py:259}}
Aug 06 13:00:26.433178 np0000006653 devstack@neutron-api.service[90819]: [pid: 90819|app: 0|req: 10/39] 10.4.3.59 () {64 vars in 1302 bytes} [Thu Aug 6 13:00:26 2026] GET /networking/v2.0/networks?name=shared => generated 662 bytes in 27 msecs (HTTP/1.1 200) 4 headers in 157 bytes (1 switches on core 0)
Aug 06 13:00:26.443395 np0000006653 devstack@neutron-api.service[90817]: DEBUG neutron.api.v2.base [None req-9594c6ed-b854-40fe-bce1-13476c0c9035 admin admin] Request body: {'subnet': {'cidr': '192.168.233.0/24', 'ip_version': 4, 'name': 'shared-subnet', 'description': 'shared-subnet', 'network_id': '64901276-173e-4380-94d0-f9705aa93e98'}} {{(pid=90817) prepare_request_body /opt/stack/neutron/neutron/api/v2/base.py:727}}
Aug 06 13:00:26.453638 np0000006653 devstack@neutron-api.service[90817]: DEBUG neutron.pecan_wsgi.hooks.quota_enforcement [None req-9594c6ed-b854-40fe-bce1-13476c0c9035 admin admin] Made reservation on behalf of 542730b30f7646619ae62d67af88909e for: {'subnet': 1} {{(pid=90817) before /opt/stack/neutron/neutron/pecan_wsgi/hooks/quota_enforcement.py:66}}
Aug 06 13:00:26.455712 np0000006653 devstack@neutron-api.service[90817]: DEBUG neutron_lib.callbacks.manager [None req-9594c6ed-b854-40fe-bce1-13476c0c9035 admin admin] Publish callbacks [] for subnet (None), before_create {{(pid=90817) _notify_loop /opt/stack/data/venv/lib/python3.12/site-packages/neutron_lib/callbacks/manager.py:184}}
Aug 06 13:00:26.501943 np0000006653 devstack@neutron-api.service[90817]: DEBUG neutron.db.ovn_revision_numbers_db [None req-9594c6ed-b854-40fe-bce1-13476c0c9035 admin admin] create_initial_revision uuid=a459ad97-14d2-426e-b358-6bdb2b44e810, type=subnets, rev=-1 {{(pid=90817) create_initial_revision /opt/stack/neutron/neutron/db/ovn_revision_numbers_db.py:98}}
Aug 06 13:00:26.506221 np0000006653 devstack@neutron-api.service[90817]: DEBUG neutron_lib.callbacks.manager [None req-9594c6ed-b854-40fe-bce1-13476c0c9035 admin admin] Publish callbacks ['neutron.plugins.ml2.ovo_rpc._ObjectChangeHandler.handle_event-32695198'] for subnet (a459ad97-14d2-426e-b358-6bdb2b44e810), after_create {{(pid=90817) _notify_loop /opt/stack/data/venv/lib/python3.12/site-packages/neutron_lib/callbacks/manager.py:184}}
Aug 06 13:00:26.516211 np0000006653 devstack@neutron-api.service[90817]: DEBUG neutron.api.rpc.handlers.resources_rpc [None req-9594c6ed-b854-40fe-bce1-13476c0c9035 admin admin] Pushing event updated for resources: {'Subnet': ['ID=a459ad97-14d2-426e-b358-6bdb2b44e810,revision_number=0']} {{(pid=90817) push /opt/stack/neutron/neutron/api/rpc/handlers/resources_rpc.py:237}}
Aug 06 13:00:26.520073 np0000006653 devstack@neutron-api.service[90817]: DEBUG neutron.api.rpc.callbacks.version_manager [None req-9594c6ed-b854-40fe-bce1-13476c0c9035 admin admin] Tracked resource versions report:
Aug 06 13:00:26.520073 np0000006653 devstack@neutron-api.service[90817]: pushed versions:
Aug 06 13:00:26.520073 np0000006653 devstack@neutron-api.service[90817]: { 'AddressGroup': {'1.2'},
Aug 06 13:00:26.520073 np0000006653 devstack@neutron-api.service[90817]: 'Agent': {'1.1'},
Aug 06 13:00:26.520073 np0000006653 devstack@neutron-api.service[90817]: 'ConntrackHelper': {'1.0'},
Aug 06 13:00:26.520073 np0000006653 devstack@neutron-api.service[90817]: 'LocalIPAssociation': {'1.0'},
Aug 06 13:00:26.520073 np0000006653 devstack@neutron-api.service[90817]: 'Log': {'1.0'},
Aug 06 13:00:26.520073 np0000006653 devstack@neutron-api.service[90817]: 'NDPProxy': {'1.0'},
Aug 06 13:00:26.520073 np0000006653 devstack@neutron-api.service[90817]: 'Network': {'1.3'},
Aug 06 13:00:26.520073 np0000006653 devstack@neutron-api.service[90817]: 'Port': {'1.11'},
Aug 06 13:00:26.520073 np0000006653 devstack@neutron-api.service[90817]: 'PortForwarding': {'1.3'},
Aug 06 13:00:26.520073 np0000006653 devstack@neutron-api.service[90817]: 'QosPolicy': {'1.10'},
Aug 06 13:00:26.520073 np0000006653 devstack@neutron-api.service[90817]: 'SecurityGroup': {'1.6'},
Aug 06 13:00:26.520073 np0000006653 devstack@neutron-api.service[90817]: 'SecurityGroupRule': {'1.3'},
Aug 06 13:00:26.520073 np0000006653 devstack@neutron-api.service[90817]: 'SubPort': {'1.0'},
Aug 06 13:00:26.520073 np0000006653 devstack@neutron-api.service[90817]: 'Subnet': {'1.2'},
Aug 06 13:00:26.520073 np0000006653 devstack@neutron-api.service[90817]: 'Trunk': {'1.1'}}
Aug 06 13:00:26.520073 np0000006653 devstack@neutron-api.service[90817]: consumer versions:
Aug 06 13:00:26.520073 np0000006653 devstack@neutron-api.service[90817]: { OVN Controller Gateway agent@np0000006653: {},
Aug 06 13:00:26.520073 np0000006653 devstack@neutron-api.service[90817]: OVN Neutron agent@np0000006653: {}}
Aug 06 13:00:26.520073 np0000006653 devstack@neutron-api.service[90817]: {{(pid=90817) report /opt/stack/neutron/neutron/api/rpc/callbacks/version_manager.py:183}}
Aug 06 13:00:26.553346 np0000006653 devstack@neutron-api.service[90817]: DEBUG neutron_lib.callbacks.manager [None req-9594c6ed-b854-40fe-bce1-13476c0c9035 admin admin] Publish callbacks ['neutron.plugins.ml2.plugin.SecurityGroupDbMixin._ensure_default_security_group_handler-1127535', 'neutron.services.ovn_l3.plugin.OVNL3RouterPlugin._port_update-7739178008840', 'neutron.db.l3_db.L3_NAT_dbonly_mixin._prevent_internal_ip_change_for_fip-7739179023604'] for port (bc83feac-074f-461f-800d-94c42f717694), before_update {{(pid=90817) _notify_loop /opt/stack/data/venv/lib/python3.12/site-packages/neutron_lib/callbacks/manager.py:184}}
Aug 06 13:00:26.618272 np0000006653 devstack@neutron-api.service[90817]: DEBUG neutron.db.db_base_plugin_common [None req-9594c6ed-b854-40fe-bce1-13476c0c9035 admin admin] Allocated IP 192.168.233.2 (64901276-173e-4380-94d0-f9705aa93e98/a459ad97-14d2-426e-b358-6bdb2b44e810/bc83feac-074f-461f-800d-94c42f717694) {{(pid=90817) _store_ip_allocation /opt/stack/neutron/neutron/db/db_base_plugin_common.py:131}}
Aug 06 13:00:26.672431 np0000006653 devstack@neutron-api.service[90817]: DEBUG neutron_lib.callbacks.manager [None req-9594c6ed-b854-40fe-bce1-13476c0c9035 admin admin] Publish callbacks [] for port (bc83feac-074f-461f-800d-94c42f717694), precommit_update {{(pid=90817) _notify_loop /opt/stack/data/venv/lib/python3.12/site-packages/neutron_lib/callbacks/manager.py:184}}
Aug 06 13:00:26.672775 np0000006653 devstack@neutron-api.service[90817]: DEBUG neutron.plugins.ml2.drivers.ovn.mech_driver.mech_driver [None req-9594c6ed-b854-40fe-bce1-13476c0c9035 admin admin] No provisioning block for port bc83feac-074f-461f-800d-94c42f717694 since it does not have a host {{(pid=90817) _is_port_provisioning_required /opt/stack/neutron/neutron/plugins/ml2/drivers/ovn/mech_driver/mech_driver.py:899}}
Aug 06 13:00:26.686564 np0000006653 devstack@neutron-api.service[90817]: DEBUG neutron_lib.callbacks.manager [None req-9594c6ed-b854-40fe-bce1-13476c0c9035 admin admin] Publish callbacks ['neutron.plugins.ml2.ovo_rpc._ObjectChangeHandler.handle_event-32694881', 'neutron.services.ovn_l3.plugin.OVNL3RouterPlugin._port_update-7739178008840'] for port (bc83feac-074f-461f-800d-94c42f717694), after_update {{(pid=90817) _notify_loop /opt/stack/data/venv/lib/python3.12/site-packages/neutron_lib/callbacks/manager.py:184}}
Aug 06 13:00:26.717155 np0000006653 devstack@neutron-api.service[90817]: DEBUG neutron.api.rpc.handlers.resources_rpc [None req-9594c6ed-b854-40fe-bce1-13476c0c9035 admin admin] Pushing event updated for resources: {'Port': ['ID=bc83feac-074f-461f-800d-94c42f717694,revision_number=2']} {{(pid=90817) push /opt/stack/neutron/neutron/api/rpc/handlers/resources_rpc.py:237}}
Aug 06 13:00:26.788972 np0000006653 devstack@neutron-api.service[90817]: DEBUG neutron.plugins.ml2.drivers.ovn.mech_driver.ovsdb.commands [None req-9594c6ed-b854-40fe-bce1-13476c0c9035 admin admin] Converting tag [] to a tag_request {{(pid=90817) _tag_column_to_tag_request /opt/stack/neutron/neutron/plugins/ml2/drivers/ovn/mech_driver/ovsdb/commands.py:227}}
Aug 06 13:00:26.789458 np0000006653 devstack@neutron-api.service[90817]: DEBUG ovsdbapp.backend.ovs_idl.transaction [None req-4144d470-e9ea-4028-87ef-181e5cbf6a7e None None] Running txn n=1 command(idx=0): CheckRevisionNumberCommand(_result=None, name=bc83feac-074f-461f-800d-94c42f717694, resource={'id': 'bc83feac-074f-461f-800d-94c42f717694', 'name': '', 'network_id': '64901276-173e-4380-94d0-f9705aa93e98', 'project_id': '542730b30f7646619ae62d67af88909e', 'mac_address': 'fa:16:3e:05:97:74', 'admin_state_up': True, 'status': 'DOWN', 'device_id': 'ovnmeta-64901276-173e-4380-94d0-f9705aa93e98', 'device_owner': 'network:distributed', 'standard_attr_id': 28, 'fixed_ips': [{'subnet_id': 'a459ad97-14d2-426e-b358-6bdb2b44e810', 'ip_address': '192.168.233.2'}], 'allowed_address_pairs': [], 'extra_dhcp_opts': [], 'security_groups': [], 'description': '', 'binding:vnic_type': 'normal', 'binding:profile': {}, 'binding:host_id': '', 'binding:vif_type': 'unbound', 'binding:vif_details': {}, 'port_security_enabled': False, 'tags': [], 'created_at': '2026-08-06T13:00:26Z', 'updated_at': '2026-08-06T13:00:26Z', 'revision_number': 2, 'tenant_id': '542730b30f7646619ae62d67af88909e', 'network': {'id': '64901276-173e-4380-94d0-f9705aa93e98', 'name': 'shared', 'tenant_id': '542730b30f7646619ae62d67af88909e', 'project_id': '542730b30f7646619ae62d67af88909e', 'admin_state_up': True, 'mtu': 1372, 'status': 'ACTIVE', 'subnets': ['a459ad97-14d2-426e-b358-6bdb2b44e810'], 'standard_attr_id': 26, 'shared': True, 'availability_zone_hints': [], 'availability_zones': [], 'ipv4_address_scope': None, 'ipv6_address_scope': None, 'router:external': False, 'qinq': False, 'vlan_transparent': False, 'description': '', 'port_security_enabled': True, 'tags': [], 'created_at': '2026-08-06T13:00:25Z', 'updated_at': '2026-08-06T13:00:26Z', 'revision_number': 2, 'provider:network_type': 'geneve', 'provider:physical_network': None, 'provider:segmentation_id': 2636}}, resource_type=ports, if_exists=True) {{(pid=90817) do_commit /opt/stack/data/venv/lib/python3.12/site-packages/ovsdbapp/backend/ovs_idl/transaction.py:89}}
Aug 06 13:00:26.789705 np0000006653 devstack@neutron-api.service[90817]: DEBUG ovsdbapp.backend.ovs_idl.transaction [None req-4144d470-e9ea-4028-87ef-181e5cbf6a7e None None] Running txn n=1 command(idx=1): AddDHCPOptionsCommand(_result=None, columns={'cidr': '192.168.233.0/24', 'options': {'server_id': '192.168.233.1', 'lease_time': '43200', 'mtu': '1372', 'router': '192.168.233.1', 'server_mac': 'fa:16:3e:23:9e:14', 'dns_server': '{127.0.0.53}', 'classless_static_route': '{169.254.169.254/32,192.168.233.2, 0.0.0.0/0,192.168.233.1}'}, 'external_ids': {'subnet_id': 'a459ad97-14d2-426e-b358-6bdb2b44e810', 'neutron:network_id': '64901276-173e-4380-94d0-f9705aa93e98', 'neutron:revision_number': '0'}}, may_exist=True, subnet_id=a459ad97-14d2-426e-b358-6bdb2b44e810, port_id=None, new_insert=False) {{(pid=90817) do_commit /opt/stack/data/venv/lib/python3.12/site-packages/ovsdbapp/backend/ovs_idl/transaction.py:89}}
Aug 06 13:00:26.789932 np0000006653 devstack@neutron-api.service[90817]: DEBUG ovsdbapp.backend.ovs_idl.transaction [None req-4144d470-e9ea-4028-87ef-181e5cbf6a7e None None] Running txn n=1 command(idx=2): SetLSwitchPortCommand(_result=None, lport=bc83feac-074f-461f-800d-94c42f717694, external_ids_update=None, columns={'external_ids': {'neutron:port_name': '', 'neutron:device_id': 'ovnmeta-64901276-173e-4380-94d0-f9705aa93e98', 'neutron:project_id': '542730b30f7646619ae62d67af88909e', 'neutron:cidrs': '192.168.233.2/24', 'neutron:device_owner': 'network:distributed', 'neutron:subnet_pool_addr_scope4': '', 'neutron:subnet_pool_addr_scope6': '', 'neutron:network_name': 'neutron-64901276-173e-4380-94d0-f9705aa93e98', 'neutron:security_group_ids': '', 'neutron:revision_number': '2', 'neutron:vnic_type': 'normal', 'neutron:port_capabilities': '', 'neutron:mtu': '1372'}, 'parent_name': [], 'options': {}, 'enabled': True, 'port_security': [], 'dhcpv4_options': [], 'dhcpv6_options': [], 'type': 'localport', 'addresses': ['fa:16:3e:05:97:74 192.168.233.2'], 'ha_chassis_group': [], 'tag_request': []}, if_exists=False) {{(pid=90817) do_commit /opt/stack/data/venv/lib/python3.12/site-packages/ovsdbapp/backend/ovs_idl/transaction.py:89}}
Aug 06 13:00:26.790446 np0000006653 devstack@neutron-api.service[90817]: DEBUG ovsdbapp.backend.ovs_idl.transaction [None req-4144d470-e9ea-4028-87ef-181e5cbf6a7e None None] Running txn n=1 command(idx=3): PgDelPortCommand(_result=None, port_group=neutron_pg_drop, lsp=['bc83feac-074f-461f-800d-94c42f717694'], if_exists=False) {{(pid=90817) do_commit /opt/stack/data/venv/lib/python3.12/site-packages/ovsdbapp/backend/ovs_idl/transaction.py:89}}
Aug 06 13:00:26.800019 np0000006653 devstack@neutron-api.service[90817]: DEBUG neutron.plugins.ml2.drivers.ovn.mech_driver.ovsdb.ovsdb_monitor [None req-4144d470-e9ea-4028-87ef-181e5cbf6a7e None None] Hash Ring: Node a1580afa823953ecbed0e3bf624cbc50 (host: np0000006653) handling event "create" for row 8d17b380-9fac-44f5-8f6e-c47d01a7aa3c (table: DHCP_Options) {{(pid=90817) notify /opt/stack/neutron/neutron/plugins/ml2/drivers/ovn/mech_driver/ovsdb/ovsdb_monitor.py:1099}}
Aug 06 13:00:26.800315 np0000006653 devstack@neutron-api.service[90817]: DEBUG neutron.plugins.ml2.drivers.ovn.mech_driver.ovsdb.ovsdb_monitor [None req-4144d470-e9ea-4028-87ef-181e5cbf6a7e None None] Hash Ring: Node a1580afa823953ecbed0e3bf624cbc50 (host: np0000006653) handling event "update" for row dc731b75-0843-4b2a-9693-f2757504f983 (table: Logical_Switch_Port) {{(pid=90817) notify /opt/stack/neutron/neutron/plugins/ml2/drivers/ovn/mech_driver/ovsdb/ovsdb_monitor.py:1099}}
Aug 06 13:00:26.804066 np0000006653 devstack@neutron-api.service[90818]: DEBUG neutron.plugins.ml2.drivers.ovn.mech_driver.ovsdb.ovsdb_monitor [None req-a7e56563-0f7b-4d22-bf6c-0dde0b00024c None None] Hash Ring: Node 14b98135aaa355ba8e0b6785afd6c91f (host: np0000006653) handling event "update" for row 1574bef2-ad7d-4edb-bf08-29b871c1e472 (table: Port_Binding) {{(pid=90818) notify /opt/stack/neutron/neutron/plugins/ml2/drivers/ovn/mech_driver/ovsdb/ovsdb_monitor.py:1099}}
Aug 06 13:00:26.823271 np0000006653 devstack@neutron-api.service[90817]: INFO neutron.db.ovn_revision_numbers_db [None req-9594c6ed-b854-40fe-bce1-13476c0c9035 admin admin] Successfully bumped revision number for resource bc83feac-074f-461f-800d-94c42f717694 (type: ports) to 2
Aug 06 13:00:26.830310 np0000006653 devstack@neutron-api.service[90817]: DEBUG neutron.plugins.ml2.plugin [None req-9594c6ed-b854-40fe-bce1-13476c0c9035 admin admin] In _notify_port_updated(), no bound segment for port bc83feac-074f-461f-800d-94c42f717694 on network 64901276-173e-4380-94d0-f9705aa93e98 {{(pid=90817) _notify_port_updated /opt/stack/neutron/neutron/plugins/ml2/plugin.py:1041}}
Aug 06 13:00:26.842905 np0000006653 devstack@neutron-api.service[90817]: INFO neutron.db.ovn_revision_numbers_db [None req-9594c6ed-b854-40fe-bce1-13476c0c9035 admin admin] Successfully bumped revision number for resource a459ad97-14d2-426e-b358-6bdb2b44e810 (type: subnets) to 0
Aug 06 13:00:26.843844 np0000006653 devstack@neutron-api.service[90817]: DEBUG neutron.pecan_wsgi.hooks.policy_enforcement [None req-9594c6ed-b854-40fe-bce1-13476c0c9035 admin admin] Attributes excluded by policy engine: ['standard_attr_id', 'shared', 'network'] {{(pid=90817) _exclude_attributes_by_policy /opt/stack/neutron/neutron/pecan_wsgi/hooks/policy_enforcement.py:259}}
Aug 06 13:00:26.844083 np0000006653 devstack@neutron-api.service[90817]: DEBUG neutron_lib.callbacks.manager [None req-9594c6ed-b854-40fe-bce1-13476c0c9035 admin admin] Publish callbacks [] for subnet (None), before_response {{(pid=90817) _notify_loop /opt/stack/data/venv/lib/python3.12/site-packages/neutron_lib/callbacks/manager.py:184}}
Aug 06 13:00:26.851402 np0000006653 devstack@neutron-api.service[90817]: [pid: 90817|app: 0|req: 10/40] 10.4.3.59 () {68 vars in 1317 bytes} [Thu Aug 6 13:00:26 2026] POST /networking/v2.0/subnets => generated 665 bytes in 410 msecs (HTTP/1.1 201) 4 headers in 162 bytes (1 switches on core 0)
Aug 06 13:00:36.035195 np0000006653 devstack@neutron-api.service[90816]: DEBUG ovsdbapp.backend.ovs_idl.event [None req-323b89e1-3802-459b-a6fa-d978b6848b75 None None] Matched UPDATE: ChassisOVNAgentWriteEvent(events=('create', 'update'), table='Chassis_Private', conditions=None, old_conditions=None), priority=20 to row=Chassis_Private(uuid=2db939e9-c174-4f44-9b71-d41a320add20, chassis=323e3f25-1b50-46e6-a424-6f1d7d090fba, external_ids={'neutron:ovn-bridge': 'br-int', 'neutron:ovn-neutron-agent-id': 'c2535f5e-f991-5364-ad84-726d40d820e1', 'neutron:ovn-neutron-agent-sb-cfg': '2'}, name='5ea701fa-1919-49e8-be09-198ab9fcc381', nb_cfg=2, nb_cfg_timestamp=1786021226016) old=Chassis_Private(uuid=2db939e9-c174-4f44-9b71-d41a320add20, external_ids={'neutron:ovn-bridge': 'br-int', 'neutron:ovn-neutron-agent-id': 'c2535f5e-f991-5364-ad84-726d40d820e1', 'neutron:ovn-neutron-agent-sb-cfg': '1'}) {{(pid=90816) matches /opt/stack/data/venv/lib/python3.12/site-packages/ovsdbapp/backend/ovs_idl/event.py:55}}
Aug 06 13:00:36.035630 np0000006653 devstack@neutron-api.service[90816]: DEBUG neutron.plugins.ml2.drivers.ovn.mech_driver.ovsdb.ovsdb_monitor [None req-323b89e1-3802-459b-a6fa-d978b6848b75 None None] Hash Ring: Node 10b2dfb6280e5cb3a2628758c494b96d (host: np0000006653) handling event "update" for row 2db939e9-c174-4f44-9b71-d41a320add20 (table: Chassis_Private) {{(pid=90816) notify /opt/stack/neutron/neutron/plugins/ml2/drivers/ovn/mech_driver/ovsdb/ovsdb_monitor.py:1099}}
Aug 06 13:00:36.036598 np0000006653 devstack@neutron-api.service[90817]: DEBUG ovsdbapp.backend.ovs_idl.event [None req-d9d745bb-2dbe-4f48-8e2a-941cbcf2474b None None] Matched UPDATE: ChassisOVNAgentWriteEvent(events=('create', 'update'), table='Chassis_Private', conditions=None, old_conditions=None), priority=20 to row=Chassis_Private(uuid=2db939e9-c174-4f44-9b71-d41a320add20, chassis=323e3f25-1b50-46e6-a424-6f1d7d090fba, external_ids={'neutron:ovn-bridge': 'br-int', 'neutron:ovn-neutron-agent-id': 'c2535f5e-f991-5364-ad84-726d40d820e1', 'neutron:ovn-neutron-agent-sb-cfg': '2'}, name='5ea701fa-1919-49e8-be09-198ab9fcc381', nb_cfg=2, nb_cfg_timestamp=1786021226016) old=Chassis_Private(uuid=2db939e9-c174-4f44-9b71-d41a320add20, external_ids={'neutron:ovn-bridge': 'br-int', 'neutron:ovn-neutron-agent-id': 'c2535f5e-f991-5364-ad84-726d40d820e1', 'neutron:ovn-neutron-agent-sb-cfg': '1'}) {{(pid=90817) matches /opt/stack/data/venv/lib/python3.12/site-packages/ovsdbapp/backend/ovs_idl/event.py:55}}
Aug 06 13:00:36.036977 np0000006653 devstack@neutron-api.service[90818]: DEBUG ovsdbapp.backend.ovs_idl.event [None req-a7e56563-0f7b-4d22-bf6c-0dde0b00024c None None] Matched UPDATE: ChassisOVNAgentWriteEvent(events=('create', 'update'), table='Chassis_Private', conditions=None, old_conditions=None), priority=20 to row=Chassis_Private(uuid=2db939e9-c174-4f44-9b71-d41a320add20, chassis=323e3f25-1b50-46e6-a424-6f1d7d090fba, external_ids={'neutron:ovn-bridge': 'br-int', 'neutron:ovn-neutron-agent-id': 'c2535f5e-f991-5364-ad84-726d40d820e1', 'neutron:ovn-neutron-agent-sb-cfg': '2'}, name='5ea701fa-1919-49e8-be09-198ab9fcc381', nb_cfg=2, nb_cfg_timestamp=1786021226016) old=Chassis_Private(uuid=2db939e9-c174-4f44-9b71-d41a320add20, external_ids={'neutron:ovn-bridge': 'br-int', 'neutron:ovn-neutron-agent-id': 'c2535f5e-f991-5364-ad84-726d40d820e1', 'neutron:ovn-neutron-agent-sb-cfg': '1'}) {{(pid=90818) matches /opt/stack/data/venv/lib/python3.12/site-packages/ovsdbapp/backend/ovs_idl/event.py:55}}
Aug 06 13:00:36.038109 np0000006653 devstack@neutron-api.service[90819]: DEBUG ovsdbapp.backend.ovs_idl.event [None req-d500ddd4-f63b-478b-ab33-252d3a7567d8 None None] Matched UPDATE: ChassisOVNAgentWriteEvent(events=('create', 'update'), table='Chassis_Private', conditions=None, old_conditions=None), priority=20 to row=Chassis_Private(uuid=2db939e9-c174-4f44-9b71-d41a320add20, chassis=323e3f25-1b50-46e6-a424-6f1d7d090fba, external_ids={'neutron:ovn-bridge': 'br-int', 'neutron:ovn-neutron-agent-id': 'c2535f5e-f991-5364-ad84-726d40d820e1', 'neutron:ovn-neutron-agent-sb-cfg': '2'}, name='5ea701fa-1919-49e8-be09-198ab9fcc381', nb_cfg=2, nb_cfg_timestamp=1786021226016) old=Chassis_Private(uuid=2db939e9-c174-4f44-9b71-d41a320add20, external_ids={'neutron:ovn-bridge': 'br-int', 'neutron:ovn-neutron-agent-id': 'c2535f5e-f991-5364-ad84-726d40d820e1', 'neutron:ovn-neutron-agent-sb-cfg': '1'}) {{(pid=90819) matches /opt/stack/data/venv/lib/python3.12/site-packages/ovsdbapp/backend/ovs_idl/event.py:55}}
Aug 06 13:00:36.221045 np0000006653 devstack@neutron-api.service[90818]: DEBUG dbcounter [-] [90818] Writing DB stats neutron:UPDATE=10,neutron:SELECT=138,neutron:INSERT=14,neutron:DELETE=2 {{(pid=90818) stat_writer /opt/stack/data/venv/lib/python3.12/site-packages/dbcounter.py:115}}
Aug 06 13:00:36.396860 np0000006653 devstack@neutron-api.service[90816]: DEBUG dbcounter [-] [90816] Writing DB stats neutron:UPDATE=1,neutron:SELECT=6 {{(pid=90816) stat_writer /opt/stack/data/venv/lib/python3.12/site-packages/dbcounter.py:115}}
Aug 06 13:00:36.429421 np0000006653 devstack@neutron-api.service[90819]: DEBUG dbcounter [-] [90819] Writing DB stats neutron:UPDATE=1,neutron:SELECT=16 {{(pid=90819) stat_writer /opt/stack/data/venv/lib/python3.12/site-packages/dbcounter.py:115}}
Aug 06 13:00:36.849400 np0000006653 devstack@neutron-api.service[90817]: DEBUG dbcounter [-] [90817] Writing DB stats neutron:UPDATE=6,neutron:SELECT=278,neutron:INSERT=12,neutron:DELETE=2 {{(pid=90817) stat_writer /opt/stack/data/venv/lib/python3.12/site-packages/dbcounter.py:115}}
Aug 06 13:00:37.078712 np0000006653 devstack@neutron-api.service[90816]: DEBUG futurist.periodics [-] Submitting periodic callback 'neutron.plugins.ml2.drivers.ovn.mech_driver.ovsdb.maintenance.HashRingHealthCheckPeriodics.touch_hash_ring_node' {{(pid=90816) _process_scheduled /opt/stack/data/venv/lib/python3.12/site-packages/futurist/periodics.py:784}}
Aug 06 13:00:37.080291 np0000006653 devstack@neutron-api.service[90816]: DEBUG neutron.plugins.ml2.drivers.ovn.mech_driver.ovsdb.maintenance [-] Touching Hash Ring node "10b2dfb6280e5cb3a2628758c494b96d" from periodic health check thread {{(pid=90816) touch_hash_ring_node /opt/stack/neutron/neutron/plugins/ml2/drivers/ovn/mech_driver/ovsdb/maintenance.py:1416}}
Aug 06 13:00:38.036977 np0000006653 devstack@neutron-api.service[90819]: DEBUG futurist.periodics [-] Submitting periodic callback 'neutron.plugins.ml2.drivers.ovn.mech_driver.ovsdb.maintenance.HashRingHealthCheckPeriodics.touch_hash_ring_node' {{(pid=90819) _process_scheduled /opt/stack/data/venv/lib/python3.12/site-packages/futurist/periodics.py:784}}
Aug 06 13:00:38.037580 np0000006653 devstack@neutron-api.service[90819]: DEBUG neutron.plugins.ml2.drivers.ovn.mech_driver.ovsdb.maintenance [-] Touching Hash Ring node "4be5f29724565757baa3bc78bb698175" from periodic health check thread {{(pid=90819) touch_hash_ring_node /opt/stack/neutron/neutron/plugins/ml2/drivers/ovn/mech_driver/ovsdb/maintenance.py:1416}}
Aug 06 13:00:38.056057 np0000006653 devstack@neutron-api.service[90817]: DEBUG futurist.periodics [-] Submitting periodic callback 'neutron.plugins.ml2.drivers.ovn.mech_driver.ovsdb.maintenance.HashRingHealthCheckPeriodics.touch_hash_ring_node' {{(pid=90817) _process_scheduled /opt/stack/data/venv/lib/python3.12/site-packages/futurist/periodics.py:784}}
Aug 06 13:00:38.057716 np0000006653 devstack@neutron-api.service[90817]: DEBUG neutron.plugins.ml2.drivers.ovn.mech_driver.ovsdb.maintenance [-] Touching Hash Ring node "a1580afa823953ecbed0e3bf624cbc50" from periodic health check thread {{(pid=90817) touch_hash_ring_node /opt/stack/neutron/neutron/plugins/ml2/drivers/ovn/mech_driver/ovsdb/maintenance.py:1416}}
Aug 06 13:00:38.131827 np0000006653 devstack@neutron-api.service[90818]: DEBUG futurist.periodics [-] Submitting periodic callback 'neutron.plugins.ml2.drivers.ovn.mech_driver.ovsdb.maintenance.HashRingHealthCheckPeriodics.touch_hash_ring_node' {{(pid=90818) _process_scheduled /opt/stack/data/venv/lib/python3.12/site-packages/futurist/periodics.py:784}}
Aug 06 13:00:38.132350 np0000006653 devstack@neutron-api.service[90818]: DEBUG neutron.plugins.ml2.drivers.ovn.mech_driver.ovsdb.maintenance [-] Touching Hash Ring node "14b98135aaa355ba8e0b6785afd6c91f" from periodic health check thread {{(pid=90818) touch_hash_ring_node /opt/stack/neutron/neutron/plugins/ml2/drivers/ovn/mech_driver/ovsdb/maintenance.py:1416}}
Aug 06 13:00:47.085424 np0000006653 devstack@neutron-api.service[90816]: DEBUG dbcounter [-] [90816] Writing DB stats neutron:UPDATE=1,neutron:SELECT=1 {{(pid=90816) stat_writer /opt/stack/data/venv/lib/python3.12/site-packages/dbcounter.py:115}}
Aug 06 13:00:48.043998 np0000006653 devstack@neutron-api.service[90819]: DEBUG dbcounter [-] [90819] Writing DB stats neutron:UPDATE=1,neutron:SELECT=1 {{(pid=90819) stat_writer /opt/stack/data/venv/lib/python3.12/site-packages/dbcounter.py:115}}
Aug 06 13:00:48.063333 np0000006653 devstack@neutron-api.service[90817]: DEBUG dbcounter [-] [90817] Writing DB stats neutron:UPDATE=1,neutron:SELECT=1 {{(pid=90817) stat_writer /opt/stack/data/venv/lib/python3.12/site-packages/dbcounter.py:115}}
Aug 06 13:00:48.137961 np0000006653 devstack@neutron-api.service[90818]: DEBUG dbcounter [-] [90818] Writing DB stats neutron:UPDATE=1,neutron:SELECT=1 {{(pid=90818) stat_writer /opt/stack/data/venv/lib/python3.12/site-packages/dbcounter.py:115}}
Aug 06 13:00:52.079527 np0000006653 devstack@neutron-api.service[90816]: DEBUG futurist.periodics [-] Submitting periodic callback 'neutron.plugins.ml2.drivers.ovn.mech_driver.ovsdb.maintenance.HashRingHealthCheckPeriodics.touch_hash_ring_node' {{(pid=90816) _process_scheduled /opt/stack/data/venv/lib/python3.12/site-packages/futurist/periodics.py:784}}
Aug 06 13:00:52.082615 np0000006653 devstack@neutron-api.service[90816]: DEBUG neutron.plugins.ml2.drivers.ovn.mech_driver.ovsdb.maintenance [-] Touching Hash Ring node "10b2dfb6280e5cb3a2628758c494b96d" from periodic health check thread {{(pid=90816) touch_hash_ring_node /opt/stack/neutron/neutron/plugins/ml2/drivers/ovn/mech_driver/ovsdb/maintenance.py:1416}}
Aug 06 13:00:53.037522 np0000006653 devstack@neutron-api.service[90819]: DEBUG futurist.periodics [-] Submitting periodic callback 'neutron.plugins.ml2.drivers.ovn.mech_driver.ovsdb.maintenance.HashRingHealthCheckPeriodics.touch_hash_ring_node' {{(pid=90819) _process_scheduled /opt/stack/data/venv/lib/python3.12/site-packages/futurist/periodics.py:784}}
Aug 06 13:00:53.037955 np0000006653 devstack@neutron-api.service[90819]: DEBUG neutron.plugins.ml2.drivers.ovn.mech_driver.ovsdb.maintenance [-] Touching Hash Ring node "4be5f29724565757baa3bc78bb698175" from periodic health check thread {{(pid=90819) touch_hash_ring_node /opt/stack/neutron/neutron/plugins/ml2/drivers/ovn/mech_driver/ovsdb/maintenance.py:1416}}
Aug 06 13:00:53.056993 np0000006653 devstack@neutron-api.service[90817]: DEBUG futurist.periodics [-] Submitting periodic callback 'neutron.plugins.ml2.drivers.ovn.mech_driver.ovsdb.maintenance.HashRingHealthCheckPeriodics.touch_hash_ring_node' {{(pid=90817) _process_scheduled /opt/stack/data/venv/lib/python3.12/site-packages/futurist/periodics.py:784}}
Aug 06 13:00:53.057435 np0000006653 devstack@neutron-api.service[90817]: DEBUG neutron.plugins.ml2.drivers.ovn.mech_driver.ovsdb.maintenance [-] Touching Hash Ring node "a1580afa823953ecbed0e3bf624cbc50" from periodic health check thread {{(pid=90817) touch_hash_ring_node /opt/stack/neutron/neutron/plugins/ml2/drivers/ovn/mech_driver/ovsdb/maintenance.py:1416}}
Aug 06 13:00:53.132360 np0000006653 devstack@neutron-api.service[90818]: DEBUG futurist.periodics [-] Submitting periodic callback 'neutron.plugins.ml2.drivers.ovn.mech_driver.ovsdb.maintenance.HashRingHealthCheckPeriodics.touch_hash_ring_node' {{(pid=90818) _process_scheduled /opt/stack/data/venv/lib/python3.12/site-packages/futurist/periodics.py:784}}
Aug 06 13:00:53.132785 np0000006653 devstack@neutron-api.service[90818]: DEBUG neutron.plugins.ml2.drivers.ovn.mech_driver.ovsdb.maintenance [-] Touching Hash Ring node "14b98135aaa355ba8e0b6785afd6c91f" from periodic health check thread {{(pid=90818) touch_hash_ring_node /opt/stack/neutron/neutron/plugins/ml2/drivers/ovn/mech_driver/ovsdb/maintenance.py:1416}}
Aug 06 13:00:53.542338 np0000006653 devstack@neutron-api.service[90818]: DEBUG neutron.api.wsgi [None req-9197e195-1d24-4d21-8654-3f9c4f0425e5 tempest-verify_tempest_config-74388711 tempest-verify_tempest_config-74388711-project-member] https://10.4.3.59/networking/v2.0/extensions returned with HTTP 200 {{(pid=90818) __call__ /opt/stack/neutron/neutron/api/wsgi.py:540}}
Aug 06 13:00:53.542730 np0000006653 devstack@neutron-api.service[90818]: [pid: 90818|app: 0|req: 10/41] 10.4.3.59 () {66 vars in 1254 bytes} [Thu Aug 6 13:00:53 2026] GET /networking/v2.0/extensions => generated 16171 bytes in 4 msecs (HTTP/1.1 200) 4 headers in 159 bytes (1 switches on core 0)
Aug 06 13:00:54.032447 np0000006653 devstack@neutron-api.service[90816]: DEBUG neutron_lib.callbacks.manager [None req-9f2e6ed6-c0c7-40ff-ae82-5d5e1e873238 admin admin] Publish callbacks [] for security_group (None), before_create {{(pid=90816) _notify_loop /opt/stack/data/venv/lib/python3.12/site-packages/neutron_lib/callbacks/manager.py:184}}
Aug 06 13:00:54.115685 np0000006653 devstack@neutron-api.service[90816]: DEBUG neutron_lib.callbacks.manager [None req-9f2e6ed6-c0c7-40ff-ae82-5d5e1e873238 admin admin] Publish callbacks ['neutron.plugins.ml2.drivers.ovn.mech_driver.mech_driver.OVNMechanismDriver._create_security_group_precommit-193523'] for security_group (c571c92d-fb0a-4508-8d71-95dd0ed2d75e), precommit_create {{(pid=90816) _notify_loop /opt/stack/data/venv/lib/python3.12/site-packages/neutron_lib/callbacks/manager.py:184}}
Aug 06 13:00:54.115820 np0000006653 devstack@neutron-api.service[90816]: DEBUG neutron.db.ovn_revision_numbers_db [None req-9f2e6ed6-c0c7-40ff-ae82-5d5e1e873238 admin admin] create_initial_revision uuid=c571c92d-fb0a-4508-8d71-95dd0ed2d75e, type=security_groups, rev=-1 {{(pid=90816) create_initial_revision /opt/stack/neutron/neutron/db/ovn_revision_numbers_db.py:98}}
Aug 06 13:00:54.116733 np0000006653 devstack@neutron-api.service[90816]: DEBUG neutron.db.ovn_revision_numbers_db [None req-9f2e6ed6-c0c7-40ff-ae82-5d5e1e873238 admin admin] create_initial_revision uuid=888c0334-7dc9-406b-a3ab-a9067200c816, type=security_group_rules, rev=-1 {{(pid=90816) create_initial_revision /opt/stack/neutron/neutron/db/ovn_revision_numbers_db.py:98}}
Aug 06 13:00:54.117672 np0000006653 devstack@neutron-api.service[90816]: DEBUG neutron.db.ovn_revision_numbers_db [None req-9f2e6ed6-c0c7-40ff-ae82-5d5e1e873238 admin admin] create_initial_revision uuid=8e25a80d-3d9f-4bd2-9859-b802672f99c2, type=security_group_rules, rev=-1 {{(pid=90816) create_initial_revision /opt/stack/neutron/neutron/db/ovn_revision_numbers_db.py:98}}
Aug 06 13:00:54.118364 np0000006653 devstack@neutron-api.service[90816]: DEBUG neutron.db.ovn_revision_numbers_db [None req-9f2e6ed6-c0c7-40ff-ae82-5d5e1e873238 admin admin] create_initial_revision uuid=ad3a5b33-0241-4df2-b2c6-685016fb1887, type=security_group_rules, rev=-1 {{(pid=90816) create_initial_revision /opt/stack/neutron/neutron/db/ovn_revision_numbers_db.py:98}}
Aug 06 13:00:54.119079 np0000006653 devstack@neutron-api.service[90816]: DEBUG neutron.db.ovn_revision_numbers_db [None req-9f2e6ed6-c0c7-40ff-ae82-5d5e1e873238 admin admin] create_initial_revision uuid=c13600ce-570f-4834-8575-464d071bc804, type=security_group_rules, rev=-1 {{(pid=90816) create_initial_revision /opt/stack/neutron/neutron/db/ovn_revision_numbers_db.py:98}}
Aug 06 13:00:54.122599 np0000006653 devstack@neutron-api.service[90816]: DEBUG neutron_lib.callbacks.manager [None req-9f2e6ed6-c0c7-40ff-ae82-5d5e1e873238 admin admin] Publish callbacks ['neutron.plugins.ml2.drivers.ovn.mech_driver.mech_driver.OVNMechanismDriver._create_security_group-193533', 'neutron.plugins.ml2.ovo_rpc._ObjectChangeHandler.handle_event-32051397'] for security_group (c571c92d-fb0a-4508-8d71-95dd0ed2d75e), after_create {{(pid=90816) _notify_loop /opt/stack/data/venv/lib/python3.12/site-packages/neutron_lib/callbacks/manager.py:184}}
Aug 06 13:00:54.123035 np0000006653 devstack@neutron-api.service[90816]: DEBUG ovsdbapp.backend.ovs_idl.transaction [None req-876aacf4-7c63-4b55-a499-0c83baef70b8 None None] Running txn n=1 command(idx=0): PgAddCommand(_result=None, name=pg_c571c92d_fb0a_4508_8d71_95dd0ed2d75e, may_exist=False, columns={'acls': [], 'external_ids': {'neutron:security_group_id': 'c571c92d-fb0a-4508-8d71-95dd0ed2d75e'}}) {{(pid=90816) do_commit /opt/stack/data/venv/lib/python3.12/site-packages/ovsdbapp/backend/ovs_idl/transaction.py:89}}
Aug 06 13:00:54.123316 np0000006653 devstack@neutron-api.service[90816]: DEBUG ovsdbapp.backend.ovs_idl.transaction [None req-876aacf4-7c63-4b55-a499-0c83baef70b8 None None] Running txn n=1 command(idx=1): PgAclAddCommand(_result=None, entity=pg_c571c92d_fb0a_4508_8d71_95dd0ed2d75e, direction=to-lport, priority=1002, match=outport == @pg_c571c92d_fb0a_4508_8d71_95dd0ed2d75e && ip4 && ip4.src == $pg_c571c92d_fb0a_4508_8d71_95dd0ed2d75e_ip4, action=allow-related, log=False, may_exist=True, severity=[], name=[], meter=[], external_ids={'neutron:security_group_rule_id': '888c0334-7dc9-406b-a3ab-a9067200c816'}) {{(pid=90816) do_commit /opt/stack/data/venv/lib/python3.12/site-packages/ovsdbapp/backend/ovs_idl/transaction.py:89}}
Aug 06 13:00:54.123618 np0000006653 devstack@neutron-api.service[90816]: DEBUG ovsdbapp.backend.ovs_idl.transaction [None req-876aacf4-7c63-4b55-a499-0c83baef70b8 None None] Running txn n=1 command(idx=2): PgAclAddCommand(_result=None, entity=pg_c571c92d_fb0a_4508_8d71_95dd0ed2d75e, direction=to-lport, priority=1002, match=outport == @pg_c571c92d_fb0a_4508_8d71_95dd0ed2d75e && ip6 && ip6.src == $pg_c571c92d_fb0a_4508_8d71_95dd0ed2d75e_ip6, action=allow-related, log=False, may_exist=True, severity=[], name=[], meter=[], external_ids={'neutron:security_group_rule_id': '8e25a80d-3d9f-4bd2-9859-b802672f99c2'}) {{(pid=90816) do_commit /opt/stack/data/venv/lib/python3.12/site-packages/ovsdbapp/backend/ovs_idl/transaction.py:89}}
Aug 06 13:00:54.123837 np0000006653 devstack@neutron-api.service[90816]: DEBUG ovsdbapp.backend.ovs_idl.transaction [None req-876aacf4-7c63-4b55-a499-0c83baef70b8 None None] Running txn n=1 command(idx=3): PgAclAddCommand(_result=None, entity=pg_c571c92d_fb0a_4508_8d71_95dd0ed2d75e, direction=from-lport, priority=1002, match=inport == @pg_c571c92d_fb0a_4508_8d71_95dd0ed2d75e && ip6, action=allow-related, log=False, may_exist=True, severity=[], name=[], meter=[], external_ids={'neutron:security_group_rule_id': 'ad3a5b33-0241-4df2-b2c6-685016fb1887'}) {{(pid=90816) do_commit /opt/stack/data/venv/lib/python3.12/site-packages/ovsdbapp/backend/ovs_idl/transaction.py:89}}
Aug 06 13:00:54.124064 np0000006653 devstack@neutron-api.service[90816]: DEBUG ovsdbapp.backend.ovs_idl.transaction [None req-876aacf4-7c63-4b55-a499-0c83baef70b8 None None] Running txn n=1 command(idx=4): PgAclAddCommand(_result=None, entity=pg_c571c92d_fb0a_4508_8d71_95dd0ed2d75e, direction=from-lport, priority=1002, match=inport == @pg_c571c92d_fb0a_4508_8d71_95dd0ed2d75e && ip4, action=allow-related, log=False, may_exist=True, severity=[], name=[], meter=[], external_ids={'neutron:security_group_rule_id': 'c13600ce-570f-4834-8575-464d071bc804'}) {{(pid=90816) do_commit /opt/stack/data/venv/lib/python3.12/site-packages/ovsdbapp/backend/ovs_idl/transaction.py:89}}
Aug 06 13:00:54.149787 np0000006653 devstack@neutron-api.service[90818]: DEBUG neutron.plugins.ml2.drivers.ovn.mech_driver.ovsdb.ovsdb_monitor [None req-a7ddecc5-c9eb-4f17-b460-04f5dbea7749 None None] Touching Hash Ring node "14b98135aaa355ba8e0b6785afd6c91f" from IDL notify handler {{(pid=90818) notify /opt/stack/neutron/neutron/plugins/ml2/drivers/ovn/mech_driver/ovsdb/ovsdb_monitor.py:1091}}
Aug 06 13:00:54.150151 np0000006653 devstack@neutron-api.service[90816]: DEBUG neutron.plugins.ml2.drivers.ovn.mech_driver.ovsdb.ovsdb_monitor [None req-876aacf4-7c63-4b55-a499-0c83baef70b8 None None] Touching Hash Ring node "10b2dfb6280e5cb3a2628758c494b96d" from IDL notify handler {{(pid=90816) notify /opt/stack/neutron/neutron/plugins/ml2/drivers/ovn/mech_driver/ovsdb/ovsdb_monitor.py:1091}}
Aug 06 13:00:54.150214 np0000006653 devstack@neutron-api.service[90819]: DEBUG neutron.plugins.ml2.drivers.ovn.mech_driver.ovsdb.ovsdb_monitor [None req-38a10d73-0425-4f5b-940f-cfab1a08fde5 None None] Touching Hash Ring node "4be5f29724565757baa3bc78bb698175" from IDL notify handler {{(pid=90819) notify /opt/stack/neutron/neutron/plugins/ml2/drivers/ovn/mech_driver/ovsdb/ovsdb_monitor.py:1091}}
Aug 06 13:00:54.150990 np0000006653 devstack@neutron-api.service[90817]: DEBUG neutron.plugins.ml2.drivers.ovn.mech_driver.ovsdb.ovsdb_monitor [None req-4144d470-e9ea-4028-87ef-181e5cbf6a7e None None] Touching Hash Ring node "a1580afa823953ecbed0e3bf624cbc50" from IDL notify handler {{(pid=90817) notify /opt/stack/neutron/neutron/plugins/ml2/drivers/ovn/mech_driver/ovsdb/ovsdb_monitor.py:1091}}
Aug 06 13:00:54.154630 np0000006653 devstack@neutron-api.service[90816]: DEBUG neutron.plugins.ml2.drivers.ovn.mech_driver.ovsdb.ovsdb_monitor [None req-876aacf4-7c63-4b55-a499-0c83baef70b8 None None] Hash Ring: Node 10b2dfb6280e5cb3a2628758c494b96d (host: np0000006653) handling event "create" for row 6fa0b397-446b-432a-9066-f6546119aeb0 (table: ACL) {{(pid=90816) notify /opt/stack/neutron/neutron/plugins/ml2/drivers/ovn/mech_driver/ovsdb/ovsdb_monitor.py:1099}}
Aug 06 13:00:54.155690 np0000006653 devstack@neutron-api.service[90818]: DEBUG neutron.plugins.ml2.drivers.ovn.mech_driver.ovsdb.ovsdb_monitor [None req-a7ddecc5-c9eb-4f17-b460-04f5dbea7749 None None] Hash Ring: Node 14b98135aaa355ba8e0b6785afd6c91f (host: np0000006653) handling event "create" for row cedcfd8e-e14a-4a9c-81a1-4acf5a8b3585 (table: ACL) {{(pid=90818) notify /opt/stack/neutron/neutron/plugins/ml2/drivers/ovn/mech_driver/ovsdb/ovsdb_monitor.py:1099}}
Aug 06 13:00:54.156135 np0000006653 devstack@neutron-api.service[90819]: DEBUG neutron.plugins.ml2.drivers.ovn.mech_driver.ovsdb.ovsdb_monitor [None req-38a10d73-0425-4f5b-940f-cfab1a08fde5 None None] Hash Ring: Node 4be5f29724565757baa3bc78bb698175 (host: np0000006653) handling event "create" for row b04c930b-1288-4d96-b8ce-8e49e62fde92 (table: ACL) {{(pid=90819) notify /opt/stack/neutron/neutron/plugins/ml2/drivers/ovn/mech_driver/ovsdb/ovsdb_monitor.py:1099}}
Aug 06 13:00:54.156196 np0000006653 devstack@neutron-api.service[90817]: DEBUG neutron.plugins.ml2.drivers.ovn.mech_driver.ovsdb.ovsdb_monitor [None req-4144d470-e9ea-4028-87ef-181e5cbf6a7e None None] Hash Ring: Node a1580afa823953ecbed0e3bf624cbc50 (host: np0000006653) handling event "create" for row e389f351-838a-435c-8d8b-04dc6c08b773 (table: ACL) {{(pid=90817) notify /opt/stack/neutron/neutron/plugins/ml2/drivers/ovn/mech_driver/ovsdb/ovsdb_monitor.py:1099}}
Aug 06 13:00:54.156244 np0000006653 devstack@neutron-api.service[90818]: DEBUG neutron.plugins.ml2.drivers.ovn.mech_driver.ovsdb.ovsdb_monitor [None req-a7ddecc5-c9eb-4f17-b460-04f5dbea7749 None None] Touching Hash Ring node "14b98135aaa355ba8e0b6785afd6c91f" from IDL notify handler {{(pid=90818) notify /opt/stack/neutron/neutron/plugins/ml2/drivers/ovn/mech_driver/ovsdb/ovsdb_monitor.py:1091}}
Aug 06 13:00:54.158229 np0000006653 devstack@neutron-api.service[90818]: DEBUG neutron.plugins.ml2.drivers.ovn.mech_driver.ovsdb.ovsdb_monitor [None req-a7ddecc5-c9eb-4f17-b460-04f5dbea7749 None None] Hash Ring: Node 14b98135aaa355ba8e0b6785afd6c91f (host: np0000006653) handling event "create" for row fdadac38-fb21-43fa-a119-584460042a87 (table: Port_Group) {{(pid=90818) notify /opt/stack/neutron/neutron/plugins/ml2/drivers/ovn/mech_driver/ovsdb/ovsdb_monitor.py:1099}}
Aug 06 13:00:54.175661 np0000006653 devstack@neutron-api.service[90816]: INFO neutron.db.ovn_revision_numbers_db [None req-9f2e6ed6-c0c7-40ff-ae82-5d5e1e873238 admin admin] Successfully bumped revision number for resource c571c92d-fb0a-4508-8d71-95dd0ed2d75e (type: security_groups) to 1
Aug 06 13:00:54.187064 np0000006653 devstack@neutron-api.service[90816]: INFO neutron.db.ovn_revision_numbers_db [None req-9f2e6ed6-c0c7-40ff-ae82-5d5e1e873238 admin admin] Successfully bumped revision number for resource 888c0334-7dc9-406b-a3ab-a9067200c816 (type: security_group_rules) to 0
Aug 06 13:00:54.195398 np0000006653 devstack@neutron-api.service[90816]: INFO neutron.db.ovn_revision_numbers_db [None req-9f2e6ed6-c0c7-40ff-ae82-5d5e1e873238 admin admin] Successfully bumped revision number for resource 8e25a80d-3d9f-4bd2-9859-b802672f99c2 (type: security_group_rules) to 0
Aug 06 13:00:54.203182 np0000006653 devstack@neutron-api.service[90816]: INFO neutron.db.ovn_revision_numbers_db [None req-9f2e6ed6-c0c7-40ff-ae82-5d5e1e873238 admin admin] Successfully bumped revision number for resource ad3a5b33-0241-4df2-b2c6-685016fb1887 (type: security_group_rules) to 0
Aug 06 13:00:54.210953 np0000006653 devstack@neutron-api.service[90816]: INFO neutron.db.ovn_revision_numbers_db [None req-9f2e6ed6-c0c7-40ff-ae82-5d5e1e873238 admin admin] Successfully bumped revision number for resource c13600ce-570f-4834-8575-464d071bc804 (type: security_group_rules) to 0
Aug 06 13:00:54.226911 np0000006653 devstack@neutron-api.service[90816]: DEBUG neutron.api.rpc.handlers.resources_rpc [None req-9f2e6ed6-c0c7-40ff-ae82-5d5e1e873238 admin admin] Pushing event updated for resources: {'SecurityGroup': ['ID=c571c92d-fb0a-4508-8d71-95dd0ed2d75e,revision_number=1']} {{(pid=90816) push /opt/stack/neutron/neutron/api/rpc/handlers/resources_rpc.py:237}}
Aug 06 13:00:54.251231 np0000006653 devstack@neutron-api.service[90816]: [pid: 90816|app: 0|req: 12/42] 10.4.3.59 () {66 vars in 1382 bytes} [Thu Aug 6 13:00:53 2026] GET /networking/v2.0/security-groups?project_id=7d94e1a5332e41818ae83a6014f0e272&name=default => generated 2921 bytes in 375 msecs (HTTP/1.1 200) 4 headers in 158 bytes (1 switches on core 0)
