Jul 06 17:53:02.948143 np0000004652 nova-conductor[98733]: DEBUG cotyledon.oslo_config_glue [-] profiler.es_scroll_size = 10000 {{(pid=98733) log_opt_values /opt/stack/data/venv/lib/python3.12/site-packages/oslo_config/cfg.py:3253}}
Jul 06 17:53:02.948403 np0000004652 nova-conductor[98733]: DEBUG cotyledon.oslo_config_glue [-] profiler.es_scroll_time = 2m {{(pid=98733) log_opt_values /opt/stack/data/venv/lib/python3.12/site-packages/oslo_config/cfg.py:3253}}
Jul 06 17:53:02.948403 np0000004652 nova-conductor[98733]: DEBUG cotyledon.oslo_config_glue [-] profiler.filter_error_trace = False {{(pid=98733) log_opt_values /opt/stack/data/venv/lib/python3.12/site-packages/oslo_config/cfg.py:3253}}
Jul 06 17:53:02.948403 np0000004652 nova-conductor[98733]: DEBUG cotyledon.oslo_config_glue [-] profiler.hmac_keys = **** {{(pid=98733) log_opt_values /opt/stack/data/venv/lib/python3.12/site-packages/oslo_config/cfg.py:3253}}
Jul 06 17:53:02.948403 np0000004652 nova-conductor[98733]: DEBUG cotyledon.oslo_config_glue [-] profiler.sentinel_service_name = mymaster {{(pid=98733) log_opt_values /opt/stack/data/venv/lib/python3.12/site-packages/oslo_config/cfg.py:3253}}
Jul 06 17:53:02.948403 np0000004652 nova-conductor[98733]: DEBUG cotyledon.oslo_config_glue [-] profiler.socket_timeout = 0.1 {{(pid=98733) log_opt_values /opt/stack/data/venv/lib/python3.12/site-packages/oslo_config/cfg.py:3253}}
Jul 06 17:53:02.948403 np0000004652 nova-conductor[98733]: DEBUG cotyledon.oslo_config_glue [-] profiler.trace_requests = False {{(pid=98733) log_opt_values /opt/stack/data/venv/lib/python3.12/site-packages/oslo_config/cfg.py:3253}}
Jul 06 17:53:02.948403 np0000004652 nova-conductor[98733]: DEBUG cotyledon.oslo_config_glue [-] profiler.trace_sqlalchemy = False {{(pid=98733) log_opt_values /opt/stack/data/venv/lib/python3.12/site-packages/oslo_config/cfg.py:3253}}
Jul 06 17:53:02.948403 np0000004652 nova-conductor[98733]: DEBUG cotyledon.oslo_config_glue [-] profiler_jaeger.process_tags = {} {{(pid=98733) log_opt_values /opt/stack/data/venv/lib/python3.12/site-packages/oslo_config/cfg.py:3253}}
Jul 06 17:53:02.948403 np0000004652 nova-conductor[98733]: DEBUG cotyledon.oslo_config_glue [-] profiler_jaeger.service_name_prefix = None {{(pid=98733) log_opt_values /opt/stack/data/venv/lib/python3.12/site-packages/oslo_config/cfg.py:3253}}
Jul 06 17:53:02.948690 np0000004652 nova-conductor[98733]: DEBUG cotyledon.oslo_config_glue [-] profiler_otlp.service_name_prefix = None {{(pid=98733) log_opt_values /opt/stack/data/venv/lib/python3.12/site-packages/oslo_config/cfg.py:3253}}
Jul 06 17:53:02.948690 np0000004652 nova-conductor[98733]: DEBUG cotyledon.oslo_config_glue [-] oslo_messaging_rabbit.amqp_auto_delete = False {{(pid=98733) log_opt_values /opt/stack/data/venv/lib/python3.12/site-packages/oslo_config/cfg.py:3253}}
Jul 06 17:53:02.948690 np0000004652 nova-conductor[98733]: DEBUG cotyledon.oslo_config_glue [-] oslo_messaging_rabbit.amqp_durable_queues = False {{(pid=98733) log_opt_values /opt/stack/data/venv/lib/python3.12/site-packages/oslo_config/cfg.py:3253}}
Jul 06 17:53:02.948690 np0000004652 nova-conductor[98733]: DEBUG cotyledon.oslo_config_glue [-] oslo_messaging_rabbit.conn_pool_min_size = 2 {{(pid=98733) log_opt_values /opt/stack/data/venv/lib/python3.12/site-packages/oslo_config/cfg.py:3253}}
Jul 06 17:53:02.948690 np0000004652 nova-conductor[98733]: DEBUG cotyledon.oslo_config_glue [-] oslo_messaging_rabbit.conn_pool_ttl = 1200 {{(pid=98733) log_opt_values /opt/stack/data/venv/lib/python3.12/site-packages/oslo_config/cfg.py:3253}}
Jul 06 17:53:02.948690 np0000004652 nova-conductor[98733]: DEBUG cotyledon.oslo_config_glue [-] oslo_messaging_rabbit.direct_mandatory_flag = True {{(pid=98733) log_opt_values /opt/stack/data/venv/lib/python3.12/site-packages/oslo_config/cfg.py:3253}}
Jul 06 17:53:02.948690 np0000004652 nova-conductor[98733]: DEBUG cotyledon.oslo_config_glue [-] oslo_messaging_rabbit.enable_cancel_on_failover = False {{(pid=98733) log_opt_values /opt/stack/data/venv/lib/python3.12/site-packages/oslo_config/cfg.py:3253}}
Jul 06 17:53:02.948690 np0000004652 nova-conductor[98733]: DEBUG cotyledon.oslo_config_glue [-] oslo_messaging_rabbit.heartbeat_rate = 3 {{(pid=98733) log_opt_values /opt/stack/data/venv/lib/python3.12/site-packages/oslo_config/cfg.py:3253}}
Jul 06 17:53:02.948690 np0000004652 nova-conductor[98733]: DEBUG cotyledon.oslo_config_glue [-] oslo_messaging_rabbit.heartbeat_timeout_threshold = 60 {{(pid=98733) log_opt_values /opt/stack/data/venv/lib/python3.12/site-packages/oslo_config/cfg.py:3253}}
Jul 06 17:53:02.950214 np0000004652 nova-conductor[98733]: DEBUG cotyledon.oslo_config_glue [-] oslo_messaging_rabbit.hostname = np0000004652 {{(pid=98733) log_opt_values /opt/stack/data/venv/lib/python3.12/site-packages/oslo_config/cfg.py:3253}}
Jul 06 17:53:02.950214 np0000004652 nova-conductor[98733]: DEBUG cotyledon.oslo_config_glue [-] oslo_messaging_rabbit.kombu_compression = None {{(pid=98733) log_opt_values /opt/stack/data/venv/lib/python3.12/site-packages/oslo_config/cfg.py:3253}}
Jul 06 17:53:02.950214 np0000004652 nova-conductor[98733]: DEBUG cotyledon.oslo_config_glue [-] oslo_messaging_rabbit.kombu_failover_strategy = round-robin {{(pid=98733) log_opt_values /opt/stack/data/venv/lib/python3.12/site-packages/oslo_config/cfg.py:3253}}
Jul 06 17:53:02.950214 np0000004652 nova-conductor[98733]: DEBUG cotyledon.oslo_config_glue [-] oslo_messaging_rabbit.kombu_missing_consumer_retry_timeout = 60 {{(pid=98733) log_opt_values /opt/stack/data/venv/lib/python3.12/site-packages/oslo_config/cfg.py:3253}}
Jul 06 17:53:02.950214 np0000004652 nova-conductor[98733]: DEBUG cotyledon.oslo_config_glue [-] oslo_messaging_rabbit.kombu_reconnect_delay = 1.0 {{(pid=98733) log_opt_values /opt/stack/data/venv/lib/python3.12/site-packages/oslo_config/cfg.py:3253}}
Jul 06 17:53:02.950214 np0000004652 nova-conductor[98733]: DEBUG cotyledon.oslo_config_glue [-] oslo_messaging_rabbit.kombu_reconnect_splay = 0.0 {{(pid=98733) log_opt_values /opt/stack/data/venv/lib/python3.12/site-packages/oslo_config/cfg.py:3253}}
Jul 06 17:53:02.950214 np0000004652 nova-conductor[98733]: DEBUG cotyledon.oslo_config_glue [-] oslo_messaging_rabbit.processname = nova-conductor {{(pid=98733) log_opt_values /opt/stack/data/venv/lib/python3.12/site-packages/oslo_config/cfg.py:3253}}
Jul 06 17:53:02.950214 np0000004652 nova-conductor[98733]: DEBUG cotyledon.oslo_config_glue [-] oslo_messaging_rabbit.rabbit_ha_queues = False {{(pid=98733) log_opt_values /opt/stack/data/venv/lib/python3.12/site-packages/oslo_config/cfg.py:3253}}
Jul 06 17:53:02.950214 np0000004652 nova-conductor[98733]: DEBUG cotyledon.oslo_config_glue [-] oslo_messaging_rabbit.rabbit_interval_max = 30 {{(pid=98733) log_opt_values /opt/stack/data/venv/lib/python3.12/site-packages/oslo_config/cfg.py:3253}}
Jul 06 17:53:02.951079 np0000004652 nova-conductor[98733]: DEBUG cotyledon.oslo_config_glue [-] oslo_messaging_rabbit.rabbit_login_method = AMQPLAIN {{(pid=98733) log_opt_values /opt/stack/data/venv/lib/python3.12/site-packages/oslo_config/cfg.py:3253}}
Jul 06 17:53:02.951079 np0000004652 nova-conductor[98733]: DEBUG cotyledon.oslo_config_glue [-] oslo_messaging_rabbit.rabbit_qos_prefetch_count = 0 {{(pid=98733) log_opt_values /opt/stack/data/venv/lib/python3.12/site-packages/oslo_config/cfg.py:3253}}
Jul 06 17:53:02.951079 np0000004652 nova-conductor[98733]: DEBUG cotyledon.oslo_config_glue [-] oslo_messaging_rabbit.rabbit_quorum_delivery_limit = 0 {{(pid=98733) log_opt_values /opt/stack/data/venv/lib/python3.12/site-packages/oslo_config/cfg.py:3253}}
Jul 06 17:53:02.951079 np0000004652 nova-conductor[98733]: DEBUG cotyledon.oslo_config_glue [-] oslo_messaging_rabbit.rabbit_quorum_max_memory_bytes = 0 {{(pid=98733) log_opt_values /opt/stack/data/venv/lib/python3.12/site-packages/oslo_config/cfg.py:3253}}
Jul 06 17:53:02.951079 np0000004652 nova-conductor[98733]: DEBUG cotyledon.oslo_config_glue [-] oslo_messaging_rabbit.rabbit_quorum_max_memory_length = 0 {{(pid=98733) log_opt_values /opt/stack/data/venv/lib/python3.12/site-packages/oslo_config/cfg.py:3253}}
Jul 06 17:53:02.951079 np0000004652 nova-conductor[98733]: DEBUG cotyledon.oslo_config_glue [-] oslo_messaging_rabbit.rabbit_quorum_queue = False {{(pid=98733) log_opt_values /opt/stack/data/venv/lib/python3.12/site-packages/oslo_config/cfg.py:3253}}
Jul 06 17:53:02.951079 np0000004652 nova-conductor[98733]: DEBUG cotyledon.oslo_config_glue [-] oslo_messaging_rabbit.rabbit_retry_backoff = 2 {{(pid=98733) log_opt_values /opt/stack/data/venv/lib/python3.12/site-packages/oslo_config/cfg.py:3253}}
Jul 06 17:53:02.951079 np0000004652 nova-conductor[98733]: DEBUG cotyledon.oslo_config_glue [-] oslo_messaging_rabbit.rabbit_retry_interval = 1 {{(pid=98733) log_opt_values /opt/stack/data/venv/lib/python3.12/site-packages/oslo_config/cfg.py:3253}}
Jul 06 17:53:02.951079 np0000004652 nova-conductor[98733]: DEBUG cotyledon.oslo_config_glue [-] oslo_messaging_rabbit.rabbit_stream_fanout = False {{(pid=98733) log_opt_values /opt/stack/data/venv/lib/python3.12/site-packages/oslo_config/cfg.py:3253}}
Jul 06 17:53:02.951380 np0000004652 nova-conductor[98733]: DEBUG cotyledon.oslo_config_glue [-] oslo_messaging_rabbit.rabbit_transient_queues_ttl = 1800 {{(pid=98733) log_opt_values /opt/stack/data/venv/lib/python3.12/site-packages/oslo_config/cfg.py:3253}}
Jul 06 17:53:02.951380 np0000004652 nova-conductor[98733]: DEBUG cotyledon.oslo_config_glue [-] oslo_messaging_rabbit.rabbit_transient_quorum_queue = False {{(pid=98733) log_opt_values /opt/stack/data/venv/lib/python3.12/site-packages/oslo_config/cfg.py:3253}}
Jul 06 17:53:02.951380 np0000004652 nova-conductor[98733]: DEBUG cotyledon.oslo_config_glue [-] oslo_messaging_rabbit.rpc_conn_pool_size = 30 {{(pid=98733) log_opt_values /opt/stack/data/venv/lib/python3.12/site-packages/oslo_config/cfg.py:3253}}
Jul 06 17:53:02.951380 np0000004652 nova-conductor[98733]: DEBUG cotyledon.oslo_config_glue [-] oslo_messaging_rabbit.ssl = False {{(pid=98733) log_opt_values /opt/stack/data/venv/lib/python3.12/site-packages/oslo_config/cfg.py:3253}}
Jul 06 17:53:02.951380 np0000004652 nova-conductor[98733]: DEBUG cotyledon.oslo_config_glue [-] oslo_messaging_rabbit.ssl_ca_file = {{(pid=98733) log_opt_values /opt/stack/data/venv/lib/python3.12/site-packages/oslo_config/cfg.py:3253}}
Jul 06 17:53:02.951380 np0000004652 nova-conductor[98733]: DEBUG cotyledon.oslo_config_glue [-] oslo_messaging_rabbit.ssl_cert_file = {{(pid=98733) log_opt_values /opt/stack/data/venv/lib/python3.12/site-packages/oslo_config/cfg.py:3253}}
Jul 06 17:53:02.951380 np0000004652 nova-conductor[98733]: DEBUG cotyledon.oslo_config_glue [-] oslo_messaging_rabbit.ssl_enforce_fips_mode = False {{(pid=98733) log_opt_values /opt/stack/data/venv/lib/python3.12/site-packages/oslo_config/cfg.py:3253}}
Jul 06 17:53:02.951380 np0000004652 nova-conductor[98733]: DEBUG cotyledon.oslo_config_glue [-] oslo_messaging_rabbit.ssl_enforce_hostname_verification = True {{(pid=98733) log_opt_values /opt/stack/data/venv/lib/python3.12/site-packages/oslo_config/cfg.py:3253}}
Jul 06 17:53:02.951380 np0000004652 nova-conductor[98733]: DEBUG cotyledon.oslo_config_glue [-] oslo_messaging_rabbit.ssl_key_file = {{(pid=98733) log_opt_values /opt/stack/data/venv/lib/python3.12/site-packages/oslo_config/cfg.py:3253}}
Jul 06 17:53:02.951557 np0000004652 nova-conductor[98733]: DEBUG cotyledon.oslo_config_glue [-] oslo_messaging_rabbit.ssl_version = {{(pid=98733) log_opt_values /opt/stack/data/venv/lib/python3.12/site-packages/oslo_config/cfg.py:3253}}
Jul 06 17:53:02.951557 np0000004652 nova-conductor[98733]: DEBUG cotyledon.oslo_config_glue [-] oslo_messaging_rabbit.use_queue_manager = False {{(pid=98733) log_opt_values /opt/stack/data/venv/lib/python3.12/site-packages/oslo_config/cfg.py:3253}}
Jul 06 17:53:02.951557 np0000004652 nova-conductor[98733]: DEBUG cotyledon.oslo_config_glue [-] oslo_messaging_notifications.driver = ['messagingv2'] {{(pid=98733) log_opt_values /opt/stack/data/venv/lib/python3.12/site-packages/oslo_config/cfg.py:3253}}
Jul 06 17:53:02.951557 np0000004652 nova-conductor[98733]: DEBUG cotyledon.oslo_config_glue [-] oslo_messaging_notifications.retry = -1 {{(pid=98733) log_opt_values /opt/stack/data/venv/lib/python3.12/site-packages/oslo_config/cfg.py:3253}}
Jul 06 17:53:02.951557 np0000004652 nova-conductor[98733]: DEBUG cotyledon.oslo_config_glue [-] oslo_messaging_notifications.topics = ['notifications'] {{(pid=98733) log_opt_values /opt/stack/data/venv/lib/python3.12/site-packages/oslo_config/cfg.py:3253}}
Jul 06 17:53:02.951557 np0000004652 nova-conductor[98733]: DEBUG cotyledon.oslo_config_glue [-] oslo_messaging_notifications.transport_url = **** {{(pid=98733) log_opt_values /opt/stack/data/venv/lib/python3.12/site-packages/oslo_config/cfg.py:3253}}
Jul 06 17:53:02.951557 np0000004652 nova-conductor[98733]: DEBUG cotyledon.oslo_config_glue [-] oslo_limit.auth_section = None {{(pid=98733) log_opt_values /opt/stack/data/venv/lib/python3.12/site-packages/oslo_config/cfg.py:3253}}
Jul 06 17:53:02.951557 np0000004652 nova-conductor[98733]: DEBUG cotyledon.oslo_config_glue [-] oslo_limit.auth_type = None {{(pid=98733) log_opt_values /opt/stack/data/venv/lib/python3.12/site-packages/oslo_config/cfg.py:3253}}
Jul 06 17:53:02.951557 np0000004652 nova-conductor[98733]: DEBUG cotyledon.oslo_config_glue [-] oslo_limit.cafile = None {{(pid=98733) log_opt_values /opt/stack/data/venv/lib/python3.12/site-packages/oslo_config/cfg.py:3253}}
Jul 06 17:53:02.951934 np0000004652 nova-conductor[98733]: DEBUG cotyledon.oslo_config_glue [-] oslo_limit.certfile = None {{(pid=98733) log_opt_values /opt/stack/data/venv/lib/python3.12/site-packages/oslo_config/cfg.py:3253}}
Jul 06 17:53:02.951934 np0000004652 nova-conductor[98733]: DEBUG cotyledon.oslo_config_glue [-] oslo_limit.collect_timing = False {{(pid=98733) log_opt_values /opt/stack/data/venv/lib/python3.12/site-packages/oslo_config/cfg.py:3253}}
Jul 06 17:53:02.951934 np0000004652 nova-conductor[98733]: DEBUG cotyledon.oslo_config_glue [-] oslo_limit.connect_retries = None {{(pid=98733) log_opt_values /opt/stack/data/venv/lib/python3.12/site-packages/oslo_config/cfg.py:3253}}
Jul 06 17:53:02.951934 np0000004652 nova-conductor[98733]: DEBUG cotyledon.oslo_config_glue [-] oslo_limit.connect_retry_delay = None {{(pid=98733) log_opt_values /opt/stack/data/venv/lib/python3.12/site-packages/oslo_config/cfg.py:3253}}
Jul 06 17:53:02.951934 np0000004652 nova-conductor[98733]: DEBUG cotyledon.oslo_config_glue [-] oslo_limit.endpoint_id = None {{(pid=98733) log_opt_values /opt/stack/data/venv/lib/python3.12/site-packages/oslo_config/cfg.py:3253}}
Jul 06 17:53:02.951934 np0000004652 nova-conductor[98733]: DEBUG cotyledon.oslo_config_glue [-] oslo_limit.endpoint_interface = public {{(pid=98733) log_opt_values /opt/stack/data/venv/lib/python3.12/site-packages/oslo_config/cfg.py:3253}}
Jul 06 17:53:02.951934 np0000004652 nova-conductor[98733]: DEBUG cotyledon.oslo_config_glue [-] oslo_limit.endpoint_override = None {{(pid=98733) log_opt_values /opt/stack/data/venv/lib/python3.12/site-packages/oslo_config/cfg.py:3253}}
Jul 06 17:53:02.951934 np0000004652 nova-conductor[98733]: DEBUG cotyledon.oslo_config_glue [-] oslo_limit.endpoint_region_name = None {{(pid=98733) log_opt_values /opt/stack/data/venv/lib/python3.12/site-packages/oslo_config/cfg.py:3253}}
Jul 06 17:53:02.951934 np0000004652 nova-conductor[98733]: DEBUG cotyledon.oslo_config_glue [-] oslo_limit.endpoint_service_name = None {{(pid=98733) log_opt_values /opt/stack/data/venv/lib/python3.12/site-packages/oslo_config/cfg.py:3253}}
Jul 06 17:53:02.952189 np0000004652 nova-conductor[98733]: DEBUG cotyledon.oslo_config_glue [-] oslo_limit.endpoint_service_type = None {{(pid=98733) log_opt_values /opt/stack/data/venv/lib/python3.12/site-packages/oslo_config/cfg.py:3253}}
Jul 06 17:53:02.952189 np0000004652 nova-conductor[98733]: DEBUG cotyledon.oslo_config_glue [-] oslo_limit.insecure = False {{(pid=98733) log_opt_values /opt/stack/data/venv/lib/python3.12/site-packages/oslo_config/cfg.py:3253}}
Jul 06 17:53:02.952189 np0000004652 nova-conductor[98733]: DEBUG cotyledon.oslo_config_glue [-] oslo_limit.keyfile = None {{(pid=98733) log_opt_values /opt/stack/data/venv/lib/python3.12/site-packages/oslo_config/cfg.py:3253}}
Jul 06 17:53:02.952189 np0000004652 nova-conductor[98733]: DEBUG cotyledon.oslo_config_glue [-] oslo_limit.max_version = None {{(pid=98733) log_opt_values /opt/stack/data/venv/lib/python3.12/site-packages/oslo_config/cfg.py:3253}}
Jul 06 17:53:02.952189 np0000004652 nova-conductor[98733]: DEBUG cotyledon.oslo_config_glue [-] oslo_limit.min_version = None {{(pid=98733) log_opt_values /opt/stack/data/venv/lib/python3.12/site-packages/oslo_config/cfg.py:3253}}
Jul 06 17:53:02.952189 np0000004652 nova-conductor[98733]: DEBUG cotyledon.oslo_config_glue [-] oslo_limit.region_name = None {{(pid=98733) log_opt_values /opt/stack/data/venv/lib/python3.12/site-packages/oslo_config/cfg.py:3253}}
Jul 06 17:53:02.952189 np0000004652 nova-conductor[98733]: DEBUG cotyledon.oslo_config_glue [-] oslo_limit.retriable_status_codes = None {{(pid=98733) log_opt_values /opt/stack/data/venv/lib/python3.12/site-packages/oslo_config/cfg.py:3253}}
Jul 06 17:53:02.952189 np0000004652 nova-conductor[98733]: DEBUG cotyledon.oslo_config_glue [-] oslo_limit.service_name = None {{(pid=98733) log_opt_values /opt/stack/data/venv/lib/python3.12/site-packages/oslo_config/cfg.py:3253}}
Jul 06 17:53:02.952189 np0000004652 nova-conductor[98733]: DEBUG cotyledon.oslo_config_glue [-] oslo_limit.service_type = None {{(pid=98733) log_opt_values /opt/stack/data/venv/lib/python3.12/site-packages/oslo_config/cfg.py:3253}}
Jul 06 17:53:02.952376 np0000004652 nova-conductor[98733]: DEBUG cotyledon.oslo_config_glue [-] oslo_limit.split_loggers = False {{(pid=98733) log_opt_values /opt/stack/data/venv/lib/python3.12/site-packages/oslo_config/cfg.py:3253}}
Jul 06 17:53:02.952376 np0000004652 nova-conductor[98733]: DEBUG cotyledon.oslo_config_glue [-] oslo_limit.status_code_retries = None {{(pid=98733) log_opt_values /opt/stack/data/venv/lib/python3.12/site-packages/oslo_config/cfg.py:3253}}
Jul 06 17:53:02.952376 np0000004652 nova-conductor[98733]: DEBUG cotyledon.oslo_config_glue [-] oslo_limit.status_code_retry_delay = None {{(pid=98733) log_opt_values /opt/stack/data/venv/lib/python3.12/site-packages/oslo_config/cfg.py:3253}}
Jul 06 17:53:02.952376 np0000004652 nova-conductor[98733]: DEBUG cotyledon.oslo_config_glue [-] oslo_limit.timeout = None {{(pid=98733) log_opt_values /opt/stack/data/venv/lib/python3.12/site-packages/oslo_config/cfg.py:3253}}
Jul 06 17:53:02.952376 np0000004652 nova-conductor[98733]: DEBUG cotyledon.oslo_config_glue [-] oslo_limit.valid_interfaces = None {{(pid=98733) log_opt_values /opt/stack/data/venv/lib/python3.12/site-packages/oslo_config/cfg.py:3253}}
Jul 06 17:53:02.952376 np0000004652 nova-conductor[98733]: DEBUG cotyledon.oslo_config_glue [-] oslo_limit.version = None {{(pid=98733) log_opt_values /opt/stack/data/venv/lib/python3.12/site-packages/oslo_config/cfg.py:3253}}
Jul 06 17:53:02.952376 np0000004652 nova-conductor[98733]: DEBUG cotyledon.oslo_config_glue [-] oslo_reports.file_event_handler = None {{(pid=98733) log_opt_values /opt/stack/data/venv/lib/python3.12/site-packages/oslo_config/cfg.py:3253}}
Jul 06 17:53:02.952376 np0000004652 nova-conductor[98733]: DEBUG cotyledon.oslo_config_glue [-] oslo_reports.file_event_handler_interval = 1 {{(pid=98733) log_opt_values /opt/stack/data/venv/lib/python3.12/site-packages/oslo_config/cfg.py:3253}}
Jul 06 17:53:02.952376 np0000004652 nova-conductor[98733]: DEBUG cotyledon.oslo_config_glue [-] oslo_reports.log_dir = None {{(pid=98733) log_opt_values /opt/stack/data/venv/lib/python3.12/site-packages/oslo_config/cfg.py:3253}}
Jul 06 17:53:02.952557 np0000004652 nova-conductor[98733]: DEBUG cotyledon.oslo_config_glue [-] ******************************************************************************** {{(pid=98733) log_opt_values /opt/stack/data/venv/lib/python3.12/site-packages/oslo_config/cfg.py:3260}}
Jul 06 17:53:02.952557 np0000004652 nova-conductor[98733]: DEBUG cotyledon._service_worker [-] Run service ServiceWrapper(3) [98733] {{(pid=98733) wait_forever /opt/stack/data/venv/lib/python3.12/site-packages/cotyledon/_service_worker.py:218}}
Jul 06 17:53:02.952557 np0000004652 nova-conductor[98733]: INFO nova.service [-] Starting conductor node (version 33.1.0)
Jul 06 17:53:02.952557 np0000004652 nova-conductor[98733]: INFO dbcounter [None req-846d3b7c-32b9-476d-8f14-5946e5c2f211 None None] Registered counter for database nova_cell0
Jul 06 17:53:02.952676 np0000004652 nova-conductor[98707]: DEBUG oslo_db.sqlalchemy.engines [None req-041ba269-16f0-406b-a52a-8df440a4bec8 None None] MySQL server mode set to STRICT_TRANS_TABLES,STRICT_ALL_TABLES,NO_ZERO_IN_DATE,NO_ZERO_DATE,ERROR_FOR_DIVISION_BY_ZERO,TRADITIONAL,NO_ENGINE_SUBSTITUTION {{(pid=98707) _check_effective_sql_mode /opt/stack/data/venv/lib/python3.12/site-packages/oslo_db/sqlalchemy/engines.py:325}}
Jul 06 17:53:02.952716 np0000004652 nova-conductor[98727]: DEBUG oslo_db.sqlalchemy.engines [None req-2bb9b29a-866a-420c-abcd-1558224e5846 None None] MySQL server mode set to STRICT_TRANS_TABLES,STRICT_ALL_TABLES,NO_ZERO_IN_DATE,NO_ZERO_DATE,ERROR_FOR_DIVISION_BY_ZERO,TRADITIONAL,NO_ENGINE_SUBSTITUTION {{(pid=98727) _check_effective_sql_mode /opt/stack/data/venv/lib/python3.12/site-packages/oslo_db/sqlalchemy/engines.py:325}}
Jul 06 17:53:02.952755 np0000004652 nova-conductor[98707]: DEBUG dbcounter [-] [98707] Writer thread running {{(pid=98707) stat_writer /opt/stack/data/venv/lib/python3.12/site-packages/dbcounter.py:102}}
Jul 06 17:53:02.952803 np0000004652 nova-conductor[98720]: DEBUG oslo_db.sqlalchemy.engines [None req-7e7a80e2-1dd3-4438-aa28-5ee969cf17d6 None None] MySQL server mode set to STRICT_TRANS_TABLES,STRICT_ALL_TABLES,NO_ZERO_IN_DATE,NO_ZERO_DATE,ERROR_FOR_DIVISION_BY_ZERO,TRADITIONAL,NO_ENGINE_SUBSTITUTION {{(pid=98720) _check_effective_sql_mode /opt/stack/data/venv/lib/python3.12/site-packages/oslo_db/sqlalchemy/engines.py:325}}
Jul 06 17:53:02.952961 np0000004652 nova-conductor[98727]: DEBUG dbcounter [-] [98727] Writer thread running {{(pid=98727) stat_writer /opt/stack/data/venv/lib/python3.12/site-packages/dbcounter.py:102}}
Jul 06 17:53:02.953007 np0000004652 nova-conductor[98720]: DEBUG dbcounter [-] [98720] Writer thread running {{(pid=98720) stat_writer /opt/stack/data/venv/lib/python3.12/site-packages/dbcounter.py:102}}
Jul 06 17:53:02.953034 np0000004652 nova-conductor[98733]: DEBUG oslo_db.sqlalchemy.engines [None req-846d3b7c-32b9-476d-8f14-5946e5c2f211 None None] MySQL server mode set to STRICT_TRANS_TABLES,STRICT_ALL_TABLES,NO_ZERO_IN_DATE,NO_ZERO_DATE,ERROR_FOR_DIVISION_BY_ZERO,TRADITIONAL,NO_ENGINE_SUBSTITUTION {{(pid=98733) _check_effective_sql_mode /opt/stack/data/venv/lib/python3.12/site-packages/oslo_db/sqlalchemy/engines.py:325}}
Jul 06 17:53:02.955514 np0000004652 nova-conductor[98707]: DEBUG nova.service [None req-041ba269-16f0-406b-a52a-8df440a4bec8 None None] Creating RPC server for service: nova-conductor on topic: conductor {{(pid=98707) start /opt/stack/nova/nova/service.py:196}}
Jul 06 17:53:02.962888 np0000004652 nova-conductor[98727]: DEBUG nova.service [None req-2bb9b29a-866a-420c-abcd-1558224e5846 None None] Creating RPC server for service: nova-conductor on topic: conductor {{(pid=98727) start /opt/stack/nova/nova/service.py:196}}
Jul 06 17:53:02.966072 np0000004652 nova-conductor[98733]: DEBUG dbcounter [-] [98733] Writer thread running {{(pid=98733) stat_writer /opt/stack/data/venv/lib/python3.12/site-packages/dbcounter.py:102}}
Jul 06 17:53:02.970773 np0000004652 nova-conductor[98733]: DEBUG nova.service [None req-846d3b7c-32b9-476d-8f14-5946e5c2f211 None None] Creating RPC server for service: nova-conductor on topic: conductor {{(pid=98733) start /opt/stack/nova/nova/service.py:196}}
Jul 06 17:53:02.973882 np0000004652 nova-conductor[98720]: DEBUG nova.service [None req-7e7a80e2-1dd3-4438-aa28-5ee969cf17d6 None None] Creating RPC server for service: nova-conductor on topic: conductor {{(pid=98720) start /opt/stack/nova/nova/service.py:196}}
Jul 06 17:53:02.996297 np0000004652 nova-conductor[98727]: DEBUG nova.service [None req-2bb9b29a-866a-420c-abcd-1558224e5846 None None] Join ServiceGroup membership for this service conductor {{(pid=98727) start /opt/stack/nova/nova/service.py:222}}
Jul 06 17:53:02.996667 np0000004652 nova-conductor[98727]: DEBUG nova.servicegroup.drivers.db [None req-2bb9b29a-866a-420c-abcd-1558224e5846 None None] DB_Driver: join new ServiceGroup member np0000004652 to the conductor group, service = {{(pid=98727) join /opt/stack/nova/nova/servicegroup/drivers/db.py:44}}
Jul 06 17:53:02.996699 np0000004652 nova-conductor[98733]: DEBUG nova.service [None req-846d3b7c-32b9-476d-8f14-5946e5c2f211 None None] Join ServiceGroup membership for this service conductor {{(pid=98733) start /opt/stack/nova/nova/service.py:222}}
Jul 06 17:53:02.997811 np0000004652 nova-conductor[98733]: DEBUG nova.servicegroup.drivers.db [None req-846d3b7c-32b9-476d-8f14-5946e5c2f211 None None] DB_Driver: join new ServiceGroup member np0000004652 to the conductor group, service = {{(pid=98733) join /opt/stack/nova/nova/servicegroup/drivers/db.py:44}}
Jul 06 17:53:03.001614 np0000004652 nova-conductor[98720]: DEBUG nova.service [None req-7e7a80e2-1dd3-4438-aa28-5ee969cf17d6 None None] Join ServiceGroup membership for this service conductor {{(pid=98720) start /opt/stack/nova/nova/service.py:222}}
Jul 06 17:53:03.001770 np0000004652 nova-conductor[98707]: DEBUG nova.service [None req-041ba269-16f0-406b-a52a-8df440a4bec8 None None] Join ServiceGroup membership for this service conductor {{(pid=98707) start /opt/stack/nova/nova/service.py:222}}
Jul 06 17:53:03.001826 np0000004652 nova-conductor[98720]: DEBUG nova.servicegroup.drivers.db [None req-7e7a80e2-1dd3-4438-aa28-5ee969cf17d6 None None] DB_Driver: join new ServiceGroup member np0000004652 to the conductor group, service = {{(pid=98720) join /opt/stack/nova/nova/servicegroup/drivers/db.py:44}}
Jul 06 17:53:03.001899 np0000004652 nova-conductor[98707]: DEBUG nova.servicegroup.drivers.db [None req-041ba269-16f0-406b-a52a-8df440a4bec8 None None] DB_Driver: join new ServiceGroup member np0000004652 to the conductor group, service = {{(pid=98707) join /opt/stack/nova/nova/servicegroup/drivers/db.py:44}}
Jul 06 17:53:08.016473 np0000004652 nova-conductor[98720]: DEBUG oslo.service.backend._threading.loopingcall [-] Fixed interval looping call 'nova.servicegroup.drivers.db.DbDriver._report_state' sleeping for 119.99 seconds {{(pid=98720) _run_loop /opt/stack/data/venv/lib/python3.12/site-packages/oslo_service/backend/_threading/loopingcall.py:125}}
Jul 06 17:53:08.017585 np0000004652 nova-conductor[98733]: DEBUG oslo.service.backend._threading.loopingcall [-] Fixed interval looping call 'nova.servicegroup.drivers.db.DbDriver._report_state' sleeping for 119.98 seconds {{(pid=98733) _run_loop /opt/stack/data/venv/lib/python3.12/site-packages/oslo_service/backend/_threading/loopingcall.py:125}}
Jul 06 17:53:08.019129 np0000004652 nova-conductor[98727]: DEBUG oslo.service.backend._threading.loopingcall [-] Fixed interval looping call 'nova.servicegroup.drivers.db.DbDriver._report_state' sleeping for 119.98 seconds {{(pid=98727) _run_loop /opt/stack/data/venv/lib/python3.12/site-packages/oslo_service/backend/_threading/loopingcall.py:125}}
Jul 06 17:53:08.019406 np0000004652 nova-conductor[98707]: DEBUG oslo.service.backend._threading.loopingcall [-] Fixed interval looping call 'nova.servicegroup.drivers.db.DbDriver._report_state' sleeping for 119.98 seconds {{(pid=98707) _run_loop /opt/stack/data/venv/lib/python3.12/site-packages/oslo_service/backend/_threading/loopingcall.py:125}}
Jul 06 17:53:11.534891 np0000004652 nova-conductor[97215]: DEBUG dbcounter [-] [97215] Writing DB stats nova_api:SELECT=1 {{(pid=97215) stat_writer /opt/stack/data/venv/lib/python3.12/site-packages/dbcounter.py:115}}
Jul 06 17:53:11.671491 np0000004652 nova-conductor[97215]: DEBUG dbcounter [-] [97215] Writing DB stats nova_cell1:SELECT=1 {{(pid=97215) stat_writer /opt/stack/data/venv/lib/python3.12/site-packages/dbcounter.py:115}}
Jul 06 17:53:11.675296 np0000004652 nova-conductor[97215]: DEBUG dbcounter [-] [97215] Writing DB stats nova_cell0:SELECT=1 {{(pid=97215) stat_writer /opt/stack/data/venv/lib/python3.12/site-packages/dbcounter.py:115}}
Jul 06 17:53:18.009512 np0000004652 nova-conductor[98720]: DEBUG dbcounter [-] [98720] Writing DB stats nova_cell0:SELECT=4,nova_cell0:INSERT=1,nova_cell0:UPDATE=1 {{(pid=98720) stat_writer /opt/stack/data/venv/lib/python3.12/site-packages/dbcounter.py:115}}
Jul 06 17:53:18.011090 np0000004652 nova-conductor[98733]: DEBUG dbcounter [-] [98733] Writing DB stats nova_cell0:SELECT=3,nova_cell0:UPDATE=1 {{(pid=98733) stat_writer /opt/stack/data/venv/lib/python3.12/site-packages/dbcounter.py:115}}
Jul 06 17:53:18.011531 np0000004652 nova-conductor[98727]: DEBUG dbcounter [-] [98727] Writing DB stats nova_cell0:SELECT=5,nova_cell0:INSERT=1,nova_cell0:UPDATE=1 {{(pid=98727) stat_writer /opt/stack/data/venv/lib/python3.12/site-packages/dbcounter.py:115}}
Jul 06 17:53:18.013007 np0000004652 nova-conductor[98707]: DEBUG dbcounter [-] [98707] Writing DB stats nova_cell0:SELECT=4,nova_cell0:INSERT=1,nova_cell0:UPDATE=1 {{(pid=98707) stat_writer /opt/stack/data/venv/lib/python3.12/site-packages/dbcounter.py:115}}
Jul 06 17:53:34.004265 np0000004652 nova-conductor[98720]: DEBUG oslo.service.backend._threading.loopingcall [None req-9396171b-395e-49e4-ac47-db45f9cae66b None None] Dynamic interval looping call 'nova.service.Service.periodic_tasks' sleeping for 60.00 seconds {{(pid=98720) _run_loop /opt/stack/data/venv/lib/python3.12/site-packages/oslo_service/backend/_threading/loopingcall.py:125}}
Jul 06 17:53:34.999687 np0000004652 nova-conductor[98727]: DEBUG oslo.service.backend._threading.loopingcall [None req-ade8e83c-9a74-45a3-b6fc-b311e6749934 None None] Dynamic interval looping call 'nova.service.Service.periodic_tasks' sleeping for 60.00 seconds {{(pid=98727) _run_loop /opt/stack/data/venv/lib/python3.12/site-packages/oslo_service/backend/_threading/loopingcall.py:125}}
Jul 06 17:54:00.004132 np0000004652 nova-conductor[98707]: DEBUG oslo.service.backend._threading.loopingcall [None req-ddd48886-b012-4621-a9a7-6ba18b46021b None None] Dynamic interval looping call 'nova.service.Service.periodic_tasks' sleeping for 60.00 seconds {{(pid=98707) _run_loop /opt/stack/data/venv/lib/python3.12/site-packages/oslo_service/backend/_threading/loopingcall.py:125}}
Jul 06 17:54:02.999707 np0000004652 nova-conductor[98733]: DEBUG oslo.service.backend._threading.loopingcall [None req-9d2a9743-71e3-43d3-b07d-8a30fb424d57 None None] Dynamic interval looping call 'nova.service.Service.periodic_tasks' sleeping for 60.00 seconds {{(pid=98733) _run_loop /opt/stack/data/venv/lib/python3.12/site-packages/oslo_service/backend/_threading/loopingcall.py:125}}
Jul 06 17:54:34.005214 np0000004652 nova-conductor[98720]: DEBUG oslo.service.backend._threading.loopingcall [None req-9396171b-395e-49e4-ac47-db45f9cae66b None None] Dynamic interval looping call 'nova.service.Service.periodic_tasks' sleeping for 60.00 seconds {{(pid=98720) _run_loop /opt/stack/data/venv/lib/python3.12/site-packages/oslo_service/backend/_threading/loopingcall.py:125}}
Jul 06 17:54:35.000327 np0000004652 nova-conductor[98727]: DEBUG oslo.service.backend._threading.loopingcall [None req-ade8e83c-9a74-45a3-b6fc-b311e6749934 None None] Dynamic interval looping call 'nova.service.Service.periodic_tasks' sleeping for 60.00 seconds {{(pid=98727) _run_loop /opt/stack/data/venv/lib/python3.12/site-packages/oslo_service/backend/_threading/loopingcall.py:125}}
Jul 06 17:55:00.004572 np0000004652 nova-conductor[98707]: DEBUG oslo.service.backend._threading.loopingcall [None req-ddd48886-b012-4621-a9a7-6ba18b46021b None None] Dynamic interval looping call 'nova.service.Service.periodic_tasks' sleeping for 60.00 seconds {{(pid=98707) _run_loop /opt/stack/data/venv/lib/python3.12/site-packages/oslo_service/backend/_threading/loopingcall.py:125}}
Jul 06 17:55:03.000294 np0000004652 nova-conductor[98733]: DEBUG oslo.service.backend._threading.loopingcall [None req-9d2a9743-71e3-43d3-b07d-8a30fb424d57 None None] Dynamic interval looping call 'nova.service.Service.periodic_tasks' sleeping for 60.00 seconds {{(pid=98733) _run_loop /opt/stack/data/venv/lib/python3.12/site-packages/oslo_service/backend/_threading/loopingcall.py:125}}
Jul 06 17:55:08.008488 np0000004652 nova-conductor[98733]: DEBUG oslo.service.backend._threading.loopingcall [-] Fixed interval looping call 'nova.servicegroup.drivers.db.DbDriver._report_state' sleeping for 119.99 seconds {{(pid=98733) _run_loop /opt/stack/data/venv/lib/python3.12/site-packages/oslo_service/backend/_threading/loopingcall.py:125}}
Jul 06 17:55:08.009123 np0000004652 nova-conductor[98727]: DEBUG oslo.service.backend._threading.loopingcall [-] Fixed interval looping call 'nova.servicegroup.drivers.db.DbDriver._report_state' sleeping for 119.99 seconds {{(pid=98727) _run_loop /opt/stack/data/venv/lib/python3.12/site-packages/oslo_service/backend/_threading/loopingcall.py:125}}
Jul 06 17:55:08.009871 np0000004652 nova-conductor[98707]: DEBUG oslo.service.backend._threading.loopingcall [-] Fixed interval looping call 'nova.servicegroup.drivers.db.DbDriver._report_state' sleeping for 119.99 seconds {{(pid=98707) _run_loop /opt/stack/data/venv/lib/python3.12/site-packages/oslo_service/backend/_threading/loopingcall.py:125}}
Jul 06 17:55:08.011782 np0000004652 nova-conductor[98720]: DEBUG oslo.service.backend._threading.loopingcall [-] Fixed interval looping call 'nova.servicegroup.drivers.db.DbDriver._report_state' sleeping for 120.00 seconds {{(pid=98720) _run_loop /opt/stack/data/venv/lib/python3.12/site-packages/oslo_service/backend/_threading/loopingcall.py:125}}
Jul 06 17:55:18.001320 np0000004652 nova-conductor[98733]: DEBUG dbcounter [-] [98733] Writing DB stats nova_cell0:SELECT=1,nova_cell0:UPDATE=1 {{(pid=98733) stat_writer /opt/stack/data/venv/lib/python3.12/site-packages/dbcounter.py:115}}
Jul 06 17:55:18.004136 np0000004652 nova-conductor[98727]: DEBUG dbcounter [-] [98727] Writing DB stats nova_cell0:SELECT=1,nova_cell0:UPDATE=1 {{(pid=98727) stat_writer /opt/stack/data/venv/lib/python3.12/site-packages/dbcounter.py:115}}
Jul 06 17:55:18.004501 np0000004652 nova-conductor[98707]: DEBUG dbcounter [-] [98707] Writing DB stats nova_cell0:SELECT=1,nova_cell0:UPDATE=1 {{(pid=98707) stat_writer /opt/stack/data/venv/lib/python3.12/site-packages/dbcounter.py:115}}
Jul 06 17:55:18.009543 np0000004652 nova-conductor[98720]: DEBUG dbcounter [-] [98720] Writing DB stats nova_cell0:SELECT=1 {{(pid=98720) stat_writer /opt/stack/data/venv/lib/python3.12/site-packages/dbcounter.py:115}}
Jul 06 17:55:29.996788 np0000004652 nova-conductor[98727]: DEBUG oslo_db.sqlalchemy.engines [None req-96e8532f-09c9-4ab8-9338-c8cbbb85e16f tempest-DeleteServersTestJSON-1924467176 tempest-DeleteServersTestJSON-1924467176-project-member] Parent process 97215 forked (98727) with an open database connection, which is being discarded and recreated. {{(pid=98727) checkout /opt/stack/data/venv/lib/python3.12/site-packages/oslo_db/sqlalchemy/engines.py:402}}
Jul 06 17:55:30.046279 np0000004652 nova-conductor[98727]: DEBUG dbcounter [-] [98727] Writer thread running {{(pid=98727) stat_writer /opt/stack/data/venv/lib/python3.12/site-packages/dbcounter.py:102}}
Jul 06 17:55:30.789574 np0000004652 nova-conductor[98733]: DEBUG dbcounter [-] [98733] Writer thread running {{(pid=98733) stat_writer /opt/stack/data/venv/lib/python3.12/site-packages/dbcounter.py:102}}
Jul 06 17:55:31.587030 np0000004652 nova-conductor[98727]: DEBUG nova.conductor.manager [None req-96e8532f-09c9-4ab8-9338-c8cbbb85e16f tempest-DeleteServersTestJSON-1924467176 tempest-DeleteServersTestJSON-1924467176-project-member] Took 1.54 seconds to select destinations for 1 instance(s). {{(pid=98727) _schedule_instances /opt/stack/nova/nova/conductor/manager.py:968}}
Jul 06 17:55:31.618742 np0000004652 nova-conductor[98727]: DEBUG oslo_concurrency.lockutils [None req-96e8532f-09c9-4ab8-9338-c8cbbb85e16f tempest-DeleteServersTestJSON-1924467176 tempest-DeleteServersTestJSON-1924467176-project-member] Acquiring lock "8e2b0509-c69b-4003-8fc0-57774732c96b" by "nova.context.set_target_cell..get_or_set_cached_cell_and_set_connections" {{(pid=98727) inner /opt/stack/data/venv/lib/python3.12/site-packages/oslo_concurrency/lockutils.py:511}}
Jul 06 17:55:31.618995 np0000004652 nova-conductor[98727]: DEBUG oslo_concurrency.lockutils [None req-96e8532f-09c9-4ab8-9338-c8cbbb85e16f tempest-DeleteServersTestJSON-1924467176 tempest-DeleteServersTestJSON-1924467176-project-member] Lock "8e2b0509-c69b-4003-8fc0-57774732c96b" acquired by "nova.context.set_target_cell..get_or_set_cached_cell_and_set_connections" :: waited 0.000s {{(pid=98727) inner /opt/stack/data/venv/lib/python3.12/site-packages/oslo_concurrency/lockutils.py:524}}
Jul 06 17:55:31.620794 np0000004652 nova-conductor[98727]: DEBUG oslo_concurrency.lockutils [None req-96e8532f-09c9-4ab8-9338-c8cbbb85e16f tempest-DeleteServersTestJSON-1924467176 tempest-DeleteServersTestJSON-1924467176-project-member] Lock "8e2b0509-c69b-4003-8fc0-57774732c96b" "released" by "nova.context.set_target_cell..get_or_set_cached_cell_and_set_connections" :: held 0.002s {{(pid=98727) inner /opt/stack/data/venv/lib/python3.12/site-packages/oslo_concurrency/lockutils.py:543}}
Jul 06 17:55:31.622790 np0000004652 nova-conductor[98727]: INFO dbcounter [None req-96e8532f-09c9-4ab8-9338-c8cbbb85e16f tempest-DeleteServersTestJSON-1924467176 tempest-DeleteServersTestJSON-1924467176-project-member] Registered counter for database nova_cell1
Jul 06 17:55:31.660308 np0000004652 nova-conductor[98727]: DEBUG oslo_db.sqlalchemy.engines [None req-96e8532f-09c9-4ab8-9338-c8cbbb85e16f tempest-DeleteServersTestJSON-1924467176 tempest-DeleteServersTestJSON-1924467176-project-member] MySQL server mode set to STRICT_TRANS_TABLES,STRICT_ALL_TABLES,NO_ZERO_IN_DATE,NO_ZERO_DATE,ERROR_FOR_DIVISION_BY_ZERO,TRADITIONAL,NO_ENGINE_SUBSTITUTION {{(pid=98727) _check_effective_sql_mode /opt/stack/data/venv/lib/python3.12/site-packages/oslo_db/sqlalchemy/engines.py:325}}
Jul 06 17:55:31.665989 np0000004652 nova-conductor[98727]: DEBUG dbcounter [-] [98727] Writer thread running {{(pid=98727) stat_writer /opt/stack/data/venv/lib/python3.12/site-packages/dbcounter.py:102}}
Jul 06 17:55:31.731606 np0000004652 nova-conductor[98727]: INFO nova.utils [None req-96e8532f-09c9-4ab8-9338-c8cbbb85e16f tempest-DeleteServersTestJSON-1924467176 tempest-DeleteServersTestJSON-1924467176-project-member] The cell worker thread pool ForkProcess-3.cell_worker is initialized
Jul 06 17:55:31.732001 np0000004652 nova-conductor[98727]: DEBUG oslo_concurrency.lockutils [None req-96e8532f-09c9-4ab8-9338-c8cbbb85e16f tempest-DeleteServersTestJSON-1924467176 tempest-DeleteServersTestJSON-1924467176-project-member] Acquiring lock "00000000-0000-0000-0000-000000000000" by "nova.context.set_target_cell..get_or_set_cached_cell_and_set_connections" {{(pid=98727) inner /opt/stack/data/venv/lib/python3.12/site-packages/oslo_concurrency/lockutils.py:511}}
Jul 06 17:55:31.732191 np0000004652 nova-conductor[98727]: DEBUG oslo_concurrency.lockutils [None req-96e8532f-09c9-4ab8-9338-c8cbbb85e16f tempest-DeleteServersTestJSON-1924467176 tempest-DeleteServersTestJSON-1924467176-project-member] Lock "00000000-0000-0000-0000-000000000000" acquired by "nova.context.set_target_cell..get_or_set_cached_cell_and_set_connections" :: waited 0.000s {{(pid=98727) inner /opt/stack/data/venv/lib/python3.12/site-packages/oslo_concurrency/lockutils.py:524}}
Jul 06 17:55:31.732648 np0000004652 nova-conductor[98727]: DEBUG oslo_concurrency.lockutils [None req-96e8532f-09c9-4ab8-9338-c8cbbb85e16f tempest-DeleteServersTestJSON-1924467176 tempest-DeleteServersTestJSON-1924467176-project-member] Lock "00000000-0000-0000-0000-000000000000" "released" by "nova.context.set_target_cell..get_or_set_cached_cell_and_set_connections" :: held 0.000s {{(pid=98727) inner /opt/stack/data/venv/lib/python3.12/site-packages/oslo_concurrency/lockutils.py:543}}
Jul 06 17:55:31.733491 np0000004652 nova-conductor[98727]: DEBUG oslo_concurrency.lockutils [None req-96e8532f-09c9-4ab8-9338-c8cbbb85e16f tempest-DeleteServersTestJSON-1924467176 tempest-DeleteServersTestJSON-1924467176-project-member] Acquiring lock "8e2b0509-c69b-4003-8fc0-57774732c96b" by "nova.context.set_target_cell..get_or_set_cached_cell_and_set_connections" {{(pid=98727) inner /opt/stack/data/venv/lib/python3.12/site-packages/oslo_concurrency/lockutils.py:511}}
Jul 06 17:55:31.735361 np0000004652 nova-conductor[98727]: INFO dbcounter [None req-96e8532f-09c9-4ab8-9338-c8cbbb85e16f tempest-DeleteServersTestJSON-1924467176 tempest-DeleteServersTestJSON-1924467176-project-member] Registered counter for database nova_cell0
Jul 06 17:55:31.736753 np0000004652 nova-conductor[98727]: DEBUG oslo_concurrency.lockutils [None req-96e8532f-09c9-4ab8-9338-c8cbbb85e16f tempest-DeleteServersTestJSON-1924467176 tempest-DeleteServersTestJSON-1924467176-project-member] Lock "8e2b0509-c69b-4003-8fc0-57774732c96b" acquired by "nova.context.set_target_cell..get_or_set_cached_cell_and_set_connections" :: waited 0.002s {{(pid=98727) inner /opt/stack/data/venv/lib/python3.12/site-packages/oslo_concurrency/lockutils.py:524}}
Jul 06 17:55:31.736979 np0000004652 nova-conductor[98727]: DEBUG oslo_concurrency.lockutils [None req-96e8532f-09c9-4ab8-9338-c8cbbb85e16f tempest-DeleteServersTestJSON-1924467176 tempest-DeleteServersTestJSON-1924467176-project-member] Lock "8e2b0509-c69b-4003-8fc0-57774732c96b" "released" by "nova.context.set_target_cell..get_or_set_cached_cell_and_set_connections" :: held 0.002s {{(pid=98727) inner /opt/stack/data/venv/lib/python3.12/site-packages/oslo_concurrency/lockutils.py:543}}
Jul 06 17:55:31.778092 np0000004652 nova-conductor[98727]: DEBUG oslo_db.sqlalchemy.engines [None req-96e8532f-09c9-4ab8-9338-c8cbbb85e16f tempest-DeleteServersTestJSON-1924467176 tempest-DeleteServersTestJSON-1924467176-project-member] MySQL server mode set to STRICT_TRANS_TABLES,STRICT_ALL_TABLES,NO_ZERO_IN_DATE,NO_ZERO_DATE,ERROR_FOR_DIVISION_BY_ZERO,TRADITIONAL,NO_ENGINE_SUBSTITUTION {{(pid=98727) _check_effective_sql_mode /opt/stack/data/venv/lib/python3.12/site-packages/oslo_db/sqlalchemy/engines.py:325}}
Jul 06 17:55:31.783995 np0000004652 nova-conductor[98727]: DEBUG dbcounter [-] [98727] Writer thread running {{(pid=98727) stat_writer /opt/stack/data/venv/lib/python3.12/site-packages/dbcounter.py:102}}
Jul 06 17:55:31.795888 np0000004652 nova-conductor[98727]: DEBUG nova.quota [None req-96e8532f-09c9-4ab8-9338-c8cbbb85e16f tempest-DeleteServersTestJSON-1924467176 tempest-DeleteServersTestJSON-1924467176-project-member] Getting quotas for project 2dc19c4332ff4802ba41c8f5b2462136. Resources: {'cores', 'instances', 'ram'} {{(pid=98727) _get_quotas /opt/stack/nova/nova/quota.py:389}}
Jul 06 17:55:31.799258 np0000004652 nova-conductor[98727]: DEBUG nova.quota [None req-96e8532f-09c9-4ab8-9338-c8cbbb85e16f tempest-DeleteServersTestJSON-1924467176 tempest-DeleteServersTestJSON-1924467176-project-member] Getting quotas for user 797d6788d3d9493e81770e624671333c and project 2dc19c4332ff4802ba41c8f5b2462136. Resources: {'cores', 'instances', 'ram'} {{(pid=98727) _get_quotas /opt/stack/nova/nova/quota.py:379}}
Jul 06 17:55:31.805541 np0000004652 nova-conductor[98727]: DEBUG nova.conductor.manager [None req-96e8532f-09c9-4ab8-9338-c8cbbb85e16f tempest-DeleteServersTestJSON-1924467176 tempest-DeleteServersTestJSON-1924467176-project-member] [instance: 2cea2b08-16bc-4b2c-8106-3fd2c4cfa8d5] Selected host: np0000004652; Selected node: np0000004652; Alternates: [] {{(pid=98727) schedule_and_build_instances /opt/stack/nova/nova/conductor/manager.py:1784}}
Jul 06 17:55:31.806004 np0000004652 nova-conductor[98727]: DEBUG oslo_concurrency.lockutils [None req-96e8532f-09c9-4ab8-9338-c8cbbb85e16f tempest-DeleteServersTestJSON-1924467176 tempest-DeleteServersTestJSON-1924467176-project-member] Acquiring lock "8e2b0509-c69b-4003-8fc0-57774732c96b" by "nova.context.set_target_cell..get_or_set_cached_cell_and_set_connections" {{(pid=98727) inner /opt/stack/data/venv/lib/python3.12/site-packages/oslo_concurrency/lockutils.py:511}}
Jul 06 17:55:31.806182 np0000004652 nova-conductor[98727]: DEBUG oslo_concurrency.lockutils [None req-96e8532f-09c9-4ab8-9338-c8cbbb85e16f tempest-DeleteServersTestJSON-1924467176 tempest-DeleteServersTestJSON-1924467176-project-member] Lock "8e2b0509-c69b-4003-8fc0-57774732c96b" acquired by "nova.context.set_target_cell..get_or_set_cached_cell_and_set_connections" :: waited 0.000s {{(pid=98727) inner /opt/stack/data/venv/lib/python3.12/site-packages/oslo_concurrency/lockutils.py:524}}
Jul 06 17:55:31.806281 np0000004652 nova-conductor[98727]: DEBUG oslo_concurrency.lockutils [None req-96e8532f-09c9-4ab8-9338-c8cbbb85e16f tempest-DeleteServersTestJSON-1924467176 tempest-DeleteServersTestJSON-1924467176-project-member] Lock "8e2b0509-c69b-4003-8fc0-57774732c96b" "released" by "nova.context.set_target_cell..get_or_set_cached_cell_and_set_connections" :: held 0.000s {{(pid=98727) inner /opt/stack/data/venv/lib/python3.12/site-packages/oslo_concurrency/lockutils.py:543}}
Jul 06 17:55:31.816569 np0000004652 nova-conductor[98727]: DEBUG nova.conductor.manager [None req-96e8532f-09c9-4ab8-9338-c8cbbb85e16f tempest-DeleteServersTestJSON-1924467176 tempest-DeleteServersTestJSON-1924467176-project-member] [instance: 2cea2b08-16bc-4b2c-8106-3fd2c4cfa8d5] block_device_mapping [BlockDeviceMapping(attachment_id=,boot_index=0,connection_info=None,created_at=,delete_on_termination=True,deleted=,deleted_at=,destination_type='local',device_name=None,device_type='disk',disk_bus=None,encrypted=False,encryption_format=None,encryption_options=None,encryption_secret_uuid=None,guest_format=None,id=,image_id='54348f7d-9df4-4125-8d7a-191eb5875857',instance=,instance_uuid=,no_device=False,snapshot_id=None,source_type='image',tag=None,updated_at=,uuid=,volume_id=None,volume_size=None,volume_type=None)] {{(pid=98727) _create_block_device_mapping /opt/stack/nova/nova/conductor/manager.py:1529}}
Jul 06 17:55:31.817878 np0000004652 nova-conductor[98727]: DEBUG oslo_concurrency.lockutils [None req-96e8532f-09c9-4ab8-9338-c8cbbb85e16f tempest-DeleteServersTestJSON-1924467176 tempest-DeleteServersTestJSON-1924467176-project-member] Acquiring lock "8e2b0509-c69b-4003-8fc0-57774732c96b" by "nova.context.set_target_cell..get_or_set_cached_cell_and_set_connections" {{(pid=98727) inner /opt/stack/data/venv/lib/python3.12/site-packages/oslo_concurrency/lockutils.py:511}}
Jul 06 17:55:31.818096 np0000004652 nova-conductor[98727]: DEBUG oslo_concurrency.lockutils [None req-96e8532f-09c9-4ab8-9338-c8cbbb85e16f tempest-DeleteServersTestJSON-1924467176 tempest-DeleteServersTestJSON-1924467176-project-member] Lock "8e2b0509-c69b-4003-8fc0-57774732c96b" acquired by "nova.context.set_target_cell..get_or_set_cached_cell_and_set_connections" :: waited 0.000s {{(pid=98727) inner /opt/stack/data/venv/lib/python3.12/site-packages/oslo_concurrency/lockutils.py:524}}
Jul 06 17:55:31.818291 np0000004652 nova-conductor[98727]: DEBUG oslo_concurrency.lockutils [None req-96e8532f-09c9-4ab8-9338-c8cbbb85e16f tempest-DeleteServersTestJSON-1924467176 tempest-DeleteServersTestJSON-1924467176-project-member] Lock "8e2b0509-c69b-4003-8fc0-57774732c96b" "released" by "nova.context.set_target_cell..get_or_set_cached_cell_and_set_connections" :: held 0.000s {{(pid=98727) inner /opt/stack/data/venv/lib/python3.12/site-packages/oslo_concurrency/lockutils.py:543}}
Jul 06 17:55:31.828781 np0000004652 nova-conductor[98733]: DEBUG nova.conductor.manager [None req-5072f1f6-a944-45d0-b8cb-a02210fc3028 tempest-AttachVolumeTestJSON-1978508972 tempest-AttachVolumeTestJSON-1978508972-project-member] Took 1.04 seconds to select destinations for 1 instance(s). {{(pid=98733) _schedule_instances /opt/stack/nova/nova/conductor/manager.py:968}}
Jul 06 17:55:31.859045 np0000004652 nova-conductor[98733]: DEBUG oslo_concurrency.lockutils [None req-5072f1f6-a944-45d0-b8cb-a02210fc3028 tempest-AttachVolumeTestJSON-1978508972 tempest-AttachVolumeTestJSON-1978508972-project-member] Acquiring lock "8e2b0509-c69b-4003-8fc0-57774732c96b" by "nova.context.set_target_cell..get_or_set_cached_cell_and_set_connections" {{(pid=98733) inner /opt/stack/data/venv/lib/python3.12/site-packages/oslo_concurrency/lockutils.py:511}}
Jul 06 17:55:31.859470 np0000004652 nova-conductor[98733]: DEBUG oslo_concurrency.lockutils [None req-5072f1f6-a944-45d0-b8cb-a02210fc3028 tempest-AttachVolumeTestJSON-1978508972 tempest-AttachVolumeTestJSON-1978508972-project-member] Lock "8e2b0509-c69b-4003-8fc0-57774732c96b" acquired by "nova.context.set_target_cell..get_or_set_cached_cell_and_set_connections" :: waited 0.000s {{(pid=98733) inner /opt/stack/data/venv/lib/python3.12/site-packages/oslo_concurrency/lockutils.py:524}}
Jul 06 17:55:31.860954 np0000004652 nova-conductor[98733]: DEBUG oslo_concurrency.lockutils [None req-5072f1f6-a944-45d0-b8cb-a02210fc3028 tempest-AttachVolumeTestJSON-1978508972 tempest-AttachVolumeTestJSON-1978508972-project-member] Lock "8e2b0509-c69b-4003-8fc0-57774732c96b" "released" by "nova.context.set_target_cell..get_or_set_cached_cell_and_set_connections" :: held 0.002s {{(pid=98733) inner /opt/stack/data/venv/lib/python3.12/site-packages/oslo_concurrency/lockutils.py:543}}
