Jun 12 07:49:08.248484 np0000002717 devstack@g-api.service[102020]: DEBUG glance_store.capabilities [-] Store glance_store._drivers.swift.store.SingleTenantStore doesn't support updating dynamic storage capabilities. Please overwrite 'update_capabilities' method of the store to implement updating logics if needed. {{(pid=102020) update_capabilities /opt/stack/data/venv/lib/python3.12/site-packages/glance_store/capabilities.py:91}}
Jun 12 07:49:08.248549 np0000002717 devstack@g-api.service[102020]: DEBUG glance_store.driver [-] Late loading location class glance_store._drivers.swift.store.StoreLocation {{(pid=102020) get_store_location_class /opt/stack/data/venv/lib/python3.12/site-packages/glance_store/driver.py:134}}
Jun 12 07:49:08.248612 np0000002717 devstack@g-api.service[102020]: DEBUG glance_store.location [-] Registering scheme swift+https with {'store': , 'location_class': , 'store_entry': 'swift'} {{(pid=102020) register_scheme_map /opt/stack/data/venv/lib/python3.12/site-packages/glance_store/location.py:146}}
Jun 12 07:49:08.248666 np0000002717 devstack@g-api.service[102020]: DEBUG glance_store.location [-] Registering scheme swift+https with {'store': , 'location_class': , 'store_entry': 'swift'} {{(pid=102020) register_scheme_map /opt/stack/data/venv/lib/python3.12/site-packages/glance_store/location.py:146}}
Jun 12 07:49:08.248714 np0000002717 devstack@g-api.service[102020]: DEBUG glance_store.location [-] Registering scheme swift with {'store': , 'location_class': , 'store_entry': 'swift'} {{(pid=102020) register_scheme_map /opt/stack/data/venv/lib/python3.12/site-packages/glance_store/location.py:146}}
Jun 12 07:49:08.248796 np0000002717 devstack@g-api.service[102020]: DEBUG glance_store.location [-] Registering scheme swift+https with {'store': , 'location_class': , 'store_entry': 'swift'} {{(pid=102020) register_scheme_map /opt/stack/data/venv/lib/python3.12/site-packages/glance_store/location.py:146}}
Jun 12 07:49:08.248865 np0000002717 devstack@g-api.service[102020]: DEBUG glance_store.location [-] Registering scheme swift with {'store': , 'location_class': , 'store_entry': 'swift'} {{(pid=102020) register_scheme_map /opt/stack/data/venv/lib/python3.12/site-packages/glance_store/location.py:146}}
Jun 12 07:49:08.248923 np0000002717 devstack@g-api.service[102020]: DEBUG glance_store.location [-] Registering scheme swift+http with {'store': , 'location_class': , 'store_entry': 'swift'} {{(pid=102020) register_scheme_map /opt/stack/data/venv/lib/python3.12/site-packages/glance_store/location.py:146}}
Jun 12 07:49:08.248988 np0000002717 devstack@g-api.service[102020]: DEBUG glance_store.location [-] Registering scheme swift+https with {'store': , 'location_class': , 'store_entry': 'swift'} {{(pid=102020) register_scheme_map /opt/stack/data/venv/lib/python3.12/site-packages/glance_store/location.py:146}}
Jun 12 07:49:08.249035 np0000002717 devstack@g-api.service[102020]: DEBUG glance_store.location [-] Registering scheme swift with {'store': , 'location_class': , 'store_entry': 'swift'} {{(pid=102020) register_scheme_map /opt/stack/data/venv/lib/python3.12/site-packages/glance_store/location.py:146}}
Jun 12 07:49:08.249083 np0000002717 devstack@g-api.service[102020]: DEBUG glance_store.location [-] Registering scheme swift+http with {'store': , 'location_class': , 'store_entry': 'swift'} {{(pid=102020) register_scheme_map /opt/stack/data/venv/lib/python3.12/site-packages/glance_store/location.py:146}}
Jun 12 07:49:08.249130 np0000002717 devstack@g-api.service[102020]: DEBUG glance_store.location [-] Registering scheme swift+config with {'store': , 'location_class': , 'store_entry': 'swift'} {{(pid=102020) register_scheme_map /opt/stack/data/venv/lib/python3.12/site-packages/glance_store/location.py:146}}
Jun 12 07:49:08.249283 np0000002717 devstack@g-api.service[102018]: DEBUG glance_store.capabilities [-] Store glance_store._drivers.swift.store.SingleTenantStore doesn't support updating dynamic storage capabilities. Please overwrite 'update_capabilities' method of the store to implement updating logics if needed. {{(pid=102018) update_capabilities /opt/stack/data/venv/lib/python3.12/site-packages/glance_store/capabilities.py:91}}
Jun 12 07:49:08.249386 np0000002717 devstack@g-api.service[102018]: DEBUG glance_store.driver [-] Late loading location class glance_store._drivers.swift.store.StoreLocation {{(pid=102018) get_store_location_class /opt/stack/data/venv/lib/python3.12/site-packages/glance_store/driver.py:134}}
Jun 12 07:49:08.249426 np0000002717 devstack@g-api.service[102020]: DEBUG glance.sqlite_migration [-] SQLite caching database not located, skipping migration {{(pid=102020) get_db_path /opt/stack/glance/glance/sqlite_migration.py:68}}
Jun 12 07:49:08.249498 np0000002717 devstack@g-api.service[102018]: DEBUG glance_store.location [-] Registering scheme swift+https with {'store': , 'location_class': , 'store_entry': 'swift'} {{(pid=102018) register_scheme_map /opt/stack/data/venv/lib/python3.12/site-packages/glance_store/location.py:146}}
Jun 12 07:49:08.249570 np0000002717 devstack@g-api.service[102018]: DEBUG glance_store.location [-] Registering scheme swift+https with {'store': , 'location_class': , 'store_entry': 'swift'} {{(pid=102018) register_scheme_map /opt/stack/data/venv/lib/python3.12/site-packages/glance_store/location.py:146}}
Jun 12 07:49:08.249612 np0000002717 devstack@g-api.service[102020]: WARNING glance.common.wsgi_app [-] Import methods are enabled but staging directory /tmp/staging/ does not exist; Imports will fail!
Jun 12 07:49:08.249651 np0000002717 devstack@g-api.service[102018]: DEBUG glance_store.location [-] Registering scheme swift with {'store': , 'location_class': , 'store_entry': 'swift'} {{(pid=102018) register_scheme_map /opt/stack/data/venv/lib/python3.12/site-packages/glance_store/location.py:146}}
Jun 12 07:49:08.249725 np0000002717 devstack@g-api.service[102018]: DEBUG glance_store.location [-] Registering scheme swift+https with {'store': , 'location_class': , 'store_entry': 'swift'} {{(pid=102018) register_scheme_map /opt/stack/data/venv/lib/python3.12/site-packages/glance_store/location.py:146}}
Jun 12 07:49:08.249768 np0000002717 devstack@g-api.service[102018]: DEBUG glance_store.location [-] Registering scheme swift with {'store': , 'location_class': , 'store_entry': 'swift'} {{(pid=102018) register_scheme_map /opt/stack/data/venv/lib/python3.12/site-packages/glance_store/location.py:146}}
Jun 12 07:49:08.249820 np0000002717 devstack@g-api.service[102018]: DEBUG glance_store.location [-] Registering scheme swift+http with {'store': , 'location_class': , 'store_entry': 'swift'} {{(pid=102018) register_scheme_map /opt/stack/data/venv/lib/python3.12/site-packages/glance_store/location.py:146}}
Jun 12 07:49:08.249870 np0000002717 devstack@g-api.service[102018]: DEBUG glance_store.location [-] Registering scheme swift+https with {'store': , 'location_class': , 'store_entry': 'swift'} {{(pid=102018) register_scheme_map /opt/stack/data/venv/lib/python3.12/site-packages/glance_store/location.py:146}}
Jun 12 07:49:08.249916 np0000002717 devstack@g-api.service[102018]: DEBUG glance_store.location [-] Registering scheme swift with {'store': , 'location_class': , 'store_entry': 'swift'} {{(pid=102018) register_scheme_map /opt/stack/data/venv/lib/python3.12/site-packages/glance_store/location.py:146}}
Jun 12 07:49:08.249984 np0000002717 devstack@g-api.service[102018]: DEBUG glance_store.location [-] Registering scheme swift+http with {'store': , 'location_class': , 'store_entry': 'swift'} {{(pid=102018) register_scheme_map /opt/stack/data/venv/lib/python3.12/site-packages/glance_store/location.py:146}}
Jun 12 07:49:08.250018 np0000002717 devstack@g-api.service[102018]: DEBUG glance_store.location [-] Registering scheme swift+config with {'store': , 'location_class': , 'store_entry': 'swift'} {{(pid=102018) register_scheme_map /opt/stack/data/venv/lib/python3.12/site-packages/glance_store/location.py:146}}
Jun 12 07:49:08.250236 np0000002717 devstack@g-api.service[102018]: DEBUG glance.sqlite_migration [-] SQLite caching database not located, skipping migration {{(pid=102018) get_db_path /opt/stack/glance/glance/sqlite_migration.py:68}}
Jun 12 07:49:08.250420 np0000002717 devstack@g-api.service[102018]: WARNING glance.common.wsgi_app [-] Import methods are enabled but staging directory /tmp/staging/ does not exist; Imports will fail!
Jun 12 07:49:08.510259 np0000002717 devstack@g-api.service[102019]: DEBUG glance.common.config [None req-37c0272d-25c9-4743-a7b1-8b093d422de3 None None] Loading glance-api-keystone+cachemanagement from /etc/glance/glance-api-paste.ini {{(pid=102019) load_paste_app /opt/stack/glance/glance/common/config.py:758}}
Jun 12 07:49:08.514994 np0000002717 devstack@g-api.service[102020]: DEBUG glance.common.config [None req-01ab7863-412b-4038-8f0f-9ed56c742163 None None] Loading glance-api-keystone+cachemanagement from /etc/glance/glance-api-paste.ini {{(pid=102020) load_paste_app /opt/stack/glance/glance/common/config.py:758}}
Jun 12 07:49:08.533978 np0000002717 devstack@g-api.service[102018]: DEBUG glance.common.config [None req-55770836-72ff-4e66-b82c-d95294637196 None None] Loading glance-api-keystone+cachemanagement from /etc/glance/glance-api-paste.ini {{(pid=102018) load_paste_app /opt/stack/glance/glance/common/config.py:758}}
Jun 12 07:49:09.088222 np0000002717 devstack@g-api.service[102018]: INFO glance.image_cache [None req-55770836-72ff-4e66-b82c-d95294637196 None None] Image cache loaded driver 'centralized_db'.
Jun 12 07:49:09.094020 np0000002717 devstack@g-api.service[102019]: INFO glance.image_cache [None req-37c0272d-25c9-4743-a7b1-8b093d422de3 None None] Image cache loaded driver 'centralized_db'.
Jun 12 07:49:09.096729 np0000002717 devstack@g-api.service[102020]: INFO glance.image_cache [None req-01ab7863-412b-4038-8f0f-9ed56c742163 None None] Image cache loaded driver 'centralized_db'.
Jun 12 07:49:09.129150 np0000002717 devstack@g-api.service[102018]: INFO dbcounter [None req-55770836-72ff-4e66-b82c-d95294637196 None None] Registered counter for database glance
Jun 12 07:49:09.137105 np0000002717 devstack@g-api.service[102019]: INFO dbcounter [None req-37c0272d-25c9-4743-a7b1-8b093d422de3 None None] Registered counter for database glance
Jun 12 07:49:09.139782 np0000002717 devstack@g-api.service[102020]: INFO dbcounter [None req-01ab7863-412b-4038-8f0f-9ed56c742163 None None] Registered counter for database glance
Jun 12 07:49:09.169807 np0000002717 devstack@g-api.service[102018]: DEBUG oslo_db.sqlalchemy.engines [None req-55770836-72ff-4e66-b82c-d95294637196 None None] MySQL server mode set to STRICT_TRANS_TABLES,STRICT_ALL_TABLES,NO_ZERO_IN_DATE,NO_ZERO_DATE,ERROR_FOR_DIVISION_BY_ZERO,TRADITIONAL,NO_ENGINE_SUBSTITUTION {{(pid=102018) _check_effective_sql_mode /opt/stack/data/venv/lib/python3.12/site-packages/oslo_db/sqlalchemy/engines.py:325}}
Jun 12 07:49:09.180944 np0000002717 devstack@g-api.service[102019]: DEBUG oslo_db.sqlalchemy.engines [None req-37c0272d-25c9-4743-a7b1-8b093d422de3 None None] MySQL server mode set to STRICT_TRANS_TABLES,STRICT_ALL_TABLES,NO_ZERO_IN_DATE,NO_ZERO_DATE,ERROR_FOR_DIVISION_BY_ZERO,TRADITIONAL,NO_ENGINE_SUBSTITUTION {{(pid=102019) _check_effective_sql_mode /opt/stack/data/venv/lib/python3.12/site-packages/oslo_db/sqlalchemy/engines.py:325}}
Jun 12 07:49:09.184621 np0000002717 devstack@g-api.service[102020]: DEBUG oslo_db.sqlalchemy.engines [None req-01ab7863-412b-4038-8f0f-9ed56c742163 None None] MySQL server mode set to STRICT_TRANS_TABLES,STRICT_ALL_TABLES,NO_ZERO_IN_DATE,NO_ZERO_DATE,ERROR_FOR_DIVISION_BY_ZERO,TRADITIONAL,NO_ENGINE_SUBSTITUTION {{(pid=102020) _check_effective_sql_mode /opt/stack/data/venv/lib/python3.12/site-packages/oslo_db/sqlalchemy/engines.py:325}}
Jun 12 07:49:09.193503 np0000002717 devstack@g-api.service[102018]: DEBUG dbcounter [-] [102018] Writer thread running {{(pid=102018) stat_writer /opt/stack/data/venv/lib/python3.12/site-packages/dbcounter.py:102}}
Jun 12 07:49:09.201700 np0000002717 devstack@g-api.service[102019]: DEBUG dbcounter [-] [102019] Writer thread running {{(pid=102019) stat_writer /opt/stack/data/venv/lib/python3.12/site-packages/dbcounter.py:102}}
Jun 12 07:49:09.204151 np0000002717 devstack@g-api.service[102019]: DEBUG glance.image_cache.drivers.centralized_db [None req-37c0272d-25c9-4743-a7b1-8b093d422de3 None None] Node reference is already recorded, ignoring it {{(pid=102019) configure /opt/stack/glance/glance/image_cache/drivers/centralized_db.py:71}}
Jun 12 07:49:09.207360 np0000002717 devstack@g-api.service[102020]: DEBUG dbcounter [-] [102020] Writer thread running {{(pid=102020) stat_writer /opt/stack/data/venv/lib/python3.12/site-packages/dbcounter.py:102}}
Jun 12 07:49:09.208994 np0000002717 devstack@g-api.service[102018]: INFO glance.image_cache [None req-55770836-72ff-4e66-b82c-d95294637196 None None] Image cache loaded driver 'centralized_db'.
Jun 12 07:49:09.209082 np0000002717 devstack@g-api.service[102019]: INFO glance.image_cache [None req-37c0272d-25c9-4743-a7b1-8b093d422de3 None None] Image cache loaded driver 'centralized_db'.
Jun 12 07:49:09.209468 np0000002717 devstack@g-api.service[102020]: DEBUG glance.image_cache.drivers.centralized_db [None req-01ab7863-412b-4038-8f0f-9ed56c742163 None None] Node reference is already recorded, ignoring it {{(pid=102020) configure /opt/stack/glance/glance/image_cache/drivers/centralized_db.py:71}}
Jun 12 07:49:09.214227 np0000002717 devstack@g-api.service[102020]: INFO glance.image_cache [None req-01ab7863-412b-4038-8f0f-9ed56c742163 None None] Image cache loaded driver 'centralized_db'.
Jun 12 07:49:09.218695 np0000002717 devstack@g-api.service[102019]: DEBUG glance.image_cache.drivers.centralized_db [None req-37c0272d-25c9-4743-a7b1-8b093d422de3 None None] Node reference is already recorded, ignoring it {{(pid=102019) configure /opt/stack/glance/glance/image_cache/drivers/centralized_db.py:71}}
Jun 12 07:49:09.218796 np0000002717 devstack@g-api.service[102018]: DEBUG glance.image_cache.drivers.centralized_db [None req-55770836-72ff-4e66-b82c-d95294637196 None None] Node reference is already recorded, ignoring it {{(pid=102018) configure /opt/stack/glance/glance/image_cache/drivers/centralized_db.py:71}}
Jun 12 07:49:09.220042 np0000002717 devstack@g-api.service[102020]: DEBUG glance.image_cache.drivers.centralized_db [None req-01ab7863-412b-4038-8f0f-9ed56c742163 None None] Node reference is already recorded, ignoring it {{(pid=102020) configure /opt/stack/glance/glance/image_cache/drivers/centralized_db.py:71}}
Jun 12 07:49:09.223072 np0000002717 devstack@g-api.service[102019]: DEBUG glance.api.v2.cached_images [None req-37c0272d-25c9-4743-a7b1-8b093d422de3 None None] Started cache worker thread {{(pid=102019) __init__ /opt/stack/glance/glance/api/v2/cached_images.py:69}}
Jun 12 07:49:09.223145 np0000002717 devstack@g-api.service[102018]: DEBUG glance.api.v2.cached_images [None req-55770836-72ff-4e66-b82c-d95294637196 None None] Started cache worker thread {{(pid=102018) __init__ /opt/stack/glance/glance/api/v2/cached_images.py:69}}
Jun 12 07:49:09.223608 np0000002717 devstack@g-api.service[102019]: INFO glance.image_cache [None req-37c0272d-25c9-4743-a7b1-8b093d422de3 None None] Image cache loaded driver 'centralized_db'.
Jun 12 07:49:09.223661 np0000002717 devstack@g-api.service[102018]: INFO glance.image_cache [None req-55770836-72ff-4e66-b82c-d95294637196 None None] Image cache loaded driver 'centralized_db'.
Jun 12 07:49:09.226360 np0000002717 devstack@g-api.service[102020]: DEBUG glance.api.v2.cached_images [None req-01ab7863-412b-4038-8f0f-9ed56c742163 None None] Started cache worker thread {{(pid=102020) __init__ /opt/stack/glance/glance/api/v2/cached_images.py:69}}
Jun 12 07:49:09.226360 np0000002717 devstack@g-api.service[102020]: INFO glance.image_cache [None req-01ab7863-412b-4038-8f0f-9ed56c742163 None None] Image cache loaded driver 'centralized_db'.
Jun 12 07:49:09.230645 np0000002717 devstack@g-api.service[102018]: DEBUG glance.image_cache.drivers.centralized_db [None req-55770836-72ff-4e66-b82c-d95294637196 None None] Node reference is already recorded, ignoring it {{(pid=102018) configure /opt/stack/glance/glance/image_cache/drivers/centralized_db.py:71}}
Jun 12 07:49:09.231495 np0000002717 devstack@g-api.service[102019]: DEBUG glance.image_cache.drivers.centralized_db [None req-37c0272d-25c9-4743-a7b1-8b093d422de3 None None] Node reference is already recorded, ignoring it {{(pid=102019) configure /opt/stack/glance/glance/image_cache/drivers/centralized_db.py:71}}
Jun 12 07:49:09.232889 np0000002717 devstack@g-api.service[102020]: DEBUG glance.image_cache.drivers.centralized_db [None req-01ab7863-412b-4038-8f0f-9ed56c742163 None None] Node reference is already recorded, ignoring it {{(pid=102020) configure /opt/stack/glance/glance/image_cache/drivers/centralized_db.py:71}}
Jun 12 07:49:09.238782 np0000002717 devstack@g-api.service[102018]: INFO glance.api.middleware.cache_manage [None req-55770836-72ff-4e66-b82c-d95294637196 None None] Initialized image cache management middleware
Jun 12 07:49:09.238919 np0000002717 devstack@g-api.service[102018]: INFO glance.image_cache [None req-55770836-72ff-4e66-b82c-d95294637196 None None] Image cache loaded driver 'centralized_db'.
Jun 12 07:49:09.329222 np0000002717 devstack@g-api.service[102018]: DEBUG glance.image_cache.drivers.centralized_db [None req-55770836-72ff-4e66-b82c-d95294637196 None None] Node reference is already recorded, ignoring it {{(pid=102018) configure /opt/stack/glance/glance/image_cache/drivers/centralized_db.py:71}}
Jun 12 07:49:09.331081 np0000002717 devstack@g-api.service[102019]: INFO glance.api.middleware.cache_manage [None req-37c0272d-25c9-4743-a7b1-8b093d422de3 None None] Initialized image cache management middleware
Jun 12 07:49:09.331240 np0000002717 devstack@g-api.service[102019]: INFO glance.image_cache [None req-37c0272d-25c9-4743-a7b1-8b093d422de3 None None] Image cache loaded driver 'centralized_db'.
Jun 12 07:49:09.332139 np0000002717 devstack@g-api.service[102020]: INFO glance.api.middleware.cache_manage [None req-01ab7863-412b-4038-8f0f-9ed56c742163 None None] Initialized image cache management middleware
Jun 12 07:49:09.332295 np0000002717 devstack@g-api.service[102020]: INFO glance.image_cache [None req-01ab7863-412b-4038-8f0f-9ed56c742163 None None] Image cache loaded driver 'centralized_db'.
Jun 12 07:49:09.332474 np0000002717 devstack@g-api.service[102018]: INFO glance.api.middleware.cache [None req-55770836-72ff-4e66-b82c-d95294637196 None None] Initialized image cache middleware
Jun 12 07:49:09.339946 np0000002717 devstack@g-api.service[102019]: DEBUG glance.image_cache.drivers.centralized_db [None req-37c0272d-25c9-4743-a7b1-8b093d422de3 None None] Node reference is already recorded, ignoring it {{(pid=102019) configure /opt/stack/glance/glance/image_cache/drivers/centralized_db.py:71}}
Jun 12 07:49:09.342590 np0000002717 devstack@g-api.service[102020]: DEBUG glance.image_cache.drivers.centralized_db [None req-01ab7863-412b-4038-8f0f-9ed56c742163 None None] Node reference is already recorded, ignoring it {{(pid=102020) configure /opt/stack/glance/glance/image_cache/drivers/centralized_db.py:71}}
Jun 12 07:49:09.343543 np0000002717 devstack@g-api.service[102019]: INFO glance.api.middleware.cache [None req-37c0272d-25c9-4743-a7b1-8b093d422de3 None None] Initialized image cache middleware
Jun 12 07:49:09.343726 np0000002717 devstack@g-api.service[102018]: DEBUG glance.common.config [None req-55770836-72ff-4e66-b82c-d95294637196 None None] ******************************************************************************** {{(pid=102018) log_opt_values /opt/stack/data/venv/lib/python3.12/site-packages/oslo_config/cfg.py:3226}}
Jun 12 07:49:09.343819 np0000002717 devstack@g-api.service[102018]: DEBUG glance.common.config [None req-55770836-72ff-4e66-b82c-d95294637196 None None] Configuration options gathered from: {{(pid=102018) log_opt_values /opt/stack/data/venv/lib/python3.12/site-packages/oslo_config/cfg.py:3227}}
Jun 12 07:49:09.344115 np0000002717 devstack@g-api.service[102018]: DEBUG glance.common.config [None req-55770836-72ff-4e66-b82c-d95294637196 None None] command line args: [] {{(pid=102018) log_opt_values /opt/stack/data/venv/lib/python3.12/site-packages/oslo_config/cfg.py:3228}}
Jun 12 07:49:09.344225 np0000002717 devstack@g-api.service[102018]: DEBUG glance.common.config [None req-55770836-72ff-4e66-b82c-d95294637196 None None] config files: ['/etc/glance/glance-image-import.conf', '/etc/glance/glance-api.conf'] {{(pid=102018) log_opt_values /opt/stack/data/venv/lib/python3.12/site-packages/oslo_config/cfg.py:3229}}
Jun 12 07:49:09.344296 np0000002717 devstack@g-api.service[102018]: DEBUG glance.common.config [None req-55770836-72ff-4e66-b82c-d95294637196 None None] ================================================================================ {{(pid=102018) log_opt_values /opt/stack/data/venv/lib/python3.12/site-packages/oslo_config/cfg.py:3234}}
Jun 12 07:49:09.344428 np0000002717 devstack@g-api.service[102018]: DEBUG glance.common.config [None req-55770836-72ff-4e66-b82c-d95294637196 None None] allow_anonymous_access = False {{(pid=102018) log_opt_values /opt/stack/data/venv/lib/python3.12/site-packages/oslo_config/cfg.py:3242}}
Jun 12 07:49:09.344530 np0000002717 devstack@g-api.service[102018]: DEBUG glance.common.config [None req-55770836-72ff-4e66-b82c-d95294637196 None None] api_limit_max = 1000 {{(pid=102018) log_opt_values /opt/stack/data/venv/lib/python3.12/site-packages/oslo_config/cfg.py:3242}}
Jun 12 07:49:09.344631 np0000002717 devstack@g-api.service[102018]: DEBUG glance.common.config [None req-55770836-72ff-4e66-b82c-d95294637196 None None] backlog = 4096 {{(pid=102018) log_opt_values /opt/stack/data/venv/lib/python3.12/site-packages/oslo_config/cfg.py:3242}}
Jun 12 07:49:09.344747 np0000002717 devstack@g-api.service[102018]: DEBUG glance.common.config [None req-55770836-72ff-4e66-b82c-d95294637196 None None] bind_host = 0.0.0.0 {{(pid=102018) log_opt_values /opt/stack/data/venv/lib/python3.12/site-packages/oslo_config/cfg.py:3242}}
Jun 12 07:49:09.344849 np0000002717 devstack@g-api.service[102018]: DEBUG glance.common.config [None req-55770836-72ff-4e66-b82c-d95294637196 None None] bind_port = 19292 {{(pid=102018) log_opt_values /opt/stack/data/venv/lib/python3.12/site-packages/oslo_config/cfg.py:3242}}
Jun 12 07:49:09.344938 np0000002717 devstack@g-api.service[102018]: DEBUG glance.common.config [None req-55770836-72ff-4e66-b82c-d95294637196 None None] client_socket_timeout = 900 {{(pid=102018) log_opt_values /opt/stack/data/venv/lib/python3.12/site-packages/oslo_config/cfg.py:3242}}
Jun 12 07:49:09.345034 np0000002717 devstack@g-api.service[102018]: DEBUG glance.common.config [None req-55770836-72ff-4e66-b82c-d95294637196 None None] config_dir = [] {{(pid=102018) log_opt_values /opt/stack/data/venv/lib/python3.12/site-packages/oslo_config/cfg.py:3242}}
Jun 12 07:49:09.345105 np0000002717 devstack@g-api.service[102018]: DEBUG glance.common.config [None req-55770836-72ff-4e66-b82c-d95294637196 None None] config_file = ['/etc/glance/glance-image-import.conf', '/etc/glance/glance-api.conf'] {{(pid=102018) log_opt_values /opt/stack/data/venv/lib/python3.12/site-packages/oslo_config/cfg.py:3242}}
Jun 12 07:49:09.345190 np0000002717 devstack@g-api.service[102018]: DEBUG glance.common.config [None req-55770836-72ff-4e66-b82c-d95294637196 None None] config_source = [] {{(pid=102018) log_opt_values /opt/stack/data/venv/lib/python3.12/site-packages/oslo_config/cfg.py:3242}}
Jun 12 07:49:09.345284 np0000002717 devstack@g-api.service[102018]: DEBUG glance.common.config [None req-55770836-72ff-4e66-b82c-d95294637196 None None] control_exchange = glance {{(pid=102018) log_opt_values /opt/stack/data/venv/lib/python3.12/site-packages/oslo_config/cfg.py:3242}}
Jun 12 07:49:09.345371 np0000002717 devstack@g-api.service[102018]: DEBUG glance.common.config [None req-55770836-72ff-4e66-b82c-d95294637196 None None] debug = True {{(pid=102018) log_opt_values /opt/stack/data/venv/lib/python3.12/site-packages/oslo_config/cfg.py:3242}}
Jun 12 07:49:09.345552 np0000002717 devstack@g-api.service[102018]: DEBUG glance.common.config [None req-55770836-72ff-4e66-b82c-d95294637196 None None] default_log_levels = ['amqp=WARN', 'boto=WARN', 'sqlalchemy=WARN', 'suds=INFO', 'oslo.messaging=INFO', 'oslo_messaging=INFO', 'iso8601=WARN', 'requests.packages.urllib3.connectionpool=WARN', 'urllib3.connectionpool=WARN', 'websocket=WARN', 'requests.packages.urllib3.util.retry=WARN', 'urllib3.util.retry=WARN', 'keystonemiddleware=WARN', 'routes.middleware=WARN', 'stevedore=WARN', 'taskflow=WARN', 'keystoneauth=WARN', 'oslo.cache=INFO', 'oslo_policy=INFO', 'dogpile.core.dogpile=INFO'] {{(pid=102018) log_opt_values /opt/stack/data/venv/lib/python3.12/site-packages/oslo_config/cfg.py:3242}}
Jun 12 07:49:09.345696 np0000002717 devstack@g-api.service[102018]: DEBUG glance.common.config [None req-55770836-72ff-4e66-b82c-d95294637196 None None] default_publisher_id = image.localhost {{(pid=102018) log_opt_values /opt/stack/data/venv/lib/python3.12/site-packages/oslo_config/cfg.py:3242}}
Jun 12 07:49:09.345794 np0000002717 devstack@g-api.service[102018]: DEBUG glance.common.config [None req-55770836-72ff-4e66-b82c-d95294637196 None None] delayed_delete = False {{(pid=102018) log_opt_values /opt/stack/data/venv/lib/python3.12/site-packages/oslo_config/cfg.py:3242}}
Jun 12 07:49:09.345919 np0000002717 devstack@g-api.service[102018]: DEBUG glance.common.config [None req-55770836-72ff-4e66-b82c-d95294637196 None None] digest_algorithm = sha256 {{(pid=102018) log_opt_values /opt/stack/data/venv/lib/python3.12/site-packages/oslo_config/cfg.py:3242}}
Jun 12 07:49:09.346018 np0000002717 devstack@g-api.service[102018]: DEBUG glance.common.config [None req-55770836-72ff-4e66-b82c-d95294637196 None None] disabled_notifications = [] {{(pid=102018) log_opt_values /opt/stack/data/venv/lib/python3.12/site-packages/oslo_config/cfg.py:3242}}
Jun 12 07:49:09.346089 np0000002717 devstack@g-api.service[102020]: INFO glance.api.middleware.cache [None req-01ab7863-412b-4038-8f0f-9ed56c742163 None None] Initialized image cache middleware
Jun 12 07:49:09.346133 np0000002717 devstack@g-api.service[102018]: DEBUG glance.common.config [None req-55770836-72ff-4e66-b82c-d95294637196 None None] do_secure_hash = True {{(pid=102018) log_opt_values /opt/stack/data/venv/lib/python3.12/site-packages/oslo_config/cfg.py:3242}}
Jun 12 07:49:09.346177 np0000002717 devstack@g-api.service[102018]: DEBUG glance.common.config [None req-55770836-72ff-4e66-b82c-d95294637196 None None] enabled_backends = None {{(pid=102018) log_opt_values /opt/stack/data/venv/lib/python3.12/site-packages/oslo_config/cfg.py:3242}}
Jun 12 07:49:09.346286 np0000002717 devstack@g-api.service[102018]: DEBUG glance.common.config [None req-55770836-72ff-4e66-b82c-d95294637196 None None] enabled_import_methods = ['glance-direct', 'web-download', 'copy-image'] {{(pid=102018) log_opt_values /opt/stack/data/venv/lib/python3.12/site-packages/oslo_config/cfg.py:3242}}
Jun 12 07:49:09.346387 np0000002717 devstack@g-api.service[102018]: DEBUG glance.common.config [None req-55770836-72ff-4e66-b82c-d95294637196 None None] fatal_deprecations = False {{(pid=102018) log_opt_values /opt/stack/data/venv/lib/python3.12/site-packages/oslo_config/cfg.py:3242}}
Jun 12 07:49:09.346482 np0000002717 devstack@g-api.service[102018]: DEBUG glance.common.config [None req-55770836-72ff-4e66-b82c-d95294637196 None None] hashing_algorithm = sha512 {{(pid=102018) log_opt_values /opt/stack/data/venv/lib/python3.12/site-packages/oslo_config/cfg.py:3242}}
Jun 12 07:49:09.346592 np0000002717 devstack@g-api.service[102018]: DEBUG glance.common.config [None req-55770836-72ff-4e66-b82c-d95294637196 None None] http_keepalive = True {{(pid=102018) log_opt_values /opt/stack/data/venv/lib/python3.12/site-packages/oslo_config/cfg.py:3242}}
Jun 12 07:49:09.346670 np0000002717 devstack@g-api.service[102018]: DEBUG glance.common.config [None req-55770836-72ff-4e66-b82c-d95294637196 None None] http_retries = 3 {{(pid=102018) log_opt_values /opt/stack/data/venv/lib/python3.12/site-packages/oslo_config/cfg.py:3242}}
Jun 12 07:49:09.346750 np0000002717 devstack@g-api.service[102018]: DEBUG glance.common.config [None req-55770836-72ff-4e66-b82c-d95294637196 None None] image_cache_dir = /opt/stack/data/glance/cache/ {{(pid=102018) log_opt_values /opt/stack/data/venv/lib/python3.12/site-packages/oslo_config/cfg.py:3242}}
Jun 12 07:49:09.346838 np0000002717 devstack@g-api.service[102018]: DEBUG glance.common.config [None req-55770836-72ff-4e66-b82c-d95294637196 None None] image_cache_driver = centralized_db {{(pid=102018) log_opt_values /opt/stack/data/venv/lib/python3.12/site-packages/oslo_config/cfg.py:3242}}
Jun 12 07:49:09.346930 np0000002717 devstack@g-api.service[102018]: DEBUG glance.common.config [None req-55770836-72ff-4e66-b82c-d95294637196 None None] image_cache_max_size = 10737418240 {{(pid=102018) log_opt_values /opt/stack/data/venv/lib/python3.12/site-packages/oslo_config/cfg.py:3242}}
Jun 12 07:49:09.347020 np0000002717 devstack@g-api.service[102018]: DEBUG glance.common.config [None req-55770836-72ff-4e66-b82c-d95294637196 None None] image_cache_sqlite_db = cache.db {{(pid=102018) log_opt_values /opt/stack/data/venv/lib/python3.12/site-packages/oslo_config/cfg.py:3242}}
Jun 12 07:49:09.347107 np0000002717 devstack@g-api.service[102018]: DEBUG glance.common.config [None req-55770836-72ff-4e66-b82c-d95294637196 None None] image_cache_stall_time = 86400 {{(pid=102018) log_opt_values /opt/stack/data/venv/lib/python3.12/site-packages/oslo_config/cfg.py:3242}}
Jun 12 07:49:09.347191 np0000002717 devstack@g-api.service[102018]: DEBUG glance.common.config [None req-55770836-72ff-4e66-b82c-d95294637196 None None] image_location_quota = 10 {{(pid=102018) log_opt_values /opt/stack/data/venv/lib/python3.12/site-packages/oslo_config/cfg.py:3242}}
Jun 12 07:49:09.347279 np0000002717 devstack@g-api.service[102018]: DEBUG glance.common.config [None req-55770836-72ff-4e66-b82c-d95294637196 None None] image_member_quota = 128 {{(pid=102018) log_opt_values /opt/stack/data/venv/lib/python3.12/site-packages/oslo_config/cfg.py:3242}}
Jun 12 07:49:09.347360 np0000002717 devstack@g-api.service[102018]: DEBUG glance.common.config [None req-55770836-72ff-4e66-b82c-d95294637196 None None] image_property_quota = 128 {{(pid=102018) log_opt_values /opt/stack/data/venv/lib/python3.12/site-packages/oslo_config/cfg.py:3242}}
Jun 12 07:49:09.347457 np0000002717 devstack@g-api.service[102018]: DEBUG glance.common.config [None req-55770836-72ff-4e66-b82c-d95294637196 None None] image_size_cap = 1099511627776 {{(pid=102018) log_opt_values /opt/stack/data/venv/lib/python3.12/site-packages/oslo_config/cfg.py:3242}}
Jun 12 07:49:09.347544 np0000002717 devstack@g-api.service[102018]: DEBUG glance.common.config [None req-55770836-72ff-4e66-b82c-d95294637196 None None] image_tag_quota = 128 {{(pid=102018) log_opt_values /opt/stack/data/venv/lib/python3.12/site-packages/oslo_config/cfg.py:3242}}
Jun 12 07:49:09.347648 np0000002717 devstack@g-api.service[102018]: DEBUG glance.common.config [None req-55770836-72ff-4e66-b82c-d95294637196 None None] instance_format = [instance: %(uuid)s] {{(pid=102018) log_opt_values /opt/stack/data/venv/lib/python3.12/site-packages/oslo_config/cfg.py:3242}}
Jun 12 07:49:09.347744 np0000002717 devstack@g-api.service[102018]: DEBUG glance.common.config [None req-55770836-72ff-4e66-b82c-d95294637196 None None] instance_uuid_format = [instance: %(uuid)s] {{(pid=102018) log_opt_values /opt/stack/data/venv/lib/python3.12/site-packages/oslo_config/cfg.py:3242}}
Jun 12 07:49:09.347815 np0000002717 devstack@g-api.service[102018]: DEBUG glance.common.config [None req-55770836-72ff-4e66-b82c-d95294637196 None None] limit_param_default = 25 {{(pid=102018) log_opt_values /opt/stack/data/venv/lib/python3.12/site-packages/oslo_config/cfg.py:3242}}
Jun 12 07:49:09.347929 np0000002717 devstack@g-api.service[102018]: DEBUG glance.common.config [None req-55770836-72ff-4e66-b82c-d95294637196 None None] log_color = False {{(pid=102018) log_opt_values /opt/stack/data/venv/lib/python3.12/site-packages/oslo_config/cfg.py:3242}}
Jun 12 07:49:09.348028 np0000002717 devstack@g-api.service[102018]: DEBUG glance.common.config [None req-55770836-72ff-4e66-b82c-d95294637196 None None] log_config_append = None {{(pid=102018) log_opt_values /opt/stack/data/venv/lib/python3.12/site-packages/oslo_config/cfg.py:3242}}
Jun 12 07:49:09.348112 np0000002717 devstack@g-api.service[102018]: DEBUG glance.common.config [None req-55770836-72ff-4e66-b82c-d95294637196 None None] log_date_format = %Y-%m-%d %H:%M:%S {{(pid=102018) log_opt_values /opt/stack/data/venv/lib/python3.12/site-packages/oslo_config/cfg.py:3242}}
Jun 12 07:49:09.348269 np0000002717 devstack@g-api.service[102018]: DEBUG glance.common.config [None req-55770836-72ff-4e66-b82c-d95294637196 None None] log_dir = None {{(pid=102018) log_opt_values /opt/stack/data/venv/lib/python3.12/site-packages/oslo_config/cfg.py:3242}}
Jun 12 07:49:09.348442 np0000002717 devstack@g-api.service[102018]: DEBUG glance.common.config [None req-55770836-72ff-4e66-b82c-d95294637196 None None] log_file = None {{(pid=102018) log_opt_values /opt/stack/data/venv/lib/python3.12/site-packages/oslo_config/cfg.py:3242}}
Jun 12 07:49:09.348605 np0000002717 devstack@g-api.service[102018]: DEBUG glance.common.config [None req-55770836-72ff-4e66-b82c-d95294637196 None None] log_rotate_interval = 1 {{(pid=102018) log_opt_values /opt/stack/data/venv/lib/python3.12/site-packages/oslo_config/cfg.py:3242}}
Jun 12 07:49:09.348773 np0000002717 devstack@g-api.service[102018]: DEBUG glance.common.config [None req-55770836-72ff-4e66-b82c-d95294637196 None None] log_rotate_interval_type = days {{(pid=102018) log_opt_values /opt/stack/data/venv/lib/python3.12/site-packages/oslo_config/cfg.py:3242}}
Jun 12 07:49:09.348924 np0000002717 devstack@g-api.service[102018]: DEBUG glance.common.config [None req-55770836-72ff-4e66-b82c-d95294637196 None None] log_rotation_type = none {{(pid=102018) log_opt_values /opt/stack/data/venv/lib/python3.12/site-packages/oslo_config/cfg.py:3242}}
Jun 12 07:49:09.349051 np0000002717 devstack@g-api.service[102018]: DEBUG glance.common.config [None req-55770836-72ff-4e66-b82c-d95294637196 None None] logging_context_format_string = %(color)s%(levelname)s %(name)s [%(global_request_id)s %(request_id)s %(project_name)s %(user_name)s%(color)s] %(instance)s%(color)s%(message)s {{(pid=102018) log_opt_values /opt/stack/data/venv/lib/python3.12/site-packages/oslo_config/cfg.py:3242}}
Jun 12 07:49:09.349171 np0000002717 devstack@g-api.service[102018]: DEBUG glance.common.config [None req-55770836-72ff-4e66-b82c-d95294637196 None None] logging_debug_format_suffix = {{(pid=%(process)d) %(funcName)s %(pathname)s:%(lineno)d}} {{(pid=102018) log_opt_values /opt/stack/data/venv/lib/python3.12/site-packages/oslo_config/cfg.py:3242}}
Jun 12 07:49:09.349327 np0000002717 devstack@g-api.service[102018]: DEBUG glance.common.config [None req-55770836-72ff-4e66-b82c-d95294637196 None None] logging_default_format_string = %(color)s%(levelname)s %(name)s [-%(color)s] %(instance)s%(color)s%(message)s {{(pid=102018) log_opt_values /opt/stack/data/venv/lib/python3.12/site-packages/oslo_config/cfg.py:3242}}
Jun 12 07:49:09.349513 np0000002717 devstack@g-api.service[102018]: DEBUG glance.common.config [None req-55770836-72ff-4e66-b82c-d95294637196 None None] logging_exception_prefix = ERROR %(name)s %(instance)s {{(pid=102018) log_opt_values /opt/stack/data/venv/lib/python3.12/site-packages/oslo_config/cfg.py:3242}}
Jun 12 07:49:09.349644 np0000002717 devstack@g-api.service[102018]: DEBUG glance.common.config [None req-55770836-72ff-4e66-b82c-d95294637196 None None] logging_user_identity_format = %(user)s %(project)s %(domain)s %(system_scope)s %(user_domain)s %(project_domain)s {{(pid=102018) log_opt_values /opt/stack/data/venv/lib/python3.12/site-packages/oslo_config/cfg.py:3242}}
Jun 12 07:49:09.349803 np0000002717 devstack@g-api.service[102018]: DEBUG glance.common.config [None req-55770836-72ff-4e66-b82c-d95294637196 None None] max_header_line = 16384 {{(pid=102018) log_opt_values /opt/stack/data/venv/lib/python3.12/site-packages/oslo_config/cfg.py:3242}}
Jun 12 07:49:09.349950 np0000002717 devstack@g-api.service[102018]: DEBUG glance.common.config [None req-55770836-72ff-4e66-b82c-d95294637196 None None] max_logfile_count = 30 {{(pid=102018) log_opt_values /opt/stack/data/venv/lib/python3.12/site-packages/oslo_config/cfg.py:3242}}
Jun 12 07:49:09.350092 np0000002717 devstack@g-api.service[102018]: DEBUG glance.common.config [None req-55770836-72ff-4e66-b82c-d95294637196 None None] max_logfile_size_mb = 200 {{(pid=102018) log_opt_values /opt/stack/data/venv/lib/python3.12/site-packages/oslo_config/cfg.py:3242}}
Jun 12 07:49:09.350231 np0000002717 devstack@g-api.service[102018]: DEBUG glance.common.config [None req-55770836-72ff-4e66-b82c-d95294637196 None None] max_request_id_length = 64 {{(pid=102018) log_opt_values /opt/stack/data/venv/lib/python3.12/site-packages/oslo_config/cfg.py:3242}}
Jun 12 07:49:09.350329 np0000002717 devstack@g-api.service[102018]: DEBUG glance.common.config [None req-55770836-72ff-4e66-b82c-d95294637196 None None] metadata_encryption_key = **** {{(pid=102018) log_opt_values /opt/stack/data/venv/lib/python3.12/site-packages/oslo_config/cfg.py:3242}}
Jun 12 07:49:09.350446 np0000002717 devstack@g-api.service[102018]: DEBUG glance.common.config [None req-55770836-72ff-4e66-b82c-d95294637196 None None] node_staging_uri = file:///tmp/staging/ {{(pid=102018) log_opt_values /opt/stack/data/venv/lib/python3.12/site-packages/oslo_config/cfg.py:3242}}
Jun 12 07:49:09.350532 np0000002717 devstack@g-api.service[102018]: DEBUG glance.common.config [None req-55770836-72ff-4e66-b82c-d95294637196 None None] property_protection_file = None {{(pid=102018) log_opt_values /opt/stack/data/venv/lib/python3.12/site-packages/oslo_config/cfg.py:3242}}
Jun 12 07:49:09.350635 np0000002717 devstack@g-api.service[102018]: DEBUG glance.common.config [None req-55770836-72ff-4e66-b82c-d95294637196 None None] property_protection_rule_format = roles {{(pid=102018) log_opt_values /opt/stack/data/venv/lib/python3.12/site-packages/oslo_config/cfg.py:3242}}
Jun 12 07:49:09.350730 np0000002717 devstack@g-api.service[102018]: DEBUG glance.common.config [None req-55770836-72ff-4e66-b82c-d95294637196 None None] public_endpoint = https://10.4.3.108/image {{(pid=102018) log_opt_values /opt/stack/data/venv/lib/python3.12/site-packages/oslo_config/cfg.py:3242}}
Jun 12 07:49:09.350813 np0000002717 devstack@g-api.service[102018]: DEBUG glance.common.config [None req-55770836-72ff-4e66-b82c-d95294637196 None None] publish_errors = False {{(pid=102018) log_opt_values /opt/stack/data/venv/lib/python3.12/site-packages/oslo_config/cfg.py:3242}}
Jun 12 07:49:09.350895 np0000002717 devstack@g-api.service[102018]: DEBUG glance.common.config [None req-55770836-72ff-4e66-b82c-d95294637196 None None] pydev_worker_debug_host = None {{(pid=102018) log_opt_values /opt/stack/data/venv/lib/python3.12/site-packages/oslo_config/cfg.py:3242}}
Jun 12 07:49:09.350979 np0000002717 devstack@g-api.service[102018]: DEBUG glance.common.config [None req-55770836-72ff-4e66-b82c-d95294637196 None None] pydev_worker_debug_port = 5678 {{(pid=102018) log_opt_values /opt/stack/data/venv/lib/python3.12/site-packages/oslo_config/cfg.py:3242}}
Jun 12 07:49:09.351062 np0000002717 devstack@g-api.service[102018]: DEBUG glance.common.config [None req-55770836-72ff-4e66-b82c-d95294637196 None None] rate_limit_burst = 0 {{(pid=102018) log_opt_values /opt/stack/data/venv/lib/python3.12/site-packages/oslo_config/cfg.py:3242}}
Jun 12 07:49:09.351157 np0000002717 devstack@g-api.service[102018]: DEBUG glance.common.config [None req-55770836-72ff-4e66-b82c-d95294637196 None None] rate_limit_except_level = CRITICAL {{(pid=102018) log_opt_values /opt/stack/data/venv/lib/python3.12/site-packages/oslo_config/cfg.py:3242}}
Jun 12 07:49:09.351238 np0000002717 devstack@g-api.service[102018]: DEBUG glance.common.config [None req-55770836-72ff-4e66-b82c-d95294637196 None None] rate_limit_interval = 0 {{(pid=102018) log_opt_values /opt/stack/data/venv/lib/python3.12/site-packages/oslo_config/cfg.py:3242}}
Jun 12 07:49:09.351318 np0000002717 devstack@g-api.service[102018]: DEBUG glance.common.config [None req-55770836-72ff-4e66-b82c-d95294637196 None None] scrub_pool_size = 1 {{(pid=102018) log_opt_values /opt/stack/data/venv/lib/python3.12/site-packages/oslo_config/cfg.py:3242}}
Jun 12 07:49:09.351446 np0000002717 devstack@g-api.service[102018]: DEBUG glance.common.config [None req-55770836-72ff-4e66-b82c-d95294637196 None None] scrub_time = 0 {{(pid=102018) log_opt_values /opt/stack/data/venv/lib/python3.12/site-packages/oslo_config/cfg.py:3242}}
Jun 12 07:49:09.351531 np0000002717 devstack@g-api.service[102018]: DEBUG glance.common.config [None req-55770836-72ff-4e66-b82c-d95294637196 None None] shell_completion = None {{(pid=102018) log_opt_values /opt/stack/data/venv/lib/python3.12/site-packages/oslo_config/cfg.py:3242}}
Jun 12 07:49:09.351633 np0000002717 devstack@g-api.service[102018]: DEBUG glance.common.config [None req-55770836-72ff-4e66-b82c-d95294637196 None None] show_image_direct_url = False {{(pid=102018) log_opt_values /opt/stack/data/venv/lib/python3.12/site-packages/oslo_config/cfg.py:3242}}
Jun 12 07:49:09.351990 np0000002717 devstack@g-api.service[102018]: WARNING oslo_config.cfg [None req-55770836-72ff-4e66-b82c-d95294637196 None None] Deprecated: Option "show_multiple_locations" from group "DEFAULT" is deprecated for removal (Use of this option, deprecated since Newton, is a security risk and will be removed once we figure out a way to satisfy those use cases that currently require it. An earlier announcement that the same functionality can be achieved with greater granularity by using policies is incorrect. You cannot work around this option via policy configuration at the present time, though that is the direction we believe the fix will take. Please keep an eye on the Glance release notes to stay up to date on progress in addressing this issue.). Its value may be silently ignored in the future.
Jun 12 07:49:09.352109 np0000002717 devstack@g-api.service[102018]: DEBUG glance.common.config [None req-55770836-72ff-4e66-b82c-d95294637196 None None] show_multiple_locations = False {{(pid=102018) log_opt_values /opt/stack/data/venv/lib/python3.12/site-packages/oslo_config/cfg.py:3242}}
Jun 12 07:49:09.352198 np0000002717 devstack@g-api.service[102018]: DEBUG glance.common.config [None req-55770836-72ff-4e66-b82c-d95294637196 None None] syslog_log_facility = LOG_USER {{(pid=102018) log_opt_values /opt/stack/data/venv/lib/python3.12/site-packages/oslo_config/cfg.py:3242}}
Jun 12 07:49:09.352284 np0000002717 devstack@g-api.service[102018]: DEBUG glance.common.config [None req-55770836-72ff-4e66-b82c-d95294637196 None None] tcp_keepidle = 600 {{(pid=102018) log_opt_values /opt/stack/data/venv/lib/python3.12/site-packages/oslo_config/cfg.py:3242}}
Jun 12 07:49:09.352387 np0000002717 devstack@g-api.service[102018]: DEBUG glance.common.config [None req-55770836-72ff-4e66-b82c-d95294637196 None None] transport_url = **** {{(pid=102018) log_opt_values /opt/stack/data/venv/lib/python3.12/site-packages/oslo_config/cfg.py:3242}}
Jun 12 07:49:09.352513 np0000002717 devstack@g-api.service[102018]: DEBUG glance.common.config [None req-55770836-72ff-4e66-b82c-d95294637196 None None] use_journal = False {{(pid=102018) log_opt_values /opt/stack/data/venv/lib/python3.12/site-packages/oslo_config/cfg.py:3242}}
Jun 12 07:49:09.352554 np0000002717 devstack@g-api.service[102018]: DEBUG glance.common.config [None req-55770836-72ff-4e66-b82c-d95294637196 None None] use_json = False {{(pid=102018) log_opt_values /opt/stack/data/venv/lib/python3.12/site-packages/oslo_config/cfg.py:3242}}
Jun 12 07:49:09.352667 np0000002717 devstack@g-api.service[102018]: DEBUG glance.common.config [None req-55770836-72ff-4e66-b82c-d95294637196 None None] use_keystone_limits = True {{(pid=102018) log_opt_values /opt/stack/data/venv/lib/python3.12/site-packages/oslo_config/cfg.py:3242}}
Jun 12 07:49:09.352751 np0000002717 devstack@g-api.service[102018]: DEBUG glance.common.config [None req-55770836-72ff-4e66-b82c-d95294637196 None None] use_stderr = False {{(pid=102018) log_opt_values /opt/stack/data/venv/lib/python3.12/site-packages/oslo_config/cfg.py:3242}}
Jun 12 07:49:09.352841 np0000002717 devstack@g-api.service[102018]: DEBUG glance.common.config [None req-55770836-72ff-4e66-b82c-d95294637196 None None] use_syslog = False {{(pid=102018) log_opt_values /opt/stack/data/venv/lib/python3.12/site-packages/oslo_config/cfg.py:3242}}
Jun 12 07:49:09.352936 np0000002717 devstack@g-api.service[102018]: DEBUG glance.common.config [None req-55770836-72ff-4e66-b82c-d95294637196 None None] user_storage_quota = 0 {{(pid=102018) log_opt_values /opt/stack/data/venv/lib/python3.12/site-packages/oslo_config/cfg.py:3242}}
Jun 12 07:49:09.353018 np0000002717 devstack@g-api.service[102018]: DEBUG glance.common.config [None req-55770836-72ff-4e66-b82c-d95294637196 None None] worker_self_reference_url = http://127.0.0.1:60999 {{(pid=102018) log_opt_values /opt/stack/data/venv/lib/python3.12/site-packages/oslo_config/cfg.py:3242}}
Jun 12 07:49:09.353099 np0000002717 devstack@g-api.service[102018]: DEBUG glance.common.config [None req-55770836-72ff-4e66-b82c-d95294637196 None None] workers = None {{(pid=102018) log_opt_values /opt/stack/data/venv/lib/python3.12/site-packages/oslo_config/cfg.py:3242}}
Jun 12 07:49:09.353198 np0000002717 devstack@g-api.service[102018]: DEBUG glance.common.config [None req-55770836-72ff-4e66-b82c-d95294637196 None None] oslo_concurrency.disable_process_locking = False {{(pid=102018) log_opt_values /opt/stack/data/venv/lib/python3.12/site-packages/oslo_config/cfg.py:3253}}
Jun 12 07:49:09.353295 np0000002717 devstack@g-api.service[102018]: DEBUG glance.common.config [None req-55770836-72ff-4e66-b82c-d95294637196 None None] oslo_concurrency.lock_path = /opt/stack/data/glance/locks {{(pid=102018) log_opt_values /opt/stack/data/venv/lib/python3.12/site-packages/oslo_config/cfg.py:3253}}
Jun 12 07:49:09.353407 np0000002717 devstack@g-api.service[102018]: DEBUG glance.common.config [None req-55770836-72ff-4e66-b82c-d95294637196 None None] oslo_middleware.enable_proxy_headers_parsing = False {{(pid=102018) log_opt_values /opt/stack/data/venv/lib/python3.12/site-packages/oslo_config/cfg.py:3253}}
Jun 12 07:49:09.353504 np0000002717 devstack@g-api.service[102018]: DEBUG glance.common.config [None req-55770836-72ff-4e66-b82c-d95294637196 None None] oslo_middleware.http_basic_auth_user_file = /etc/htpasswd {{(pid=102018) log_opt_values /opt/stack/data/venv/lib/python3.12/site-packages/oslo_config/cfg.py:3253}}
Jun 12 07:49:09.353614 np0000002717 devstack@g-api.service[102018]: DEBUG glance.common.config [None req-55770836-72ff-4e66-b82c-d95294637196 None None] paste_deploy.config_file = None {{(pid=102018) log_opt_values /opt/stack/data/venv/lib/python3.12/site-packages/oslo_config/cfg.py:3253}}
Jun 12 07:49:09.353699 np0000002717 devstack@g-api.service[102018]: DEBUG glance.common.config [None req-55770836-72ff-4e66-b82c-d95294637196 None None] paste_deploy.flavor = keystone+cachemanagement {{(pid=102018) log_opt_values /opt/stack/data/venv/lib/python3.12/site-packages/oslo_config/cfg.py:3253}}
Jun 12 07:49:09.353823 np0000002717 devstack@g-api.service[102018]: DEBUG glance.common.config [None req-55770836-72ff-4e66-b82c-d95294637196 None None] image_format.container_formats = ['ami', 'ari', 'aki', 'bare', 'ovf', 'ova', 'docker', 'compressed'] {{(pid=102018) log_opt_values /opt/stack/data/venv/lib/python3.12/site-packages/oslo_config/cfg.py:3253}}
Jun 12 07:49:09.353915 np0000002717 devstack@g-api.service[102019]: DEBUG glance.common.config [None req-37c0272d-25c9-4743-a7b1-8b093d422de3 None None] ******************************************************************************** {{(pid=102019) log_opt_values /opt/stack/data/venv/lib/python3.12/site-packages/oslo_config/cfg.py:3226}}
Jun 12 07:49:09.353997 np0000002717 devstack@g-api.service[102018]: DEBUG glance.common.config [None req-55770836-72ff-4e66-b82c-d95294637196 None None] image_format.disk_formats = ['ami', 'ari', 'aki', 'vhd', 'vhdx', 'vmdk', 'raw', 'qcow2', 'vdi', 'iso', 'ploop'] {{(pid=102018) log_opt_values /opt/stack/data/venv/lib/python3.12/site-packages/oslo_config/cfg.py:3253}}
Jun 12 07:49:09.354071 np0000002717 devstack@g-api.service[102019]: DEBUG glance.common.config [None req-37c0272d-25c9-4743-a7b1-8b093d422de3 None None] Configuration options gathered from: {{(pid=102019) log_opt_values /opt/stack/data/venv/lib/python3.12/site-packages/oslo_config/cfg.py:3227}}
Jun 12 07:49:09.354126 np0000002717 devstack@g-api.service[102018]: DEBUG glance.common.config [None req-55770836-72ff-4e66-b82c-d95294637196 None None] image_format.gpt_safety_checks_nonfatal = [] {{(pid=102018) log_opt_values /opt/stack/data/venv/lib/python3.12/site-packages/oslo_config/cfg.py:3253}}
Jun 12 07:49:09.354164 np0000002717 devstack@g-api.service[102018]: DEBUG glance.common.config [None req-55770836-72ff-4e66-b82c-d95294637196 None None] image_format.require_image_format_match = True {{(pid=102018) log_opt_values /opt/stack/data/venv/lib/python3.12/site-packages/oslo_config/cfg.py:3253}}
