Jun 12 07:48:46.131387 np0000002717 nova-scheduler[95778]: DEBUG cotyledon.oslo_config_glue [-] oslo_limit.connect_retry_delay = None {{(pid=95778) log_opt_values /opt/stack/data/venv/lib/python3.12/site-packages/oslo_config/cfg.py:3253}}
Jun 12 07:48:46.131387 np0000002717 nova-scheduler[95778]: DEBUG cotyledon.oslo_config_glue [-] oslo_limit.endpoint_id = None {{(pid=95778) log_opt_values /opt/stack/data/venv/lib/python3.12/site-packages/oslo_config/cfg.py:3253}}
Jun 12 07:48:46.131387 np0000002717 nova-scheduler[95778]: DEBUG cotyledon.oslo_config_glue [-] oslo_limit.endpoint_interface = public {{(pid=95778) log_opt_values /opt/stack/data/venv/lib/python3.12/site-packages/oslo_config/cfg.py:3253}}
Jun 12 07:48:46.131387 np0000002717 nova-scheduler[95778]: DEBUG cotyledon.oslo_config_glue [-] oslo_limit.endpoint_override = None {{(pid=95778) log_opt_values /opt/stack/data/venv/lib/python3.12/site-packages/oslo_config/cfg.py:3253}}
Jun 12 07:48:46.131387 np0000002717 nova-scheduler[95778]: DEBUG cotyledon.oslo_config_glue [-] oslo_limit.endpoint_region_name = None {{(pid=95778) log_opt_values /opt/stack/data/venv/lib/python3.12/site-packages/oslo_config/cfg.py:3253}}
Jun 12 07:48:46.131731 np0000002717 nova-scheduler[95778]: DEBUG cotyledon.oslo_config_glue [-] oslo_limit.endpoint_service_name = None {{(pid=95778) log_opt_values /opt/stack/data/venv/lib/python3.12/site-packages/oslo_config/cfg.py:3253}}
Jun 12 07:48:46.131731 np0000002717 nova-scheduler[95778]: DEBUG cotyledon.oslo_config_glue [-] oslo_limit.endpoint_service_type = None {{(pid=95778) log_opt_values /opt/stack/data/venv/lib/python3.12/site-packages/oslo_config/cfg.py:3253}}
Jun 12 07:48:46.131731 np0000002717 nova-scheduler[95778]: DEBUG cotyledon.oslo_config_glue [-] oslo_limit.insecure = False {{(pid=95778) log_opt_values /opt/stack/data/venv/lib/python3.12/site-packages/oslo_config/cfg.py:3253}}
Jun 12 07:48:46.131731 np0000002717 nova-scheduler[95778]: DEBUG cotyledon.oslo_config_glue [-] oslo_limit.keyfile = None {{(pid=95778) log_opt_values /opt/stack/data/venv/lib/python3.12/site-packages/oslo_config/cfg.py:3253}}
Jun 12 07:48:46.131731 np0000002717 nova-scheduler[95778]: DEBUG cotyledon.oslo_config_glue [-] oslo_limit.max_version = None {{(pid=95778) log_opt_values /opt/stack/data/venv/lib/python3.12/site-packages/oslo_config/cfg.py:3253}}
Jun 12 07:48:46.131731 np0000002717 nova-scheduler[95778]: DEBUG cotyledon.oslo_config_glue [-] oslo_limit.min_version = None {{(pid=95778) log_opt_values /opt/stack/data/venv/lib/python3.12/site-packages/oslo_config/cfg.py:3253}}
Jun 12 07:48:46.131731 np0000002717 nova-scheduler[95778]: DEBUG cotyledon.oslo_config_glue [-] oslo_limit.region_name = None {{(pid=95778) log_opt_values /opt/stack/data/venv/lib/python3.12/site-packages/oslo_config/cfg.py:3253}}
Jun 12 07:48:46.131731 np0000002717 nova-scheduler[95778]: DEBUG cotyledon.oslo_config_glue [-] oslo_limit.retriable_status_codes = None {{(pid=95778) log_opt_values /opt/stack/data/venv/lib/python3.12/site-packages/oslo_config/cfg.py:3253}}
Jun 12 07:48:46.131731 np0000002717 nova-scheduler[95778]: DEBUG cotyledon.oslo_config_glue [-] oslo_limit.service_name = None {{(pid=95778) log_opt_values /opt/stack/data/venv/lib/python3.12/site-packages/oslo_config/cfg.py:3253}}
Jun 12 07:48:46.132009 np0000002717 nova-scheduler[95778]: DEBUG cotyledon.oslo_config_glue [-] oslo_limit.service_type = None {{(pid=95778) log_opt_values /opt/stack/data/venv/lib/python3.12/site-packages/oslo_config/cfg.py:3253}}
Jun 12 07:48:46.132009 np0000002717 nova-scheduler[95778]: DEBUG cotyledon.oslo_config_glue [-] oslo_limit.split_loggers = False {{(pid=95778) log_opt_values /opt/stack/data/venv/lib/python3.12/site-packages/oslo_config/cfg.py:3253}}
Jun 12 07:48:46.132009 np0000002717 nova-scheduler[95778]: DEBUG cotyledon.oslo_config_glue [-] oslo_limit.status_code_retries = None {{(pid=95778) log_opt_values /opt/stack/data/venv/lib/python3.12/site-packages/oslo_config/cfg.py:3253}}
Jun 12 07:48:46.132009 np0000002717 nova-scheduler[95778]: DEBUG cotyledon.oslo_config_glue [-] oslo_limit.status_code_retry_delay = None {{(pid=95778) log_opt_values /opt/stack/data/venv/lib/python3.12/site-packages/oslo_config/cfg.py:3253}}
Jun 12 07:48:46.132009 np0000002717 nova-scheduler[95778]: DEBUG cotyledon.oslo_config_glue [-] oslo_limit.timeout = None {{(pid=95778) log_opt_values /opt/stack/data/venv/lib/python3.12/site-packages/oslo_config/cfg.py:3253}}
Jun 12 07:48:46.132009 np0000002717 nova-scheduler[95778]: DEBUG cotyledon.oslo_config_glue [-] oslo_limit.valid_interfaces = None {{(pid=95778) log_opt_values /opt/stack/data/venv/lib/python3.12/site-packages/oslo_config/cfg.py:3253}}
Jun 12 07:48:46.132009 np0000002717 nova-scheduler[95778]: DEBUG cotyledon.oslo_config_glue [-] oslo_limit.version = None {{(pid=95778) log_opt_values /opt/stack/data/venv/lib/python3.12/site-packages/oslo_config/cfg.py:3253}}
Jun 12 07:48:46.132009 np0000002717 nova-scheduler[95778]: DEBUG cotyledon.oslo_config_glue [-] oslo_reports.file_event_handler = None {{(pid=95778) log_opt_values /opt/stack/data/venv/lib/python3.12/site-packages/oslo_config/cfg.py:3253}}
Jun 12 07:48:46.132009 np0000002717 nova-scheduler[95778]: DEBUG cotyledon.oslo_config_glue [-] oslo_reports.file_event_handler_interval = 1 {{(pid=95778) log_opt_values /opt/stack/data/venv/lib/python3.12/site-packages/oslo_config/cfg.py:3253}}
Jun 12 07:48:46.132246 np0000002717 nova-scheduler[95778]: DEBUG cotyledon.oslo_config_glue [-] oslo_reports.log_dir = None {{(pid=95778) log_opt_values /opt/stack/data/venv/lib/python3.12/site-packages/oslo_config/cfg.py:3253}}
Jun 12 07:48:46.132246 np0000002717 nova-scheduler[95778]: DEBUG cotyledon.oslo_config_glue [-] ******************************************************************************** {{(pid=95778) log_opt_values /opt/stack/data/venv/lib/python3.12/site-packages/oslo_config/cfg.py:3260}}
Jun 12 07:48:46.132246 np0000002717 nova-scheduler[95778]: DEBUG cotyledon._service_worker [-] Run service ServiceWrapper(2) [95778] {{(pid=95778) wait_forever /opt/stack/data/venv/lib/python3.12/site-packages/cotyledon/_service_worker.py:218}}
Jun 12 07:48:46.132246 np0000002717 nova-scheduler[95778]: INFO nova.service [-] Starting scheduler node (version 33.1.0)
Jun 12 07:48:46.134024 np0000002717 nova-scheduler[95778]: INFO dbcounter [None req-5cb712f0-d524-4c2c-9730-5f33251d8c88 None None] Registered counter for database nova_cell0
Jun 12 07:48:46.148235 np0000002717 nova-scheduler[95741]: DEBUG oslo_db.sqlalchemy.engines [None req-75a4252c-713d-4b64-bdf9-61fa6022ff9e None None] MySQL server mode set to STRICT_TRANS_TABLES,STRICT_ALL_TABLES,NO_ZERO_IN_DATE,NO_ZERO_DATE,ERROR_FOR_DIVISION_BY_ZERO,TRADITIONAL,NO_ENGINE_SUBSTITUTION {{(pid=95741) _check_effective_sql_mode /opt/stack/data/venv/lib/python3.12/site-packages/oslo_db/sqlalchemy/engines.py:325}}
Jun 12 07:48:46.159714 np0000002717 nova-scheduler[95741]: DEBUG dbcounter [-] [95741] Writer thread running {{(pid=95741) stat_writer /opt/stack/data/venv/lib/python3.12/site-packages/dbcounter.py:102}}
Jun 12 07:48:46.173827 np0000002717 nova-scheduler[95753]: DEBUG oslo_db.sqlalchemy.engines [None req-dedb21e3-4149-450d-aaa3-052230a29b20 None None] MySQL server mode set to STRICT_TRANS_TABLES,STRICT_ALL_TABLES,NO_ZERO_IN_DATE,NO_ZERO_DATE,ERROR_FOR_DIVISION_BY_ZERO,TRADITIONAL,NO_ENGINE_SUBSTITUTION {{(pid=95753) _check_effective_sql_mode /opt/stack/data/venv/lib/python3.12/site-packages/oslo_db/sqlalchemy/engines.py:325}}
Jun 12 07:48:46.179098 np0000002717 nova-scheduler[95778]: DEBUG oslo_db.sqlalchemy.engines [None req-5cb712f0-d524-4c2c-9730-5f33251d8c88 None None] MySQL server mode set to STRICT_TRANS_TABLES,STRICT_ALL_TABLES,NO_ZERO_IN_DATE,NO_ZERO_DATE,ERROR_FOR_DIVISION_BY_ZERO,TRADITIONAL,NO_ENGINE_SUBSTITUTION {{(pid=95778) _check_effective_sql_mode /opt/stack/data/venv/lib/python3.12/site-packages/oslo_db/sqlalchemy/engines.py:325}}
Jun 12 07:48:46.187092 np0000002717 nova-scheduler[95741]: DEBUG nova.service [None req-75a4252c-713d-4b64-bdf9-61fa6022ff9e None None] Creating RPC server for service: nova-scheduler on topic: scheduler {{(pid=95741) start /opt/stack/nova/nova/service.py:196}}
Jun 12 07:48:46.187236 np0000002717 nova-scheduler[95753]: DEBUG dbcounter [-] [95753] Writer thread running {{(pid=95753) stat_writer /opt/stack/data/venv/lib/python3.12/site-packages/dbcounter.py:102}}
Jun 12 07:48:46.189368 np0000002717 nova-scheduler[95778]: DEBUG dbcounter [-] [95778] Writer thread running {{(pid=95778) stat_writer /opt/stack/data/venv/lib/python3.12/site-packages/dbcounter.py:102}}
Jun 12 07:48:46.190933 np0000002717 nova-scheduler[95753]: DEBUG nova.service [None req-dedb21e3-4149-450d-aaa3-052230a29b20 None None] Creating RPC server for service: nova-scheduler on topic: scheduler {{(pid=95753) start /opt/stack/nova/nova/service.py:196}}
Jun 12 07:48:46.192718 np0000002717 nova-scheduler[95778]: DEBUG nova.service [None req-5cb712f0-d524-4c2c-9730-5f33251d8c88 None None] Creating RPC server for service: nova-scheduler on topic: scheduler {{(pid=95778) start /opt/stack/nova/nova/service.py:196}}
Jun 12 07:48:46.220953 np0000002717 nova-scheduler[95741]: DEBUG nova.service [None req-75a4252c-713d-4b64-bdf9-61fa6022ff9e None None] Join ServiceGroup membership for this service scheduler {{(pid=95741) start /opt/stack/nova/nova/service.py:222}}
Jun 12 07:48:46.221209 np0000002717 nova-scheduler[95741]: DEBUG nova.servicegroup.drivers.db [None req-75a4252c-713d-4b64-bdf9-61fa6022ff9e None None] DB_Driver: join new ServiceGroup member np0000002717 to the scheduler group, service = {{(pid=95741) join /opt/stack/nova/nova/servicegroup/drivers/db.py:44}}
Jun 12 07:48:46.224548 np0000002717 nova-scheduler[95778]: DEBUG nova.service [None req-5cb712f0-d524-4c2c-9730-5f33251d8c88 None None] Join ServiceGroup membership for this service scheduler {{(pid=95778) start /opt/stack/nova/nova/service.py:222}}
Jun 12 07:48:46.225274 np0000002717 nova-scheduler[95778]: DEBUG nova.servicegroup.drivers.db [None req-5cb712f0-d524-4c2c-9730-5f33251d8c88 None None] DB_Driver: join new ServiceGroup member np0000002717 to the scheduler group, service = {{(pid=95778) join /opt/stack/nova/nova/servicegroup/drivers/db.py:44}}
Jun 12 07:48:46.227237 np0000002717 nova-scheduler[95753]: DEBUG nova.service [None req-dedb21e3-4149-450d-aaa3-052230a29b20 None None] Join ServiceGroup membership for this service scheduler {{(pid=95753) start /opt/stack/nova/nova/service.py:222}}
Jun 12 07:48:46.227559 np0000002717 nova-scheduler[95753]: DEBUG nova.servicegroup.drivers.db [None req-dedb21e3-4149-450d-aaa3-052230a29b20 None None] DB_Driver: join new ServiceGroup member np0000002717 to the scheduler group, service = {{(pid=95753) join /opt/stack/nova/nova/servicegroup/drivers/db.py:44}}
Jun 12 07:48:51.240048 np0000002717 nova-scheduler[95741]: DEBUG oslo.service.backend._threading.loopingcall [-] Fixed interval looping call 'nova.servicegroup.drivers.db.DbDriver._report_state' sleeping for 119.98 seconds {{(pid=95741) _run_loop /opt/stack/data/venv/lib/python3.12/site-packages/oslo_service/backend/_threading/loopingcall.py:125}}
Jun 12 07:48:51.240767 np0000002717 nova-scheduler[95778]: DEBUG oslo.service.backend._threading.loopingcall [-] Fixed interval looping call 'nova.servicegroup.drivers.db.DbDriver._report_state' sleeping for 119.99 seconds {{(pid=95778) _run_loop /opt/stack/data/venv/lib/python3.12/site-packages/oslo_service/backend/_threading/loopingcall.py:125}}
Jun 12 07:48:51.242320 np0000002717 nova-scheduler[95753]: DEBUG oslo.service.backend._threading.loopingcall [-] Fixed interval looping call 'nova.servicegroup.drivers.db.DbDriver._report_state' sleeping for 119.99 seconds {{(pid=95753) _run_loop /opt/stack/data/venv/lib/python3.12/site-packages/oslo_service/backend/_threading/loopingcall.py:125}}
Jun 12 07:48:54.723274 np0000002717 nova-scheduler[94454]: DEBUG dbcounter [-] [94454] Writing DB stats nova_api:SELECT=3 {{(pid=94454) stat_writer /opt/stack/data/venv/lib/python3.12/site-packages/dbcounter.py:115}}
Jun 12 07:48:54.861042 np0000002717 nova-scheduler[94454]: DEBUG dbcounter [-] [94454] Writing DB stats nova_cell1:SELECT=1 {{(pid=94454) stat_writer /opt/stack/data/venv/lib/python3.12/site-packages/dbcounter.py:115}}
Jun 12 07:48:54.864821 np0000002717 nova-scheduler[94454]: DEBUG dbcounter [-] [94454] Writing DB stats nova_cell0:SELECT=1 {{(pid=94454) stat_writer /opt/stack/data/venv/lib/python3.12/site-packages/dbcounter.py:115}}
Jun 12 07:48:57.223894 np0000002717 nova-scheduler[95741]: DEBUG oslo.service.backend._threading.loopingcall [None req-ab2dd377-edf6-4bfa-b708-5014e3c02139 None None] Dynamic interval looping call 'nova.service.Service.periodic_tasks' sleeping for 60.00 seconds {{(pid=95741) _run_loop /opt/stack/data/venv/lib/python3.12/site-packages/oslo_service/backend/_threading/loopingcall.py:125}}
Jun 12 07:49:00.229872 np0000002717 nova-scheduler[95753]: DEBUG oslo.service.backend._threading.loopingcall [None req-b5e3c1a4-cf94-4195-a4f3-67ba578a694b None None] Dynamic interval looping call 'nova.service.Service.periodic_tasks' sleeping for 60.00 seconds {{(pid=95753) _run_loop /opt/stack/data/venv/lib/python3.12/site-packages/oslo_service/backend/_threading/loopingcall.py:125}}
Jun 12 07:49:01.232851 np0000002717 nova-scheduler[95741]: DEBUG dbcounter [-] [95741] Writing DB stats nova_cell0:SELECT=4,nova_cell0:INSERT=1,nova_cell0:UPDATE=1 {{(pid=95741) stat_writer /opt/stack/data/venv/lib/python3.12/site-packages/dbcounter.py:115}}
Jun 12 07:49:01.239219 np0000002717 nova-scheduler[95778]: DEBUG dbcounter [-] [95778] Writing DB stats nova_cell0:SELECT=3,nova_cell0:UPDATE=1 {{(pid=95778) stat_writer /opt/stack/data/venv/lib/python3.12/site-packages/dbcounter.py:115}}
Jun 12 07:49:01.240795 np0000002717 nova-scheduler[95753]: DEBUG dbcounter [-] [95753] Writing DB stats nova_cell0:SELECT=3,nova_cell0:UPDATE=1 {{(pid=95753) stat_writer /opt/stack/data/venv/lib/python3.12/site-packages/dbcounter.py:115}}
Jun 12 07:49:20.227863 np0000002717 nova-scheduler[95778]: DEBUG oslo.service.backend._threading.loopingcall [None req-de04e5a3-273a-486a-a08f-a53c5bce4939 None None] Dynamic interval looping call 'nova.service.Service.periodic_tasks' sleeping for 60.00 seconds {{(pid=95778) _run_loop /opt/stack/data/venv/lib/python3.12/site-packages/oslo_service/backend/_threading/loopingcall.py:125}}
Jun 12 07:49:57.224571 np0000002717 nova-scheduler[95741]: DEBUG oslo.service.backend._threading.loopingcall [None req-ab2dd377-edf6-4bfa-b708-5014e3c02139 None None] Dynamic interval looping call 'nova.service.Service.periodic_tasks' sleeping for 60.00 seconds {{(pid=95741) _run_loop /opt/stack/data/venv/lib/python3.12/site-packages/oslo_service/backend/_threading/loopingcall.py:125}}
Jun 12 07:50:00.230370 np0000002717 nova-scheduler[95753]: DEBUG oslo.service.backend._threading.loopingcall [None req-b5e3c1a4-cf94-4195-a4f3-67ba578a694b None None] Dynamic interval looping call 'nova.service.Service.periodic_tasks' sleeping for 60.00 seconds {{(pid=95753) _run_loop /opt/stack/data/venv/lib/python3.12/site-packages/oslo_service/backend/_threading/loopingcall.py:125}}
Jun 12 07:50:20.228580 np0000002717 nova-scheduler[95778]: DEBUG oslo.service.backend._threading.loopingcall [None req-de04e5a3-273a-486a-a08f-a53c5bce4939 None None] Dynamic interval looping call 'nova.service.Service.periodic_tasks' sleeping for 60.00 seconds {{(pid=95778) _run_loop /opt/stack/data/venv/lib/python3.12/site-packages/oslo_service/backend/_threading/loopingcall.py:125}}
Jun 12 07:50:51.226419 np0000002717 nova-scheduler[95741]: DEBUG oslo.service.backend._threading.loopingcall [-] Fixed interval looping call 'nova.servicegroup.drivers.db.DbDriver._report_state' sleeping for 119.99 seconds {{(pid=95741) _run_loop /opt/stack/data/venv/lib/python3.12/site-packages/oslo_service/backend/_threading/loopingcall.py:125}}
Jun 12 07:50:51.233970 np0000002717 nova-scheduler[95778]: DEBUG oslo.service.backend._threading.loopingcall [-] Fixed interval looping call 'nova.servicegroup.drivers.db.DbDriver._report_state' sleeping for 120.00 seconds {{(pid=95778) _run_loop /opt/stack/data/venv/lib/python3.12/site-packages/oslo_service/backend/_threading/loopingcall.py:125}}
Jun 12 07:50:51.235500 np0000002717 nova-scheduler[95753]: DEBUG oslo.service.backend._threading.loopingcall [-] Fixed interval looping call 'nova.servicegroup.drivers.db.DbDriver._report_state' sleeping for 120.00 seconds {{(pid=95753) _run_loop /opt/stack/data/venv/lib/python3.12/site-packages/oslo_service/backend/_threading/loopingcall.py:125}}
Jun 12 07:50:57.225201 np0000002717 nova-scheduler[95741]: DEBUG oslo.service.backend._threading.loopingcall [None req-ab2dd377-edf6-4bfa-b708-5014e3c02139 None None] Dynamic interval looping call 'nova.service.Service.periodic_tasks' sleeping for 60.00 seconds {{(pid=95741) _run_loop /opt/stack/data/venv/lib/python3.12/site-packages/oslo_service/backend/_threading/loopingcall.py:125}}
Jun 12 07:51:00.230876 np0000002717 nova-scheduler[95753]: DEBUG oslo.service.backend._threading.loopingcall [None req-b5e3c1a4-cf94-4195-a4f3-67ba578a694b None None] Dynamic interval looping call 'nova.service.Service.periodic_tasks' sleeping for 60.00 seconds {{(pid=95753) _run_loop /opt/stack/data/venv/lib/python3.12/site-packages/oslo_service/backend/_threading/loopingcall.py:125}}
Jun 12 07:51:01.223149 np0000002717 nova-scheduler[95741]: DEBUG dbcounter [-] [95741] Writing DB stats nova_cell0:SELECT=1,nova_cell0:UPDATE=1 {{(pid=95741) stat_writer /opt/stack/data/venv/lib/python3.12/site-packages/dbcounter.py:115}}
Jun 12 07:51:01.232559 np0000002717 nova-scheduler[95778]: DEBUG dbcounter [-] [95778] Writing DB stats nova_cell0:SELECT=1 {{(pid=95778) stat_writer /opt/stack/data/venv/lib/python3.12/site-packages/dbcounter.py:115}}
Jun 12 07:51:01.233979 np0000002717 nova-scheduler[95753]: DEBUG dbcounter [-] [95753] Writing DB stats nova_cell0:SELECT=1 {{(pid=95753) stat_writer /opt/stack/data/venv/lib/python3.12/site-packages/dbcounter.py:115}}
Jun 12 07:51:18.689958 np0000002717 nova-scheduler[95741]: DEBUG nova.scheduler.manager [None req-6bff9cc7-a8c6-482c-a035-2418934711aa tempest-DeleteServersTestJSON-390156503 tempest-DeleteServersTestJSON-390156503-project-member] Starting to schedule for instances: ['40d29149-272c-4e66-bf16-7499634adfbb'] {{(pid=95741) select_destinations /opt/stack/nova/nova/scheduler/manager.py:210}}
Jun 12 07:51:18.691272 np0000002717 nova-scheduler[95741]: DEBUG nova.scheduler.request_filter [None req-6bff9cc7-a8c6-482c-a035-2418934711aa tempest-DeleteServersTestJSON-390156503 tempest-DeleteServersTestJSON-390156503-project-member] compute_status_filter request filter added forbidden trait COMPUTE_STATUS_DISABLED {{(pid=95741) compute_status_filter /opt/stack/nova/nova/scheduler/request_filter.py:253}}
Jun 12 07:51:18.691458 np0000002717 nova-scheduler[95741]: DEBUG nova.scheduler.request_filter [None req-6bff9cc7-a8c6-482c-a035-2418934711aa tempest-DeleteServersTestJSON-390156503 tempest-DeleteServersTestJSON-390156503-project-member] Request filter 'compute_status_filter' took 0.0 seconds {{(pid=95741) wrapper /opt/stack/nova/nova/scheduler/request_filter.py:46}}
Jun 12 07:51:18.691859 np0000002717 nova-scheduler[95741]: DEBUG nova.scheduler.request_filter [None req-6bff9cc7-a8c6-482c-a035-2418934711aa tempest-DeleteServersTestJSON-390156503 tempest-DeleteServersTestJSON-390156503-project-member] Request filter 'accelerators_filter' took 0.0 seconds {{(pid=95741) wrapper /opt/stack/nova/nova/scheduler/request_filter.py:46}}
Jun 12 07:51:18.692086 np0000002717 nova-scheduler[95741]: DEBUG nova.scheduler.request_filter [None req-6bff9cc7-a8c6-482c-a035-2418934711aa tempest-DeleteServersTestJSON-390156503 tempest-DeleteServersTestJSON-390156503-project-member] Request filter 'packed_virtqueue_filter' took 0.0 seconds {{(pid=95741) wrapper /opt/stack/nova/nova/scheduler/request_filter.py:46}}
Jun 12 07:51:18.692401 np0000002717 nova-scheduler[95741]: DEBUG nova.scheduler.request_filter [None req-6bff9cc7-a8c6-482c-a035-2418934711aa tempest-DeleteServersTestJSON-390156503 tempest-DeleteServersTestJSON-390156503-project-member] Request filter 'remote_managed_ports_filter' took 0.0 seconds {{(pid=95741) wrapper /opt/stack/nova/nova/scheduler/request_filter.py:46}}
Jun 12 07:51:18.692590 np0000002717 nova-scheduler[95741]: DEBUG nova.scheduler.request_filter [None req-6bff9cc7-a8c6-482c-a035-2418934711aa tempest-DeleteServersTestJSON-390156503 tempest-DeleteServersTestJSON-390156503-project-member] ephemeral_encryption_filter skipped {{(pid=95741) ephemeral_encryption_filter /opt/stack/nova/nova/scheduler/request_filter.py:426}}
Jun 12 07:51:18.692785 np0000002717 nova-scheduler[95741]: DEBUG nova.scheduler.request_filter [None req-6bff9cc7-a8c6-482c-a035-2418934711aa tempest-DeleteServersTestJSON-390156503 tempest-DeleteServersTestJSON-390156503-project-member] virtio_sound_filter skipped {{(pid=95741) virtio_sound_filter /opt/stack/nova/nova/scheduler/request_filter.py:460}}
Jun 12 07:51:18.693084 np0000002717 nova-scheduler[95741]: DEBUG nova.scheduler.request_filter [None req-6bff9cc7-a8c6-482c-a035-2418934711aa tempest-DeleteServersTestJSON-390156503 tempest-DeleteServersTestJSON-390156503-project-member] tpm_secret_security_filter skipped {{(pid=95741) tpm_secret_security_filter /opt/stack/nova/nova/scheduler/request_filter.py:477}}
Jun 12 07:51:19.242372 np0000002717 nova-scheduler[95741]: INFO nova.utils [None req-6bff9cc7-a8c6-482c-a035-2418934711aa tempest-DeleteServersTestJSON-390156503 tempest-DeleteServersTestJSON-390156503-project-member] The cell worker thread pool ForkProcess-1.cell_worker is initialized
Jun 12 07:51:19.242688 np0000002717 nova-scheduler[95741]: DEBUG oslo_concurrency.lockutils [None req-6bff9cc7-a8c6-482c-a035-2418934711aa tempest-DeleteServersTestJSON-390156503 tempest-DeleteServersTestJSON-390156503-project-member] Acquiring lock "b2787b6f-a34b-4ff3-93ca-c74d34c1f6c6" by "nova.context.set_target_cell..get_or_set_cached_cell_and_set_connections" {{(pid=95741) inner /opt/stack/data/venv/lib/python3.12/site-packages/oslo_concurrency/lockutils.py:511}}
Jun 12 07:51:19.242907 np0000002717 nova-scheduler[95741]: DEBUG oslo_concurrency.lockutils [None req-6bff9cc7-a8c6-482c-a035-2418934711aa tempest-DeleteServersTestJSON-390156503 tempest-DeleteServersTestJSON-390156503-project-member] Lock "b2787b6f-a34b-4ff3-93ca-c74d34c1f6c6" acquired by "nova.context.set_target_cell..get_or_set_cached_cell_and_set_connections" :: waited 0.000s {{(pid=95741) inner /opt/stack/data/venv/lib/python3.12/site-packages/oslo_concurrency/lockutils.py:524}}
Jun 12 07:51:19.244125 np0000002717 nova-scheduler[95741]: DEBUG oslo_concurrency.lockutils [None req-6bff9cc7-a8c6-482c-a035-2418934711aa tempest-DeleteServersTestJSON-390156503 tempest-DeleteServersTestJSON-390156503-project-member] Lock "b2787b6f-a34b-4ff3-93ca-c74d34c1f6c6" "released" by "nova.context.set_target_cell..get_or_set_cached_cell_and_set_connections" :: held 0.001s {{(pid=95741) inner /opt/stack/data/venv/lib/python3.12/site-packages/oslo_concurrency/lockutils.py:543}}
Jun 12 07:51:19.245521 np0000002717 nova-scheduler[95741]: INFO dbcounter [None req-6bff9cc7-a8c6-482c-a035-2418934711aa tempest-DeleteServersTestJSON-390156503 tempest-DeleteServersTestJSON-390156503-project-member] Registered counter for database nova_cell1
Jun 12 07:51:19.285847 np0000002717 nova-scheduler[95741]: DEBUG oslo_db.sqlalchemy.engines [None req-6bff9cc7-a8c6-482c-a035-2418934711aa tempest-DeleteServersTestJSON-390156503 tempest-DeleteServersTestJSON-390156503-project-member] MySQL server mode set to STRICT_TRANS_TABLES,STRICT_ALL_TABLES,NO_ZERO_IN_DATE,NO_ZERO_DATE,ERROR_FOR_DIVISION_BY_ZERO,TRADITIONAL,NO_ENGINE_SUBSTITUTION {{(pid=95741) _check_effective_sql_mode /opt/stack/data/venv/lib/python3.12/site-packages/oslo_db/sqlalchemy/engines.py:325}}
Jun 12 07:51:19.290911 np0000002717 nova-scheduler[95741]: DEBUG dbcounter [-] [95741] Writer thread running {{(pid=95741) stat_writer /opt/stack/data/venv/lib/python3.12/site-packages/dbcounter.py:102}}
Jun 12 07:51:19.301836 np0000002717 nova-scheduler[95741]: DEBUG oslo_db.sqlalchemy.engines [None req-6bff9cc7-a8c6-482c-a035-2418934711aa tempest-DeleteServersTestJSON-390156503 tempest-DeleteServersTestJSON-390156503-project-member] Parent process 94454 forked (95741) with an open database connection, which is being discarded and recreated. {{(pid=95741) checkout /opt/stack/data/venv/lib/python3.12/site-packages/oslo_db/sqlalchemy/engines.py:402}}
Jun 12 07:51:19.345876 np0000002717 nova-scheduler[95741]: DEBUG dbcounter [-] [95741] Writer thread running {{(pid=95741) stat_writer /opt/stack/data/venv/lib/python3.12/site-packages/dbcounter.py:102}}
Jun 12 07:51:19.348711 np0000002717 nova-scheduler[95741]: DEBUG oslo_concurrency.lockutils [None req-6bff9cc7-a8c6-482c-a035-2418934711aa tempest-DeleteServersTestJSON-390156503 tempest-DeleteServersTestJSON-390156503-project-member] Acquiring lock "b2787b6f-a34b-4ff3-93ca-c74d34c1f6c6" by "nova.context.set_target_cell..get_or_set_cached_cell_and_set_connections" {{(pid=95741) inner /opt/stack/data/venv/lib/python3.12/site-packages/oslo_concurrency/lockutils.py:511}}
Jun 12 07:51:19.348911 np0000002717 nova-scheduler[95741]: DEBUG oslo_concurrency.lockutils [None req-6bff9cc7-a8c6-482c-a035-2418934711aa tempest-DeleteServersTestJSON-390156503 tempest-DeleteServersTestJSON-390156503-project-member] Lock "b2787b6f-a34b-4ff3-93ca-c74d34c1f6c6" acquired by "nova.context.set_target_cell..get_or_set_cached_cell_and_set_connections" :: waited 0.000s {{(pid=95741) inner /opt/stack/data/venv/lib/python3.12/site-packages/oslo_concurrency/lockutils.py:524}}
Jun 12 07:51:19.348992 np0000002717 nova-scheduler[95741]: DEBUG oslo_concurrency.lockutils [None req-6bff9cc7-a8c6-482c-a035-2418934711aa tempest-DeleteServersTestJSON-390156503 tempest-DeleteServersTestJSON-390156503-project-member] Lock "b2787b6f-a34b-4ff3-93ca-c74d34c1f6c6" "released" by "nova.context.set_target_cell..get_or_set_cached_cell_and_set_connections" :: held 0.000s {{(pid=95741) inner /opt/stack/data/venv/lib/python3.12/site-packages/oslo_concurrency/lockutils.py:543}}
Jun 12 07:51:19.352130 np0000002717 nova-scheduler[95741]: DEBUG oslo_concurrency.lockutils [None req-6bff9cc7-a8c6-482c-a035-2418934711aa tempest-DeleteServersTestJSON-390156503 tempest-DeleteServersTestJSON-390156503-project-member] Acquiring lock "('np0000002717', 'np0000002717')" by "nova.scheduler.host_manager.HostState.update.._locked_update" {{(pid=95741) inner /opt/stack/data/venv/lib/python3.12/site-packages/oslo_concurrency/lockutils.py:511}}
Jun 12 07:51:19.352251 np0000002717 nova-scheduler[95741]: DEBUG oslo_concurrency.lockutils [None req-6bff9cc7-a8c6-482c-a035-2418934711aa tempest-DeleteServersTestJSON-390156503 tempest-DeleteServersTestJSON-390156503-project-member] Lock "('np0000002717', 'np0000002717')" acquired by "nova.scheduler.host_manager.HostState.update.._locked_update" :: waited 0.000s {{(pid=95741) inner /opt/stack/data/venv/lib/python3.12/site-packages/oslo_concurrency/lockutils.py:524}}
Jun 12 07:51:19.353940 np0000002717 nova-scheduler[95741]: DEBUG nova.scheduler.host_manager [None req-6bff9cc7-a8c6-482c-a035-2418934711aa tempest-DeleteServersTestJSON-390156503 tempest-DeleteServersTestJSON-390156503-project-member] Update host state from compute node: ComputeNode(cpu_allocation_ratio=4.0,cpu_info='{"arch": "x86_64", "model": "EPYC-Milan", "vendor": "AMD", "topology": {"cells": 1, "sockets": 12, "cores": 1, "threads": 1}, "maxphysaddr": {"mode": "emulate", "bits": 40}, "features": ["de", "clwb", "skip-l1dfl-vmentry", "smap", "wbnoinvd", "ibpb", "amd-ssbd", "avx2", "flushbyasid", "pat", "pge", "sse4a", "sha-ni", "vaes", "vgif", "misalignsse", "mce", "pdpe1gb", "3dnowprefetch", "spec-ctrl", "abm", "clzero", "cmp_legacy", "rdctl-no", "npt", "xsavec", "rdseed", "pku", "invpcid", "pcid", "mmx", "virt-ssbd", "svm", "gds-no", "hypervisor", "cx16", "syscall", "cmov", "lbrv", "pae", "pause-filter", "tsc-deadline", "xsaves", "mtrr", "rdpid", "fsrm", "lm", "adx", "msr", "avx", "sse", "sse4.2", "f16c", "tsc", "pse36", "erms", "smep", "clflushopt", "umip", "aes", "mca", "clflush", "ssbd", "ssse3", "perfctr_core", "nx", "fxsr", "v-vmsave-vmload", "xsave", "null-sel-clr-base", "lfence-always-serializing", "tsc_adjust", "topoext", "stibp-always-on", "fsgsbase", "bmi2", "vpclmulqdq", "x2apic", "movbe", "vme", "stibp", "popcnt", "pfthreshold", "pni", "xsaveerptr", "vmcb-clean", "rdrand", "mds-no", "pclmuldq", "sse2", "amd-psfd", "mmxext", "xsaveopt", "xgetbv1", "pse", "lahf_lm", "nrip-save", "apic", "sep", "tsc-scale", "ibrs", "pschange-mc-no", "rdtscp", "arat", "sse4.1", "arch-capabilities", "fpu", "bmi1", "svme-addr-chk", "fxsr_opt", "cr8legacy", "amd-stibp", "no-nested-data-bp", "cx8", "fma", "osvw"]}',created_at=2026-06-12T07:49:11Z,current_workload=0,deleted=False,deleted_at=None,disk_allocation_ratio=1.0,disk_available_least=74,free_disk_gb=95,free_ram_mb=23518,host='np0000002717',host_ip=10.4.3.108,hypervisor_hostname='np0000002717',hypervisor_type='QEMU',hypervisor_version=8002002,id=1,local_gb=95,local_gb_used=0,mapped=1,memory_mb=24030,memory_mb_used=512,metrics='[]',numa_topology='{"nova_object.name": "NUMATopology", "nova_object.namespace": "nova", "nova_object.version": "1.2", "nova_object.data": {"cells": [{"nova_object.name": "NUMACell", "nova_object.namespace": "nova", "nova_object.version": "1.5", "nova_object.data": {"id": 0, "cpuset": [0, 1, 2, 3, 4, 5, 6, 7, 8, 9, 10, 11], "pcpuset": [0, 1, 2, 3, 4, 5, 6, 7, 8, 9, 10, 11], "memory": 24030, "cpu_usage": 0, "memory_usage": 0, "pinned_cpus": [], "siblings": [[6], [2], [5], [11], [8], [4], [1], [7], [10], [0], [3], [9]], "mempages": [{"nova_object.name": "NUMAPagesTopology", "nova_object.namespace": "nova", "nova_object.version": "1.1", "nova_object.data": {"size_kb": 4, "total": 6151797, "used": 0, "reserved": 0}, "nova_object.changes": ["size_kb", "reserved", "used", "total"]}, {"nova_object.name": "NUMAPagesTopology", "nova_object.namespace": "nova", "nova_object.version": "1.1", "nova_object.data": {"size_kb": 2048, "total": 0, "used": 0, "reserved": 0}, "nova_object.changes": ["size_kb", "reserved", "used", "total"]}, {"nova_object.name": "NUMAPagesTopology", "nova_object.namespace": "nova", "nova_object.version": "1.1", "nova_object.data": {"size_kb": 1048576, "total": 0, "used": 0, "reserved": 0}, "nova_object.changes": ["size_kb", "reserved", "used", "total"]}], "network_metadata": {"nova_object.name": "NetworkMetadata", "nova_object.namespace": "nova", "nova_object.version": "1.0", "nova_object.data": {"physnets": [], "tunneled": false}, "nova_object.changes": ["tunneled", "physnets"]}, "socket": null}, "nova_object.changes": ["mempages", "socket", "pinned_cpus", "memory", "cpu_usage", "pcpuset", "id", "network_metadata", "siblings", "cpuset", "memory_usage"]}]}, "nova_object.changes": ["cells"]}',pci_device_pools=PciDevicePoolList,ram_allocation_ratio=1.0,running_vms=0,service_id=2,stats={failed_builds='0',uptime=' 07:50:56 up 25 min, 2 users, load average: 1.35, 1.29, 0.76
Jun 12 07:51:19.353940 np0000002717 nova-scheduler[95741]: '},supported_hv_specs=[HVSpec,HVSpec,HVSpec,HVSpec,HVSpec,HVSpec,HVSpec,HVSpec,HVSpec,HVSpec,HVSpec,HVSpec,HVSpec,HVSpec,HVSpec,HVSpec,HVSpec,HVSpec,HVSpec,HVSpec,HVSpec,HVSpec,HVSpec,HVSpec,HVSpec],updated_at=2026-06-12T07:50:59Z,uuid=4cc91f5e-7834-43d8-9df6-d50da42fdfa3,vcpus=12,vcpus_used=0) {{(pid=95741) _locked_update /opt/stack/nova/nova/scheduler/host_manager.py:168}}
Jun 12 07:51:19.354915 np0000002717 nova-scheduler[95741]: DEBUG nova.scheduler.host_manager [None req-6bff9cc7-a8c6-482c-a035-2418934711aa tempest-DeleteServersTestJSON-390156503 tempest-DeleteServersTestJSON-390156503-project-member] Update host state with aggregates: [] {{(pid=95741) _locked_update /opt/stack/nova/nova/scheduler/host_manager.py:171}}
Jun 12 07:51:19.355077 np0000002717 nova-scheduler[95741]: DEBUG nova.scheduler.host_manager [None req-6bff9cc7-a8c6-482c-a035-2418934711aa tempest-DeleteServersTestJSON-390156503 tempest-DeleteServersTestJSON-390156503-project-member] Update host state with service dict: {'id': 2, 'uuid': '09cbbced-5468-47e9-a90c-bf2b82e1ea6a', 'host': 'np0000002717', 'binary': 'nova-compute', 'topic': 'compute', 'report_count': 1, 'disabled': False, 'disabled_reason': None, 'last_seen_up': datetime.datetime(2026, 6, 12, 7, 49, 20, tzinfo=datetime.timezone.utc), 'forced_down': False, 'version': 72, 'created_at': datetime.datetime(2026, 6, 12, 7, 49, 9, tzinfo=datetime.timezone.utc), 'updated_at': datetime.datetime(2026, 6, 12, 7, 49, 20, tzinfo=datetime.timezone.utc), 'deleted_at': None, 'deleted': False} {{(pid=95741) _locked_update /opt/stack/nova/nova/scheduler/host_manager.py:174}}
Jun 12 07:51:19.355251 np0000002717 nova-scheduler[95741]: DEBUG nova.scheduler.host_manager [None req-6bff9cc7-a8c6-482c-a035-2418934711aa tempest-DeleteServersTestJSON-390156503 tempest-DeleteServersTestJSON-390156503-project-member] Update host state with instances: [] {{(pid=95741) _locked_update /opt/stack/nova/nova/scheduler/host_manager.py:177}}
Jun 12 07:51:19.355411 np0000002717 nova-scheduler[95741]: DEBUG oslo_concurrency.lockutils [None req-6bff9cc7-a8c6-482c-a035-2418934711aa tempest-DeleteServersTestJSON-390156503 tempest-DeleteServersTestJSON-390156503-project-member] Lock "('np0000002717', 'np0000002717')" "released" by "nova.scheduler.host_manager.HostState.update.._locked_update" :: held 0.003s {{(pid=95741) inner /opt/stack/data/venv/lib/python3.12/site-packages/oslo_concurrency/lockutils.py:543}}
Jun 12 07:51:19.355814 np0000002717 nova-scheduler[95741]: DEBUG nova.filters [None req-6bff9cc7-a8c6-482c-a035-2418934711aa tempest-DeleteServersTestJSON-390156503 tempest-DeleteServersTestJSON-390156503-project-member] Starting with 1 host(s) {{(pid=95741) get_filtered_objects /opt/stack/nova/nova/filters.py:70}}
Jun 12 07:51:19.355989 np0000002717 nova-scheduler[95741]: DEBUG nova.filters [None req-6bff9cc7-a8c6-482c-a035-2418934711aa tempest-DeleteServersTestJSON-390156503 tempest-DeleteServersTestJSON-390156503-project-member] Filter ComputeFilter returned 1 host(s) {{(pid=95741) get_filtered_objects /opt/stack/nova/nova/filters.py:102}}
Jun 12 07:51:19.356131 np0000002717 nova-scheduler[95741]: DEBUG nova.filters [None req-6bff9cc7-a8c6-482c-a035-2418934711aa tempest-DeleteServersTestJSON-390156503 tempest-DeleteServersTestJSON-390156503-project-member] Filter ComputeCapabilitiesFilter returned 1 host(s) {{(pid=95741) get_filtered_objects /opt/stack/nova/nova/filters.py:102}}
Jun 12 07:51:19.356319 np0000002717 nova-scheduler[95741]: DEBUG nova.filters [None req-6bff9cc7-a8c6-482c-a035-2418934711aa tempest-DeleteServersTestJSON-390156503 tempest-DeleteServersTestJSON-390156503-project-member] Filter ImagePropertiesFilter returned 1 host(s) {{(pid=95741) get_filtered_objects /opt/stack/nova/nova/filters.py:102}}
Jun 12 07:51:19.356438 np0000002717 nova-scheduler[95741]: DEBUG nova.filters [None req-6bff9cc7-a8c6-482c-a035-2418934711aa tempest-DeleteServersTestJSON-390156503 tempest-DeleteServersTestJSON-390156503-project-member] Filter ServerGroupAntiAffinityFilter returned 1 host(s) {{(pid=95741) get_filtered_objects /opt/stack/nova/nova/filters.py:102}}
Jun 12 07:51:19.356535 np0000002717 nova-scheduler[95741]: DEBUG nova.filters [None req-6bff9cc7-a8c6-482c-a035-2418934711aa tempest-DeleteServersTestJSON-390156503 tempest-DeleteServersTestJSON-390156503-project-member] Filter ServerGroupAffinityFilter returned 1 host(s) {{(pid=95741) get_filtered_objects /opt/stack/nova/nova/filters.py:102}}
Jun 12 07:51:19.356649 np0000002717 nova-scheduler[95741]: DEBUG nova.filters [None req-6bff9cc7-a8c6-482c-a035-2418934711aa tempest-DeleteServersTestJSON-390156503 tempest-DeleteServersTestJSON-390156503-project-member] Filter SameHostFilter returned 1 host(s) {{(pid=95741) get_filtered_objects /opt/stack/nova/nova/filters.py:102}}
Jun 12 07:51:19.356759 np0000002717 nova-scheduler[95741]: DEBUG nova.filters [None req-6bff9cc7-a8c6-482c-a035-2418934711aa tempest-DeleteServersTestJSON-390156503 tempest-DeleteServersTestJSON-390156503-project-member] Filter DifferentHostFilter returned 1 host(s) {{(pid=95741) get_filtered_objects /opt/stack/nova/nova/filters.py:102}}
Jun 12 07:51:19.356876 np0000002717 nova-scheduler[95741]: DEBUG nova.scheduler.manager [None req-6bff9cc7-a8c6-482c-a035-2418934711aa tempest-DeleteServersTestJSON-390156503 tempest-DeleteServersTestJSON-390156503-project-member] Filtered [(np0000002717, np0000002717) ram: 23518MB disk: 75776MB io_ops: 0 instances: 0, allocation_candidates: 1] {{(pid=95741) _get_sorted_hosts /opt/stack/nova/nova/scheduler/manager.py:743}}
Jun 12 07:51:19.357049 np0000002717 nova-scheduler[95741]: DEBUG nova.scheduler.manager [None req-6bff9cc7-a8c6-482c-a035-2418934711aa tempest-DeleteServersTestJSON-390156503 tempest-DeleteServersTestJSON-390156503-project-member] Weighed [WeighedHost [host: (np0000002717, np0000002717) ram: 23518MB disk: 75776MB io_ops: 0 instances: 0, allocation_candidates: 1, weight: 0.0]] {{(pid=95741) _get_sorted_hosts /opt/stack/nova/nova/scheduler/manager.py:765}}
Jun 12 07:51:19.357197 np0000002717 nova-scheduler[95741]: DEBUG nova.scheduler.utils [None req-6bff9cc7-a8c6-482c-a035-2418934711aa tempest-DeleteServersTestJSON-390156503 tempest-DeleteServersTestJSON-390156503-project-member] Attempting to claim resources in the placement API for instance 40d29149-272c-4e66-bf16-7499634adfbb {{(pid=95741) claim_resources /opt/stack/nova/nova/scheduler/utils.py:1345}}
Jun 12 07:51:19.526074 np0000002717 nova-scheduler[95741]: DEBUG nova.scheduler.manager [None req-6bff9cc7-a8c6-482c-a035-2418934711aa tempest-DeleteServersTestJSON-390156503 tempest-DeleteServersTestJSON-390156503-project-member] [instance: 40d29149-272c-4e66-bf16-7499634adfbb] Selected host: (np0000002717, np0000002717) ram: 23518MB disk: 75776MB io_ops: 0 instances: 0, allocation_candidates: 1 {{(pid=95741) _consume_selected_host /opt/stack/nova/nova/scheduler/manager.py:625}}
Jun 12 07:51:19.526074 np0000002717 nova-scheduler[95741]: DEBUG oslo_concurrency.lockutils [None req-6bff9cc7-a8c6-482c-a035-2418934711aa tempest-DeleteServersTestJSON-390156503 tempest-DeleteServersTestJSON-390156503-project-member] Acquiring lock "('np0000002717', 'np0000002717')" by "nova.scheduler.host_manager.HostState.consume_from_request.._locked" {{(pid=95741) inner /opt/stack/data/venv/lib/python3.12/site-packages/oslo_concurrency/lockutils.py:511}}
Jun 12 07:51:19.526217 np0000002717 nova-scheduler[95741]: DEBUG oslo_concurrency.lockutils [None req-6bff9cc7-a8c6-482c-a035-2418934711aa tempest-DeleteServersTestJSON-390156503 tempest-DeleteServersTestJSON-390156503-project-member] Lock "('np0000002717', 'np0000002717')" acquired by "nova.scheduler.host_manager.HostState.consume_from_request.._locked" :: waited 0.000s {{(pid=95741) inner /opt/stack/data/venv/lib/python3.12/site-packages/oslo_concurrency/lockutils.py:524}}
Jun 12 07:51:19.526493 np0000002717 nova-scheduler[95741]: DEBUG oslo_concurrency.lockutils [None req-6bff9cc7-a8c6-482c-a035-2418934711aa tempest-DeleteServersTestJSON-390156503 tempest-DeleteServersTestJSON-390156503-project-member] Lock "('np0000002717', 'np0000002717')" "released" by "nova.scheduler.host_manager.HostState.consume_from_request.._locked" :: held 0.000s {{(pid=95741) inner /opt/stack/data/venv/lib/python3.12/site-packages/oslo_concurrency/lockutils.py:543}}
Jun 12 07:51:20.229840 np0000002717 nova-scheduler[95778]: DEBUG oslo.service.backend._threading.loopingcall [None req-de04e5a3-273a-486a-a08f-a53c5bce4939 None None] Dynamic interval looping call 'nova.service.Service.periodic_tasks' sleeping for 60.00 seconds {{(pid=95778) _run_loop /opt/stack/data/venv/lib/python3.12/site-packages/oslo_service/backend/_threading/loopingcall.py:125}}
Jun 12 07:51:20.936408 np0000002717 nova-scheduler[95778]: DEBUG nova.scheduler.manager [None req-91e3d84b-c30c-46b9-886c-7d969dff33f3 tempest-ServerActionsTestOtherA-1355041384 tempest-ServerActionsTestOtherA-1355041384-project-member] Starting to schedule for instances: ['01d8557c-65cb-42f8-95fa-1c9d6cfdef52'] {{(pid=95778) select_destinations /opt/stack/nova/nova/scheduler/manager.py:210}}
Jun 12 07:51:20.936746 np0000002717 nova-scheduler[95778]: DEBUG nova.scheduler.request_filter [None req-91e3d84b-c30c-46b9-886c-7d969dff33f3 tempest-ServerActionsTestOtherA-1355041384 tempest-ServerActionsTestOtherA-1355041384-project-member] compute_status_filter request filter added forbidden trait COMPUTE_STATUS_DISABLED {{(pid=95778) compute_status_filter /opt/stack/nova/nova/scheduler/request_filter.py:253}}
Jun 12 07:51:20.936882 np0000002717 nova-scheduler[95778]: DEBUG nova.scheduler.request_filter [None req-91e3d84b-c30c-46b9-886c-7d969dff33f3 tempest-ServerActionsTestOtherA-1355041384 tempest-ServerActionsTestOtherA-1355041384-project-member] Request filter 'compute_status_filter' took 0.0 seconds {{(pid=95778) wrapper /opt/stack/nova/nova/scheduler/request_filter.py:46}}
Jun 12 07:51:20.937121 np0000002717 nova-scheduler[95778]: DEBUG nova.scheduler.request_filter [None req-91e3d84b-c30c-46b9-886c-7d969dff33f3 tempest-ServerActionsTestOtherA-1355041384 tempest-ServerActionsTestOtherA-1355041384-project-member] Request filter 'accelerators_filter' took 0.0 seconds {{(pid=95778) wrapper /opt/stack/nova/nova/scheduler/request_filter.py:46}}
Jun 12 07:51:20.937299 np0000002717 nova-scheduler[95778]: DEBUG nova.scheduler.request_filter [None req-91e3d84b-c30c-46b9-886c-7d969dff33f3 tempest-ServerActionsTestOtherA-1355041384 tempest-ServerActionsTestOtherA-1355041384-project-member] Request filter 'packed_virtqueue_filter' took 0.0 seconds {{(pid=95778) wrapper /opt/stack/nova/nova/scheduler/request_filter.py:46}}
Jun 12 07:51:20.937694 np0000002717 nova-scheduler[95778]: DEBUG nova.scheduler.request_filter [None req-91e3d84b-c30c-46b9-886c-7d969dff33f3 tempest-ServerActionsTestOtherA-1355041384 tempest-ServerActionsTestOtherA-1355041384-project-member] Request filter 'remote_managed_ports_filter' took 0.0 seconds {{(pid=95778) wrapper /opt/stack/nova/nova/scheduler/request_filter.py:46}}
Jun 12 07:51:20.937918 np0000002717 nova-scheduler[95778]: DEBUG nova.scheduler.request_filter [None req-91e3d84b-c30c-46b9-886c-7d969dff33f3 tempest-ServerActionsTestOtherA-1355041384 tempest-ServerActionsTestOtherA-1355041384-project-member] ephemeral_encryption_filter skipped {{(pid=95778) ephemeral_encryption_filter /opt/stack/nova/nova/scheduler/request_filter.py:426}}
Jun 12 07:51:20.938109 np0000002717 nova-scheduler[95778]: DEBUG nova.scheduler.request_filter [None req-91e3d84b-c30c-46b9-886c-7d969dff33f3 tempest-ServerActionsTestOtherA-1355041384 tempest-ServerActionsTestOtherA-1355041384-project-member] virtio_sound_filter skipped {{(pid=95778) virtio_sound_filter /opt/stack/nova/nova/scheduler/request_filter.py:460}}
Jun 12 07:51:20.938234 np0000002717 nova-scheduler[95778]: DEBUG nova.scheduler.request_filter [None req-91e3d84b-c30c-46b9-886c-7d969dff33f3 tempest-ServerActionsTestOtherA-1355041384 tempest-ServerActionsTestOtherA-1355041384-project-member] tpm_secret_security_filter skipped {{(pid=95778) tpm_secret_security_filter /opt/stack/nova/nova/scheduler/request_filter.py:477}}
Jun 12 07:51:21.046376 np0000002717 nova-scheduler[95778]: INFO nova.utils [None req-91e3d84b-c30c-46b9-886c-7d969dff33f3 tempest-ServerActionsTestOtherA-1355041384 tempest-ServerActionsTestOtherA-1355041384-project-member] The cell worker thread pool ForkProcess-3.cell_worker is initialized
Jun 12 07:51:21.046376 np0000002717 nova-scheduler[95778]: DEBUG oslo_concurrency.lockutils [None req-91e3d84b-c30c-46b9-886c-7d969dff33f3 tempest-ServerActionsTestOtherA-1355041384 tempest-ServerActionsTestOtherA-1355041384-project-member] Acquiring lock "b2787b6f-a34b-4ff3-93ca-c74d34c1f6c6" by "nova.context.set_target_cell..get_or_set_cached_cell_and_set_connections" {{(pid=95778) inner /opt/stack/data/venv/lib/python3.12/site-packages/oslo_concurrency/lockutils.py:511}}
Jun 12 07:51:21.046376 np0000002717 nova-scheduler[95778]: DEBUG oslo_concurrency.lockutils [None req-91e3d84b-c30c-46b9-886c-7d969dff33f3 tempest-ServerActionsTestOtherA-1355041384 tempest-ServerActionsTestOtherA-1355041384-project-member] Lock "b2787b6f-a34b-4ff3-93ca-c74d34c1f6c6" acquired by "nova.context.set_target_cell..get_or_set_cached_cell_and_set_connections" :: waited 0.000s {{(pid=95778) inner /opt/stack/data/venv/lib/python3.12/site-packages/oslo_concurrency/lockutils.py:524}}
Jun 12 07:51:21.047083 np0000002717 nova-scheduler[95778]: DEBUG oslo_concurrency.lockutils [None req-91e3d84b-c30c-46b9-886c-7d969dff33f3 tempest-ServerActionsTestOtherA-1355041384 tempest-ServerActionsTestOtherA-1355041384-project-member] Lock "b2787b6f-a34b-4ff3-93ca-c74d34c1f6c6" "released" by "nova.context.set_target_cell..get_or_set_cached_cell_and_set_connections" :: held 0.002s {{(pid=95778) inner /opt/stack/data/venv/lib/python3.12/site-packages/oslo_concurrency/lockutils.py:543}}
Jun 12 07:51:21.048809 np0000002717 nova-scheduler[95778]: INFO dbcounter [None req-91e3d84b-c30c-46b9-886c-7d969dff33f3 tempest-ServerActionsTestOtherA-1355041384 tempest-ServerActionsTestOtherA-1355041384-project-member] Registered counter for database nova_cell1
Jun 12 07:51:21.098819 np0000002717 nova-scheduler[95778]: DEBUG oslo_db.sqlalchemy.engines [None req-91e3d84b-c30c-46b9-886c-7d969dff33f3 tempest-ServerActionsTestOtherA-1355041384 tempest-ServerActionsTestOtherA-1355041384-project-member] MySQL server mode set to STRICT_TRANS_TABLES,STRICT_ALL_TABLES,NO_ZERO_IN_DATE,NO_ZERO_DATE,ERROR_FOR_DIVISION_BY_ZERO,TRADITIONAL,NO_ENGINE_SUBSTITUTION {{(pid=95778) _check_effective_sql_mode /opt/stack/data/venv/lib/python3.12/site-packages/oslo_db/sqlalchemy/engines.py:325}}
Jun 12 07:51:21.105765 np0000002717 nova-scheduler[95778]: DEBUG dbcounter [-] [95778] Writer thread running {{(pid=95778) stat_writer /opt/stack/data/venv/lib/python3.12/site-packages/dbcounter.py:102}}
Jun 12 07:51:21.167441 np0000002717 nova-scheduler[95778]: DEBUG dbcounter [-] [95778] Writer thread running {{(pid=95778) stat_writer /opt/stack/data/venv/lib/python3.12/site-packages/dbcounter.py:102}}
Jun 12 07:51:21.170024 np0000002717 nova-scheduler[95778]: DEBUG oslo_concurrency.lockutils [None req-91e3d84b-c30c-46b9-886c-7d969dff33f3 tempest-ServerActionsTestOtherA-1355041384 tempest-ServerActionsTestOtherA-1355041384-project-member] Acquiring lock "b2787b6f-a34b-4ff3-93ca-c74d34c1f6c6" by "nova.context.set_target_cell..get_or_set_cached_cell_and_set_connections" {{(pid=95778) inner /opt/stack/data/venv/lib/python3.12/site-packages/oslo_concurrency/lockutils.py:511}}
Jun 12 07:51:21.170424 np0000002717 nova-scheduler[95778]: DEBUG oslo_concurrency.lockutils [None req-91e3d84b-c30c-46b9-886c-7d969dff33f3 tempest-ServerActionsTestOtherA-1355041384 tempest-ServerActionsTestOtherA-1355041384-project-member] Lock "b2787b6f-a34b-4ff3-93ca-c74d34c1f6c6" acquired by "nova.context.set_target_cell..get_or_set_cached_cell_and_set_connections" :: waited 0.000s {{(pid=95778) inner /opt/stack/data/venv/lib/python3.12/site-packages/oslo_concurrency/lockutils.py:524}}
Jun 12 07:51:21.170424 np0000002717 nova-scheduler[95778]: DEBUG oslo_concurrency.lockutils [None req-91e3d84b-c30c-46b9-886c-7d969dff33f3 tempest-ServerActionsTestOtherA-1355041384 tempest-ServerActionsTestOtherA-1355041384-project-member] Lock "b2787b6f-a34b-4ff3-93ca-c74d34c1f6c6" "released" by "nova.context.set_target_cell..get_or_set_cached_cell_and_set_connections" :: held 0.000s {{(pid=95778) inner /opt/stack/data/venv/lib/python3.12/site-packages/oslo_concurrency/lockutils.py:543}}
Jun 12 07:51:21.173363 np0000002717 nova-scheduler[95778]: DEBUG oslo_concurrency.lockutils [None req-91e3d84b-c30c-46b9-886c-7d969dff33f3 tempest-ServerActionsTestOtherA-1355041384 tempest-ServerActionsTestOtherA-1355041384-project-member] Acquiring lock "('np0000002717', 'np0000002717')" by "nova.scheduler.host_manager.HostState.update.._locked_update" {{(pid=95778) inner /opt/stack/data/venv/lib/python3.12/site-packages/oslo_concurrency/lockutils.py:511}}
Jun 12 07:51:21.173539 np0000002717 nova-scheduler[95778]: DEBUG oslo_concurrency.lockutils [None req-91e3d84b-c30c-46b9-886c-7d969dff33f3 tempest-ServerActionsTestOtherA-1355041384 tempest-ServerActionsTestOtherA-1355041384-project-member] Lock "('np0000002717', 'np0000002717')" acquired by "nova.scheduler.host_manager.HostState.update.._locked_update" :: waited 0.000s {{(pid=95778) inner /opt/stack/data/venv/lib/python3.12/site-packages/oslo_concurrency/lockutils.py:524}}
