Jun 09 15:03:16.712714 np0000002453 devstack@g-api.service[102013]: DEBUG glance.api.middleware.version_negotiation [None req-402b4a50-239d-4f14-9ab3-3299daacee51 tempest-AttachVolumeMultiAttachTest-830891523 tempest-AttachVolumeMultiAttachTest-830891523-project-member] new path /v2/schemas/image {{(pid=102013) process_request /opt/stack/glance/glance/api/middleware/version_negotiation.py:70}}
Jun 09 15:03:16.715569 np0000002453 devstack@g-api.service[102013]: [pid: 102013|app: 0|req: 108/319] 127.0.0.1 () {44 vars in 1051 bytes} [Tue Jun 9 15:03:16 2026] GET /v2/schemas/image => generated 6083 bytes in 3 msecs (HTTP/1.1 200) 4 headers in 158 bytes (1 switches on core 0)
Jun 09 15:03:17.206636 np0000002453 devstack@g-api.service[102012]: DEBUG glance.api.middleware.version_negotiation [None req-402b4a50-239d-4f14-9ab3-3299daacee51 tempest-AttachVolumeMultiAttachTest-830891523 tempest-AttachVolumeMultiAttachTest-830891523-project-member] Determining version of request: GET /versions Accept: */* {{(pid=102012) process_request /opt/stack/glance/glance/api/middleware/version_negotiation.py:44}}
Jun 09 15:03:17.210791 np0000002453 devstack@g-api.service[102012]: [pid: 102012|app: 0|req: 102/320] 127.0.0.1 () {44 vars in 1035 bytes} [Tue Jun 9 15:03:17 2026] GET /versions => generated 1394 bytes in 4 msecs (HTTP/1.1 200) 3 headers in 92 bytes (1 switches on core 0)
Jun 09 15:03:17.230778 np0000002453 devstack@g-api.service[102014]: DEBUG glance.api.middleware.version_negotiation [None req-402b4a50-239d-4f14-9ab3-3299daacee51 tempest-AttachVolumeMultiAttachTest-830891523 tempest-AttachVolumeMultiAttachTest-830891523-project-member] Determining version of request: GET /v2/images/888b36f0-879e-4789-8374-a2360df86ce6/locations Accept: */* {{(pid=102014) process_request /opt/stack/glance/glance/api/middleware/version_negotiation.py:44}}
Jun 09 15:03:17.230778 np0000002453 devstack@g-api.service[102014]: DEBUG glance.api.middleware.version_negotiation [None req-402b4a50-239d-4f14-9ab3-3299daacee51 tempest-AttachVolumeMultiAttachTest-830891523 tempest-AttachVolumeMultiAttachTest-830891523-project-member] Using url versioning {{(pid=102014) process_request /opt/stack/glance/glance/api/middleware/version_negotiation.py:57}}
Jun 09 15:03:17.230778 np0000002453 devstack@g-api.service[102014]: DEBUG glance.api.middleware.version_negotiation [None req-402b4a50-239d-4f14-9ab3-3299daacee51 tempest-AttachVolumeMultiAttachTest-830891523 tempest-AttachVolumeMultiAttachTest-830891523-project-member] Matched version: v2 {{(pid=102014) process_request /opt/stack/glance/glance/api/middleware/version_negotiation.py:69}}
Jun 09 15:03:17.230778 np0000002453 devstack@g-api.service[102014]: DEBUG glance.api.middleware.version_negotiation [None req-402b4a50-239d-4f14-9ab3-3299daacee51 tempest-AttachVolumeMultiAttachTest-830891523 tempest-AttachVolumeMultiAttachTest-830891523-project-member] new path /v2/images/888b36f0-879e-4789-8374-a2360df86ce6/locations {{(pid=102014) process_request /opt/stack/glance/glance/api/middleware/version_negotiation.py:70}}
Jun 09 15:03:17.271357 np0000002453 devstack@g-api.service[102013]: DEBUG glance.api.middleware.version_negotiation [None req-402b4a50-239d-4f14-9ab3-3299daacee51 tempest-AttachVolumeMultiAttachTest-830891523 tempest-AttachVolumeMultiAttachTest-830891523-project-member] Determining version of request: GET /v2/images/0447c6c3-5129-4b8b-bf44-d93260d37729 Accept: */* {{(pid=102013) process_request /opt/stack/glance/glance/api/middleware/version_negotiation.py:44}}
Jun 09 15:03:17.271521 np0000002453 devstack@g-api.service[102013]: DEBUG glance.api.middleware.version_negotiation [None req-402b4a50-239d-4f14-9ab3-3299daacee51 tempest-AttachVolumeMultiAttachTest-830891523 tempest-AttachVolumeMultiAttachTest-830891523-project-member] Using url versioning {{(pid=102013) process_request /opt/stack/glance/glance/api/middleware/version_negotiation.py:57}}
Jun 09 15:03:17.271654 np0000002453 devstack@g-api.service[102013]: DEBUG glance.api.middleware.version_negotiation [None req-402b4a50-239d-4f14-9ab3-3299daacee51 tempest-AttachVolumeMultiAttachTest-830891523 tempest-AttachVolumeMultiAttachTest-830891523-project-member] Matched version: v2 {{(pid=102013) process_request /opt/stack/glance/glance/api/middleware/version_negotiation.py:69}}
Jun 09 15:03:17.272861 np0000002453 devstack@g-api.service[102013]: DEBUG glance.api.middleware.version_negotiation [None req-402b4a50-239d-4f14-9ab3-3299daacee51 tempest-AttachVolumeMultiAttachTest-830891523 tempest-AttachVolumeMultiAttachTest-830891523-project-member] new path /v2/images/0447c6c3-5129-4b8b-bf44-d93260d37729 {{(pid=102013) process_request /opt/stack/glance/glance/api/middleware/version_negotiation.py:70}}
Jun 09 15:03:17.289114 np0000002453 devstack@g-api.service[102013]: [pid: 102013|app: 0|req: 109/321] 127.0.0.1 () {44 vars in 1111 bytes} [Tue Jun 9 15:03:17 2026] GET /v2/images/0447c6c3-5129-4b8b-bf44-d93260d37729 => generated 1044 bytes in 17 msecs (HTTP/1.1 200) 4 headers in 158 bytes (1 switches on core 0)
Jun 09 15:03:17.290065 np0000002453 devstack@g-api.service[102014]: [pid: 102014|app: 0|req: 111/322] 127.0.0.1 () {44 vars in 1131 bytes} [Tue Jun 9 15:03:17 2026] GET /v2/images/888b36f0-879e-4789-8374-a2360df86ce6/locations => generated 92 bytes in 60 msecs (HTTP/1.1 200) 4 headers in 156 bytes (1 switches on core 0)
Jun 09 15:03:17.306142 np0000002453 devstack@g-api.service[102012]: DEBUG glance.api.middleware.version_negotiation [None req-402b4a50-239d-4f14-9ab3-3299daacee51 tempest-AttachVolumeMultiAttachTest-830891523 tempest-AttachVolumeMultiAttachTest-830891523-project-member] Determining version of request: GET /v2/images/888b36f0-879e-4789-8374-a2360df86ce6 Accept: */* {{(pid=102012) process_request /opt/stack/glance/glance/api/middleware/version_negotiation.py:44}}
Jun 09 15:03:17.306261 np0000002453 devstack@g-api.service[102012]: DEBUG glance.api.middleware.version_negotiation [None req-402b4a50-239d-4f14-9ab3-3299daacee51 tempest-AttachVolumeMultiAttachTest-830891523 tempest-AttachVolumeMultiAttachTest-830891523-project-member] Using url versioning {{(pid=102012) process_request /opt/stack/glance/glance/api/middleware/version_negotiation.py:57}}
Jun 09 15:03:17.306374 np0000002453 devstack@g-api.service[102012]: DEBUG glance.api.middleware.version_negotiation [None req-402b4a50-239d-4f14-9ab3-3299daacee51 tempest-AttachVolumeMultiAttachTest-830891523 tempest-AttachVolumeMultiAttachTest-830891523-project-member] Matched version: v2 {{(pid=102012) process_request /opt/stack/glance/glance/api/middleware/version_negotiation.py:69}}
Jun 09 15:03:17.306509 np0000002453 devstack@g-api.service[102012]: DEBUG glance.api.middleware.version_negotiation [None req-402b4a50-239d-4f14-9ab3-3299daacee51 tempest-AttachVolumeMultiAttachTest-830891523 tempest-AttachVolumeMultiAttachTest-830891523-project-member] new path /v2/images/888b36f0-879e-4789-8374-a2360df86ce6 {{(pid=102012) process_request /opt/stack/glance/glance/api/middleware/version_negotiation.py:70}}
Jun 09 15:03:17.329627 np0000002453 devstack@g-api.service[102012]: [pid: 102012|app: 0|req: 103/323] 127.0.0.1 () {44 vars in 1111 bytes} [Tue Jun 9 15:03:17 2026] GET /v2/images/888b36f0-879e-4789-8374-a2360df86ce6 => generated 1044 bytes in 24 msecs (HTTP/1.1 200) 4 headers in 158 bytes (1 switches on core 0)
Jun 09 15:03:17.335371 np0000002453 devstack@g-api.service[102013]: DEBUG glance.api.middleware.version_negotiation [None req-e26d466c-7f6a-456b-ad76-b0b69c7bea82 tempest-ServerActionsTestOtherA-885286355 tempest-ServerActionsTestOtherA-885286355-project-member] Determining version of request: GET /v2/images/0447c6c3-5129-4b8b-bf44-d93260d37729/file Accept: */* {{(pid=102013) process_request /opt/stack/glance/glance/api/middleware/version_negotiation.py:44}}
Jun 09 15:03:17.335371 np0000002453 devstack@g-api.service[102013]: DEBUG glance.api.middleware.version_negotiation [None req-e26d466c-7f6a-456b-ad76-b0b69c7bea82 tempest-ServerActionsTestOtherA-885286355 tempest-ServerActionsTestOtherA-885286355-project-member] Using url versioning {{(pid=102013) process_request /opt/stack/glance/glance/api/middleware/version_negotiation.py:57}}
Jun 09 15:03:17.335371 np0000002453 devstack@g-api.service[102013]: DEBUG glance.api.middleware.version_negotiation [None req-e26d466c-7f6a-456b-ad76-b0b69c7bea82 tempest-ServerActionsTestOtherA-885286355 tempest-ServerActionsTestOtherA-885286355-project-member] Matched version: v2 {{(pid=102013) process_request /opt/stack/glance/glance/api/middleware/version_negotiation.py:69}}
Jun 09 15:03:17.335371 np0000002453 devstack@g-api.service[102013]: DEBUG glance.api.middleware.version_negotiation [None req-e26d466c-7f6a-456b-ad76-b0b69c7bea82 tempest-ServerActionsTestOtherA-885286355 tempest-ServerActionsTestOtherA-885286355-project-member] new path /v2/images/0447c6c3-5129-4b8b-bf44-d93260d37729/file {{(pid=102013) process_request /opt/stack/glance/glance/api/middleware/version_negotiation.py:70}}
Jun 09 15:03:17.341621 np0000002453 devstack@g-api.service[102014]: DEBUG glance.api.middleware.version_negotiation [None req-402b4a50-239d-4f14-9ab3-3299daacee51 service glance] Determining version of request: GET /v2/schemas/image Accept: */* {{(pid=102014) process_request /opt/stack/glance/glance/api/middleware/version_negotiation.py:44}}
Jun 09 15:03:17.342183 np0000002453 devstack@g-api.service[102014]: DEBUG glance.api.middleware.version_negotiation [None req-402b4a50-239d-4f14-9ab3-3299daacee51 service glance] Using url versioning {{(pid=102014) process_request /opt/stack/glance/glance/api/middleware/version_negotiation.py:57}}
Jun 09 15:03:17.342297 np0000002453 devstack@g-api.service[102014]: DEBUG glance.api.middleware.version_negotiation [None req-402b4a50-239d-4f14-9ab3-3299daacee51 service glance] Matched version: v2 {{(pid=102014) process_request /opt/stack/glance/glance/api/middleware/version_negotiation.py:69}}
Jun 09 15:03:17.343087 np0000002453 devstack@g-api.service[102014]: DEBUG glance.api.middleware.version_negotiation [None req-402b4a50-239d-4f14-9ab3-3299daacee51 service glance] new path /v2/schemas/image {{(pid=102014) process_request /opt/stack/glance/glance/api/middleware/version_negotiation.py:70}}
Jun 09 15:03:17.345597 np0000002453 devstack@g-api.service[102014]: [pid: 102014|app: 0|req: 112/324] 127.0.0.1 () {44 vars in 1051 bytes} [Tue Jun 9 15:03:17 2026] GET /v2/schemas/image => generated 6083 bytes in 4 msecs (HTTP/1.1 200) 4 headers in 158 bytes (1 switches on core 0)
Jun 09 15:03:17.349464 np0000002453 devstack@g-api.service[102013]: DEBUG glance.api.middleware.cache [None req-e26d466c-7f6a-456b-ad76-b0b69c7bea82 tempest-ServerActionsTestOtherA-885286355 tempest-ServerActionsTestOtherA-885286355-project-member] Cache hit for image '0447c6c3-5129-4b8b-bf44-d93260d37729' {{(pid=102013) process_request /opt/stack/glance/glance/api/middleware/cache.py:160}}
Jun 09 15:03:17.359230 np0000002453 devstack@g-api.service[102012]: DEBUG glance.api.middleware.version_negotiation [None req-402b4a50-239d-4f14-9ab3-3299daacee51 tempest-AttachVolumeMultiAttachTest-830891523 tempest-AttachVolumeMultiAttachTest-830891523-project-member] Determining version of request: GET /v2/schemas/image Accept: */* {{(pid=102012) process_request /opt/stack/glance/glance/api/middleware/version_negotiation.py:44}}
Jun 09 15:03:17.359478 np0000002453 devstack@g-api.service[102012]: DEBUG glance.api.middleware.version_negotiation [None req-402b4a50-239d-4f14-9ab3-3299daacee51 tempest-AttachVolumeMultiAttachTest-830891523 tempest-AttachVolumeMultiAttachTest-830891523-project-member] Using url versioning {{(pid=102012) process_request /opt/stack/glance/glance/api/middleware/version_negotiation.py:57}}
Jun 09 15:03:17.359576 np0000002453 devstack@g-api.service[102012]: DEBUG glance.api.middleware.version_negotiation [None req-402b4a50-239d-4f14-9ab3-3299daacee51 tempest-AttachVolumeMultiAttachTest-830891523 tempest-AttachVolumeMultiAttachTest-830891523-project-member] Matched version: v2 {{(pid=102012) process_request /opt/stack/glance/glance/api/middleware/version_negotiation.py:69}}
Jun 09 15:03:17.359721 np0000002453 devstack@g-api.service[102012]: DEBUG glance.api.middleware.version_negotiation [None req-402b4a50-239d-4f14-9ab3-3299daacee51 tempest-AttachVolumeMultiAttachTest-830891523 tempest-AttachVolumeMultiAttachTest-830891523-project-member] new path /v2/schemas/image {{(pid=102012) process_request /opt/stack/glance/glance/api/middleware/version_negotiation.py:70}}
Jun 09 15:03:17.363639 np0000002453 devstack@g-api.service[102012]: [pid: 102012|app: 0|req: 104/325] 127.0.0.1 () {44 vars in 1051 bytes} [Tue Jun 9 15:03:17 2026] GET /v2/schemas/image => generated 6083 bytes in 5 msecs (HTTP/1.1 200) 4 headers in 158 bytes (1 switches on core 0)
Jun 09 15:03:17.405646 np0000002453 devstack@g-api.service[102014]: DEBUG glance.api.middleware.version_negotiation [None req-402b4a50-239d-4f14-9ab3-3299daacee51 tempest-AttachVolumeMultiAttachTest-830891523 tempest-AttachVolumeMultiAttachTest-830891523-project-member] Determining version of request: GET /v2/images/888b36f0-879e-4789-8374-a2360df86ce6 Accept: */* {{(pid=102014) process_request /opt/stack/glance/glance/api/middleware/version_negotiation.py:44}}
Jun 09 15:03:17.405787 np0000002453 devstack@g-api.service[102014]: DEBUG glance.api.middleware.version_negotiation [None req-402b4a50-239d-4f14-9ab3-3299daacee51 tempest-AttachVolumeMultiAttachTest-830891523 tempest-AttachVolumeMultiAttachTest-830891523-project-member] Using url versioning {{(pid=102014) process_request /opt/stack/glance/glance/api/middleware/version_negotiation.py:57}}
Jun 09 15:03:17.405928 np0000002453 devstack@g-api.service[102014]: DEBUG glance.api.middleware.version_negotiation [None req-402b4a50-239d-4f14-9ab3-3299daacee51 tempest-AttachVolumeMultiAttachTest-830891523 tempest-AttachVolumeMultiAttachTest-830891523-project-member] Matched version: v2 {{(pid=102014) process_request /opt/stack/glance/glance/api/middleware/version_negotiation.py:69}}
Jun 09 15:03:17.406350 np0000002453 devstack@g-api.service[102014]: DEBUG glance.api.middleware.version_negotiation [None req-402b4a50-239d-4f14-9ab3-3299daacee51 tempest-AttachVolumeMultiAttachTest-830891523 tempest-AttachVolumeMultiAttachTest-830891523-project-member] new path /v2/images/888b36f0-879e-4789-8374-a2360df86ce6 {{(pid=102014) process_request /opt/stack/glance/glance/api/middleware/version_negotiation.py:70}}
Jun 09 15:03:17.418408 np0000002453 devstack@g-api.service[102013]: [pid: 102013|app: 0|req: 110/326] 127.0.0.1 () {44 vars in 1121 bytes} [Tue Jun 9 15:03:17 2026] GET /v2/images/0447c6c3-5129-4b8b-bf44-d93260d37729/file => generated 21233664 bytes in 85 msecs (HTTP/1.1 200) 5 headers in 217 bytes (329 switches on core 0)
Jun 09 15:03:17.418574 np0000002453 devstack@g-api.service[102014]: [pid: 102014|app: 0|req: 113/327] 127.0.0.1 () {44 vars in 1111 bytes} [Tue Jun 9 15:03:17 2026] GET /v2/images/888b36f0-879e-4789-8374-a2360df86ce6 => generated 1044 bytes in 13 msecs (HTTP/1.1 200) 4 headers in 158 bytes (1 switches on core 0)
Jun 09 15:03:17.432095 np0000002453 devstack@g-api.service[102012]: DEBUG glance.api.middleware.version_negotiation [None req-402b4a50-239d-4f14-9ab3-3299daacee51 tempest-AttachVolumeMultiAttachTest-830891523 tempest-AttachVolumeMultiAttachTest-830891523-project-member] Determining version of request: GET /v2/images/888b36f0-879e-4789-8374-a2360df86ce6/file Accept: */* {{(pid=102012) process_request /opt/stack/glance/glance/api/middleware/version_negotiation.py:44}}
Jun 09 15:03:17.432095 np0000002453 devstack@g-api.service[102012]: DEBUG glance.api.middleware.version_negotiation [None req-402b4a50-239d-4f14-9ab3-3299daacee51 tempest-AttachVolumeMultiAttachTest-830891523 tempest-AttachVolumeMultiAttachTest-830891523-project-member] Using url versioning {{(pid=102012) process_request /opt/stack/glance/glance/api/middleware/version_negotiation.py:57}}
Jun 09 15:03:17.432260 np0000002453 devstack@g-api.service[102012]: DEBUG glance.api.middleware.version_negotiation [None req-402b4a50-239d-4f14-9ab3-3299daacee51 tempest-AttachVolumeMultiAttachTest-830891523 tempest-AttachVolumeMultiAttachTest-830891523-project-member] Matched version: v2 {{(pid=102012) process_request /opt/stack/glance/glance/api/middleware/version_negotiation.py:69}}
Jun 09 15:03:17.432260 np0000002453 devstack@g-api.service[102012]: DEBUG glance.api.middleware.version_negotiation [None req-402b4a50-239d-4f14-9ab3-3299daacee51 tempest-AttachVolumeMultiAttachTest-830891523 tempest-AttachVolumeMultiAttachTest-830891523-project-member] new path /v2/images/888b36f0-879e-4789-8374-a2360df86ce6/file {{(pid=102012) process_request /opt/stack/glance/glance/api/middleware/version_negotiation.py:70}}
Jun 09 15:03:17.445951 np0000002453 devstack@g-api.service[102012]: DEBUG glance.api.middleware.cache [None req-402b4a50-239d-4f14-9ab3-3299daacee51 tempest-AttachVolumeMultiAttachTest-830891523 tempest-AttachVolumeMultiAttachTest-830891523-project-member] Cache hit for image '888b36f0-879e-4789-8374-a2360df86ce6' {{(pid=102012) process_request /opt/stack/glance/glance/api/middleware/cache.py:160}}
Jun 09 15:03:17.542884 np0000002453 devstack@g-api.service[102012]: [pid: 102012|app: 0|req: 105/328] 127.0.0.1 () {44 vars in 1121 bytes} [Tue Jun 9 15:03:17 2026] GET /v2/images/888b36f0-879e-4789-8374-a2360df86ce6/file => generated 21692416 bytes in 111 msecs (HTTP/1.1 200) 5 headers in 217 bytes (340 switches on core 0)
Jun 09 15:03:17.570175 np0000002453 devstack@g-api.service[102013]: DEBUG glance.api.middleware.version_negotiation [None req-e26d466c-7f6a-456b-ad76-b0b69c7bea82 tempest-ServerActionsTestOtherA-885286355 tempest-ServerActionsTestOtherA-885286355-project-member] Determining version of request: GET /v2/images/0447c6c3-5129-4b8b-bf44-d93260d37729 Accept: */* {{(pid=102013) process_request /opt/stack/glance/glance/api/middleware/version_negotiation.py:44}}
Jun 09 15:03:17.570321 np0000002453 devstack@g-api.service[102013]: DEBUG glance.api.middleware.version_negotiation [None req-e26d466c-7f6a-456b-ad76-b0b69c7bea82 tempest-ServerActionsTestOtherA-885286355 tempest-ServerActionsTestOtherA-885286355-project-member] Using url versioning {{(pid=102013) process_request /opt/stack/glance/glance/api/middleware/version_negotiation.py:57}}
Jun 09 15:03:17.572791 np0000002453 devstack@g-api.service[102013]: DEBUG glance.api.middleware.version_negotiation [None req-e26d466c-7f6a-456b-ad76-b0b69c7bea82 tempest-ServerActionsTestOtherA-885286355 tempest-ServerActionsTestOtherA-885286355-project-member] Matched version: v2 {{(pid=102013) process_request /opt/stack/glance/glance/api/middleware/version_negotiation.py:69}}
Jun 09 15:03:17.572791 np0000002453 devstack@g-api.service[102013]: DEBUG glance.api.middleware.version_negotiation [None req-e26d466c-7f6a-456b-ad76-b0b69c7bea82 tempest-ServerActionsTestOtherA-885286355 tempest-ServerActionsTestOtherA-885286355-project-member] new path /v2/images/0447c6c3-5129-4b8b-bf44-d93260d37729 {{(pid=102013) process_request /opt/stack/glance/glance/api/middleware/version_negotiation.py:70}}
Jun 09 15:03:17.581715 np0000002453 devstack@g-api.service[102013]: [pid: 102013|app: 0|req: 111/329] 127.0.0.1 () {44 vars in 1111 bytes} [Tue Jun 9 15:03:17 2026] GET /v2/images/0447c6c3-5129-4b8b-bf44-d93260d37729 => generated 1044 bytes in 12 msecs (HTTP/1.1 200) 4 headers in 158 bytes (1 switches on core 0)
Jun 09 15:03:17.631339 np0000002453 devstack@g-api.service[102014]: DEBUG glance.api.middleware.version_negotiation [None req-402b4a50-239d-4f14-9ab3-3299daacee51 tempest-AttachVolumeMultiAttachTest-830891523 tempest-AttachVolumeMultiAttachTest-830891523-project-member] Determining version of request: GET /v2/schemas/image Accept: */* {{(pid=102014) process_request /opt/stack/glance/glance/api/middleware/version_negotiation.py:44}}
Jun 09 15:03:17.631339 np0000002453 devstack@g-api.service[102014]: DEBUG glance.api.middleware.version_negotiation [None req-402b4a50-239d-4f14-9ab3-3299daacee51 tempest-AttachVolumeMultiAttachTest-830891523 tempest-AttachVolumeMultiAttachTest-830891523-project-member] Using url versioning {{(pid=102014) process_request /opt/stack/glance/glance/api/middleware/version_negotiation.py:57}}
Jun 09 15:03:17.631339 np0000002453 devstack@g-api.service[102014]: DEBUG glance.api.middleware.version_negotiation [None req-402b4a50-239d-4f14-9ab3-3299daacee51 tempest-AttachVolumeMultiAttachTest-830891523 tempest-AttachVolumeMultiAttachTest-830891523-project-member] Matched version: v2 {{(pid=102014) process_request /opt/stack/glance/glance/api/middleware/version_negotiation.py:69}}
Jun 09 15:03:17.631339 np0000002453 devstack@g-api.service[102014]: DEBUG glance.api.middleware.version_negotiation [None req-402b4a50-239d-4f14-9ab3-3299daacee51 tempest-AttachVolumeMultiAttachTest-830891523 tempest-AttachVolumeMultiAttachTest-830891523-project-member] new path /v2/schemas/image {{(pid=102014) process_request /opt/stack/glance/glance/api/middleware/version_negotiation.py:70}}
Jun 09 15:03:17.635647 np0000002453 devstack@g-api.service[102014]: [pid: 102014|app: 0|req: 114/330] 127.0.0.1 () {44 vars in 1051 bytes} [Tue Jun 9 15:03:17 2026] GET /v2/schemas/image => generated 6083 bytes in 6 msecs (HTTP/1.1 200) 4 headers in 158 bytes (1 switches on core 0)
Jun 09 15:03:17.652072 np0000002453 devstack@g-api.service[102012]: DEBUG glance.api.middleware.version_negotiation [None req-402b4a50-239d-4f14-9ab3-3299daacee51 tempest-AttachVolumeMultiAttachTest-830891523 tempest-AttachVolumeMultiAttachTest-830891523-project-member] Determining version of request: GET /v2/images/888b36f0-879e-4789-8374-a2360df86ce6 Accept: */* {{(pid=102012) process_request /opt/stack/glance/glance/api/middleware/version_negotiation.py:44}}
Jun 09 15:03:17.653914 np0000002453 devstack@g-api.service[102012]: DEBUG glance.api.middleware.version_negotiation [None req-402b4a50-239d-4f14-9ab3-3299daacee51 tempest-AttachVolumeMultiAttachTest-830891523 tempest-AttachVolumeMultiAttachTest-830891523-project-member] Using url versioning {{(pid=102012) process_request /opt/stack/glance/glance/api/middleware/version_negotiation.py:57}}
Jun 09 15:03:17.653914 np0000002453 devstack@g-api.service[102012]: DEBUG glance.api.middleware.version_negotiation [None req-402b4a50-239d-4f14-9ab3-3299daacee51 tempest-AttachVolumeMultiAttachTest-830891523 tempest-AttachVolumeMultiAttachTest-830891523-project-member] Matched version: v2 {{(pid=102012) process_request /opt/stack/glance/glance/api/middleware/version_negotiation.py:69}}
Jun 09 15:03:17.653914 np0000002453 devstack@g-api.service[102012]: DEBUG glance.api.middleware.version_negotiation [None req-402b4a50-239d-4f14-9ab3-3299daacee51 tempest-AttachVolumeMultiAttachTest-830891523 tempest-AttachVolumeMultiAttachTest-830891523-project-member] new path /v2/images/888b36f0-879e-4789-8374-a2360df86ce6 {{(pid=102012) process_request /opt/stack/glance/glance/api/middleware/version_negotiation.py:70}}
Jun 09 15:03:17.684396 np0000002453 devstack@g-api.service[102012]: [pid: 102012|app: 0|req: 106/331] 127.0.0.1 () {44 vars in 1111 bytes} [Tue Jun 9 15:03:17 2026] GET /v2/images/888b36f0-879e-4789-8374-a2360df86ce6 => generated 1044 bytes in 33 msecs (HTTP/1.1 200) 4 headers in 158 bytes (1 switches on core 0)
Jun 09 15:03:17.694097 np0000002453 devstack@g-api.service[102013]: DEBUG glance.api.middleware.version_negotiation [None req-e26d466c-7f6a-456b-ad76-b0b69c7bea82 tempest-ServerActionsTestOtherA-885286355 tempest-ServerActionsTestOtherA-885286355-project-member] Determining version of request: GET /v2/schemas/image Accept: */* {{(pid=102013) process_request /opt/stack/glance/glance/api/middleware/version_negotiation.py:44}}
Jun 09 15:03:17.694310 np0000002453 devstack@g-api.service[102013]: DEBUG glance.api.middleware.version_negotiation [None req-e26d466c-7f6a-456b-ad76-b0b69c7bea82 tempest-ServerActionsTestOtherA-885286355 tempest-ServerActionsTestOtherA-885286355-project-member] Using url versioning {{(pid=102013) process_request /opt/stack/glance/glance/api/middleware/version_negotiation.py:57}}
Jun 09 15:03:17.694487 np0000002453 devstack@g-api.service[102013]: DEBUG glance.api.middleware.version_negotiation [None req-e26d466c-7f6a-456b-ad76-b0b69c7bea82 tempest-ServerActionsTestOtherA-885286355 tempest-ServerActionsTestOtherA-885286355-project-member] Matched version: v2 {{(pid=102013) process_request /opt/stack/glance/glance/api/middleware/version_negotiation.py:69}}
Jun 09 15:03:17.694629 np0000002453 devstack@g-api.service[102013]: DEBUG glance.api.middleware.version_negotiation [None req-e26d466c-7f6a-456b-ad76-b0b69c7bea82 tempest-ServerActionsTestOtherA-885286355 tempest-ServerActionsTestOtherA-885286355-project-member] new path /v2/schemas/image {{(pid=102013) process_request /opt/stack/glance/glance/api/middleware/version_negotiation.py:70}}
Jun 09 15:03:17.698135 np0000002453 devstack@g-api.service[102013]: [pid: 102013|app: 0|req: 112/332] 127.0.0.1 () {44 vars in 1051 bytes} [Tue Jun 9 15:03:17 2026] GET /v2/schemas/image => generated 6083 bytes in 4 msecs (HTTP/1.1 200) 4 headers in 158 bytes (1 switches on core 0)
Jun 09 15:03:18.211390 np0000002453 devstack@g-api.service[102014]: DEBUG glance.api.middleware.version_negotiation [None req-e26d466c-7f6a-456b-ad76-b0b69c7bea82 tempest-ServerActionsTestOtherA-885286355 tempest-ServerActionsTestOtherA-885286355-project-member] Determining version of request: GET /v2/images/888b36f0-879e-4789-8374-a2360df86ce6 Accept: */* {{(pid=102014) process_request /opt/stack/glance/glance/api/middleware/version_negotiation.py:44}}
Jun 09 15:03:18.211668 np0000002453 devstack@g-api.service[102014]: DEBUG glance.api.middleware.version_negotiation [None req-e26d466c-7f6a-456b-ad76-b0b69c7bea82 tempest-ServerActionsTestOtherA-885286355 tempest-ServerActionsTestOtherA-885286355-project-member] Using url versioning {{(pid=102014) process_request /opt/stack/glance/glance/api/middleware/version_negotiation.py:57}}
Jun 09 15:03:18.211795 np0000002453 devstack@g-api.service[102014]: DEBUG glance.api.middleware.version_negotiation [None req-e26d466c-7f6a-456b-ad76-b0b69c7bea82 tempest-ServerActionsTestOtherA-885286355 tempest-ServerActionsTestOtherA-885286355-project-member] Matched version: v2 {{(pid=102014) process_request /opt/stack/glance/glance/api/middleware/version_negotiation.py:69}}
Jun 09 15:03:18.211795 np0000002453 devstack@g-api.service[102014]: DEBUG glance.api.middleware.version_negotiation [None req-e26d466c-7f6a-456b-ad76-b0b69c7bea82 tempest-ServerActionsTestOtherA-885286355 tempest-ServerActionsTestOtherA-885286355-project-member] new path /v2/images/888b36f0-879e-4789-8374-a2360df86ce6 {{(pid=102014) process_request /opt/stack/glance/glance/api/middleware/version_negotiation.py:70}}
Jun 09 15:03:18.229448 np0000002453 devstack@g-api.service[102014]: [pid: 102014|app: 0|req: 115/333] 127.0.0.1 () {44 vars in 1111 bytes} [Tue Jun 9 15:03:18 2026] GET /v2/images/888b36f0-879e-4789-8374-a2360df86ce6 => generated 1044 bytes in 18 msecs (HTTP/1.1 200) 4 headers in 158 bytes (1 switches on core 0)
Jun 09 15:03:18.239322 np0000002453 devstack@g-api.service[102012]: DEBUG glance.api.middleware.version_negotiation [None req-402b4a50-239d-4f14-9ab3-3299daacee51 tempest-AttachVolumeMultiAttachTest-830891523 tempest-AttachVolumeMultiAttachTest-830891523-project-member] Determining version of request: GET /v2/schemas/image Accept: */* {{(pid=102012) process_request /opt/stack/glance/glance/api/middleware/version_negotiation.py:44}}
Jun 09 15:03:18.239630 np0000002453 devstack@g-api.service[102012]: DEBUG glance.api.middleware.version_negotiation [None req-402b4a50-239d-4f14-9ab3-3299daacee51 tempest-AttachVolumeMultiAttachTest-830891523 tempest-AttachVolumeMultiAttachTest-830891523-project-member] Using url versioning {{(pid=102012) process_request /opt/stack/glance/glance/api/middleware/version_negotiation.py:57}}
Jun 09 15:03:18.239735 np0000002453 devstack@g-api.service[102012]: DEBUG glance.api.middleware.version_negotiation [None req-402b4a50-239d-4f14-9ab3-3299daacee51 tempest-AttachVolumeMultiAttachTest-830891523 tempest-AttachVolumeMultiAttachTest-830891523-project-member] Matched version: v2 {{(pid=102012) process_request /opt/stack/glance/glance/api/middleware/version_negotiation.py:69}}
Jun 09 15:03:18.239888 np0000002453 devstack@g-api.service[102012]: DEBUG glance.api.middleware.version_negotiation [None req-402b4a50-239d-4f14-9ab3-3299daacee51 tempest-AttachVolumeMultiAttachTest-830891523 tempest-AttachVolumeMultiAttachTest-830891523-project-member] new path /v2/schemas/image {{(pid=102012) process_request /opt/stack/glance/glance/api/middleware/version_negotiation.py:70}}
Jun 09 15:03:18.247598 np0000002453 devstack@g-api.service[102012]: [pid: 102012|app: 0|req: 107/334] 127.0.0.1 () {44 vars in 1051 bytes} [Tue Jun 9 15:03:18 2026] GET /v2/schemas/image => generated 6083 bytes in 8 msecs (HTTP/1.1 200) 4 headers in 158 bytes (1 switches on core 0)
Jun 09 15:03:18.971126 np0000002453 devstack@g-api.service[102013]: DEBUG glance.api.middleware.version_negotiation [None req-402b4a50-239d-4f14-9ab3-3299daacee51 tempest-AttachVolumeMultiAttachTest-830891523 tempest-AttachVolumeMultiAttachTest-830891523-project-member] Determining version of request: POST /v2/images Accept: application/json {{(pid=102013) process_request /opt/stack/glance/glance/api/middleware/version_negotiation.py:44}}
Jun 09 15:03:18.971570 np0000002453 devstack@g-api.service[102013]: DEBUG glance.api.middleware.version_negotiation [None req-402b4a50-239d-4f14-9ab3-3299daacee51 tempest-AttachVolumeMultiAttachTest-830891523 tempest-AttachVolumeMultiAttachTest-830891523-project-member] Using url versioning {{(pid=102013) process_request /opt/stack/glance/glance/api/middleware/version_negotiation.py:57}}
Jun 09 15:03:18.971570 np0000002453 devstack@g-api.service[102013]: DEBUG glance.api.middleware.version_negotiation [None req-402b4a50-239d-4f14-9ab3-3299daacee51 tempest-AttachVolumeMultiAttachTest-830891523 tempest-AttachVolumeMultiAttachTest-830891523-project-member] Matched version: v2 {{(pid=102013) process_request /opt/stack/glance/glance/api/middleware/version_negotiation.py:69}}
Jun 09 15:03:18.971570 np0000002453 devstack@g-api.service[102013]: DEBUG glance.api.middleware.version_negotiation [None req-402b4a50-239d-4f14-9ab3-3299daacee51 tempest-AttachVolumeMultiAttachTest-830891523 tempest-AttachVolumeMultiAttachTest-830891523-project-member] new path /v2/images {{(pid=102013) process_request /opt/stack/glance/glance/api/middleware/version_negotiation.py:70}}
Jun 09 15:03:19.883039 np0000002453 devstack@g-api.service[102013]: [pid: 102013|app: 0|req: 113/335] 127.0.0.1 () {42 vars in 782 bytes} [Tue Jun 9 15:03:18 2026] POST /v2/images => generated 658 bytes in 912 msecs (HTTP/1.1 201) 6 headers in 315 bytes (1 switches on core 0)
Jun 09 15:03:19.896934 np0000002453 devstack@g-api.service[102014]: DEBUG glance.api.middleware.version_negotiation [None req-402b4a50-239d-4f14-9ab3-3299daacee51 tempest-AttachVolumeMultiAttachTest-830891523 tempest-AttachVolumeMultiAttachTest-830891523-project-member] Determining version of request: PUT /v2/images/f6fd5ea7-e80a-4672-91bc-beddde63f8ae/file Accept: {{(pid=102014) process_request /opt/stack/glance/glance/api/middleware/version_negotiation.py:44}}
Jun 09 15:03:19.897267 np0000002453 devstack@g-api.service[102014]: DEBUG glance.api.middleware.version_negotiation [None req-402b4a50-239d-4f14-9ab3-3299daacee51 tempest-AttachVolumeMultiAttachTest-830891523 tempest-AttachVolumeMultiAttachTest-830891523-project-member] Using url versioning {{(pid=102014) process_request /opt/stack/glance/glance/api/middleware/version_negotiation.py:57}}
Jun 09 15:03:19.897267 np0000002453 devstack@g-api.service[102014]: DEBUG glance.api.middleware.version_negotiation [None req-402b4a50-239d-4f14-9ab3-3299daacee51 tempest-AttachVolumeMultiAttachTest-830891523 tempest-AttachVolumeMultiAttachTest-830891523-project-member] Matched version: v2 {{(pid=102014) process_request /opt/stack/glance/glance/api/middleware/version_negotiation.py:69}}
Jun 09 15:03:19.897267 np0000002453 devstack@g-api.service[102014]: DEBUG glance.api.middleware.version_negotiation [None req-402b4a50-239d-4f14-9ab3-3299daacee51 tempest-AttachVolumeMultiAttachTest-830891523 tempest-AttachVolumeMultiAttachTest-830891523-project-member] new path /v2/images/f6fd5ea7-e80a-4672-91bc-beddde63f8ae/file {{(pid=102014) process_request /opt/stack/glance/glance/api/middleware/version_negotiation.py:70}}
Jun 09 15:03:20.552603 np0000002453 devstack@g-api.service[102014]: INFO glance.api.v2.image_data [None req-f83febe1-636b-406b-a552-ec33d16251ed tempest-VolumeImageDependencyTests-960924107 tempest-VolumeImageDependencyTests-960924107-project-member] Unable to create trust: no such option collect_timing in group [keystone_authtoken] Use the existing user token.
Jun 09 15:03:21.210450 np0000002453 devstack@g-api.service[102014]: DEBUG glance.location [None req-f83febe1-636b-406b-a552-ec33d16251ed tempest-VolumeImageDependencyTests-960924107 tempest-VolumeImageDependencyTests-960924107-project-member] Enabling in-flight format inspection for raw {{(pid=102014) set_data /opt/stack/glance/glance/location.py:616}}
Jun 09 15:03:21.210450 np0000002453 devstack@g-api.service[102014]: DEBUG glance_store.backend [None req-f83febe1-636b-406b-a552-ec33d16251ed tempest-VolumeImageDependencyTests-960924107 tempest-VolumeImageDependencyTests-960924107-project-member] Attempting to import store swift {{(pid=102014) _load_store /opt/stack/data/venv/lib/python3.12/site-packages/glance_store/backend.py:215}}
Jun 09 15:03:21.210918 np0000002453 devstack@g-api.service[102014]: DEBUG glance_store.capabilities [None req-f83febe1-636b-406b-a552-ec33d16251ed tempest-VolumeImageDependencyTests-960924107 tempest-VolumeImageDependencyTests-960924107-project-member] Store glance_store._drivers.swift.store.SingleTenantStore doesn't support updating dynamic storage capabilities. Please overwrite 'update_capabilities' method of the store to implement updating logics if needed. {{(pid=102014) update_capabilities /opt/stack/data/venv/lib/python3.12/site-packages/glance_store/capabilities.py:91}}
Jun 09 15:03:21.211156 np0000002453 devstack@g-api.service[102014]: DEBUG glance_store.driver [None req-f83febe1-636b-406b-a552-ec33d16251ed tempest-VolumeImageDependencyTests-960924107 tempest-VolumeImageDependencyTests-960924107-project-member] Late loading location class glance_store._drivers.swift.store.StoreLocation {{(pid=102014) get_store_location_class /opt/stack/data/venv/lib/python3.12/site-packages/glance_store/driver.py:134}}
Jun 09 15:03:21.211156 np0000002453 devstack@g-api.service[102014]: DEBUG glance_store.location [None req-f83febe1-636b-406b-a552-ec33d16251ed tempest-VolumeImageDependencyTests-960924107 tempest-VolumeImageDependencyTests-960924107-project-member] Registering scheme swift+https with {'store': , 'location_class': , 'store_entry': 'swift'} {{(pid=102014) register_scheme_map /opt/stack/data/venv/lib/python3.12/site-packages/glance_store/location.py:146}}
Jun 09 15:03:21.211156 np0000002453 devstack@g-api.service[102014]: DEBUG glance_store.location [None req-f83febe1-636b-406b-a552-ec33d16251ed tempest-VolumeImageDependencyTests-960924107 tempest-VolumeImageDependencyTests-960924107-project-member] Registering scheme swift+https with {'store': , 'location_class': , 'store_entry': 'swift'} {{(pid=102014) register_scheme_map /opt/stack/data/venv/lib/python3.12/site-packages/glance_store/location.py:146}}
Jun 09 15:03:21.211323 np0000002453 devstack@g-api.service[102014]: DEBUG glance_store.location [None req-f83febe1-636b-406b-a552-ec33d16251ed tempest-VolumeImageDependencyTests-960924107 tempest-VolumeImageDependencyTests-960924107-project-member] Registering scheme swift with {'store': , 'location_class': , 'store_entry': 'swift'} {{(pid=102014) register_scheme_map /opt/stack/data/venv/lib/python3.12/site-packages/glance_store/location.py:146}}
Jun 09 15:03:21.211323 np0000002453 devstack@g-api.service[102014]: DEBUG glance_store.location [None req-f83febe1-636b-406b-a552-ec33d16251ed tempest-VolumeImageDependencyTests-960924107 tempest-VolumeImageDependencyTests-960924107-project-member] Registering scheme swift+https with {'store': , 'location_class': , 'store_entry': 'swift'} {{(pid=102014) register_scheme_map /opt/stack/data/venv/lib/python3.12/site-packages/glance_store/location.py:146}}
Jun 09 15:03:21.211411 np0000002453 devstack@g-api.service[102014]: DEBUG glance_store.location [None req-f83febe1-636b-406b-a552-ec33d16251ed tempest-VolumeImageDependencyTests-960924107 tempest-VolumeImageDependencyTests-960924107-project-member] Registering scheme swift with {'store': , 'location_class': , 'store_entry': 'swift'} {{(pid=102014) register_scheme_map /opt/stack/data/venv/lib/python3.12/site-packages/glance_store/location.py:146}}
Jun 09 15:03:21.211411 np0000002453 devstack@g-api.service[102014]: DEBUG glance_store.location [None req-f83febe1-636b-406b-a552-ec33d16251ed tempest-VolumeImageDependencyTests-960924107 tempest-VolumeImageDependencyTests-960924107-project-member] Registering scheme swift+http with {'store': , 'location_class': , 'store_entry': 'swift'} {{(pid=102014) register_scheme_map /opt/stack/data/venv/lib/python3.12/site-packages/glance_store/location.py:146}}
Jun 09 15:03:21.211492 np0000002453 devstack@g-api.service[102014]: DEBUG glance_store.location [None req-f83febe1-636b-406b-a552-ec33d16251ed tempest-VolumeImageDependencyTests-960924107 tempest-VolumeImageDependencyTests-960924107-project-member] Registering scheme swift+https with {'store': , 'location_class': , 'store_entry': 'swift'} {{(pid=102014) register_scheme_map /opt/stack/data/venv/lib/python3.12/site-packages/glance_store/location.py:146}}
Jun 09 15:03:21.211792 np0000002453 devstack@g-api.service[102014]: DEBUG glance_store.location [None req-f83febe1-636b-406b-a552-ec33d16251ed tempest-VolumeImageDependencyTests-960924107 tempest-VolumeImageDependencyTests-960924107-project-member] Registering scheme swift with {'store': , 'location_class': , 'store_entry': 'swift'} {{(pid=102014) register_scheme_map /opt/stack/data/venv/lib/python3.12/site-packages/glance_store/location.py:146}}
Jun 09 15:03:21.211792 np0000002453 devstack@g-api.service[102014]: DEBUG glance_store.location [None req-f83febe1-636b-406b-a552-ec33d16251ed tempest-VolumeImageDependencyTests-960924107 tempest-VolumeImageDependencyTests-960924107-project-member] Registering scheme swift+http with {'store': , 'location_class': , 'store_entry': 'swift'} {{(pid=102014) register_scheme_map /opt/stack/data/venv/lib/python3.12/site-packages/glance_store/location.py:146}}
Jun 09 15:03:21.211792 np0000002453 devstack@g-api.service[102014]: DEBUG glance_store.location [None req-f83febe1-636b-406b-a552-ec33d16251ed tempest-VolumeImageDependencyTests-960924107 tempest-VolumeImageDependencyTests-960924107-project-member] Registering scheme swift+config with {'store': , 'location_class': , 'store_entry': 'swift'} {{(pid=102014) register_scheme_map /opt/stack/data/venv/lib/python3.12/site-packages/glance_store/location.py:146}}
Jun 09 15:03:21.565138 np0000002453 devstack@g-api.service[102014]: DEBUG swiftclient [None req-f83febe1-636b-406b-a552-ec33d16251ed tempest-VolumeImageDependencyTests-960924107 tempest-VolumeImageDependencyTests-960924107-project-member] REQ: curl -i https://10.4.3.86:8080/v1/AUTH_cc22d55a9c29418193a589c16769f72b/glance -I -H "X-Auth-Token: gAAAAABqKCs59NcB..." {{(pid=102014) http_log /opt/stack/data/venv/lib/python3.12/site-packages/swiftclient/client.py:160}}
Jun 09 15:03:21.565211 np0000002453 devstack@g-api.service[102014]: DEBUG swiftclient [None req-f83febe1-636b-406b-a552-ec33d16251ed tempest-VolumeImageDependencyTests-960924107 tempest-VolumeImageDependencyTests-960924107-project-member] RESP STATUS: 204 No Content {{(pid=102014) http_log /opt/stack/data/venv/lib/python3.12/site-packages/swiftclient/client.py:161}}
Jun 09 15:03:21.565442 np0000002453 devstack@g-api.service[102014]: DEBUG swiftclient [None req-f83febe1-636b-406b-a552-ec33d16251ed tempest-VolumeImageDependencyTests-960924107 tempest-VolumeImageDependencyTests-960924107-project-member] RESP HEADERS: {'Date': 'Tue, 09 Jun 2026 15:03:21 GMT', 'Server': 'Apache/2.4.58 (Ubuntu)', 'Content-Type': 'text/plain; charset=utf-8', 'X-Container-Object-Count': '5', 'X-Container-Bytes-Used': '86048768', 'X-Timestamp': '1781016861.57936', 'Last-Modified': 'Tue, 09 Jun 2026 14:54:22 GMT', 'Accept-Ranges': 'bytes', 'X-Storage-Policy': 'Policy-0', 'X-Container-Sharding': 'False', 'Vary': 'Accept', 'X-Trans-Id': 'txa86863693e34490baff7e-006a282b39', 'X-Openstack-Request-Id': 'txa86863693e34490baff7e-006a282b39', 'Connection': 'close'} {{(pid=102014) http_log /opt/stack/data/venv/lib/python3.12/site-packages/swiftclient/client.py:162}}
Jun 09 15:03:21.565671 np0000002453 devstack@g-api.service[102014]: DEBUG glance_store._drivers.swift.store [None req-f83febe1-636b-406b-a552-ec33d16251ed tempest-VolumeImageDependencyTests-960924107 tempest-VolumeImageDependencyTests-960924107-project-member] Adding image object 'f6fd5ea7-e80a-4672-91bc-beddde63f8ae' to Swift {{(pid=102014) add /opt/stack/data/venv/lib/python3.12/site-packages/glance_store/_drivers/swift/store.py:970}}
Jun 09 15:03:21.574012 np0000002453 devstack@g-api.service[102014]: DEBUG oslo_utils.imageutils.format_inspector [None req-f83febe1-636b-406b-a552-ec33d16251ed tempest-VolumeImageDependencyTests-960924107 tempest-VolumeImageDependencyTests-960924107-project-member] Format inspector for vmdk does not match, excluding from consideration (Signature KDMV not found: b'\x0cP\x04m') {{(pid=102014) _process_chunk /opt/stack/data/venv/lib/python3.12/site-packages/oslo_utils/imageutils/format_inspector.py:1758}}
Jun 09 15:03:21.595543 np0000002453 devstack@g-api.service[102014]: DEBUG swiftclient [None req-f83febe1-636b-406b-a552-ec33d16251ed tempest-VolumeImageDependencyTests-960924107 tempest-VolumeImageDependencyTests-960924107-project-member] REQ: curl -i https://10.4.3.86:8080/v1/AUTH_cc22d55a9c29418193a589c16769f72b/glance/f6fd5ea7-e80a-4672-91bc-beddde63f8ae -X PUT -H "X-Auth-Token: gAAAAABqKCs59NcB..." -H "Content-Length: 1024" {{(pid=102014) http_log /opt/stack/data/venv/lib/python3.12/site-packages/swiftclient/client.py:160}}
Jun 09 15:03:21.595780 np0000002453 devstack@g-api.service[102014]: DEBUG swiftclient [None req-f83febe1-636b-406b-a552-ec33d16251ed tempest-VolumeImageDependencyTests-960924107 tempest-VolumeImageDependencyTests-960924107-project-member] RESP STATUS: 201 Created {{(pid=102014) http_log /opt/stack/data/venv/lib/python3.12/site-packages/swiftclient/client.py:161}}
Jun 09 15:03:21.595846 np0000002453 devstack@g-api.service[102014]: DEBUG swiftclient [None req-f83febe1-636b-406b-a552-ec33d16251ed tempest-VolumeImageDependencyTests-960924107 tempest-VolumeImageDependencyTests-960924107-project-member] RESP HEADERS: {'Date': 'Tue, 09 Jun 2026 15:03:21 GMT', 'Server': 'Apache/2.4.58 (Ubuntu)', 'Content-Type': 'text/html; charset=UTF-8', 'Content-Length': '0', 'Etag': '633f830402c68bf878b48bd302b33485', 'Last-Modified': 'Tue, 09 Jun 2026 15:03:22 GMT', 'X-Trans-Id': 'tx8f15fcb70e54493e97cbe-006a282b39', 'X-Openstack-Request-Id': 'tx8f15fcb70e54493e97cbe-006a282b39', 'Connection': 'close'} {{(pid=102014) http_log /opt/stack/data/venv/lib/python3.12/site-packages/swiftclient/client.py:162}}
Jun 09 15:03:21.597566 np0000002453 devstack@g-api.service[102014]: INFO glance.location [None req-f83febe1-636b-406b-a552-ec33d16251ed tempest-VolumeImageDependencyTests-960924107 tempest-VolumeImageDependencyTests-960924107-project-member] Image format matched and virtual size computed: 1024
Jun 09 15:03:21.642978 np0000002453 devstack@g-api.service[102014]: DEBUG glance_store.backend [None req-f83febe1-636b-406b-a552-ec33d16251ed tempest-VolumeImageDependencyTests-960924107 tempest-VolumeImageDependencyTests-960924107-project-member] Attempting to import store swift {{(pid=102014) _load_store /opt/stack/data/venv/lib/python3.12/site-packages/glance_store/backend.py:215}}
Jun 09 15:03:21.644792 np0000002453 devstack@g-api.service[102014]: DEBUG glance_store.capabilities [None req-f83febe1-636b-406b-a552-ec33d16251ed tempest-VolumeImageDependencyTests-960924107 tempest-VolumeImageDependencyTests-960924107-project-member] Store glance_store._drivers.swift.store.SingleTenantStore doesn't support updating dynamic storage capabilities. Please overwrite 'update_capabilities' method of the store to implement updating logics if needed. {{(pid=102014) update_capabilities /opt/stack/data/venv/lib/python3.12/site-packages/glance_store/capabilities.py:91}}
Jun 09 15:03:21.644894 np0000002453 devstack@g-api.service[102014]: DEBUG glance_store.driver [None req-f83febe1-636b-406b-a552-ec33d16251ed tempest-VolumeImageDependencyTests-960924107 tempest-VolumeImageDependencyTests-960924107-project-member] Late loading location class glance_store._drivers.swift.store.StoreLocation {{(pid=102014) get_store_location_class /opt/stack/data/venv/lib/python3.12/site-packages/glance_store/driver.py:134}}
Jun 09 15:03:21.644975 np0000002453 devstack@g-api.service[102014]: DEBUG glance_store.location [None req-f83febe1-636b-406b-a552-ec33d16251ed tempest-VolumeImageDependencyTests-960924107 tempest-VolumeImageDependencyTests-960924107-project-member] Registering scheme swift+https with {'store': , 'location_class': , 'store_entry': 'swift'} {{(pid=102014) register_scheme_map /opt/stack/data/venv/lib/python3.12/site-packages/glance_store/location.py:146}}
Jun 09 15:03:21.645151 np0000002453 devstack@g-api.service[102014]: DEBUG glance_store.location [None req-f83febe1-636b-406b-a552-ec33d16251ed tempest-VolumeImageDependencyTests-960924107 tempest-VolumeImageDependencyTests-960924107-project-member] Registering scheme swift+https with {'store': , 'location_class': , 'store_entry': 'swift'} {{(pid=102014) register_scheme_map /opt/stack/data/venv/lib/python3.12/site-packages/glance_store/location.py:146}}
Jun 09 15:03:21.645287 np0000002453 devstack@g-api.service[102014]: DEBUG glance_store.location [None req-f83febe1-636b-406b-a552-ec33d16251ed tempest-VolumeImageDependencyTests-960924107 tempest-VolumeImageDependencyTests-960924107-project-member] Registering scheme swift with {'store': , 'location_class': , 'store_entry': 'swift'} {{(pid=102014) register_scheme_map /opt/stack/data/venv/lib/python3.12/site-packages/glance_store/location.py:146}}
Jun 09 15:03:21.645425 np0000002453 devstack@g-api.service[102014]: DEBUG glance_store.location [None req-f83febe1-636b-406b-a552-ec33d16251ed tempest-VolumeImageDependencyTests-960924107 tempest-VolumeImageDependencyTests-960924107-project-member] Registering scheme swift+https with {'store': , 'location_class': , 'store_entry': 'swift'} {{(pid=102014) register_scheme_map /opt/stack/data/venv/lib/python3.12/site-packages/glance_store/location.py:146}}
Jun 09 15:03:21.645867 np0000002453 devstack@g-api.service[102014]: DEBUG glance_store.location [None req-f83febe1-636b-406b-a552-ec33d16251ed tempest-VolumeImageDependencyTests-960924107 tempest-VolumeImageDependencyTests-960924107-project-member] Registering scheme swift with {'store': , 'location_class': , 'store_entry': 'swift'} {{(pid=102014) register_scheme_map /opt/stack/data/venv/lib/python3.12/site-packages/glance_store/location.py:146}}
Jun 09 15:03:21.645867 np0000002453 devstack@g-api.service[102014]: DEBUG glance_store.location [None req-f83febe1-636b-406b-a552-ec33d16251ed tempest-VolumeImageDependencyTests-960924107 tempest-VolumeImageDependencyTests-960924107-project-member] Registering scheme swift+http with {'store': , 'location_class': , 'store_entry': 'swift'} {{(pid=102014) register_scheme_map /opt/stack/data/venv/lib/python3.12/site-packages/glance_store/location.py:146}}
Jun 09 15:03:21.645867 np0000002453 devstack@g-api.service[102014]: DEBUG glance_store.location [None req-f83febe1-636b-406b-a552-ec33d16251ed tempest-VolumeImageDependencyTests-960924107 tempest-VolumeImageDependencyTests-960924107-project-member] Registering scheme swift+https with {'store': , 'location_class': , 'store_entry': 'swift'} {{(pid=102014) register_scheme_map /opt/stack/data/venv/lib/python3.12/site-packages/glance_store/location.py:146}}
Jun 09 15:03:21.645867 np0000002453 devstack@g-api.service[102014]: DEBUG glance_store.location [None req-f83febe1-636b-406b-a552-ec33d16251ed tempest-VolumeImageDependencyTests-960924107 tempest-VolumeImageDependencyTests-960924107-project-member] Registering scheme swift with {'store': , 'location_class': , 'store_entry': 'swift'} {{(pid=102014) register_scheme_map /opt/stack/data/venv/lib/python3.12/site-packages/glance_store/location.py:146}}
Jun 09 15:03:21.646301 np0000002453 devstack@g-api.service[102014]: DEBUG glance_store.location [None req-f83febe1-636b-406b-a552-ec33d16251ed tempest-VolumeImageDependencyTests-960924107 tempest-VolumeImageDependencyTests-960924107-project-member] Registering scheme swift+http with {'store': , 'location_class': , 'store_entry': 'swift'} {{(pid=102014) register_scheme_map /opt/stack/data/venv/lib/python3.12/site-packages/glance_store/location.py:146}}
Jun 09 15:03:21.646301 np0000002453 devstack@g-api.service[102014]: DEBUG glance_store.location [None req-f83febe1-636b-406b-a552-ec33d16251ed tempest-VolumeImageDependencyTests-960924107 tempest-VolumeImageDependencyTests-960924107-project-member] Registering scheme swift+config with {'store': , 'location_class': , 'store_entry': 'swift'} {{(pid=102014) register_scheme_map /opt/stack/data/venv/lib/python3.12/site-packages/glance_store/location.py:146}}
