Jun 09 14:53:52.708323 np0000002453 nova-scheduler[95794]: DEBUG cotyledon.oslo_config_glue [-] oslo_limit.connect_retry_delay = None {{(pid=95794) log_opt_values /opt/stack/data/venv/lib/python3.12/site-packages/oslo_config/cfg.py:3256}}
Jun 09 14:53:52.708323 np0000002453 nova-scheduler[95794]: DEBUG cotyledon.oslo_config_glue [-] oslo_limit.endpoint_id = None {{(pid=95794) log_opt_values /opt/stack/data/venv/lib/python3.12/site-packages/oslo_config/cfg.py:3256}}
Jun 09 14:53:52.708323 np0000002453 nova-scheduler[95794]: DEBUG cotyledon.oslo_config_glue [-] oslo_limit.endpoint_interface = public {{(pid=95794) log_opt_values /opt/stack/data/venv/lib/python3.12/site-packages/oslo_config/cfg.py:3256}}
Jun 09 14:53:52.708323 np0000002453 nova-scheduler[95794]: DEBUG cotyledon.oslo_config_glue [-] oslo_limit.endpoint_override = None {{(pid=95794) log_opt_values /opt/stack/data/venv/lib/python3.12/site-packages/oslo_config/cfg.py:3256}}
Jun 09 14:53:52.708323 np0000002453 nova-scheduler[95794]: DEBUG cotyledon.oslo_config_glue [-] oslo_limit.endpoint_region_name = None {{(pid=95794) log_opt_values /opt/stack/data/venv/lib/python3.12/site-packages/oslo_config/cfg.py:3256}}
Jun 09 14:53:52.708323 np0000002453 nova-scheduler[95794]: DEBUG cotyledon.oslo_config_glue [-] oslo_limit.endpoint_service_name = None {{(pid=95794) log_opt_values /opt/stack/data/venv/lib/python3.12/site-packages/oslo_config/cfg.py:3256}}
Jun 09 14:53:52.708323 np0000002453 nova-scheduler[95794]: DEBUG cotyledon.oslo_config_glue [-] oslo_limit.endpoint_service_type = None {{(pid=95794) log_opt_values /opt/stack/data/venv/lib/python3.12/site-packages/oslo_config/cfg.py:3256}}
Jun 09 14:53:52.708323 np0000002453 nova-scheduler[95794]: DEBUG cotyledon.oslo_config_glue [-] oslo_limit.insecure = False {{(pid=95794) log_opt_values /opt/stack/data/venv/lib/python3.12/site-packages/oslo_config/cfg.py:3256}}
Jun 09 14:53:52.708323 np0000002453 nova-scheduler[95794]: DEBUG cotyledon.oslo_config_glue [-] oslo_limit.keyfile = None {{(pid=95794) log_opt_values /opt/stack/data/venv/lib/python3.12/site-packages/oslo_config/cfg.py:3256}}
Jun 09 14:53:52.708513 np0000002453 nova-scheduler[95794]: DEBUG cotyledon.oslo_config_glue [-] oslo_limit.max_version = None {{(pid=95794) log_opt_values /opt/stack/data/venv/lib/python3.12/site-packages/oslo_config/cfg.py:3256}}
Jun 09 14:53:52.708513 np0000002453 nova-scheduler[95794]: DEBUG cotyledon.oslo_config_glue [-] oslo_limit.min_version = None {{(pid=95794) log_opt_values /opt/stack/data/venv/lib/python3.12/site-packages/oslo_config/cfg.py:3256}}
Jun 09 14:53:52.708513 np0000002453 nova-scheduler[95794]: DEBUG cotyledon.oslo_config_glue [-] oslo_limit.region_name = None {{(pid=95794) log_opt_values /opt/stack/data/venv/lib/python3.12/site-packages/oslo_config/cfg.py:3256}}
Jun 09 14:53:52.708513 np0000002453 nova-scheduler[95794]: DEBUG cotyledon.oslo_config_glue [-] oslo_limit.retriable_status_codes = None {{(pid=95794) log_opt_values /opt/stack/data/venv/lib/python3.12/site-packages/oslo_config/cfg.py:3256}}
Jun 09 14:53:52.708513 np0000002453 nova-scheduler[95794]: DEBUG cotyledon.oslo_config_glue [-] oslo_limit.service_name = None {{(pid=95794) log_opt_values /opt/stack/data/venv/lib/python3.12/site-packages/oslo_config/cfg.py:3256}}
Jun 09 14:53:52.708513 np0000002453 nova-scheduler[95794]: DEBUG cotyledon.oslo_config_glue [-] oslo_limit.service_type = None {{(pid=95794) log_opt_values /opt/stack/data/venv/lib/python3.12/site-packages/oslo_config/cfg.py:3256}}
Jun 09 14:53:52.708513 np0000002453 nova-scheduler[95794]: DEBUG cotyledon.oslo_config_glue [-] oslo_limit.split_loggers = False {{(pid=95794) log_opt_values /opt/stack/data/venv/lib/python3.12/site-packages/oslo_config/cfg.py:3256}}
Jun 09 14:53:52.708513 np0000002453 nova-scheduler[95794]: DEBUG cotyledon.oslo_config_glue [-] oslo_limit.status_code_retries = None {{(pid=95794) log_opt_values /opt/stack/data/venv/lib/python3.12/site-packages/oslo_config/cfg.py:3256}}
Jun 09 14:53:52.708513 np0000002453 nova-scheduler[95794]: DEBUG cotyledon.oslo_config_glue [-] oslo_limit.status_code_retry_delay = None {{(pid=95794) log_opt_values /opt/stack/data/venv/lib/python3.12/site-packages/oslo_config/cfg.py:3256}}
Jun 09 14:53:52.708689 np0000002453 nova-scheduler[95794]: DEBUG cotyledon.oslo_config_glue [-] oslo_limit.timeout = None {{(pid=95794) log_opt_values /opt/stack/data/venv/lib/python3.12/site-packages/oslo_config/cfg.py:3256}}
Jun 09 14:53:52.708689 np0000002453 nova-scheduler[95794]: DEBUG cotyledon.oslo_config_glue [-] oslo_limit.valid_interfaces = None {{(pid=95794) log_opt_values /opt/stack/data/venv/lib/python3.12/site-packages/oslo_config/cfg.py:3256}}
Jun 09 14:53:52.708689 np0000002453 nova-scheduler[95794]: DEBUG cotyledon.oslo_config_glue [-] oslo_limit.version = None {{(pid=95794) log_opt_values /opt/stack/data/venv/lib/python3.12/site-packages/oslo_config/cfg.py:3256}}
Jun 09 14:53:52.708689 np0000002453 nova-scheduler[95794]: DEBUG cotyledon.oslo_config_glue [-] oslo_reports.file_event_handler = None {{(pid=95794) log_opt_values /opt/stack/data/venv/lib/python3.12/site-packages/oslo_config/cfg.py:3256}}
Jun 09 14:53:52.708689 np0000002453 nova-scheduler[95794]: DEBUG cotyledon.oslo_config_glue [-] oslo_reports.file_event_handler_interval = 1 {{(pid=95794) log_opt_values /opt/stack/data/venv/lib/python3.12/site-packages/oslo_config/cfg.py:3256}}
Jun 09 14:53:52.708689 np0000002453 nova-scheduler[95794]: DEBUG cotyledon.oslo_config_glue [-] oslo_reports.log_dir = None {{(pid=95794) log_opt_values /opt/stack/data/venv/lib/python3.12/site-packages/oslo_config/cfg.py:3256}}
Jun 09 14:53:52.708689 np0000002453 nova-scheduler[95794]: DEBUG cotyledon.oslo_config_glue [-] ******************************************************************************** {{(pid=95794) log_opt_values /opt/stack/data/venv/lib/python3.12/site-packages/oslo_config/cfg.py:3263}}
Jun 09 14:53:52.708689 np0000002453 nova-scheduler[95794]: DEBUG cotyledon._service_worker [-] Run service ServiceWrapper(1) [95794] {{(pid=95794) wait_forever /opt/stack/data/venv/lib/python3.12/site-packages/cotyledon/_service_worker.py:218}}
Jun 09 14:53:52.708689 np0000002453 nova-scheduler[95794]: INFO nova.service [-] Starting scheduler node (version 33.1.0)
Jun 09 14:53:52.708689 np0000002453 nova-scheduler[95794]: INFO dbcounter [None req-81297371-016c-4049-82b4-ec6387a541f4 None None] Registered counter for database nova_cell0
Jun 09 14:53:52.714800 np0000002453 nova-scheduler[95792]: DEBUG oslo_db.sqlalchemy.engines [None req-f9afa410-8597-48bd-880d-9b989c41f654 None None] MySQL server mode set to STRICT_TRANS_TABLES,STRICT_ALL_TABLES,NO_ZERO_IN_DATE,NO_ZERO_DATE,ERROR_FOR_DIVISION_BY_ZERO,TRADITIONAL,NO_ENGINE_SUBSTITUTION {{(pid=95792) _check_effective_sql_mode /opt/stack/data/venv/lib/python3.12/site-packages/oslo_db/sqlalchemy/engines.py:325}}
Jun 09 14:53:52.717764 np0000002453 nova-scheduler[95796]: DEBUG oslo_db.sqlalchemy.engines [None req-02de2ef7-f735-4600-b3cb-8e611804d4b3 None None] MySQL server mode set to STRICT_TRANS_TABLES,STRICT_ALL_TABLES,NO_ZERO_IN_DATE,NO_ZERO_DATE,ERROR_FOR_DIVISION_BY_ZERO,TRADITIONAL,NO_ENGINE_SUBSTITUTION {{(pid=95796) _check_effective_sql_mode /opt/stack/data/venv/lib/python3.12/site-packages/oslo_db/sqlalchemy/engines.py:325}}
Jun 09 14:53:52.724286 np0000002453 nova-scheduler[95792]: DEBUG dbcounter [-] [95792] Writer thread running {{(pid=95792) stat_writer /opt/stack/data/venv/lib/python3.12/site-packages/dbcounter.py:102}}
Jun 09 14:53:52.726871 np0000002453 nova-scheduler[95796]: DEBUG dbcounter [-] [95796] Writer thread running {{(pid=95796) stat_writer /opt/stack/data/venv/lib/python3.12/site-packages/dbcounter.py:102}}
Jun 09 14:53:52.734085 np0000002453 nova-scheduler[95794]: DEBUG oslo_db.sqlalchemy.engines [None req-81297371-016c-4049-82b4-ec6387a541f4 None None] MySQL server mode set to STRICT_TRANS_TABLES,STRICT_ALL_TABLES,NO_ZERO_IN_DATE,NO_ZERO_DATE,ERROR_FOR_DIVISION_BY_ZERO,TRADITIONAL,NO_ENGINE_SUBSTITUTION {{(pid=95794) _check_effective_sql_mode /opt/stack/data/venv/lib/python3.12/site-packages/oslo_db/sqlalchemy/engines.py:325}}
Jun 09 14:53:52.740372 np0000002453 nova-scheduler[95792]: DEBUG nova.service [None req-f9afa410-8597-48bd-880d-9b989c41f654 None None] Creating RPC server for service: nova-scheduler on topic: scheduler {{(pid=95792) start /opt/stack/nova/nova/service.py:195}}
Jun 09 14:53:52.743433 np0000002453 nova-scheduler[95794]: DEBUG dbcounter [-] [95794] Writer thread running {{(pid=95794) stat_writer /opt/stack/data/venv/lib/python3.12/site-packages/dbcounter.py:102}}
Jun 09 14:53:52.745796 np0000002453 nova-scheduler[95796]: DEBUG nova.service [None req-02de2ef7-f735-4600-b3cb-8e611804d4b3 None None] Creating RPC server for service: nova-scheduler on topic: scheduler {{(pid=95796) start /opt/stack/nova/nova/service.py:195}}
Jun 09 14:53:52.746030 np0000002453 nova-scheduler[95794]: DEBUG nova.service [None req-81297371-016c-4049-82b4-ec6387a541f4 None None] Creating RPC server for service: nova-scheduler on topic: scheduler {{(pid=95794) start /opt/stack/nova/nova/service.py:195}}
Jun 09 14:53:52.767476 np0000002453 nova-scheduler[95794]: DEBUG nova.service [None req-81297371-016c-4049-82b4-ec6387a541f4 None None] Join ServiceGroup membership for this service scheduler {{(pid=95794) start /opt/stack/nova/nova/service.py:221}}
Jun 09 14:53:52.767726 np0000002453 nova-scheduler[95794]: DEBUG nova.servicegroup.drivers.db [None req-81297371-016c-4049-82b4-ec6387a541f4 None None] DB_Driver: join new ServiceGroup member np0000002453 to the scheduler group, service = {{(pid=95794) join /opt/stack/nova/nova/servicegroup/drivers/db.py:44}}
Jun 09 14:53:52.767770 np0000002453 nova-scheduler[95796]: DEBUG nova.service [None req-02de2ef7-f735-4600-b3cb-8e611804d4b3 None None] Join ServiceGroup membership for this service scheduler {{(pid=95796) start /opt/stack/nova/nova/service.py:221}}
Jun 09 14:53:52.768006 np0000002453 nova-scheduler[95796]: DEBUG nova.servicegroup.drivers.db [None req-02de2ef7-f735-4600-b3cb-8e611804d4b3 None None] DB_Driver: join new ServiceGroup member np0000002453 to the scheduler group, service = {{(pid=95796) join /opt/stack/nova/nova/servicegroup/drivers/db.py:44}}
Jun 09 14:53:52.771660 np0000002453 nova-scheduler[95792]: DEBUG nova.service [None req-f9afa410-8597-48bd-880d-9b989c41f654 None None] Join ServiceGroup membership for this service scheduler {{(pid=95792) start /opt/stack/nova/nova/service.py:221}}
Jun 09 14:53:52.772165 np0000002453 nova-scheduler[95792]: DEBUG nova.servicegroup.drivers.db [None req-f9afa410-8597-48bd-880d-9b989c41f654 None None] DB_Driver: join new ServiceGroup member np0000002453 to the scheduler group, service = {{(pid=95792) join /opt/stack/nova/nova/servicegroup/drivers/db.py:44}}
Jun 09 14:53:57.783419 np0000002453 nova-scheduler[95796]: DEBUG oslo.service.backend._threading.loopingcall [-] Fixed interval looping call 'nova.servicegroup.drivers.db.DbDriver._report_state' sleeping for 119.99 seconds {{(pid=95796) _run_loop /opt/stack/data/venv/lib/python3.12/site-packages/oslo_service/backend/_threading/loopingcall.py:125}}
Jun 09 14:53:57.784567 np0000002453 nova-scheduler[95792]: DEBUG oslo.service.backend._threading.loopingcall [-] Fixed interval looping call 'nova.servicegroup.drivers.db.DbDriver._report_state' sleeping for 119.99 seconds {{(pid=95792) _run_loop /opt/stack/data/venv/lib/python3.12/site-packages/oslo_service/backend/_threading/loopingcall.py:125}}
Jun 09 14:53:57.785465 np0000002453 nova-scheduler[95794]: DEBUG oslo.service.backend._threading.loopingcall [-] Fixed interval looping call 'nova.servicegroup.drivers.db.DbDriver._report_state' sleeping for 119.99 seconds {{(pid=95794) _run_loop /opt/stack/data/venv/lib/python3.12/site-packages/oslo_service/backend/_threading/loopingcall.py:125}}
Jun 09 14:54:01.352720 np0000002453 nova-scheduler[94510]: DEBUG dbcounter [-] [94510] Writing DB stats nova_api:SELECT=3 {{(pid=94510) stat_writer /opt/stack/data/venv/lib/python3.12/site-packages/dbcounter.py:115}}
Jun 09 14:54:01.482134 np0000002453 nova-scheduler[94510]: DEBUG dbcounter [-] [94510] Writing DB stats nova_cell0:SELECT=1 {{(pid=94510) stat_writer /opt/stack/data/venv/lib/python3.12/site-packages/dbcounter.py:115}}
Jun 09 14:54:01.485424 np0000002453 nova-scheduler[94510]: DEBUG dbcounter [-] [94510] Writing DB stats nova_cell1:SELECT=1 {{(pid=94510) stat_writer /opt/stack/data/venv/lib/python3.12/site-packages/dbcounter.py:115}}
Jun 09 14:54:07.778217 np0000002453 nova-scheduler[95796]: DEBUG dbcounter [-] [95796] Writing DB stats nova_cell0:SELECT=5,nova_cell0:INSERT=1,nova_cell0:UPDATE=1 {{(pid=95796) stat_writer /opt/stack/data/venv/lib/python3.12/site-packages/dbcounter.py:115}}
Jun 09 14:54:07.785019 np0000002453 nova-scheduler[95792]: DEBUG dbcounter [-] [95792] Writing DB stats nova_cell0:SELECT=4,nova_cell0:INSERT=1,nova_cell0:UPDATE=1 {{(pid=95792) stat_writer /opt/stack/data/venv/lib/python3.12/site-packages/dbcounter.py:115}}
Jun 09 14:54:07.785443 np0000002453 nova-scheduler[95794]: DEBUG dbcounter [-] [95794] Writing DB stats nova_cell0:SELECT=3,nova_cell0:UPDATE=1 {{(pid=95794) stat_writer /opt/stack/data/venv/lib/python3.12/site-packages/dbcounter.py:115}}
Jun 09 14:54:10.770663 np0000002453 nova-scheduler[95796]: DEBUG oslo.service.backend._threading.loopingcall [None req-e05d1232-d523-4891-8efc-c92a25996362 None None] Dynamic interval looping call 'nova.service.Service.periodic_tasks' sleeping for 60.00 seconds {{(pid=95796) _run_loop /opt/stack/data/venv/lib/python3.12/site-packages/oslo_service/backend/_threading/loopingcall.py:125}}
Jun 09 14:54:24.773207 np0000002453 nova-scheduler[95794]: DEBUG oslo.service.backend._threading.loopingcall [None req-20a4303a-6bdc-46db-b2cf-a6433aaeb9cf None None] Dynamic interval looping call 'nova.service.Service.periodic_tasks' sleeping for 60.00 seconds {{(pid=95794) _run_loop /opt/stack/data/venv/lib/python3.12/site-packages/oslo_service/backend/_threading/loopingcall.py:125}}
Jun 09 14:54:30.774368 np0000002453 nova-scheduler[95792]: DEBUG oslo.service.backend._threading.loopingcall [None req-dd4185e3-50cc-4671-a017-0bd0a09666b4 None None] Dynamic interval looping call 'nova.service.Service.periodic_tasks' sleeping for 60.00 seconds {{(pid=95792) _run_loop /opt/stack/data/venv/lib/python3.12/site-packages/oslo_service/backend/_threading/loopingcall.py:125}}
Jun 09 14:55:10.771192 np0000002453 nova-scheduler[95796]: DEBUG oslo.service.backend._threading.loopingcall [None req-e05d1232-d523-4891-8efc-c92a25996362 None None] Dynamic interval looping call 'nova.service.Service.periodic_tasks' sleeping for 60.00 seconds {{(pid=95796) _run_loop /opt/stack/data/venv/lib/python3.12/site-packages/oslo_service/backend/_threading/loopingcall.py:125}}
Jun 09 14:55:24.773771 np0000002453 nova-scheduler[95794]: DEBUG oslo.service.backend._threading.loopingcall [None req-20a4303a-6bdc-46db-b2cf-a6433aaeb9cf None None] Dynamic interval looping call 'nova.service.Service.periodic_tasks' sleeping for 60.00 seconds {{(pid=95794) _run_loop /opt/stack/data/venv/lib/python3.12/site-packages/oslo_service/backend/_threading/loopingcall.py:125}}
Jun 09 14:55:30.774789 np0000002453 nova-scheduler[95792]: DEBUG oslo.service.backend._threading.loopingcall [None req-dd4185e3-50cc-4671-a017-0bd0a09666b4 None None] Dynamic interval looping call 'nova.service.Service.periodic_tasks' sleeping for 60.00 seconds {{(pid=95792) _run_loop /opt/stack/data/venv/lib/python3.12/site-packages/oslo_service/backend/_threading/loopingcall.py:125}}
Jun 09 14:55:57.779779 np0000002453 nova-scheduler[95796]: DEBUG oslo.service.backend._threading.loopingcall [-] Fixed interval looping call 'nova.servicegroup.drivers.db.DbDriver._report_state' sleeping for 119.99 seconds {{(pid=95796) _run_loop /opt/stack/data/venv/lib/python3.12/site-packages/oslo_service/backend/_threading/loopingcall.py:125}}
Jun 09 14:55:57.780383 np0000002453 nova-scheduler[95792]: DEBUG oslo.service.backend._threading.loopingcall [-] Fixed interval looping call 'nova.servicegroup.drivers.db.DbDriver._report_state' sleeping for 119.99 seconds {{(pid=95792) _run_loop /opt/stack/data/venv/lib/python3.12/site-packages/oslo_service/backend/_threading/loopingcall.py:125}}
Jun 09 14:55:57.781020 np0000002453 nova-scheduler[95794]: DEBUG oslo.service.backend._threading.loopingcall [-] Fixed interval looping call 'nova.servicegroup.drivers.db.DbDriver._report_state' sleeping for 119.99 seconds {{(pid=95794) _run_loop /opt/stack/data/venv/lib/python3.12/site-packages/oslo_service/backend/_threading/loopingcall.py:125}}
Jun 09 14:56:07.776892 np0000002453 nova-scheduler[95796]: DEBUG dbcounter [-] [95796] Writing DB stats nova_cell0:SELECT=1,nova_cell0:UPDATE=1 {{(pid=95796) stat_writer /opt/stack/data/venv/lib/python3.12/site-packages/dbcounter.py:115}}
Jun 09 14:56:07.777805 np0000002453 nova-scheduler[95792]: DEBUG dbcounter [-] [95792] Writing DB stats nova_cell0:SELECT=1,nova_cell0:UPDATE=1 {{(pid=95792) stat_writer /opt/stack/data/venv/lib/python3.12/site-packages/dbcounter.py:115}}
Jun 09 14:56:07.778568 np0000002453 nova-scheduler[95794]: DEBUG dbcounter [-] [95794] Writing DB stats nova_cell0:SELECT=1,nova_cell0:UPDATE=1 {{(pid=95794) stat_writer /opt/stack/data/venv/lib/python3.12/site-packages/dbcounter.py:115}}
Jun 09 14:56:10.771817 np0000002453 nova-scheduler[95796]: DEBUG oslo.service.backend._threading.loopingcall [None req-e05d1232-d523-4891-8efc-c92a25996362 None None] Dynamic interval looping call 'nova.service.Service.periodic_tasks' sleeping for 60.00 seconds {{(pid=95796) _run_loop /opt/stack/data/venv/lib/python3.12/site-packages/oslo_service/backend/_threading/loopingcall.py:125}}
Jun 09 14:56:24.774290 np0000002453 nova-scheduler[95794]: DEBUG oslo.service.backend._threading.loopingcall [None req-20a4303a-6bdc-46db-b2cf-a6433aaeb9cf None None] Dynamic interval looping call 'nova.service.Service.periodic_tasks' sleeping for 60.00 seconds {{(pid=95794) _run_loop /opt/stack/data/venv/lib/python3.12/site-packages/oslo_service/backend/_threading/loopingcall.py:125}}
Jun 09 14:56:30.775309 np0000002453 nova-scheduler[95792]: DEBUG oslo.service.backend._threading.loopingcall [None req-dd4185e3-50cc-4671-a017-0bd0a09666b4 None None] Dynamic interval looping call 'nova.service.Service.periodic_tasks' sleeping for 60.00 seconds {{(pid=95792) _run_loop /opt/stack/data/venv/lib/python3.12/site-packages/oslo_service/backend/_threading/loopingcall.py:125}}
Jun 09 14:56:49.810156 np0000002453 nova-scheduler[95794]: DEBUG nova.scheduler.manager [None req-3b77cc67-2efd-4abf-a65d-6eacafbc1ab5 tempest-DeleteServersTestJSON-1088919050 tempest-DeleteServersTestJSON-1088919050-project-member] Starting to schedule for instances: ['0063fd28-4c09-465e-898d-3d068e674144'] {{(pid=95794) select_destinations /opt/stack/nova/nova/scheduler/manager.py:210}}
Jun 09 14:56:49.810671 np0000002453 nova-scheduler[95794]: DEBUG nova.scheduler.request_filter [None req-3b77cc67-2efd-4abf-a65d-6eacafbc1ab5 tempest-DeleteServersTestJSON-1088919050 tempest-DeleteServersTestJSON-1088919050-project-member] compute_status_filter request filter added forbidden trait COMPUTE_STATUS_DISABLED {{(pid=95794) compute_status_filter /opt/stack/nova/nova/scheduler/request_filter.py:253}}
Jun 09 14:56:49.811114 np0000002453 nova-scheduler[95794]: DEBUG nova.scheduler.request_filter [None req-3b77cc67-2efd-4abf-a65d-6eacafbc1ab5 tempest-DeleteServersTestJSON-1088919050 tempest-DeleteServersTestJSON-1088919050-project-member] Request filter 'compute_status_filter' took 0.0 seconds {{(pid=95794) wrapper /opt/stack/nova/nova/scheduler/request_filter.py:46}}
Jun 09 14:56:49.811354 np0000002453 nova-scheduler[95794]: DEBUG nova.scheduler.request_filter [None req-3b77cc67-2efd-4abf-a65d-6eacafbc1ab5 tempest-DeleteServersTestJSON-1088919050 tempest-DeleteServersTestJSON-1088919050-project-member] Request filter 'accelerators_filter' took 0.0 seconds {{(pid=95794) wrapper /opt/stack/nova/nova/scheduler/request_filter.py:46}}
Jun 09 14:56:49.811572 np0000002453 nova-scheduler[95794]: DEBUG nova.scheduler.request_filter [None req-3b77cc67-2efd-4abf-a65d-6eacafbc1ab5 tempest-DeleteServersTestJSON-1088919050 tempest-DeleteServersTestJSON-1088919050-project-member] Request filter 'packed_virtqueue_filter' took 0.0 seconds {{(pid=95794) wrapper /opt/stack/nova/nova/scheduler/request_filter.py:46}}
Jun 09 14:56:49.811853 np0000002453 nova-scheduler[95794]: DEBUG nova.scheduler.request_filter [None req-3b77cc67-2efd-4abf-a65d-6eacafbc1ab5 tempest-DeleteServersTestJSON-1088919050 tempest-DeleteServersTestJSON-1088919050-project-member] Request filter 'remote_managed_ports_filter' took 0.0 seconds {{(pid=95794) wrapper /opt/stack/nova/nova/scheduler/request_filter.py:46}}
Jun 09 14:56:49.812041 np0000002453 nova-scheduler[95794]: DEBUG nova.scheduler.request_filter [None req-3b77cc67-2efd-4abf-a65d-6eacafbc1ab5 tempest-DeleteServersTestJSON-1088919050 tempest-DeleteServersTestJSON-1088919050-project-member] ephemeral_encryption_filter skipped {{(pid=95794) ephemeral_encryption_filter /opt/stack/nova/nova/scheduler/request_filter.py:426}}
Jun 09 14:56:49.812304 np0000002453 nova-scheduler[95794]: DEBUG nova.scheduler.request_filter [None req-3b77cc67-2efd-4abf-a65d-6eacafbc1ab5 tempest-DeleteServersTestJSON-1088919050 tempest-DeleteServersTestJSON-1088919050-project-member] virtio_sound_filter skipped {{(pid=95794) virtio_sound_filter /opt/stack/nova/nova/scheduler/request_filter.py:460}}
Jun 09 14:56:49.812382 np0000002453 nova-scheduler[95794]: DEBUG nova.scheduler.request_filter [None req-3b77cc67-2efd-4abf-a65d-6eacafbc1ab5 tempest-DeleteServersTestJSON-1088919050 tempest-DeleteServersTestJSON-1088919050-project-member] tpm_secret_security_filter skipped {{(pid=95794) tpm_secret_security_filter /opt/stack/nova/nova/scheduler/request_filter.py:477}}
Jun 09 14:56:49.892252 np0000002453 nova-scheduler[95796]: DEBUG nova.scheduler.manager [None req-edd438f0-cf0f-45bc-bfbf-49b09e9c9950 tempest-ServerRescueNegativeTestJSON-35221269 tempest-ServerRescueNegativeTestJSON-35221269-project-member] Starting to schedule for instances: ['9ddefbe8-ffdc-481e-8fd5-8d28d158c2d9'] {{(pid=95796) select_destinations /opt/stack/nova/nova/scheduler/manager.py:210}}
Jun 09 14:56:49.893086 np0000002453 nova-scheduler[95796]: DEBUG nova.scheduler.request_filter [None req-edd438f0-cf0f-45bc-bfbf-49b09e9c9950 tempest-ServerRescueNegativeTestJSON-35221269 tempest-ServerRescueNegativeTestJSON-35221269-project-member] compute_status_filter request filter added forbidden trait COMPUTE_STATUS_DISABLED {{(pid=95796) compute_status_filter /opt/stack/nova/nova/scheduler/request_filter.py:253}}
Jun 09 14:56:49.893290 np0000002453 nova-scheduler[95796]: DEBUG nova.scheduler.request_filter [None req-edd438f0-cf0f-45bc-bfbf-49b09e9c9950 tempest-ServerRescueNegativeTestJSON-35221269 tempest-ServerRescueNegativeTestJSON-35221269-project-member] Request filter 'compute_status_filter' took 0.0 seconds {{(pid=95796) wrapper /opt/stack/nova/nova/scheduler/request_filter.py:46}}
Jun 09 14:56:49.893691 np0000002453 nova-scheduler[95796]: DEBUG nova.scheduler.request_filter [None req-edd438f0-cf0f-45bc-bfbf-49b09e9c9950 tempest-ServerRescueNegativeTestJSON-35221269 tempest-ServerRescueNegativeTestJSON-35221269-project-member] Request filter 'accelerators_filter' took 0.0 seconds {{(pid=95796) wrapper /opt/stack/nova/nova/scheduler/request_filter.py:46}}
Jun 09 14:56:49.893952 np0000002453 nova-scheduler[95796]: DEBUG nova.scheduler.request_filter [None req-edd438f0-cf0f-45bc-bfbf-49b09e9c9950 tempest-ServerRescueNegativeTestJSON-35221269 tempest-ServerRescueNegativeTestJSON-35221269-project-member] Request filter 'packed_virtqueue_filter' took 0.0 seconds {{(pid=95796) wrapper /opt/stack/nova/nova/scheduler/request_filter.py:46}}
Jun 09 14:56:49.894236 np0000002453 nova-scheduler[95796]: DEBUG nova.scheduler.request_filter [None req-edd438f0-cf0f-45bc-bfbf-49b09e9c9950 tempest-ServerRescueNegativeTestJSON-35221269 tempest-ServerRescueNegativeTestJSON-35221269-project-member] Request filter 'remote_managed_ports_filter' took 0.0 seconds {{(pid=95796) wrapper /opt/stack/nova/nova/scheduler/request_filter.py:46}}
Jun 09 14:56:49.894375 np0000002453 nova-scheduler[95796]: DEBUG nova.scheduler.request_filter [None req-edd438f0-cf0f-45bc-bfbf-49b09e9c9950 tempest-ServerRescueNegativeTestJSON-35221269 tempest-ServerRescueNegativeTestJSON-35221269-project-member] ephemeral_encryption_filter skipped {{(pid=95796) ephemeral_encryption_filter /opt/stack/nova/nova/scheduler/request_filter.py:426}}
Jun 09 14:56:49.894529 np0000002453 nova-scheduler[95796]: DEBUG nova.scheduler.request_filter [None req-edd438f0-cf0f-45bc-bfbf-49b09e9c9950 tempest-ServerRescueNegativeTestJSON-35221269 tempest-ServerRescueNegativeTestJSON-35221269-project-member] virtio_sound_filter skipped {{(pid=95796) virtio_sound_filter /opt/stack/nova/nova/scheduler/request_filter.py:460}}
Jun 09 14:56:49.894718 np0000002453 nova-scheduler[95796]: DEBUG nova.scheduler.request_filter [None req-edd438f0-cf0f-45bc-bfbf-49b09e9c9950 tempest-ServerRescueNegativeTestJSON-35221269 tempest-ServerRescueNegativeTestJSON-35221269-project-member] tpm_secret_security_filter skipped {{(pid=95796) tpm_secret_security_filter /opt/stack/nova/nova/scheduler/request_filter.py:477}}
Jun 09 14:56:50.348638 np0000002453 nova-scheduler[95796]: INFO nova.utils [None req-edd438f0-cf0f-45bc-bfbf-49b09e9c9950 tempest-ServerRescueNegativeTestJSON-35221269 tempest-ServerRescueNegativeTestJSON-35221269-project-member] The cell worker thread pool ForkProcess-3.cell_worker is initialized
Jun 09 14:56:50.349843 np0000002453 nova-scheduler[95796]: DEBUG oslo_concurrency.lockutils [None req-edd438f0-cf0f-45bc-bfbf-49b09e9c9950 tempest-ServerRescueNegativeTestJSON-35221269 tempest-ServerRescueNegativeTestJSON-35221269-project-member] Acquiring lock "c4563a2d-1011-4159-97c5-4dc2f9663bdc" by "nova.context.set_target_cell..get_or_set_cached_cell_and_set_connections" {{(pid=95796) inner /opt/stack/data/venv/lib/python3.12/site-packages/oslo_concurrency/lockutils.py:511}}
Jun 09 14:56:50.349843 np0000002453 nova-scheduler[95796]: DEBUG oslo_concurrency.lockutils [None req-edd438f0-cf0f-45bc-bfbf-49b09e9c9950 tempest-ServerRescueNegativeTestJSON-35221269 tempest-ServerRescueNegativeTestJSON-35221269-project-member] Lock "c4563a2d-1011-4159-97c5-4dc2f9663bdc" acquired by "nova.context.set_target_cell..get_or_set_cached_cell_and_set_connections" :: waited 0.000s {{(pid=95796) inner /opt/stack/data/venv/lib/python3.12/site-packages/oslo_concurrency/lockutils.py:524}}
Jun 09 14:56:50.351924 np0000002453 nova-scheduler[95796]: DEBUG oslo_concurrency.lockutils [None req-edd438f0-cf0f-45bc-bfbf-49b09e9c9950 tempest-ServerRescueNegativeTestJSON-35221269 tempest-ServerRescueNegativeTestJSON-35221269-project-member] Lock "c4563a2d-1011-4159-97c5-4dc2f9663bdc" "released" by "nova.context.set_target_cell..get_or_set_cached_cell_and_set_connections" :: held 0.002s {{(pid=95796) inner /opt/stack/data/venv/lib/python3.12/site-packages/oslo_concurrency/lockutils.py:543}}
Jun 09 14:56:50.354354 np0000002453 nova-scheduler[95796]: INFO dbcounter [None req-edd438f0-cf0f-45bc-bfbf-49b09e9c9950 tempest-ServerRescueNegativeTestJSON-35221269 tempest-ServerRescueNegativeTestJSON-35221269-project-member] Registered counter for database nova_cell1
Jun 09 14:56:50.410847 np0000002453 nova-scheduler[95796]: DEBUG oslo_db.sqlalchemy.engines [None req-edd438f0-cf0f-45bc-bfbf-49b09e9c9950 tempest-ServerRescueNegativeTestJSON-35221269 tempest-ServerRescueNegativeTestJSON-35221269-project-member] MySQL server mode set to STRICT_TRANS_TABLES,STRICT_ALL_TABLES,NO_ZERO_IN_DATE,NO_ZERO_DATE,ERROR_FOR_DIVISION_BY_ZERO,TRADITIONAL,NO_ENGINE_SUBSTITUTION {{(pid=95796) _check_effective_sql_mode /opt/stack/data/venv/lib/python3.12/site-packages/oslo_db/sqlalchemy/engines.py:325}}
Jun 09 14:56:50.417649 np0000002453 nova-scheduler[95796]: DEBUG dbcounter [-] [95796] Writer thread running {{(pid=95796) stat_writer /opt/stack/data/venv/lib/python3.12/site-packages/dbcounter.py:102}}
Jun 09 14:56:50.429963 np0000002453 nova-scheduler[95796]: DEBUG oslo_db.sqlalchemy.engines [None req-edd438f0-cf0f-45bc-bfbf-49b09e9c9950 tempest-ServerRescueNegativeTestJSON-35221269 tempest-ServerRescueNegativeTestJSON-35221269-project-member] Parent process 94510 forked (95796) with an open database connection, which is being discarded and recreated. {{(pid=95796) checkout /opt/stack/data/venv/lib/python3.12/site-packages/oslo_db/sqlalchemy/engines.py:402}}
Jun 09 14:56:50.484477 np0000002453 nova-scheduler[95796]: DEBUG dbcounter [-] [95796] Writer thread running {{(pid=95796) stat_writer /opt/stack/data/venv/lib/python3.12/site-packages/dbcounter.py:102}}
Jun 09 14:56:50.488628 np0000002453 nova-scheduler[95796]: DEBUG oslo_concurrency.lockutils [None req-edd438f0-cf0f-45bc-bfbf-49b09e9c9950 tempest-ServerRescueNegativeTestJSON-35221269 tempest-ServerRescueNegativeTestJSON-35221269-project-member] Acquiring lock "c4563a2d-1011-4159-97c5-4dc2f9663bdc" by "nova.context.set_target_cell..get_or_set_cached_cell_and_set_connections" {{(pid=95796) inner /opt/stack/data/venv/lib/python3.12/site-packages/oslo_concurrency/lockutils.py:511}}
Jun 09 14:56:50.489079 np0000002453 nova-scheduler[95796]: DEBUG oslo_concurrency.lockutils [None req-edd438f0-cf0f-45bc-bfbf-49b09e9c9950 tempest-ServerRescueNegativeTestJSON-35221269 tempest-ServerRescueNegativeTestJSON-35221269-project-member] Lock "c4563a2d-1011-4159-97c5-4dc2f9663bdc" acquired by "nova.context.set_target_cell..get_or_set_cached_cell_and_set_connections" :: waited 0.000s {{(pid=95796) inner /opt/stack/data/venv/lib/python3.12/site-packages/oslo_concurrency/lockutils.py:524}}
Jun 09 14:56:50.489373 np0000002453 nova-scheduler[95796]: DEBUG oslo_concurrency.lockutils [None req-edd438f0-cf0f-45bc-bfbf-49b09e9c9950 tempest-ServerRescueNegativeTestJSON-35221269 tempest-ServerRescueNegativeTestJSON-35221269-project-member] Lock "c4563a2d-1011-4159-97c5-4dc2f9663bdc" "released" by "nova.context.set_target_cell..get_or_set_cached_cell_and_set_connections" :: held 0.000s {{(pid=95796) inner /opt/stack/data/venv/lib/python3.12/site-packages/oslo_concurrency/lockutils.py:543}}
Jun 09 14:56:50.492863 np0000002453 nova-scheduler[95796]: DEBUG oslo_concurrency.lockutils [None req-edd438f0-cf0f-45bc-bfbf-49b09e9c9950 tempest-ServerRescueNegativeTestJSON-35221269 tempest-ServerRescueNegativeTestJSON-35221269-project-member] Acquiring lock "('np0000002453', 'np0000002453')" by "nova.scheduler.host_manager.HostState.update.._locked_update" {{(pid=95796) inner /opt/stack/data/venv/lib/python3.12/site-packages/oslo_concurrency/lockutils.py:511}}
Jun 09 14:56:50.492981 np0000002453 nova-scheduler[95796]: DEBUG oslo_concurrency.lockutils [None req-edd438f0-cf0f-45bc-bfbf-49b09e9c9950 tempest-ServerRescueNegativeTestJSON-35221269 tempest-ServerRescueNegativeTestJSON-35221269-project-member] Lock "('np0000002453', 'np0000002453')" acquired by "nova.scheduler.host_manager.HostState.update.._locked_update" :: waited 0.000s {{(pid=95796) inner /opt/stack/data/venv/lib/python3.12/site-packages/oslo_concurrency/lockutils.py:524}}
Jun 09 14:56:50.494670 np0000002453 nova-scheduler[95796]: DEBUG nova.scheduler.host_manager [None req-edd438f0-cf0f-45bc-bfbf-49b09e9c9950 tempest-ServerRescueNegativeTestJSON-35221269 tempest-ServerRescueNegativeTestJSON-35221269-project-member] Update host state from compute node: ComputeNode(cpu_allocation_ratio=4.0,cpu_info='{"arch": "x86_64", "model": "EPYC-Milan", "vendor": "AMD", "topology": {"cells": 1, "sockets": 12, "cores": 1, "threads": 1}, "maxphysaddr": {"mode": "emulate", "bits": 40}, "features": ["lm", "vme", "fpu", "smap", "avx", "vgif", "aes", "fsrm", "topoext", "mtrr", "fsgsbase", "perfctr_core", "erms", "spec-ctrl", "pfthreshold", "apic", "pae", "lfence-always-serializing", "pge", "pku", "mce", "vaes", "v-vmsave-vmload", "clflushopt", "pse36", "stibp", "hypervisor", "gds-no", "osvw", "sse", "svme-addr-chk", "invpcid", "ssse3", "amd-stibp", "clzero", "amd-psfd", "syscall", "ibpb", "clwb", "rdtscp", "abm", "xsave", "arch-capabilities", "msr", "3dnowprefetch", "cx16", "null-sel-clr-base", "cmp_legacy", "sep", "rdpid", "fma", "flushbyasid", "xsaveopt", "svm", "vpclmulqdq", "tsc-scale", "lbrv", "amd-ssbd", "mds-no", "pat", "pause-filter", "stibp-always-on", "popcnt", "f16c", "tsc-deadline", "cx8", "pcid", "vmcb-clean", "nrip-save", "sse2", "no-nested-data-bp", "sse4.2", "umip", "mmxext", "bmi1", "xgetbv1", "sse4.1", "lahf_lm", "pschange-mc-no", "skip-l1dfl-vmentry", "mmx", "mca", "pni", "ssbd", "virt-ssbd", "pse", "tsc_adjust", "smep", "sha-ni", "wbnoinvd", "avx2", "sse4a", "x2apic", "tsc", "ibrs", "clflush", "xsaveerptr", "nx", "bmi2", "cmov", "cr8legacy", "rdrand", "fxsr", "rdctl-no", "pclmuldq", "fxsr_opt", "movbe", "adx", "de", "npt", "rdseed", "xsavec", "arat", "xsaves", "pdpe1gb", "misalignsse"]}',created_at=2026-06-09T14:54:18Z,current_workload=0,deleted=False,deleted_at=None,disk_allocation_ratio=1.0,disk_available_least=74,free_disk_gb=95,free_ram_mb=23518,host='np0000002453',host_ip=10.4.3.86,hypervisor_hostname='np0000002453',hypervisor_type='QEMU',hypervisor_version=8002002,id=1,local_gb=95,local_gb_used=0,mapped=1,memory_mb=24030,memory_mb_used=512,metrics='[]',numa_topology='{"nova_object.name": "NUMATopology", "nova_object.namespace": "nova", "nova_object.version": "1.2", "nova_object.data": {"cells": [{"nova_object.name": "NUMACell", "nova_object.namespace": "nova", "nova_object.version": "1.5", "nova_object.data": {"id": 0, "cpuset": [0, 1, 2, 3, 4, 5, 6, 7, 8, 9, 10, 11], "pcpuset": [0, 1, 2, 3, 4, 5, 6, 7, 8, 9, 10, 11], "memory": 24030, "cpu_usage": 0, "memory_usage": 0, "pinned_cpus": [], "siblings": [[6], [2], [5], [11], [8], [4], [1], [7], [10], [0], [3], [9]], "mempages": [{"nova_object.name": "NUMAPagesTopology", "nova_object.namespace": "nova", "nova_object.version": "1.1", "nova_object.data": {"size_kb": 4, "total": 6151798, "used": 0, "reserved": 0}, "nova_object.changes": ["size_kb", "reserved", "total", "used"]}, {"nova_object.name": "NUMAPagesTopology", "nova_object.namespace": "nova", "nova_object.version": "1.1", "nova_object.data": {"size_kb": 2048, "total": 0, "used": 0, "reserved": 0}, "nova_object.changes": ["size_kb", "reserved", "total", "used"]}, {"nova_object.name": "NUMAPagesTopology", "nova_object.namespace": "nova", "nova_object.version": "1.1", "nova_object.data": {"size_kb": 1048576, "total": 0, "used": 0, "reserved": 0}, "nova_object.changes": ["size_kb", "reserved", "total", "used"]}], "network_metadata": {"nova_object.name": "NetworkMetadata", "nova_object.namespace": "nova", "nova_object.version": "1.0", "nova_object.data": {"physnets": [], "tunneled": false}, "nova_object.changes": ["physnets", "tunneled"]}, "socket": null}, "nova_object.changes": ["pinned_cpus", "memory", "id", "cpuset", "network_metadata", "socket", "pcpuset", "memory_usage", "siblings", "cpu_usage", "mempages"]}]}, "nova_object.changes": ["cells"]}',pci_device_pools=PciDevicePoolList,ram_allocation_ratio=1.0,running_vms=0,service_id=3,stats={failed_builds='0',uptime=' 14:56:03 up 27 min, 2 users, load average: 1.08, 1.33, 0.79
Jun 09 14:56:50.494670 np0000002453 nova-scheduler[95796]: '},supported_hv_specs=[HVSpec,HVSpec,HVSpec,HVSpec,HVSpec,HVSpec,HVSpec,HVSpec,HVSpec,HVSpec,HVSpec,HVSpec,HVSpec,HVSpec,HVSpec,HVSpec,HVSpec,HVSpec,HVSpec,HVSpec,HVSpec,HVSpec,HVSpec,HVSpec,HVSpec],updated_at=2026-06-09T14:56:05Z,uuid=1098462f-b8ab-4bbe-b2e7-663f1f41da80,vcpus=12,vcpus_used=0) {{(pid=95796) _locked_update /opt/stack/nova/nova/scheduler/host_manager.py:168}}
Jun 09 14:56:50.495428 np0000002453 nova-scheduler[95796]: DEBUG nova.scheduler.host_manager [None req-edd438f0-cf0f-45bc-bfbf-49b09e9c9950 tempest-ServerRescueNegativeTestJSON-35221269 tempest-ServerRescueNegativeTestJSON-35221269-project-member] Update host state with aggregates: [] {{(pid=95796) _locked_update /opt/stack/nova/nova/scheduler/host_manager.py:171}}
Jun 09 14:56:50.495569 np0000002453 nova-scheduler[95796]: DEBUG nova.scheduler.host_manager [None req-edd438f0-cf0f-45bc-bfbf-49b09e9c9950 tempest-ServerRescueNegativeTestJSON-35221269 tempest-ServerRescueNegativeTestJSON-35221269-project-member] Update host state with service dict: {'id': 3, 'uuid': 'bbb30f17-17f9-40cf-bdba-8a7903778f06', 'host': 'np0000002453', 'binary': 'nova-compute', 'topic': 'compute', 'report_count': 2, 'disabled': False, 'disabled_reason': None, 'last_seen_up': datetime.datetime(2026, 6, 9, 14, 56, 26, tzinfo=datetime.timezone.utc), 'forced_down': False, 'version': 72, 'created_at': datetime.datetime(2026, 6, 9, 14, 54, 16, tzinfo=datetime.timezone.utc), 'updated_at': datetime.datetime(2026, 6, 9, 14, 56, 26, tzinfo=datetime.timezone.utc), 'deleted_at': None, 'deleted': False} {{(pid=95796) _locked_update /opt/stack/nova/nova/scheduler/host_manager.py:174}}
Jun 09 14:56:50.495674 np0000002453 nova-scheduler[95796]: DEBUG nova.scheduler.host_manager [None req-edd438f0-cf0f-45bc-bfbf-49b09e9c9950 tempest-ServerRescueNegativeTestJSON-35221269 tempest-ServerRescueNegativeTestJSON-35221269-project-member] Update host state with instances: [] {{(pid=95796) _locked_update /opt/stack/nova/nova/scheduler/host_manager.py:177}}
Jun 09 14:56:50.495797 np0000002453 nova-scheduler[95796]: DEBUG oslo_concurrency.lockutils [None req-edd438f0-cf0f-45bc-bfbf-49b09e9c9950 tempest-ServerRescueNegativeTestJSON-35221269 tempest-ServerRescueNegativeTestJSON-35221269-project-member] Lock "('np0000002453', 'np0000002453')" "released" by "nova.scheduler.host_manager.HostState.update.._locked_update" :: held 0.003s {{(pid=95796) inner /opt/stack/data/venv/lib/python3.12/site-packages/oslo_concurrency/lockutils.py:543}}
Jun 09 14:56:50.496458 np0000002453 nova-scheduler[95796]: DEBUG nova.filters [None req-edd438f0-cf0f-45bc-bfbf-49b09e9c9950 tempest-ServerRescueNegativeTestJSON-35221269 tempest-ServerRescueNegativeTestJSON-35221269-project-member] Starting with 1 host(s) {{(pid=95796) get_filtered_objects /opt/stack/nova/nova/filters.py:70}}
Jun 09 14:56:50.496659 np0000002453 nova-scheduler[95796]: DEBUG nova.filters [None req-edd438f0-cf0f-45bc-bfbf-49b09e9c9950 tempest-ServerRescueNegativeTestJSON-35221269 tempest-ServerRescueNegativeTestJSON-35221269-project-member] Filter ComputeFilter returned 1 host(s) {{(pid=95796) get_filtered_objects /opt/stack/nova/nova/filters.py:102}}
Jun 09 14:56:50.496799 np0000002453 nova-scheduler[95796]: DEBUG nova.filters [None req-edd438f0-cf0f-45bc-bfbf-49b09e9c9950 tempest-ServerRescueNegativeTestJSON-35221269 tempest-ServerRescueNegativeTestJSON-35221269-project-member] Filter ComputeCapabilitiesFilter returned 1 host(s) {{(pid=95796) get_filtered_objects /opt/stack/nova/nova/filters.py:102}}
Jun 09 14:56:50.496974 np0000002453 nova-scheduler[95796]: DEBUG nova.filters [None req-edd438f0-cf0f-45bc-bfbf-49b09e9c9950 tempest-ServerRescueNegativeTestJSON-35221269 tempest-ServerRescueNegativeTestJSON-35221269-project-member] Filter ImagePropertiesFilter returned 1 host(s) {{(pid=95796) get_filtered_objects /opt/stack/nova/nova/filters.py:102}}
Jun 09 14:56:50.497260 np0000002453 nova-scheduler[95796]: DEBUG nova.filters [None req-edd438f0-cf0f-45bc-bfbf-49b09e9c9950 tempest-ServerRescueNegativeTestJSON-35221269 tempest-ServerRescueNegativeTestJSON-35221269-project-member] Filter ServerGroupAntiAffinityFilter returned 1 host(s) {{(pid=95796) get_filtered_objects /opt/stack/nova/nova/filters.py:102}}
Jun 09 14:56:50.497454 np0000002453 nova-scheduler[95796]: DEBUG nova.filters [None req-edd438f0-cf0f-45bc-bfbf-49b09e9c9950 tempest-ServerRescueNegativeTestJSON-35221269 tempest-ServerRescueNegativeTestJSON-35221269-project-member] Filter ServerGroupAffinityFilter returned 1 host(s) {{(pid=95796) get_filtered_objects /opt/stack/nova/nova/filters.py:102}}
Jun 09 14:56:50.498270 np0000002453 nova-scheduler[95796]: DEBUG nova.filters [None req-edd438f0-cf0f-45bc-bfbf-49b09e9c9950 tempest-ServerRescueNegativeTestJSON-35221269 tempest-ServerRescueNegativeTestJSON-35221269-project-member] Filter SameHostFilter returned 1 host(s) {{(pid=95796) get_filtered_objects /opt/stack/nova/nova/filters.py:102}}
Jun 09 14:56:50.498432 np0000002453 nova-scheduler[95796]: DEBUG nova.filters [None req-edd438f0-cf0f-45bc-bfbf-49b09e9c9950 tempest-ServerRescueNegativeTestJSON-35221269 tempest-ServerRescueNegativeTestJSON-35221269-project-member] Filter DifferentHostFilter returned 1 host(s) {{(pid=95796) get_filtered_objects /opt/stack/nova/nova/filters.py:102}}
Jun 09 14:56:50.498616 np0000002453 nova-scheduler[95796]: DEBUG nova.scheduler.manager [None req-edd438f0-cf0f-45bc-bfbf-49b09e9c9950 tempest-ServerRescueNegativeTestJSON-35221269 tempest-ServerRescueNegativeTestJSON-35221269-project-member] Filtered [(np0000002453, np0000002453) ram: 23518MB disk: 75776MB io_ops: 0 instances: 0, allocation_candidates: 1] {{(pid=95796) _get_sorted_hosts /opt/stack/nova/nova/scheduler/manager.py:743}}
Jun 09 14:56:50.498850 np0000002453 nova-scheduler[95796]: DEBUG nova.scheduler.manager [None req-edd438f0-cf0f-45bc-bfbf-49b09e9c9950 tempest-ServerRescueNegativeTestJSON-35221269 tempest-ServerRescueNegativeTestJSON-35221269-project-member] Weighed [WeighedHost [host: (np0000002453, np0000002453) ram: 23518MB disk: 75776MB io_ops: 0 instances: 0, allocation_candidates: 1, weight: 0.0]] {{(pid=95796) _get_sorted_hosts /opt/stack/nova/nova/scheduler/manager.py:765}}
Jun 09 14:56:50.499108 np0000002453 nova-scheduler[95796]: DEBUG nova.scheduler.utils [None req-edd438f0-cf0f-45bc-bfbf-49b09e9c9950 tempest-ServerRescueNegativeTestJSON-35221269 tempest-ServerRescueNegativeTestJSON-35221269-project-member] Attempting to claim resources in the placement API for instance 9ddefbe8-ffdc-481e-8fd5-8d28d158c2d9 {{(pid=95796) claim_resources /opt/stack/nova/nova/scheduler/utils.py:1345}}
Jun 09 14:56:50.526061 np0000002453 nova-scheduler[95794]: INFO nova.utils [None req-3b77cc67-2efd-4abf-a65d-6eacafbc1ab5 tempest-DeleteServersTestJSON-1088919050 tempest-DeleteServersTestJSON-1088919050-project-member] The cell worker thread pool ForkProcess-2.cell_worker is initialized
Jun 09 14:56:50.526484 np0000002453 nova-scheduler[95794]: DEBUG oslo_concurrency.lockutils [None req-3b77cc67-2efd-4abf-a65d-6eacafbc1ab5 tempest-DeleteServersTestJSON-1088919050 tempest-DeleteServersTestJSON-1088919050-project-member] Acquiring lock "c4563a2d-1011-4159-97c5-4dc2f9663bdc" by "nova.context.set_target_cell..get_or_set_cached_cell_and_set_connections" {{(pid=95794) inner /opt/stack/data/venv/lib/python3.12/site-packages/oslo_concurrency/lockutils.py:511}}
Jun 09 14:56:50.526785 np0000002453 nova-scheduler[95794]: DEBUG oslo_concurrency.lockutils [None req-3b77cc67-2efd-4abf-a65d-6eacafbc1ab5 tempest-DeleteServersTestJSON-1088919050 tempest-DeleteServersTestJSON-1088919050-project-member] Lock "c4563a2d-1011-4159-97c5-4dc2f9663bdc" acquired by "nova.context.set_target_cell..get_or_set_cached_cell_and_set_connections" :: waited 0.000s {{(pid=95794) inner /opt/stack/data/venv/lib/python3.12/site-packages/oslo_concurrency/lockutils.py:524}}
Jun 09 14:56:50.529822 np0000002453 nova-scheduler[95794]: DEBUG oslo_concurrency.lockutils [None req-3b77cc67-2efd-4abf-a65d-6eacafbc1ab5 tempest-DeleteServersTestJSON-1088919050 tempest-DeleteServersTestJSON-1088919050-project-member] Lock "c4563a2d-1011-4159-97c5-4dc2f9663bdc" "released" by "nova.context.set_target_cell..get_or_set_cached_cell_and_set_connections" :: held 0.001s {{(pid=95794) inner /opt/stack/data/venv/lib/python3.12/site-packages/oslo_concurrency/lockutils.py:543}}
Jun 09 14:56:50.534660 np0000002453 nova-scheduler[95794]: INFO dbcounter [None req-3b77cc67-2efd-4abf-a65d-6eacafbc1ab5 tempest-DeleteServersTestJSON-1088919050 tempest-DeleteServersTestJSON-1088919050-project-member] Registered counter for database nova_cell1
Jun 09 14:56:50.575600 np0000002453 nova-scheduler[95794]: DEBUG oslo_db.sqlalchemy.engines [None req-3b77cc67-2efd-4abf-a65d-6eacafbc1ab5 tempest-DeleteServersTestJSON-1088919050 tempest-DeleteServersTestJSON-1088919050-project-member] MySQL server mode set to STRICT_TRANS_TABLES,STRICT_ALL_TABLES,NO_ZERO_IN_DATE,NO_ZERO_DATE,ERROR_FOR_DIVISION_BY_ZERO,TRADITIONAL,NO_ENGINE_SUBSTITUTION {{(pid=95794) _check_effective_sql_mode /opt/stack/data/venv/lib/python3.12/site-packages/oslo_db/sqlalchemy/engines.py:325}}
Jun 09 14:56:50.582039 np0000002453 nova-scheduler[95794]: DEBUG dbcounter [-] [95794] Writer thread running {{(pid=95794) stat_writer /opt/stack/data/venv/lib/python3.12/site-packages/dbcounter.py:102}}
Jun 09 14:56:50.653674 np0000002453 nova-scheduler[95794]: DEBUG dbcounter [-] [95794] Writer thread running {{(pid=95794) stat_writer /opt/stack/data/venv/lib/python3.12/site-packages/dbcounter.py:102}}
Jun 09 14:56:50.657493 np0000002453 nova-scheduler[95794]: DEBUG oslo_concurrency.lockutils [None req-3b77cc67-2efd-4abf-a65d-6eacafbc1ab5 tempest-DeleteServersTestJSON-1088919050 tempest-DeleteServersTestJSON-1088919050-project-member] Acquiring lock "c4563a2d-1011-4159-97c5-4dc2f9663bdc" by "nova.context.set_target_cell..get_or_set_cached_cell_and_set_connections" {{(pid=95794) inner /opt/stack/data/venv/lib/python3.12/site-packages/oslo_concurrency/lockutils.py:511}}
Jun 09 14:56:50.659861 np0000002453 nova-scheduler[95794]: DEBUG oslo_concurrency.lockutils [None req-3b77cc67-2efd-4abf-a65d-6eacafbc1ab5 tempest-DeleteServersTestJSON-1088919050 tempest-DeleteServersTestJSON-1088919050-project-member] Lock "c4563a2d-1011-4159-97c5-4dc2f9663bdc" acquired by "nova.context.set_target_cell..get_or_set_cached_cell_and_set_connections" :: waited 0.000s {{(pid=95794) inner /opt/stack/data/venv/lib/python3.12/site-packages/oslo_concurrency/lockutils.py:524}}
Jun 09 14:56:50.659861 np0000002453 nova-scheduler[95794]: DEBUG oslo_concurrency.lockutils [None req-3b77cc67-2efd-4abf-a65d-6eacafbc1ab5 tempest-DeleteServersTestJSON-1088919050 tempest-DeleteServersTestJSON-1088919050-project-member] Lock "c4563a2d-1011-4159-97c5-4dc2f9663bdc" "released" by "nova.context.set_target_cell..get_or_set_cached_cell_and_set_connections" :: held 0.000s {{(pid=95794) inner /opt/stack/data/venv/lib/python3.12/site-packages/oslo_concurrency/lockutils.py:543}}
Jun 09 14:56:50.664537 np0000002453 nova-scheduler[95794]: DEBUG oslo_concurrency.lockutils [None req-3b77cc67-2efd-4abf-a65d-6eacafbc1ab5 tempest-DeleteServersTestJSON-1088919050 tempest-DeleteServersTestJSON-1088919050-project-member] Acquiring lock "('np0000002453', 'np0000002453')" by "nova.scheduler.host_manager.HostState.update.._locked_update" {{(pid=95794) inner /opt/stack/data/venv/lib/python3.12/site-packages/oslo_concurrency/lockutils.py:511}}
Jun 09 14:56:50.665186 np0000002453 nova-scheduler[95794]: DEBUG oslo_concurrency.lockutils [None req-3b77cc67-2efd-4abf-a65d-6eacafbc1ab5 tempest-DeleteServersTestJSON-1088919050 tempest-DeleteServersTestJSON-1088919050-project-member] Lock "('np0000002453', 'np0000002453')" acquired by "nova.scheduler.host_manager.HostState.update.._locked_update" :: waited 0.001s {{(pid=95794) inner /opt/stack/data/venv/lib/python3.12/site-packages/oslo_concurrency/lockutils.py:524}}
