Aug 15 14:09:19.168755 np0000007355 devstack@g-api.service[103213]: DEBUG glance.api.middleware.version_negotiation [None req-b463024d-e0d3-425f-9575-82d055d7c154 service glance] Using url versioning {{(pid=103213) process_request /opt/stack/glance/glance/api/middleware/version_negotiation.py:57}}
Aug 15 14:09:19.168957 np0000007355 devstack@g-api.service[103213]: DEBUG glance.api.middleware.version_negotiation [None req-b463024d-e0d3-425f-9575-82d055d7c154 service glance] Matched version: v2 {{(pid=103213) process_request /opt/stack/glance/glance/api/middleware/version_negotiation.py:69}}
Aug 15 14:09:19.169013 np0000007355 devstack@g-api.service[103213]: DEBUG glance.api.middleware.version_negotiation [None req-b463024d-e0d3-425f-9575-82d055d7c154 service glance] new path /v2/images/e5bad726-deec-431d-8dd8-4a80d751a68d {{(pid=103213) process_request /opt/stack/glance/glance/api/middleware/version_negotiation.py:70}}
Aug 15 14:09:19.195366 np0000007355 devstack@g-api.service[103213]: [pid: 103213|app: 0|req: 52/201] 127.0.0.1 () {44 vars in 1115 bytes} [Sat Aug 15 14:09:19 2026] GET /v2/images/e5bad726-deec-431d-8dd8-4a80d751a68d => generated 1044 bytes in 26 msecs (HTTP/1.1 200) 4 headers in 158 bytes (1 switches on core 0)
Aug 15 14:09:19.246398 np0000007355 devstack@g-api.service[103215]: DEBUG glance.api.middleware.version_negotiation [None req-b463024d-e0d3-425f-9575-82d055d7c154 tempest-VolumesImageMetadata-64466290 tempest-VolumesImageMetadata-64466290-project-member] Determining version of request: GET /v2/schemas/image Accept: */* {{(pid=103215) process_request /opt/stack/glance/glance/api/middleware/version_negotiation.py:44}}
Aug 15 14:09:19.246964 np0000007355 devstack@g-api.service[103215]: DEBUG glance.api.middleware.version_negotiation [None req-b463024d-e0d3-425f-9575-82d055d7c154 tempest-VolumesImageMetadata-64466290 tempest-VolumesImageMetadata-64466290-project-member] Using url versioning {{(pid=103215) process_request /opt/stack/glance/glance/api/middleware/version_negotiation.py:57}}
Aug 15 14:09:19.246964 np0000007355 devstack@g-api.service[103215]: DEBUG glance.api.middleware.version_negotiation [None req-b463024d-e0d3-425f-9575-82d055d7c154 tempest-VolumesImageMetadata-64466290 tempest-VolumesImageMetadata-64466290-project-member] Matched version: v2 {{(pid=103215) process_request /opt/stack/glance/glance/api/middleware/version_negotiation.py:69}}
Aug 15 14:09:19.247103 np0000007355 devstack@g-api.service[103215]: DEBUG glance.api.middleware.version_negotiation [None req-b463024d-e0d3-425f-9575-82d055d7c154 tempest-VolumesImageMetadata-64466290 tempest-VolumesImageMetadata-64466290-project-member] new path /v2/schemas/image {{(pid=103215) process_request /opt/stack/glance/glance/api/middleware/version_negotiation.py:70}}
Aug 15 14:09:19.250878 np0000007355 devstack@g-api.service[103215]: [pid: 103215|app: 0|req: 46/202] 127.0.0.1 () {44 vars in 1055 bytes} [Sat Aug 15 14:09:19 2026] GET /v2/schemas/image => generated 6083 bytes in 4 msecs (HTTP/1.1 200) 4 headers in 158 bytes (1 switches on core 0)
Aug 15 14:09:19.503245 np0000007355 devstack@g-api.service[103216]: DEBUG glance.api.middleware.version_negotiation [None req-b463024d-e0d3-425f-9575-82d055d7c154 tempest-VolumesImageMetadata-64466290 tempest-VolumesImageMetadata-64466290-project-member] Determining version of request: POST /v2/images Accept: application/json {{(pid=103216) process_request /opt/stack/glance/glance/api/middleware/version_negotiation.py:44}}
Aug 15 14:09:19.503833 np0000007355 devstack@g-api.service[103216]: DEBUG glance.api.middleware.version_negotiation [None req-b463024d-e0d3-425f-9575-82d055d7c154 tempest-VolumesImageMetadata-64466290 tempest-VolumesImageMetadata-64466290-project-member] Using url versioning {{(pid=103216) process_request /opt/stack/glance/glance/api/middleware/version_negotiation.py:57}}
Aug 15 14:09:19.503833 np0000007355 devstack@g-api.service[103216]: DEBUG glance.api.middleware.version_negotiation [None req-b463024d-e0d3-425f-9575-82d055d7c154 tempest-VolumesImageMetadata-64466290 tempest-VolumesImageMetadata-64466290-project-member] Matched version: v2 {{(pid=103216) process_request /opt/stack/glance/glance/api/middleware/version_negotiation.py:69}}
Aug 15 14:09:19.503833 np0000007355 devstack@g-api.service[103216]: DEBUG glance.api.middleware.version_negotiation [None req-b463024d-e0d3-425f-9575-82d055d7c154 tempest-VolumesImageMetadata-64466290 tempest-VolumesImageMetadata-64466290-project-member] new path /v2/images {{(pid=103216) process_request /opt/stack/glance/glance/api/middleware/version_negotiation.py:70}}
Aug 15 14:09:19.675165 np0000007355 devstack@g-api.service[103214]: DEBUG glance.api.middleware.version_negotiation [None req-b463024d-e0d3-425f-9575-82d055d7c154 tempest-VolumesImageMetadata-64466290 tempest-VolumesImageMetadata-64466290-project-member] Determining version of request: GET /v2/images/e5bad726-deec-431d-8dd8-4a80d751a68d Accept: */* {{(pid=103214) process_request /opt/stack/glance/glance/api/middleware/version_negotiation.py:44}}
Aug 15 14:09:19.675643 np0000007355 devstack@g-api.service[103214]: DEBUG glance.api.middleware.version_negotiation [None req-b463024d-e0d3-425f-9575-82d055d7c154 tempest-VolumesImageMetadata-64466290 tempest-VolumesImageMetadata-64466290-project-member] Using url versioning {{(pid=103214) process_request /opt/stack/glance/glance/api/middleware/version_negotiation.py:57}}
Aug 15 14:09:19.675643 np0000007355 devstack@g-api.service[103214]: DEBUG glance.api.middleware.version_negotiation [None req-b463024d-e0d3-425f-9575-82d055d7c154 tempest-VolumesImageMetadata-64466290 tempest-VolumesImageMetadata-64466290-project-member] Matched version: v2 {{(pid=103214) process_request /opt/stack/glance/glance/api/middleware/version_negotiation.py:69}}
Aug 15 14:09:19.675643 np0000007355 devstack@g-api.service[103214]: DEBUG glance.api.middleware.version_negotiation [None req-b463024d-e0d3-425f-9575-82d055d7c154 tempest-VolumesImageMetadata-64466290 tempest-VolumesImageMetadata-64466290-project-member] new path /v2/images/e5bad726-deec-431d-8dd8-4a80d751a68d {{(pid=103214) process_request /opt/stack/glance/glance/api/middleware/version_negotiation.py:70}}
Aug 15 14:09:19.690106 np0000007355 devstack@g-api.service[103214]: [pid: 103214|app: 0|req: 54/203] 127.0.0.1 () {44 vars in 1115 bytes} [Sat Aug 15 14:09:19 2026] GET /v2/images/e5bad726-deec-431d-8dd8-4a80d751a68d => generated 1044 bytes in 15 msecs (HTTP/1.1 200) 4 headers in 158 bytes (1 switches on core 0)
Aug 15 14:09:19.739192 np0000007355 devstack@g-api.service[103213]: DEBUG glance.api.middleware.version_negotiation [None req-bc34502e-daa7-4273-a1e9-00fe156a60e1 tempest-ServerActionsV293TestJSON-2060574895 tempest-ServerActionsV293TestJSON-2060574895-project-member] Determining version of request: GET /v2/schemas/image Accept: */* {{(pid=103213) process_request /opt/stack/glance/glance/api/middleware/version_negotiation.py:44}}
Aug 15 14:09:19.739416 np0000007355 devstack@g-api.service[103213]: DEBUG glance.api.middleware.version_negotiation [None req-bc34502e-daa7-4273-a1e9-00fe156a60e1 tempest-ServerActionsV293TestJSON-2060574895 tempest-ServerActionsV293TestJSON-2060574895-project-member] Using url versioning {{(pid=103213) process_request /opt/stack/glance/glance/api/middleware/version_negotiation.py:57}}
Aug 15 14:09:19.739714 np0000007355 devstack@g-api.service[103213]: DEBUG glance.api.middleware.version_negotiation [None req-bc34502e-daa7-4273-a1e9-00fe156a60e1 tempest-ServerActionsV293TestJSON-2060574895 tempest-ServerActionsV293TestJSON-2060574895-project-member] Matched version: v2 {{(pid=103213) process_request /opt/stack/glance/glance/api/middleware/version_negotiation.py:69}}
Aug 15 14:09:19.739887 np0000007355 devstack@g-api.service[103213]: DEBUG glance.api.middleware.version_negotiation [None req-bc34502e-daa7-4273-a1e9-00fe156a60e1 tempest-ServerActionsV293TestJSON-2060574895 tempest-ServerActionsV293TestJSON-2060574895-project-member] new path /v2/schemas/image {{(pid=103213) process_request /opt/stack/glance/glance/api/middleware/version_negotiation.py:70}}
Aug 15 14:09:19.743817 np0000007355 devstack@g-api.service[103213]: [pid: 103213|app: 0|req: 53/204] 127.0.0.1 () {44 vars in 1055 bytes} [Sat Aug 15 14:09:19 2026] GET /v2/schemas/image => generated 6083 bytes in 4 msecs (HTTP/1.1 200) 4 headers in 158 bytes (1 switches on core 0)
Aug 15 14:09:19.756195 np0000007355 devstack@g-api.service[103216]: DEBUG dbcounter [-] [103216] Writing DB stats glance:SELECT=8 {{(pid=103216) stat_writer /opt/stack/data/venv/lib/python3.12/site-packages/dbcounter.py:115}}
Aug 15 14:09:19.956485 np0000007355 devstack@g-api.service[103215]: DEBUG glance.api.middleware.version_negotiation [None req-bc34502e-daa7-4273-a1e9-00fe156a60e1 tempest-ServerActionsV293TestJSON-2060574895 tempest-ServerActionsV293TestJSON-2060574895-project-member] Determining version of request: GET /v2/images/e5bad726-deec-431d-8dd8-4a80d751a68d Accept: */* {{(pid=103215) process_request /opt/stack/glance/glance/api/middleware/version_negotiation.py:44}}
Aug 15 14:09:19.956693 np0000007355 devstack@g-api.service[103215]: DEBUG glance.api.middleware.version_negotiation [None req-bc34502e-daa7-4273-a1e9-00fe156a60e1 tempest-ServerActionsV293TestJSON-2060574895 tempest-ServerActionsV293TestJSON-2060574895-project-member] Using url versioning {{(pid=103215) process_request /opt/stack/glance/glance/api/middleware/version_negotiation.py:57}}
Aug 15 14:09:19.956798 np0000007355 devstack@g-api.service[103215]: DEBUG glance.api.middleware.version_negotiation [None req-bc34502e-daa7-4273-a1e9-00fe156a60e1 tempest-ServerActionsV293TestJSON-2060574895 tempest-ServerActionsV293TestJSON-2060574895-project-member] Matched version: v2 {{(pid=103215) process_request /opt/stack/glance/glance/api/middleware/version_negotiation.py:69}}
Aug 15 14:09:19.958192 np0000007355 devstack@g-api.service[103215]: DEBUG glance.api.middleware.version_negotiation [None req-bc34502e-daa7-4273-a1e9-00fe156a60e1 tempest-ServerActionsV293TestJSON-2060574895 tempest-ServerActionsV293TestJSON-2060574895-project-member] new path /v2/images/e5bad726-deec-431d-8dd8-4a80d751a68d {{(pid=103215) process_request /opt/stack/glance/glance/api/middleware/version_negotiation.py:70}}
Aug 15 14:09:19.976571 np0000007355 devstack@g-api.service[103215]: [pid: 103215|app: 0|req: 47/205] 127.0.0.1 () {44 vars in 1115 bytes} [Sat Aug 15 14:09:19 2026] GET /v2/images/e5bad726-deec-431d-8dd8-4a80d751a68d => generated 1044 bytes in 20 msecs (HTTP/1.1 200) 4 headers in 158 bytes (1 switches on core 0)
Aug 15 14:09:20.039666 np0000007355 devstack@g-api.service[103214]: DEBUG glance.api.middleware.version_negotiation [None req-bc34502e-daa7-4273-a1e9-00fe156a60e1 tempest-ServerActionsV293TestJSON-2060574895 tempest-ServerActionsV293TestJSON-2060574895-project-member] Determining version of request: GET /v2/schemas/image Accept: */* {{(pid=103214) process_request /opt/stack/glance/glance/api/middleware/version_negotiation.py:44}}
Aug 15 14:09:20.039892 np0000007355 devstack@g-api.service[103214]: DEBUG glance.api.middleware.version_negotiation [None req-bc34502e-daa7-4273-a1e9-00fe156a60e1 tempest-ServerActionsV293TestJSON-2060574895 tempest-ServerActionsV293TestJSON-2060574895-project-member] Using url versioning {{(pid=103214) process_request /opt/stack/glance/glance/api/middleware/version_negotiation.py:57}}
Aug 15 14:09:20.041117 np0000007355 devstack@g-api.service[103214]: DEBUG glance.api.middleware.version_negotiation [None req-bc34502e-daa7-4273-a1e9-00fe156a60e1 tempest-ServerActionsV293TestJSON-2060574895 tempest-ServerActionsV293TestJSON-2060574895-project-member] Matched version: v2 {{(pid=103214) process_request /opt/stack/glance/glance/api/middleware/version_negotiation.py:69}}
Aug 15 14:09:20.041117 np0000007355 devstack@g-api.service[103214]: DEBUG glance.api.middleware.version_negotiation [None req-bc34502e-daa7-4273-a1e9-00fe156a60e1 tempest-ServerActionsV293TestJSON-2060574895 tempest-ServerActionsV293TestJSON-2060574895-project-member] new path /v2/schemas/image {{(pid=103214) process_request /opt/stack/glance/glance/api/middleware/version_negotiation.py:70}}
Aug 15 14:09:20.042865 np0000007355 devstack@g-api.service[103214]: [pid: 103214|app: 0|req: 55/206] 127.0.0.1 () {44 vars in 1055 bytes} [Sat Aug 15 14:09:20 2026] GET /v2/schemas/image => generated 6083 bytes in 3 msecs (HTTP/1.1 200) 4 headers in 158 bytes (1 switches on core 0)
Aug 15 14:09:20.497373 np0000007355 devstack@g-api.service[103216]: [pid: 103216|app: 0|req: 52/207] 127.0.0.1 () {42 vars in 786 bytes} [Sat Aug 15 14:09:19 2026] POST /v2/images => generated 642 bytes in 994 msecs (HTTP/1.1 201) 6 headers in 315 bytes (1 switches on core 0)
Aug 15 14:09:20.511743 np0000007355 devstack@g-api.service[103213]: DEBUG glance.api.middleware.version_negotiation [None req-bc34502e-daa7-4273-a1e9-00fe156a60e1 tempest-ServerActionsV293TestJSON-2060574895 tempest-ServerActionsV293TestJSON-2060574895-project-member] Determining version of request: PUT /v2/images/fa49aa82-e31e-4f38-932e-0ebd0b9584e8/file Accept: {{(pid=103213) process_request /opt/stack/glance/glance/api/middleware/version_negotiation.py:44}}
Aug 15 14:09:20.511743 np0000007355 devstack@g-api.service[103213]: DEBUG glance.api.middleware.version_negotiation [None req-bc34502e-daa7-4273-a1e9-00fe156a60e1 tempest-ServerActionsV293TestJSON-2060574895 tempest-ServerActionsV293TestJSON-2060574895-project-member] Using url versioning {{(pid=103213) process_request /opt/stack/glance/glance/api/middleware/version_negotiation.py:57}}
Aug 15 14:09:20.511743 np0000007355 devstack@g-api.service[103213]: DEBUG glance.api.middleware.version_negotiation [None req-bc34502e-daa7-4273-a1e9-00fe156a60e1 tempest-ServerActionsV293TestJSON-2060574895 tempest-ServerActionsV293TestJSON-2060574895-project-member] Matched version: v2 {{(pid=103213) process_request /opt/stack/glance/glance/api/middleware/version_negotiation.py:69}}
Aug 15 14:09:20.511743 np0000007355 devstack@g-api.service[103213]: DEBUG glance.api.middleware.version_negotiation [None req-bc34502e-daa7-4273-a1e9-00fe156a60e1 tempest-ServerActionsV293TestJSON-2060574895 tempest-ServerActionsV293TestJSON-2060574895-project-member] new path /v2/images/fa49aa82-e31e-4f38-932e-0ebd0b9584e8/file {{(pid=103213) process_request /opt/stack/glance/glance/api/middleware/version_negotiation.py:70}}
Aug 15 14:09:21.171062 np0000007355 devstack@g-api.service[103213]: INFO glance.api.v2.image_data [None req-d8496eb9-b7b3-476d-8fb9-20a7db14f901 tempest-TestMinimumBasicScenario-1731608210 tempest-TestMinimumBasicScenario-1731608210-project-member] Unable to create trust: no such option collect_timing in group [keystone_authtoken] Use the existing user token.
Aug 15 14:09:21.644679 np0000007355 devstack@g-api.service[103215]: DEBUG glance.api.middleware.version_negotiation [None req-bc34502e-daa7-4273-a1e9-00fe156a60e1 tempest-ServerActionsV293TestJSON-2060574895 tempest-ServerActionsV293TestJSON-2060574895-project-member] Determining version of request: GET /v2/images/e5bad726-deec-431d-8dd8-4a80d751a68d Accept: */* {{(pid=103215) process_request /opt/stack/glance/glance/api/middleware/version_negotiation.py:44}}
Aug 15 14:09:21.645096 np0000007355 devstack@g-api.service[103215]: DEBUG glance.api.middleware.version_negotiation [None req-bc34502e-daa7-4273-a1e9-00fe156a60e1 tempest-ServerActionsV293TestJSON-2060574895 tempest-ServerActionsV293TestJSON-2060574895-project-member] Using url versioning {{(pid=103215) process_request /opt/stack/glance/glance/api/middleware/version_negotiation.py:57}}
Aug 15 14:09:21.645096 np0000007355 devstack@g-api.service[103215]: DEBUG glance.api.middleware.version_negotiation [None req-bc34502e-daa7-4273-a1e9-00fe156a60e1 tempest-ServerActionsV293TestJSON-2060574895 tempest-ServerActionsV293TestJSON-2060574895-project-member] Matched version: v2 {{(pid=103215) process_request /opt/stack/glance/glance/api/middleware/version_negotiation.py:69}}
Aug 15 14:09:21.645177 np0000007355 devstack@g-api.service[103215]: DEBUG glance.api.middleware.version_negotiation [None req-bc34502e-daa7-4273-a1e9-00fe156a60e1 tempest-ServerActionsV293TestJSON-2060574895 tempest-ServerActionsV293TestJSON-2060574895-project-member] new path /v2/images/e5bad726-deec-431d-8dd8-4a80d751a68d {{(pid=103215) process_request /opt/stack/glance/glance/api/middleware/version_negotiation.py:70}}
Aug 15 14:09:21.665171 np0000007355 devstack@g-api.service[103215]: [pid: 103215|app: 0|req: 48/208] 127.0.0.1 () {44 vars in 1115 bytes} [Sat Aug 15 14:09:21 2026] GET /v2/images/e5bad726-deec-431d-8dd8-4a80d751a68d => generated 1044 bytes in 20 msecs (HTTP/1.1 200) 4 headers in 158 bytes (1 switches on core 0)
Aug 15 14:09:21.712811 np0000007355 devstack@g-api.service[103214]: DEBUG glance.api.middleware.version_negotiation [None req-bc34502e-daa7-4273-a1e9-00fe156a60e1 tempest-ServerActionsV293TestJSON-2060574895 tempest-ServerActionsV293TestJSON-2060574895-project-member] Determining version of request: GET /v2/schemas/image Accept: */* {{(pid=103214) process_request /opt/stack/glance/glance/api/middleware/version_negotiation.py:44}}
Aug 15 14:09:21.713176 np0000007355 devstack@g-api.service[103214]: DEBUG glance.api.middleware.version_negotiation [None req-bc34502e-daa7-4273-a1e9-00fe156a60e1 tempest-ServerActionsV293TestJSON-2060574895 tempest-ServerActionsV293TestJSON-2060574895-project-member] Using url versioning {{(pid=103214) process_request /opt/stack/glance/glance/api/middleware/version_negotiation.py:57}}
Aug 15 14:09:21.713176 np0000007355 devstack@g-api.service[103214]: DEBUG glance.api.middleware.version_negotiation [None req-bc34502e-daa7-4273-a1e9-00fe156a60e1 tempest-ServerActionsV293TestJSON-2060574895 tempest-ServerActionsV293TestJSON-2060574895-project-member] Matched version: v2 {{(pid=103214) process_request /opt/stack/glance/glance/api/middleware/version_negotiation.py:69}}
Aug 15 14:09:21.713306 np0000007355 devstack@g-api.service[103214]: DEBUG glance.api.middleware.version_negotiation [None req-bc34502e-daa7-4273-a1e9-00fe156a60e1 tempest-ServerActionsV293TestJSON-2060574895 tempest-ServerActionsV293TestJSON-2060574895-project-member] new path /v2/schemas/image {{(pid=103214) process_request /opt/stack/glance/glance/api/middleware/version_negotiation.py:70}}
Aug 15 14:09:21.715976 np0000007355 devstack@g-api.service[103214]: [pid: 103214|app: 0|req: 56/209] 127.0.0.1 () {44 vars in 1055 bytes} [Sat Aug 15 14:09:21 2026] GET /v2/schemas/image => generated 6083 bytes in 3 msecs (HTTP/1.1 200) 4 headers in 158 bytes (1 switches on core 0)
Aug 15 14:09:21.773189 np0000007355 devstack@g-api.service[103216]: DEBUG glance.api.middleware.version_negotiation [None req-5b2d1600-d673-4f17-96de-f35758bac08e tempest-TestMinimumBasicScenario-1731608210 tempest-TestMinimumBasicScenario-1731608210-project-member] Determining version of request: GET /v2/images/e5bad726-deec-431d-8dd8-4a80d751a68d Accept: */* {{(pid=103216) process_request /opt/stack/glance/glance/api/middleware/version_negotiation.py:44}}
Aug 15 14:09:21.773629 np0000007355 devstack@g-api.service[103216]: DEBUG glance.api.middleware.version_negotiation [None req-5b2d1600-d673-4f17-96de-f35758bac08e tempest-TestMinimumBasicScenario-1731608210 tempest-TestMinimumBasicScenario-1731608210-project-member] Using url versioning {{(pid=103216) process_request /opt/stack/glance/glance/api/middleware/version_negotiation.py:57}}
Aug 15 14:09:21.773629 np0000007355 devstack@g-api.service[103216]: DEBUG glance.api.middleware.version_negotiation [None req-5b2d1600-d673-4f17-96de-f35758bac08e tempest-TestMinimumBasicScenario-1731608210 tempest-TestMinimumBasicScenario-1731608210-project-member] Matched version: v2 {{(pid=103216) process_request /opt/stack/glance/glance/api/middleware/version_negotiation.py:69}}
Aug 15 14:09:21.773629 np0000007355 devstack@g-api.service[103216]: DEBUG glance.api.middleware.version_negotiation [None req-5b2d1600-d673-4f17-96de-f35758bac08e tempest-TestMinimumBasicScenario-1731608210 tempest-TestMinimumBasicScenario-1731608210-project-member] new path /v2/images/e5bad726-deec-431d-8dd8-4a80d751a68d {{(pid=103216) process_request /opt/stack/glance/glance/api/middleware/version_negotiation.py:70}}
Aug 15 14:09:21.787179 np0000007355 devstack@g-api.service[103216]: [pid: 103216|app: 0|req: 53/210] 127.0.0.1 () {44 vars in 1115 bytes} [Sat Aug 15 14:09:21 2026] GET /v2/images/e5bad726-deec-431d-8dd8-4a80d751a68d => generated 1044 bytes in 14 msecs (HTTP/1.1 200) 4 headers in 158 bytes (1 switches on core 0)
Aug 15 14:09:21.802570 np0000007355 devstack@g-api.service[103215]: DEBUG glance.api.middleware.version_negotiation [None req-bc34502e-daa7-4273-a1e9-00fe156a60e1 tempest-ServerActionsV293TestJSON-2060574895 tempest-ServerActionsV293TestJSON-2060574895-project-member] Determining version of request: GET /v2/schemas/image Accept: */* {{(pid=103215) process_request /opt/stack/glance/glance/api/middleware/version_negotiation.py:44}}
Aug 15 14:09:21.802570 np0000007355 devstack@g-api.service[103215]: DEBUG glance.api.middleware.version_negotiation [None req-bc34502e-daa7-4273-a1e9-00fe156a60e1 tempest-ServerActionsV293TestJSON-2060574895 tempest-ServerActionsV293TestJSON-2060574895-project-member] Using url versioning {{(pid=103215) process_request /opt/stack/glance/glance/api/middleware/version_negotiation.py:57}}
Aug 15 14:09:21.802570 np0000007355 devstack@g-api.service[103215]: DEBUG glance.api.middleware.version_negotiation [None req-bc34502e-daa7-4273-a1e9-00fe156a60e1 tempest-ServerActionsV293TestJSON-2060574895 tempest-ServerActionsV293TestJSON-2060574895-project-member] Matched version: v2 {{(pid=103215) process_request /opt/stack/glance/glance/api/middleware/version_negotiation.py:69}}
Aug 15 14:09:21.802570 np0000007355 devstack@g-api.service[103215]: DEBUG glance.api.middleware.version_negotiation [None req-bc34502e-daa7-4273-a1e9-00fe156a60e1 tempest-ServerActionsV293TestJSON-2060574895 tempest-ServerActionsV293TestJSON-2060574895-project-member] new path /v2/schemas/image {{(pid=103215) process_request /opt/stack/glance/glance/api/middleware/version_negotiation.py:70}}
Aug 15 14:09:21.806530 np0000007355 devstack@g-api.service[103215]: [pid: 103215|app: 0|req: 49/211] 127.0.0.1 () {44 vars in 1055 bytes} [Sat Aug 15 14:09:21 2026] GET /v2/schemas/image => generated 6083 bytes in 5 msecs (HTTP/1.1 200) 4 headers in 158 bytes (1 switches on core 0)
Aug 15 14:09:21.817842 np0000007355 devstack@g-api.service[103214]: DEBUG glance.api.middleware.version_negotiation [None req-bc34502e-daa7-4273-a1e9-00fe156a60e1 tempest-ServerActionsV293TestJSON-2060574895 tempest-ServerActionsV293TestJSON-2060574895-project-member] Determining version of request: GET /v2/schemas/image Accept: */* {{(pid=103214) process_request /opt/stack/glance/glance/api/middleware/version_negotiation.py:44}}
Aug 15 14:09:21.818116 np0000007355 devstack@g-api.service[103214]: DEBUG glance.api.middleware.version_negotiation [None req-bc34502e-daa7-4273-a1e9-00fe156a60e1 tempest-ServerActionsV293TestJSON-2060574895 tempest-ServerActionsV293TestJSON-2060574895-project-member] Using url versioning {{(pid=103214) process_request /opt/stack/glance/glance/api/middleware/version_negotiation.py:57}}
Aug 15 14:09:21.818363 np0000007355 devstack@g-api.service[103214]: DEBUG glance.api.middleware.version_negotiation [None req-bc34502e-daa7-4273-a1e9-00fe156a60e1 tempest-ServerActionsV293TestJSON-2060574895 tempest-ServerActionsV293TestJSON-2060574895-project-member] Matched version: v2 {{(pid=103214) process_request /opt/stack/glance/glance/api/middleware/version_negotiation.py:69}}
Aug 15 14:09:21.818554 np0000007355 devstack@g-api.service[103214]: DEBUG glance.api.middleware.version_negotiation [None req-bc34502e-daa7-4273-a1e9-00fe156a60e1 tempest-ServerActionsV293TestJSON-2060574895 tempest-ServerActionsV293TestJSON-2060574895-project-member] new path /v2/schemas/image {{(pid=103214) process_request /opt/stack/glance/glance/api/middleware/version_negotiation.py:70}}
Aug 15 14:09:21.822249 np0000007355 devstack@g-api.service[103214]: [pid: 103214|app: 0|req: 57/212] 127.0.0.1 () {44 vars in 1055 bytes} [Sat Aug 15 14:09:21 2026] GET /v2/schemas/image => generated 6083 bytes in 4 msecs (HTTP/1.1 200) 4 headers in 158 bytes (1 switches on core 0)
Aug 15 14:09:21.859073 np0000007355 devstack@g-api.service[103213]: DEBUG glance.location [None req-d8496eb9-b7b3-476d-8fb9-20a7db14f901 tempest-TestMinimumBasicScenario-1731608210 tempest-TestMinimumBasicScenario-1731608210-project-member] Enabling in-flight format inspection for qcow2 {{(pid=103213) set_data /opt/stack/glance/glance/location.py:596}}
Aug 15 14:09:21.859587 np0000007355 devstack@g-api.service[103213]: DEBUG glance_store.backend [None req-d8496eb9-b7b3-476d-8fb9-20a7db14f901 tempest-TestMinimumBasicScenario-1731608210 tempest-TestMinimumBasicScenario-1731608210-project-member] Attempting to import store swift {{(pid=103213) _load_store /opt/stack/data/venv/lib/python3.12/site-packages/glance_store/backend.py:215}}
Aug 15 14:09:21.861170 np0000007355 devstack@g-api.service[103213]: DEBUG glance_store.capabilities [None req-d8496eb9-b7b3-476d-8fb9-20a7db14f901 tempest-TestMinimumBasicScenario-1731608210 tempest-TestMinimumBasicScenario-1731608210-project-member] Store glance_store._drivers.swift.store.SingleTenantStore doesn't support updating dynamic storage capabilities. Please overwrite 'update_capabilities' method of the store to implement updating logics if needed. {{(pid=103213) update_capabilities /opt/stack/data/venv/lib/python3.12/site-packages/glance_store/capabilities.py:91}}
Aug 15 14:09:21.861318 np0000007355 devstack@g-api.service[103213]: DEBUG glance_store.driver [None req-d8496eb9-b7b3-476d-8fb9-20a7db14f901 tempest-TestMinimumBasicScenario-1731608210 tempest-TestMinimumBasicScenario-1731608210-project-member] Late loading location class glance_store._drivers.swift.store.StoreLocation {{(pid=103213) get_store_location_class /opt/stack/data/venv/lib/python3.12/site-packages/glance_store/driver.py:134}}
Aug 15 14:09:21.861883 np0000007355 devstack@g-api.service[103213]: DEBUG glance_store.location [None req-d8496eb9-b7b3-476d-8fb9-20a7db14f901 tempest-TestMinimumBasicScenario-1731608210 tempest-TestMinimumBasicScenario-1731608210-project-member] Registering scheme swift+https with {'store': , 'location_class': , 'store_entry': 'swift'} {{(pid=103213) register_scheme_map /opt/stack/data/venv/lib/python3.12/site-packages/glance_store/location.py:146}}
Aug 15 14:09:21.862028 np0000007355 devstack@g-api.service[103213]: DEBUG glance_store.location [None req-d8496eb9-b7b3-476d-8fb9-20a7db14f901 tempest-TestMinimumBasicScenario-1731608210 tempest-TestMinimumBasicScenario-1731608210-project-member] Registering scheme swift+https with {'store': , 'location_class': , 'store_entry': 'swift'} {{(pid=103213) register_scheme_map /opt/stack/data/venv/lib/python3.12/site-packages/glance_store/location.py:146}}
Aug 15 14:09:21.862151 np0000007355 devstack@g-api.service[103213]: DEBUG glance_store.location [None req-d8496eb9-b7b3-476d-8fb9-20a7db14f901 tempest-TestMinimumBasicScenario-1731608210 tempest-TestMinimumBasicScenario-1731608210-project-member] Registering scheme swift with {'store': , 'location_class': , 'store_entry': 'swift'} {{(pid=103213) register_scheme_map /opt/stack/data/venv/lib/python3.12/site-packages/glance_store/location.py:146}}
Aug 15 14:09:21.862252 np0000007355 devstack@g-api.service[103213]: DEBUG glance_store.location [None req-d8496eb9-b7b3-476d-8fb9-20a7db14f901 tempest-TestMinimumBasicScenario-1731608210 tempest-TestMinimumBasicScenario-1731608210-project-member] Registering scheme swift+https with {'store': , 'location_class': , 'store_entry': 'swift'} {{(pid=103213) register_scheme_map /opt/stack/data/venv/lib/python3.12/site-packages/glance_store/location.py:146}}
Aug 15 14:09:21.862331 np0000007355 devstack@g-api.service[103213]: DEBUG glance_store.location [None req-d8496eb9-b7b3-476d-8fb9-20a7db14f901 tempest-TestMinimumBasicScenario-1731608210 tempest-TestMinimumBasicScenario-1731608210-project-member] Registering scheme swift with {'store': , 'location_class': , 'store_entry': 'swift'} {{(pid=103213) register_scheme_map /opt/stack/data/venv/lib/python3.12/site-packages/glance_store/location.py:146}}
Aug 15 14:09:21.862386 np0000007355 devstack@g-api.service[103216]: DEBUG glance.api.middleware.version_negotiation [None req-bc34502e-daa7-4273-a1e9-00fe156a60e1 tempest-ServerActionsV293TestJSON-2060574895 tempest-ServerActionsV293TestJSON-2060574895-project-member] Determining version of request: GET /v2/images/e5bad726-deec-431d-8dd8-4a80d751a68d Accept: */* {{(pid=103216) process_request /opt/stack/glance/glance/api/middleware/version_negotiation.py:44}}
Aug 15 14:09:21.862432 np0000007355 devstack@g-api.service[103213]: DEBUG glance_store.location [None req-d8496eb9-b7b3-476d-8fb9-20a7db14f901 tempest-TestMinimumBasicScenario-1731608210 tempest-TestMinimumBasicScenario-1731608210-project-member] Registering scheme swift+http with {'store': , 'location_class': , 'store_entry': 'swift'} {{(pid=103213) register_scheme_map /opt/stack/data/venv/lib/python3.12/site-packages/glance_store/location.py:146}}
Aug 15 14:09:21.862518 np0000007355 devstack@g-api.service[103213]: DEBUG glance_store.location [None req-d8496eb9-b7b3-476d-8fb9-20a7db14f901 tempest-TestMinimumBasicScenario-1731608210 tempest-TestMinimumBasicScenario-1731608210-project-member] Registering scheme swift+https with {'store': , 'location_class': , 'store_entry': 'swift'} {{(pid=103213) register_scheme_map /opt/stack/data/venv/lib/python3.12/site-packages/glance_store/location.py:146}}
Aug 15 14:09:21.862588 np0000007355 devstack@g-api.service[103213]: DEBUG glance_store.location [None req-d8496eb9-b7b3-476d-8fb9-20a7db14f901 tempest-TestMinimumBasicScenario-1731608210 tempest-TestMinimumBasicScenario-1731608210-project-member] Registering scheme swift with {'store': , 'location_class': , 'store_entry': 'swift'} {{(pid=103213) register_scheme_map /opt/stack/data/venv/lib/python3.12/site-packages/glance_store/location.py:146}}
Aug 15 14:09:21.862634 np0000007355 devstack@g-api.service[103213]: DEBUG glance_store.location [None req-d8496eb9-b7b3-476d-8fb9-20a7db14f901 tempest-TestMinimumBasicScenario-1731608210 tempest-TestMinimumBasicScenario-1731608210-project-member] Registering scheme swift+http with {'store': , 'location_class': , 'store_entry': 'swift'} {{(pid=103213) register_scheme_map /opt/stack/data/venv/lib/python3.12/site-packages/glance_store/location.py:146}}
Aug 15 14:09:21.862679 np0000007355 devstack@g-api.service[103216]: DEBUG glance.api.middleware.version_negotiation [None req-bc34502e-daa7-4273-a1e9-00fe156a60e1 tempest-ServerActionsV293TestJSON-2060574895 tempest-ServerActionsV293TestJSON-2060574895-project-member] Using url versioning {{(pid=103216) process_request /opt/stack/glance/glance/api/middleware/version_negotiation.py:57}}
Aug 15 14:09:21.862737 np0000007355 devstack@g-api.service[103213]: DEBUG glance_store.location [None req-d8496eb9-b7b3-476d-8fb9-20a7db14f901 tempest-TestMinimumBasicScenario-1731608210 tempest-TestMinimumBasicScenario-1731608210-project-member] Registering scheme swift+config with {'store': , 'location_class': , 'store_entry': 'swift'} {{(pid=103213) register_scheme_map /opt/stack/data/venv/lib/python3.12/site-packages/glance_store/location.py:146}}
Aug 15 14:09:21.862994 np0000007355 devstack@g-api.service[103216]: DEBUG glance.api.middleware.version_negotiation [None req-bc34502e-daa7-4273-a1e9-00fe156a60e1 tempest-ServerActionsV293TestJSON-2060574895 tempest-ServerActionsV293TestJSON-2060574895-project-member] Matched version: v2 {{(pid=103216) process_request /opt/stack/glance/glance/api/middleware/version_negotiation.py:69}}
Aug 15 14:09:21.863157 np0000007355 devstack@g-api.service[103216]: DEBUG glance.api.middleware.version_negotiation [None req-bc34502e-daa7-4273-a1e9-00fe156a60e1 tempest-ServerActionsV293TestJSON-2060574895 tempest-ServerActionsV293TestJSON-2060574895-project-member] new path /v2/images/e5bad726-deec-431d-8dd8-4a80d751a68d {{(pid=103216) process_request /opt/stack/glance/glance/api/middleware/version_negotiation.py:70}}
Aug 15 14:09:21.881242 np0000007355 devstack@g-api.service[103216]: [pid: 103216|app: 0|req: 54/213] 127.0.0.1 () {44 vars in 1115 bytes} [Sat Aug 15 14:09:21 2026] GET /v2/images/e5bad726-deec-431d-8dd8-4a80d751a68d => generated 1044 bytes in 19 msecs (HTTP/1.1 200) 4 headers in 158 bytes (1 switches on core 0)
Aug 15 14:09:21.893423 np0000007355 devstack@g-api.service[103215]: DEBUG glance.api.middleware.version_negotiation [None req-bc34502e-daa7-4273-a1e9-00fe156a60e1 tempest-ServerActionsV293TestJSON-2060574895 tempest-ServerActionsV293TestJSON-2060574895-project-member] Determining version of request: GET /v2/schemas/image Accept: */* {{(pid=103215) process_request /opt/stack/glance/glance/api/middleware/version_negotiation.py:44}}
Aug 15 14:09:21.893698 np0000007355 devstack@g-api.service[103215]: DEBUG glance.api.middleware.version_negotiation [None req-bc34502e-daa7-4273-a1e9-00fe156a60e1 tempest-ServerActionsV293TestJSON-2060574895 tempest-ServerActionsV293TestJSON-2060574895-project-member] Using url versioning {{(pid=103215) process_request /opt/stack/glance/glance/api/middleware/version_negotiation.py:57}}
Aug 15 14:09:21.893785 np0000007355 devstack@g-api.service[103215]: DEBUG glance.api.middleware.version_negotiation [None req-bc34502e-daa7-4273-a1e9-00fe156a60e1 tempest-ServerActionsV293TestJSON-2060574895 tempest-ServerActionsV293TestJSON-2060574895-project-member] Matched version: v2 {{(pid=103215) process_request /opt/stack/glance/glance/api/middleware/version_negotiation.py:69}}
Aug 15 14:09:21.893935 np0000007355 devstack@g-api.service[103215]: DEBUG glance.api.middleware.version_negotiation [None req-bc34502e-daa7-4273-a1e9-00fe156a60e1 tempest-ServerActionsV293TestJSON-2060574895 tempest-ServerActionsV293TestJSON-2060574895-project-member] new path /v2/schemas/image {{(pid=103215) process_request /opt/stack/glance/glance/api/middleware/version_negotiation.py:70}}
Aug 15 14:09:21.898591 np0000007355 devstack@g-api.service[103215]: [pid: 103215|app: 0|req: 50/214] 127.0.0.1 () {44 vars in 1055 bytes} [Sat Aug 15 14:09:21 2026] GET /v2/schemas/image => generated 6083 bytes in 5 msecs (HTTP/1.1 200) 4 headers in 158 bytes (1 switches on core 0)
Aug 15 14:09:21.913182 np0000007355 devstack@g-api.service[103214]: DEBUG glance.api.middleware.version_negotiation [None req-bc34502e-daa7-4273-a1e9-00fe156a60e1 tempest-ServerActionsV293TestJSON-2060574895 tempest-ServerActionsV293TestJSON-2060574895-project-member] Determining version of request: GET /v2/schemas/image Accept: */* {{(pid=103214) process_request /opt/stack/glance/glance/api/middleware/version_negotiation.py:44}}
Aug 15 14:09:21.913336 np0000007355 devstack@g-api.service[103214]: DEBUG glance.api.middleware.version_negotiation [None req-bc34502e-daa7-4273-a1e9-00fe156a60e1 tempest-ServerActionsV293TestJSON-2060574895 tempest-ServerActionsV293TestJSON-2060574895-project-member] Using url versioning {{(pid=103214) process_request /opt/stack/glance/glance/api/middleware/version_negotiation.py:57}}
Aug 15 14:09:21.913482 np0000007355 devstack@g-api.service[103214]: DEBUG glance.api.middleware.version_negotiation [None req-bc34502e-daa7-4273-a1e9-00fe156a60e1 tempest-ServerActionsV293TestJSON-2060574895 tempest-ServerActionsV293TestJSON-2060574895-project-member] Matched version: v2 {{(pid=103214) process_request /opt/stack/glance/glance/api/middleware/version_negotiation.py:69}}
Aug 15 14:09:21.913603 np0000007355 devstack@g-api.service[103214]: DEBUG glance.api.middleware.version_negotiation [None req-bc34502e-daa7-4273-a1e9-00fe156a60e1 tempest-ServerActionsV293TestJSON-2060574895 tempest-ServerActionsV293TestJSON-2060574895-project-member] new path /v2/schemas/image {{(pid=103214) process_request /opt/stack/glance/glance/api/middleware/version_negotiation.py:70}}
Aug 15 14:09:21.916456 np0000007355 devstack@g-api.service[103214]: [pid: 103214|app: 0|req: 58/215] 127.0.0.1 () {44 vars in 1055 bytes} [Sat Aug 15 14:09:21 2026] GET /v2/schemas/image => generated 6083 bytes in 3 msecs (HTTP/1.1 200) 4 headers in 158 bytes (1 switches on core 0)
Aug 15 14:09:22.002324 np0000007355 devstack@g-api.service[103216]: DEBUG glance.api.middleware.version_negotiation [None req-bc34502e-daa7-4273-a1e9-00fe156a60e1 tempest-ServerActionsV293TestJSON-2060574895 tempest-ServerActionsV293TestJSON-2060574895-project-member] Determining version of request: GET /versions Accept: */* {{(pid=103216) process_request /opt/stack/glance/glance/api/middleware/version_negotiation.py:44}}
Aug 15 14:09:22.003608 np0000007355 devstack@g-api.service[103216]: [pid: 103216|app: 0|req: 55/216] 127.0.0.1 () {44 vars in 1039 bytes} [Sat Aug 15 14:09:22 2026] GET /versions => generated 1515 bytes in 2 msecs (HTTP/1.1 200) 3 headers in 92 bytes (1 switches on core 0)
Aug 15 14:09:22.014411 np0000007355 devstack@g-api.service[103215]: DEBUG glance.api.middleware.version_negotiation [None req-bc34502e-daa7-4273-a1e9-00fe156a60e1 tempest-ServerActionsV293TestJSON-2060574895 tempest-ServerActionsV293TestJSON-2060574895-project-member] Determining version of request: GET /v2/images/e5bad726-deec-431d-8dd8-4a80d751a68d/locations Accept: */* {{(pid=103215) process_request /opt/stack/glance/glance/api/middleware/version_negotiation.py:44}}
Aug 15 14:09:22.014978 np0000007355 devstack@g-api.service[103215]: DEBUG glance.api.middleware.version_negotiation [None req-bc34502e-daa7-4273-a1e9-00fe156a60e1 tempest-ServerActionsV293TestJSON-2060574895 tempest-ServerActionsV293TestJSON-2060574895-project-member] Using url versioning {{(pid=103215) process_request /opt/stack/glance/glance/api/middleware/version_negotiation.py:57}}
Aug 15 14:09:22.014978 np0000007355 devstack@g-api.service[103215]: DEBUG glance.api.middleware.version_negotiation [None req-bc34502e-daa7-4273-a1e9-00fe156a60e1 tempest-ServerActionsV293TestJSON-2060574895 tempest-ServerActionsV293TestJSON-2060574895-project-member] Matched version: v2 {{(pid=103215) process_request /opt/stack/glance/glance/api/middleware/version_negotiation.py:69}}
Aug 15 14:09:22.015104 np0000007355 devstack@g-api.service[103215]: DEBUG glance.api.middleware.version_negotiation [None req-bc34502e-daa7-4273-a1e9-00fe156a60e1 tempest-ServerActionsV293TestJSON-2060574895 tempest-ServerActionsV293TestJSON-2060574895-project-member] new path /v2/images/e5bad726-deec-431d-8dd8-4a80d751a68d/locations {{(pid=103215) process_request /opt/stack/glance/glance/api/middleware/version_negotiation.py:70}}
Aug 15 14:09:22.092759 np0000007355 devstack@g-api.service[103215]: [pid: 103215|app: 0|req: 51/217] 127.0.0.1 () {44 vars in 1135 bytes} [Sat Aug 15 14:09:22 2026] GET /v2/images/e5bad726-deec-431d-8dd8-4a80d751a68d/locations => generated 92 bytes in 78 msecs (HTTP/1.1 200) 4 headers in 156 bytes (1 switches on core 0)
Aug 15 14:09:22.166456 np0000007355 devstack@g-api.service[103213]: DEBUG swiftclient [None req-d8496eb9-b7b3-476d-8fb9-20a7db14f901 tempest-TestMinimumBasicScenario-1731608210 tempest-TestMinimumBasicScenario-1731608210-project-member] REQ: curl -i https://10.4.3.199:8080/v1/AUTH_81ec9347f69e41d68b31d67104f444d3/glance -I -H "X-Auth-Token: gAAAAABqgHMRcOzF..." {{(pid=103213) http_log /opt/stack/data/venv/lib/python3.12/site-packages/swiftclient/client.py:160}}
Aug 15 14:09:22.166691 np0000007355 devstack@g-api.service[103213]: DEBUG swiftclient [None req-d8496eb9-b7b3-476d-8fb9-20a7db14f901 tempest-TestMinimumBasicScenario-1731608210 tempest-TestMinimumBasicScenario-1731608210-project-member] RESP STATUS: 204 No Content {{(pid=103213) http_log /opt/stack/data/venv/lib/python3.12/site-packages/swiftclient/client.py:161}}
Aug 15 14:09:22.166898 np0000007355 devstack@g-api.service[103213]: DEBUG swiftclient [None req-d8496eb9-b7b3-476d-8fb9-20a7db14f901 tempest-TestMinimumBasicScenario-1731608210 tempest-TestMinimumBasicScenario-1731608210-project-member] RESP HEADERS: {'Date': 'Sat, 15 Aug 2026 14:09:22 GMT', 'Server': 'Apache/2.4.58 (Ubuntu)', 'Content-Type': 'text/plain; charset=utf-8', 'X-Container-Object-Count': '3', 'X-Container-Bytes-Used': '64356352', 'X-Timestamp': '1786802605.48287', 'Last-Modified': 'Sat, 15 Aug 2026 14:03:26 GMT', 'Accept-Ranges': 'bytes', 'X-Storage-Policy': 'Policy-0', 'X-Container-Sharding': 'False', 'Vary': 'Accept', 'X-Trans-Id': 'tx91b0068e2cd94c3a8a30b-006a807311', 'X-Openstack-Request-Id': 'tx91b0068e2cd94c3a8a30b-006a807311', 'Connection': 'close'} {{(pid=103213) http_log /opt/stack/data/venv/lib/python3.12/site-packages/swiftclient/client.py:162}}
Aug 15 14:09:22.167135 np0000007355 devstack@g-api.service[103213]: DEBUG glance_store._drivers.swift.store [None req-d8496eb9-b7b3-476d-8fb9-20a7db14f901 tempest-TestMinimumBasicScenario-1731608210 tempest-TestMinimumBasicScenario-1731608210-project-member] Adding image object 'fa49aa82-e31e-4f38-932e-0ebd0b9584e8' to Swift {{(pid=103213) add /opt/stack/data/venv/lib/python3.12/site-packages/glance_store/_drivers/swift/store.py:970}}
Aug 15 14:09:22.167230 np0000007355 devstack@g-api.service[103213]: DEBUG glance_store._drivers.swift.store [None req-d8496eb9-b7b3-476d-8fb9-20a7db14f901 tempest-TestMinimumBasicScenario-1731608210 tempest-TestMinimumBasicScenario-1731608210-project-member] Cannot determine image size because it is either not provided in the request or chunked-transfer encoding is used. Adding image as a segmented object to Swift. {{(pid=103213) add /opt/stack/data/venv/lib/python3.12/site-packages/glance_store/_drivers/swift/store.py:994}}
Aug 15 14:09:22.177256 np0000007355 devstack@g-api.service[103213]: DEBUG oslo_utils.imageutils.format_inspector [None req-d8496eb9-b7b3-476d-8fb9-20a7db14f901 tempest-TestMinimumBasicScenario-1731608210 tempest-TestMinimumBasicScenario-1731608210-project-member] Format inspector for vmdk does not match, excluding from consideration (Signature KDMV not found: b'QFI\xfb') {{(pid=103213) _process_chunk /opt/stack/data/venv/lib/python3.12/site-packages/oslo_utils/imageutils/format_inspector.py:1758}}
Aug 15 14:09:22.179682 np0000007355 devstack@g-api.service[103213]: DEBUG oslo_utils.imageutils.format_inspector [None req-d8496eb9-b7b3-476d-8fb9-20a7db14f901 tempest-TestMinimumBasicScenario-1731608210 tempest-TestMinimumBasicScenario-1731608210-project-member] Format inspector for vhdx does not match, excluding from consideration (Region signature not found at 30000) {{(pid=103213) _process_chunk /opt/stack/data/venv/lib/python3.12/site-packages/oslo_utils/imageutils/format_inspector.py:1758}}
Aug 15 14:09:22.457901 np0000007355 devstack@g-api.service[103213]: DEBUG swiftclient [None req-d8496eb9-b7b3-476d-8fb9-20a7db14f901 tempest-TestMinimumBasicScenario-1731608210 tempest-TestMinimumBasicScenario-1731608210-project-member] REQ: curl -i https://10.4.3.199:8080/v1/AUTH_81ec9347f69e41d68b31d67104f444d3/glance/fa49aa82-e31e-4f38-932e-0ebd0b9584e8-00001 -X PUT -H "X-Auth-Token: gAAAAABqgHMRcOzF..." {{(pid=103213) http_log /opt/stack/data/venv/lib/python3.12/site-packages/swiftclient/client.py:160}}
Aug 15 14:09:22.457901 np0000007355 devstack@g-api.service[103213]: DEBUG swiftclient [None req-d8496eb9-b7b3-476d-8fb9-20a7db14f901 tempest-TestMinimumBasicScenario-1731608210 tempest-TestMinimumBasicScenario-1731608210-project-member] RESP STATUS: 201 Created {{(pid=103213) http_log /opt/stack/data/venv/lib/python3.12/site-packages/swiftclient/client.py:161}}
Aug 15 14:09:22.458038 np0000007355 devstack@g-api.service[103213]: DEBUG swiftclient [None req-d8496eb9-b7b3-476d-8fb9-20a7db14f901 tempest-TestMinimumBasicScenario-1731608210 tempest-TestMinimumBasicScenario-1731608210-project-member] RESP HEADERS: {'Date': 'Sat, 15 Aug 2026 14:09:22 GMT', 'Server': 'Apache/2.4.58 (Ubuntu)', 'Content-Type': 'text/html; charset=UTF-8', 'Content-Length': '0', 'Etag': '87617e24a5e30cb3b87fda8c0764838f', 'Last-Modified': 'Sat, 15 Aug 2026 14:09:23 GMT', 'X-Trans-Id': 'txb5aa09ed14e342138bbb5-006a807312', 'X-Openstack-Request-Id': 'txb5aa09ed14e342138bbb5-006a807312', 'Connection': 'close'} {{(pid=103213) http_log /opt/stack/data/venv/lib/python3.12/site-packages/swiftclient/client.py:162}}
Aug 15 14:09:22.458211 np0000007355 devstack@g-api.service[103213]: DEBUG glance_store._drivers.swift.store [None req-d8496eb9-b7b3-476d-8fb9-20a7db14f901 tempest-TestMinimumBasicScenario-1731608210 tempest-TestMinimumBasicScenario-1731608210-project-member] Wrote chunk fa49aa82-e31e-4f38-932e-0ebd0b9584e8-00001 (1/?) of length 21692416 to Swift returning MD5 of content: 87617e24a5e30cb3b87fda8c0764838f {{(pid=103213) add /opt/stack/data/venv/lib/python3.12/site-packages/glance_store/_drivers/swift/store.py:1059}}
Aug 15 14:09:22.458562 np0000007355 devstack@g-api.service[103213]: DEBUG glance_store._drivers.swift.store [None req-d8496eb9-b7b3-476d-8fb9-20a7db14f901 tempest-TestMinimumBasicScenario-1731608210 tempest-TestMinimumBasicScenario-1731608210-project-member] Not writing zero-length chunk. {{(pid=103213) add /opt/stack/data/venv/lib/python3.12/site-packages/glance_store/_drivers/swift/store.py:1028}}
Aug 15 14:09:22.487595 np0000007355 devstack@g-api.service[103213]: DEBUG swiftclient [None req-d8496eb9-b7b3-476d-8fb9-20a7db14f901 tempest-TestMinimumBasicScenario-1731608210 tempest-TestMinimumBasicScenario-1731608210-project-member] REQ: curl -i https://10.4.3.199:8080/v1/AUTH_81ec9347f69e41d68b31d67104f444d3/glance/fa49aa82-e31e-4f38-932e-0ebd0b9584e8 -X PUT -H "X-Object-Manifest: glance/fa49aa82-e31e-4f38-932e-0ebd0b9584e8-" -H "X-Auth-Token: gAAAAABqgHMRcOzF..." -H "Content-Length: 0" {{(pid=103213) http_log /opt/stack/data/venv/lib/python3.12/site-packages/swiftclient/client.py:160}}
Aug 15 14:09:22.487595 np0000007355 devstack@g-api.service[103213]: DEBUG swiftclient [None req-d8496eb9-b7b3-476d-8fb9-20a7db14f901 tempest-TestMinimumBasicScenario-1731608210 tempest-TestMinimumBasicScenario-1731608210-project-member] RESP STATUS: 201 Created {{(pid=103213) http_log /opt/stack/data/venv/lib/python3.12/site-packages/swiftclient/client.py:161}}
Aug 15 14:09:22.487595 np0000007355 devstack@g-api.service[103213]: DEBUG swiftclient [None req-d8496eb9-b7b3-476d-8fb9-20a7db14f901 tempest-TestMinimumBasicScenario-1731608210 tempest-TestMinimumBasicScenario-1731608210-project-member] RESP HEADERS: {'Date': 'Sat, 15 Aug 2026 14:09:22 GMT', 'Server': 'Apache/2.4.58 (Ubuntu)', 'Content-Type': 'text/html; charset=UTF-8', 'Content-Length': '0', 'Etag': 'd41d8cd98f00b204e9800998ecf8427e', 'Last-Modified': 'Sat, 15 Aug 2026 14:09:23 GMT', 'X-Trans-Id': 'tx33830742ff5f44dab859b-006a807312', 'X-Openstack-Request-Id': 'tx33830742ff5f44dab859b-006a807312', 'Connection': 'close'} {{(pid=103213) http_log /opt/stack/data/venv/lib/python3.12/site-packages/swiftclient/client.py:162}}
Aug 15 14:09:22.487843 np0000007355 devstack@g-api.service[103213]: INFO glance.location [None req-d8496eb9-b7b3-476d-8fb9-20a7db14f901 tempest-TestMinimumBasicScenario-1731608210 tempest-TestMinimumBasicScenario-1731608210-project-member] Image format matched and virtual size computed: 117440512
Aug 15 14:09:22.525822 np0000007355 devstack@g-api.service[103213]: DEBUG glance_store.backend [None req-d8496eb9-b7b3-476d-8fb9-20a7db14f901 tempest-TestMinimumBasicScenario-1731608210 tempest-TestMinimumBasicScenario-1731608210-project-member] Attempting to import store swift {{(pid=103213) _load_store /opt/stack/data/venv/lib/python3.12/site-packages/glance_store/backend.py:215}}
Aug 15 14:09:22.527750 np0000007355 devstack@g-api.service[103213]: DEBUG glance_store.capabilities [None req-d8496eb9-b7b3-476d-8fb9-20a7db14f901 tempest-TestMinimumBasicScenario-1731608210 tempest-TestMinimumBasicScenario-1731608210-project-member] Store glance_store._drivers.swift.store.SingleTenantStore doesn't support updating dynamic storage capabilities. Please overwrite 'update_capabilities' method of the store to implement updating logics if needed. {{(pid=103213) update_capabilities /opt/stack/data/venv/lib/python3.12/site-packages/glance_store/capabilities.py:91}}
Aug 15 14:09:22.528719 np0000007355 devstack@g-api.service[103213]: DEBUG glance_store.driver [None req-d8496eb9-b7b3-476d-8fb9-20a7db14f901 tempest-TestMinimumBasicScenario-1731608210 tempest-TestMinimumBasicScenario-1731608210-project-member] Late loading location class glance_store._drivers.swift.store.StoreLocation {{(pid=103213) get_store_location_class /opt/stack/data/venv/lib/python3.12/site-packages/glance_store/driver.py:134}}
Aug 15 14:09:22.528719 np0000007355 devstack@g-api.service[103213]: DEBUG glance_store.location [None req-d8496eb9-b7b3-476d-8fb9-20a7db14f901 tempest-TestMinimumBasicScenario-1731608210 tempest-TestMinimumBasicScenario-1731608210-project-member] Registering scheme swift+https with {'store': , 'location_class': , 'store_entry': 'swift'} {{(pid=103213) register_scheme_map /opt/stack/data/venv/lib/python3.12/site-packages/glance_store/location.py:146}}
Aug 15 14:09:22.528719 np0000007355 devstack@g-api.service[103213]: DEBUG glance_store.location [None req-d8496eb9-b7b3-476d-8fb9-20a7db14f901 tempest-TestMinimumBasicScenario-1731608210 tempest-TestMinimumBasicScenario-1731608210-project-member] Registering scheme swift+https with {'store': , 'location_class': , 'store_entry': 'swift'} {{(pid=103213) register_scheme_map /opt/stack/data/venv/lib/python3.12/site-packages/glance_store/location.py:146}}
