Aug 15 14:05:29.021676 np0000007355 devstack@g-api.service[103215]: DEBUG glance_store.driver [None req-350885c0-a9f3-4e46-86c0-f22a7027d408 tempest-AttachSCSIVolumeTestJSON-1550331930 tempest-AttachSCSIVolumeTestJSON-1550331930-project-admin] Late loading location class glance_store._drivers.swift.store.StoreLocation {{(pid=103215) get_store_location_class /opt/stack/data/venv/lib/python3.12/site-packages/glance_store/driver.py:134}}
Aug 15 14:05:29.021888 np0000007355 devstack@g-api.service[103215]: DEBUG glance_store.location [None req-350885c0-a9f3-4e46-86c0-f22a7027d408 tempest-AttachSCSIVolumeTestJSON-1550331930 tempest-AttachSCSIVolumeTestJSON-1550331930-project-admin] Registering scheme swift+https with {'store': , 'location_class': , 'store_entry': 'swift'} {{(pid=103215) register_scheme_map /opt/stack/data/venv/lib/python3.12/site-packages/glance_store/location.py:146}}
Aug 15 14:05:29.022120 np0000007355 devstack@g-api.service[103215]: DEBUG glance_store.location [None req-350885c0-a9f3-4e46-86c0-f22a7027d408 tempest-AttachSCSIVolumeTestJSON-1550331930 tempest-AttachSCSIVolumeTestJSON-1550331930-project-admin] Registering scheme swift+https with {'store': , 'location_class': , 'store_entry': 'swift'} {{(pid=103215) register_scheme_map /opt/stack/data/venv/lib/python3.12/site-packages/glance_store/location.py:146}}
Aug 15 14:05:29.022294 np0000007355 devstack@g-api.service[103215]: DEBUG glance_store.location [None req-350885c0-a9f3-4e46-86c0-f22a7027d408 tempest-AttachSCSIVolumeTestJSON-1550331930 tempest-AttachSCSIVolumeTestJSON-1550331930-project-admin] Registering scheme swift with {'store': , 'location_class': , 'store_entry': 'swift'} {{(pid=103215) register_scheme_map /opt/stack/data/venv/lib/python3.12/site-packages/glance_store/location.py:146}}
Aug 15 14:05:29.023073 np0000007355 devstack@g-api.service[103215]: DEBUG glance_store.location [None req-350885c0-a9f3-4e46-86c0-f22a7027d408 tempest-AttachSCSIVolumeTestJSON-1550331930 tempest-AttachSCSIVolumeTestJSON-1550331930-project-admin] Registering scheme swift+https with {'store': , 'location_class': , 'store_entry': 'swift'} {{(pid=103215) register_scheme_map /opt/stack/data/venv/lib/python3.12/site-packages/glance_store/location.py:146}}
Aug 15 14:05:29.023073 np0000007355 devstack@g-api.service[103215]: DEBUG glance_store.location [None req-350885c0-a9f3-4e46-86c0-f22a7027d408 tempest-AttachSCSIVolumeTestJSON-1550331930 tempest-AttachSCSIVolumeTestJSON-1550331930-project-admin] Registering scheme swift with {'store': , 'location_class': , 'store_entry': 'swift'} {{(pid=103215) register_scheme_map /opt/stack/data/venv/lib/python3.12/site-packages/glance_store/location.py:146}}
Aug 15 14:05:29.023073 np0000007355 devstack@g-api.service[103215]: DEBUG glance_store.location [None req-350885c0-a9f3-4e46-86c0-f22a7027d408 tempest-AttachSCSIVolumeTestJSON-1550331930 tempest-AttachSCSIVolumeTestJSON-1550331930-project-admin] Registering scheme swift+http with {'store': , 'location_class': , 'store_entry': 'swift'} {{(pid=103215) register_scheme_map /opt/stack/data/venv/lib/python3.12/site-packages/glance_store/location.py:146}}
Aug 15 14:05:29.023473 np0000007355 devstack@g-api.service[103215]: DEBUG glance_store.location [None req-350885c0-a9f3-4e46-86c0-f22a7027d408 tempest-AttachSCSIVolumeTestJSON-1550331930 tempest-AttachSCSIVolumeTestJSON-1550331930-project-admin] Registering scheme swift+https with {'store': , 'location_class': , 'store_entry': 'swift'} {{(pid=103215) register_scheme_map /opt/stack/data/venv/lib/python3.12/site-packages/glance_store/location.py:146}}
Aug 15 14:05:29.023473 np0000007355 devstack@g-api.service[103215]: DEBUG glance_store.location [None req-350885c0-a9f3-4e46-86c0-f22a7027d408 tempest-AttachSCSIVolumeTestJSON-1550331930 tempest-AttachSCSIVolumeTestJSON-1550331930-project-admin] Registering scheme swift with {'store': , 'location_class': , 'store_entry': 'swift'} {{(pid=103215) register_scheme_map /opt/stack/data/venv/lib/python3.12/site-packages/glance_store/location.py:146}}
Aug 15 14:05:29.023473 np0000007355 devstack@g-api.service[103215]: DEBUG glance_store.location [None req-350885c0-a9f3-4e46-86c0-f22a7027d408 tempest-AttachSCSIVolumeTestJSON-1550331930 tempest-AttachSCSIVolumeTestJSON-1550331930-project-admin] Registering scheme swift+http with {'store': , 'location_class': , 'store_entry': 'swift'} {{(pid=103215) register_scheme_map /opt/stack/data/venv/lib/python3.12/site-packages/glance_store/location.py:146}}
Aug 15 14:05:29.023703 np0000007355 devstack@g-api.service[103215]: DEBUG glance_store.location [None req-350885c0-a9f3-4e46-86c0-f22a7027d408 tempest-AttachSCSIVolumeTestJSON-1550331930 tempest-AttachSCSIVolumeTestJSON-1550331930-project-admin] Registering scheme swift+config with {'store': , 'location_class': , 'store_entry': 'swift'} {{(pid=103215) register_scheme_map /opt/stack/data/venv/lib/python3.12/site-packages/glance_store/location.py:146}}
Aug 15 14:05:29.359034 np0000007355 devstack@g-api.service[103216]: [pid: 103216|app: 0|req: 10/35] 127.0.0.1 () {44 vars in 1135 bytes} [Sat Aug 15 14:05:28 2026] GET /v2/images/54ddd858-5e2e-480c-97a8-8acd2615daef/locations => generated 92 bytes in 504 msecs (HTTP/1.1 200) 4 headers in 156 bytes (1 switches on core 0)
Aug 15 14:05:29.374125 np0000007355 devstack@g-api.service[103213]: DEBUG glance.api.middleware.version_negotiation [None req-575c58df-44b1-425e-938d-36ade3e39279 tempest-TaggedBootDevicesTest_v242-1774560994 tempest-TaggedBootDevicesTest_v242-1774560994-project-member] Determining version of request: GET /v2/images/54ddd858-5e2e-480c-97a8-8acd2615daef Accept: */* {{(pid=103213) process_request /opt/stack/glance/glance/api/middleware/version_negotiation.py:44}}
Aug 15 14:05:29.374637 np0000007355 devstack@g-api.service[103213]: DEBUG glance.api.middleware.version_negotiation [None req-575c58df-44b1-425e-938d-36ade3e39279 tempest-TaggedBootDevicesTest_v242-1774560994 tempest-TaggedBootDevicesTest_v242-1774560994-project-member] Using url versioning {{(pid=103213) process_request /opt/stack/glance/glance/api/middleware/version_negotiation.py:57}}
Aug 15 14:05:29.374637 np0000007355 devstack@g-api.service[103213]: DEBUG glance.api.middleware.version_negotiation [None req-575c58df-44b1-425e-938d-36ade3e39279 tempest-TaggedBootDevicesTest_v242-1774560994 tempest-TaggedBootDevicesTest_v242-1774560994-project-member] Matched version: v2 {{(pid=103213) process_request /opt/stack/glance/glance/api/middleware/version_negotiation.py:69}}
Aug 15 14:05:29.374720 np0000007355 devstack@g-api.service[103213]: DEBUG glance.api.middleware.version_negotiation [None req-575c58df-44b1-425e-938d-36ade3e39279 tempest-TaggedBootDevicesTest_v242-1774560994 tempest-TaggedBootDevicesTest_v242-1774560994-project-member] new path /v2/images/54ddd858-5e2e-480c-97a8-8acd2615daef {{(pid=103213) process_request /opt/stack/glance/glance/api/middleware/version_negotiation.py:70}}
Aug 15 14:05:29.397715 np0000007355 devstack@g-api.service[103213]: [pid: 103213|app: 0|req: 10/36] 127.0.0.1 () {44 vars in 1115 bytes} [Sat Aug 15 14:05:29 2026] GET /v2/images/54ddd858-5e2e-480c-97a8-8acd2615daef => generated 1044 bytes in 24 msecs (HTTP/1.1 200) 4 headers in 158 bytes (1 switches on core 0)
Aug 15 14:05:29.409200 np0000007355 devstack@g-api.service[103214]: DEBUG glance.api.middleware.version_negotiation [None req-575c58df-44b1-425e-938d-36ade3e39279 tempest-TaggedBootDevicesTest_v242-1774560994 tempest-TaggedBootDevicesTest_v242-1774560994-project-member] Determining version of request: GET /v2/schemas/image Accept: */* {{(pid=103214) process_request /opt/stack/glance/glance/api/middleware/version_negotiation.py:44}}
Aug 15 14:05:29.409456 np0000007355 devstack@g-api.service[103214]: DEBUG glance.api.middleware.version_negotiation [None req-575c58df-44b1-425e-938d-36ade3e39279 tempest-TaggedBootDevicesTest_v242-1774560994 tempest-TaggedBootDevicesTest_v242-1774560994-project-member] Using url versioning {{(pid=103214) process_request /opt/stack/glance/glance/api/middleware/version_negotiation.py:57}}
Aug 15 14:05:29.409658 np0000007355 devstack@g-api.service[103214]: DEBUG glance.api.middleware.version_negotiation [None req-575c58df-44b1-425e-938d-36ade3e39279 tempest-TaggedBootDevicesTest_v242-1774560994 tempest-TaggedBootDevicesTest_v242-1774560994-project-member] Matched version: v2 {{(pid=103214) process_request /opt/stack/glance/glance/api/middleware/version_negotiation.py:69}}
Aug 15 14:05:29.409788 np0000007355 devstack@g-api.service[103214]: DEBUG glance.api.middleware.version_negotiation [None req-575c58df-44b1-425e-938d-36ade3e39279 tempest-TaggedBootDevicesTest_v242-1774560994 tempest-TaggedBootDevicesTest_v242-1774560994-project-member] new path /v2/schemas/image {{(pid=103214) process_request /opt/stack/glance/glance/api/middleware/version_negotiation.py:70}}
Aug 15 14:05:29.412565 np0000007355 devstack@g-api.service[103214]: [pid: 103214|app: 0|req: 12/37] 127.0.0.1 () {44 vars in 1055 bytes} [Sat Aug 15 14:05:29 2026] GET /v2/schemas/image => generated 6083 bytes in 3 msecs (HTTP/1.1 200) 4 headers in 158 bytes (1 switches on core 0)
Aug 15 14:05:29.424506 np0000007355 devstack@g-api.service[103216]: DEBUG glance.api.middleware.version_negotiation [None req-575c58df-44b1-425e-938d-36ade3e39279 service glance] Determining version of request: GET /v2/schemas/image Accept: */* {{(pid=103216) process_request /opt/stack/glance/glance/api/middleware/version_negotiation.py:44}}
Aug 15 14:05:29.424768 np0000007355 devstack@g-api.service[103216]: DEBUG glance.api.middleware.version_negotiation [None req-575c58df-44b1-425e-938d-36ade3e39279 service glance] Using url versioning {{(pid=103216) process_request /opt/stack/glance/glance/api/middleware/version_negotiation.py:57}}
Aug 15 14:05:29.424877 np0000007355 devstack@g-api.service[103216]: DEBUG glance.api.middleware.version_negotiation [None req-575c58df-44b1-425e-938d-36ade3e39279 service glance] Matched version: v2 {{(pid=103216) process_request /opt/stack/glance/glance/api/middleware/version_negotiation.py:69}}
Aug 15 14:05:29.425006 np0000007355 devstack@g-api.service[103216]: DEBUG glance.api.middleware.version_negotiation [None req-575c58df-44b1-425e-938d-36ade3e39279 service glance] new path /v2/schemas/image {{(pid=103216) process_request /opt/stack/glance/glance/api/middleware/version_negotiation.py:70}}
Aug 15 14:05:29.430413 np0000007355 devstack@g-api.service[103216]: [pid: 103216|app: 0|req: 11/38] 127.0.0.1 () {44 vars in 1055 bytes} [Sat Aug 15 14:05:29 2026] GET /v2/schemas/image => generated 6083 bytes in 6 msecs (HTTP/1.1 200) 4 headers in 158 bytes (1 switches on core 0)
Aug 15 14:05:29.467560 np0000007355 devstack@g-api.service[103213]: DEBUG glance.api.middleware.version_negotiation [None req-575c58df-44b1-425e-938d-36ade3e39279 tempest-TaggedBootDevicesTest_v242-1774560994 tempest-TaggedBootDevicesTest_v242-1774560994-project-member] Determining version of request: GET /v2/images/54ddd858-5e2e-480c-97a8-8acd2615daef Accept: */* {{(pid=103213) process_request /opt/stack/glance/glance/api/middleware/version_negotiation.py:44}}
Aug 15 14:05:29.467724 np0000007355 devstack@g-api.service[103213]: DEBUG glance.api.middleware.version_negotiation [None req-575c58df-44b1-425e-938d-36ade3e39279 tempest-TaggedBootDevicesTest_v242-1774560994 tempest-TaggedBootDevicesTest_v242-1774560994-project-member] Using url versioning {{(pid=103213) process_request /opt/stack/glance/glance/api/middleware/version_negotiation.py:57}}
Aug 15 14:05:29.467915 np0000007355 devstack@g-api.service[103213]: DEBUG glance.api.middleware.version_negotiation [None req-575c58df-44b1-425e-938d-36ade3e39279 tempest-TaggedBootDevicesTest_v242-1774560994 tempest-TaggedBootDevicesTest_v242-1774560994-project-member] Matched version: v2 {{(pid=103213) process_request /opt/stack/glance/glance/api/middleware/version_negotiation.py:69}}
Aug 15 14:05:29.468059 np0000007355 devstack@g-api.service[103213]: DEBUG glance.api.middleware.version_negotiation [None req-575c58df-44b1-425e-938d-36ade3e39279 tempest-TaggedBootDevicesTest_v242-1774560994 tempest-TaggedBootDevicesTest_v242-1774560994-project-member] new path /v2/images/54ddd858-5e2e-480c-97a8-8acd2615daef {{(pid=103213) process_request /opt/stack/glance/glance/api/middleware/version_negotiation.py:70}}
Aug 15 14:05:29.469455 np0000007355 devstack@g-api.service[103215]: DEBUG swiftclient [None req-350885c0-a9f3-4e46-86c0-f22a7027d408 tempest-AttachSCSIVolumeTestJSON-1550331930 tempest-AttachSCSIVolumeTestJSON-1550331930-project-admin] REQ: curl -i https://10.4.3.199:8080/v1/AUTH_81ec9347f69e41d68b31d67104f444d3/glance -I -H "X-Auth-Token: gAAAAABqgHIpILZM..." {{(pid=103215) http_log /opt/stack/data/venv/lib/python3.12/site-packages/swiftclient/client.py:160}}
Aug 15 14:05:29.469709 np0000007355 devstack@g-api.service[103215]: DEBUG swiftclient [None req-350885c0-a9f3-4e46-86c0-f22a7027d408 tempest-AttachSCSIVolumeTestJSON-1550331930 tempest-AttachSCSIVolumeTestJSON-1550331930-project-admin] RESP STATUS: 204 No Content {{(pid=103215) http_log /opt/stack/data/venv/lib/python3.12/site-packages/swiftclient/client.py:161}}
Aug 15 14:05:29.469967 np0000007355 devstack@g-api.service[103215]: DEBUG swiftclient [None req-350885c0-a9f3-4e46-86c0-f22a7027d408 tempest-AttachSCSIVolumeTestJSON-1550331930 tempest-AttachSCSIVolumeTestJSON-1550331930-project-admin] RESP HEADERS: {'Date': 'Sat, 15 Aug 2026 14:05:29 GMT', 'Server': 'Apache/2.4.58 (Ubuntu)', 'Content-Type': 'text/plain; charset=utf-8', 'X-Container-Object-Count': '3', 'X-Container-Bytes-Used': '64356352', 'X-Timestamp': '1786802605.48287', 'Last-Modified': 'Sat, 15 Aug 2026 14:03:26 GMT', 'Accept-Ranges': 'bytes', 'X-Storage-Policy': 'Policy-0', 'X-Container-Sharding': 'False', 'Vary': 'Accept', 'X-Trans-Id': 'tx4d5751ba9e9c46c4b286f-006a807229', 'X-Openstack-Request-Id': 'tx4d5751ba9e9c46c4b286f-006a807229', 'Connection': 'close'} {{(pid=103215) http_log /opt/stack/data/venv/lib/python3.12/site-packages/swiftclient/client.py:162}}
Aug 15 14:05:29.470202 np0000007355 devstack@g-api.service[103215]: DEBUG glance_store._drivers.swift.store [None req-350885c0-a9f3-4e46-86c0-f22a7027d408 tempest-AttachSCSIVolumeTestJSON-1550331930 tempest-AttachSCSIVolumeTestJSON-1550331930-project-admin] Adding image object 'bdc26592-ff3f-43b3-a4db-6b8d3be2f2e8' to Swift {{(pid=103215) add /opt/stack/data/venv/lib/python3.12/site-packages/glance_store/_drivers/swift/store.py:970}}
Aug 15 14:05:29.470435 np0000007355 devstack@g-api.service[103215]: DEBUG glance_store._drivers.swift.store [None req-350885c0-a9f3-4e46-86c0-f22a7027d408 tempest-AttachSCSIVolumeTestJSON-1550331930 tempest-AttachSCSIVolumeTestJSON-1550331930-project-admin] Cannot determine image size because it is either not provided in the request or chunked-transfer encoding is used. Adding image as a segmented object to Swift. {{(pid=103215) add /opt/stack/data/venv/lib/python3.12/site-packages/glance_store/_drivers/swift/store.py:994}}
Aug 15 14:05:29.478988 np0000007355 devstack@g-api.service[103215]: DEBUG oslo_utils.imageutils.format_inspector [None req-350885c0-a9f3-4e46-86c0-f22a7027d408 tempest-AttachSCSIVolumeTestJSON-1550331930 tempest-AttachSCSIVolumeTestJSON-1550331930-project-admin] Format inspector for vmdk does not match, excluding from consideration (Signature KDMV not found: b'QFI\xfb') {{(pid=103215) _process_chunk /opt/stack/data/venv/lib/python3.12/site-packages/oslo_utils/imageutils/format_inspector.py:1758}}
Aug 15 14:05:29.481721 np0000007355 devstack@g-api.service[103215]: DEBUG oslo_utils.imageutils.format_inspector [None req-350885c0-a9f3-4e46-86c0-f22a7027d408 tempest-AttachSCSIVolumeTestJSON-1550331930 tempest-AttachSCSIVolumeTestJSON-1550331930-project-admin] Format inspector for vhdx does not match, excluding from consideration (Region signature not found at 30000) {{(pid=103215) _process_chunk /opt/stack/data/venv/lib/python3.12/site-packages/oslo_utils/imageutils/format_inspector.py:1758}}
Aug 15 14:05:29.490387 np0000007355 devstack@g-api.service[103213]: [pid: 103213|app: 0|req: 11/39] 127.0.0.1 () {44 vars in 1115 bytes} [Sat Aug 15 14:05:29 2026] GET /v2/images/54ddd858-5e2e-480c-97a8-8acd2615daef => generated 1044 bytes in 23 msecs (HTTP/1.1 200) 4 headers in 158 bytes (1 switches on core 0)
Aug 15 14:05:29.503092 np0000007355 devstack@g-api.service[103214]: DEBUG glance.api.middleware.version_negotiation [None req-575c58df-44b1-425e-938d-36ade3e39279 tempest-TaggedBootDevicesTest_v242-1774560994 tempest-TaggedBootDevicesTest_v242-1774560994-project-member] Determining version of request: GET /v2/images/54ddd858-5e2e-480c-97a8-8acd2615daef/file Accept: */* {{(pid=103214) process_request /opt/stack/glance/glance/api/middleware/version_negotiation.py:44}}
Aug 15 14:05:29.503275 np0000007355 devstack@g-api.service[103214]: DEBUG glance.api.middleware.version_negotiation [None req-575c58df-44b1-425e-938d-36ade3e39279 tempest-TaggedBootDevicesTest_v242-1774560994 tempest-TaggedBootDevicesTest_v242-1774560994-project-member] Using url versioning {{(pid=103214) process_request /opt/stack/glance/glance/api/middleware/version_negotiation.py:57}}
Aug 15 14:05:29.503417 np0000007355 devstack@g-api.service[103214]: DEBUG glance.api.middleware.version_negotiation [None req-575c58df-44b1-425e-938d-36ade3e39279 tempest-TaggedBootDevicesTest_v242-1774560994 tempest-TaggedBootDevicesTest_v242-1774560994-project-member] Matched version: v2 {{(pid=103214) process_request /opt/stack/glance/glance/api/middleware/version_negotiation.py:69}}
Aug 15 14:05:29.503777 np0000007355 devstack@g-api.service[103214]: DEBUG glance.api.middleware.version_negotiation [None req-575c58df-44b1-425e-938d-36ade3e39279 tempest-TaggedBootDevicesTest_v242-1774560994 tempest-TaggedBootDevicesTest_v242-1774560994-project-member] new path /v2/images/54ddd858-5e2e-480c-97a8-8acd2615daef/file {{(pid=103214) process_request /opt/stack/glance/glance/api/middleware/version_negotiation.py:70}}
Aug 15 14:05:29.525041 np0000007355 devstack@g-api.service[103214]: DEBUG glance.api.middleware.cache [None req-575c58df-44b1-425e-938d-36ade3e39279 tempest-TaggedBootDevicesTest_v242-1774560994 tempest-TaggedBootDevicesTest_v242-1774560994-project-member] Cache hit for image '54ddd858-5e2e-480c-97a8-8acd2615daef' {{(pid=103214) process_request /opt/stack/glance/glance/api/middleware/cache.py:160}}
Aug 15 14:05:29.609623 np0000007355 devstack@g-api.service[103214]: [pid: 103214|app: 0|req: 13/40] 127.0.0.1 () {44 vars in 1125 bytes} [Sat Aug 15 14:05:29 2026] GET /v2/images/54ddd858-5e2e-480c-97a8-8acd2615daef/file => generated 21692416 bytes in 106 msecs (HTTP/1.1 200) 5 headers in 217 bytes (339 switches on core 0)
Aug 15 14:05:29.722907 np0000007355 devstack@g-api.service[103215]: DEBUG swiftclient [None req-350885c0-a9f3-4e46-86c0-f22a7027d408 tempest-AttachSCSIVolumeTestJSON-1550331930 tempest-AttachSCSIVolumeTestJSON-1550331930-project-admin] REQ: curl -i https://10.4.3.199:8080/v1/AUTH_81ec9347f69e41d68b31d67104f444d3/glance/bdc26592-ff3f-43b3-a4db-6b8d3be2f2e8-00001 -X PUT -H "X-Auth-Token: gAAAAABqgHIpILZM..." {{(pid=103215) http_log /opt/stack/data/venv/lib/python3.12/site-packages/swiftclient/client.py:160}}
Aug 15 14:05:29.722907 np0000007355 devstack@g-api.service[103215]: DEBUG swiftclient [None req-350885c0-a9f3-4e46-86c0-f22a7027d408 tempest-AttachSCSIVolumeTestJSON-1550331930 tempest-AttachSCSIVolumeTestJSON-1550331930-project-admin] RESP STATUS: 201 Created {{(pid=103215) http_log /opt/stack/data/venv/lib/python3.12/site-packages/swiftclient/client.py:161}}
Aug 15 14:05:29.722907 np0000007355 devstack@g-api.service[103215]: DEBUG swiftclient [None req-350885c0-a9f3-4e46-86c0-f22a7027d408 tempest-AttachSCSIVolumeTestJSON-1550331930 tempest-AttachSCSIVolumeTestJSON-1550331930-project-admin] RESP HEADERS: {'Date': 'Sat, 15 Aug 2026 14:05:29 GMT', 'Server': 'Apache/2.4.58 (Ubuntu)', 'Content-Type': 'text/html; charset=UTF-8', 'Content-Length': '0', 'Etag': '87617e24a5e30cb3b87fda8c0764838f', 'Last-Modified': 'Sat, 15 Aug 2026 14:05:30 GMT', 'X-Trans-Id': 'txca857d2ca118446f96d76-006a807229', 'X-Openstack-Request-Id': 'txca857d2ca118446f96d76-006a807229', 'Connection': 'close'} {{(pid=103215) http_log /opt/stack/data/venv/lib/python3.12/site-packages/swiftclient/client.py:162}}
Aug 15 14:05:29.722907 np0000007355 devstack@g-api.service[103215]: DEBUG glance_store._drivers.swift.store [None req-350885c0-a9f3-4e46-86c0-f22a7027d408 tempest-AttachSCSIVolumeTestJSON-1550331930 tempest-AttachSCSIVolumeTestJSON-1550331930-project-admin] Wrote chunk bdc26592-ff3f-43b3-a4db-6b8d3be2f2e8-00001 (1/?) of length 21692416 to Swift returning MD5 of content: 87617e24a5e30cb3b87fda8c0764838f {{(pid=103215) add /opt/stack/data/venv/lib/python3.12/site-packages/glance_store/_drivers/swift/store.py:1059}}
Aug 15 14:05:29.723652 np0000007355 devstack@g-api.service[103215]: DEBUG glance_store._drivers.swift.store [None req-350885c0-a9f3-4e46-86c0-f22a7027d408 tempest-AttachSCSIVolumeTestJSON-1550331930 tempest-AttachSCSIVolumeTestJSON-1550331930-project-admin] Not writing zero-length chunk. {{(pid=103215) add /opt/stack/data/venv/lib/python3.12/site-packages/glance_store/_drivers/swift/store.py:1028}}
Aug 15 14:05:29.726945 np0000007355 devstack@g-api.service[103216]: DEBUG glance.api.middleware.version_negotiation [None req-575c58df-44b1-425e-938d-36ade3e39279 tempest-TaggedBootDevicesTest_v242-1774560994 tempest-TaggedBootDevicesTest_v242-1774560994-project-member] Determining version of request: GET /v2/images/54ddd858-5e2e-480c-97a8-8acd2615daef Accept: */* {{(pid=103216) process_request /opt/stack/glance/glance/api/middleware/version_negotiation.py:44}}
Aug 15 14:05:29.727072 np0000007355 devstack@g-api.service[103216]: DEBUG glance.api.middleware.version_negotiation [None req-575c58df-44b1-425e-938d-36ade3e39279 tempest-TaggedBootDevicesTest_v242-1774560994 tempest-TaggedBootDevicesTest_v242-1774560994-project-member] Using url versioning {{(pid=103216) process_request /opt/stack/glance/glance/api/middleware/version_negotiation.py:57}}
Aug 15 14:05:29.727210 np0000007355 devstack@g-api.service[103216]: DEBUG glance.api.middleware.version_negotiation [None req-575c58df-44b1-425e-938d-36ade3e39279 tempest-TaggedBootDevicesTest_v242-1774560994 tempest-TaggedBootDevicesTest_v242-1774560994-project-member] Matched version: v2 {{(pid=103216) process_request /opt/stack/glance/glance/api/middleware/version_negotiation.py:69}}
Aug 15 14:05:29.727374 np0000007355 devstack@g-api.service[103216]: DEBUG glance.api.middleware.version_negotiation [None req-575c58df-44b1-425e-938d-36ade3e39279 tempest-TaggedBootDevicesTest_v242-1774560994 tempest-TaggedBootDevicesTest_v242-1774560994-project-member] new path /v2/images/54ddd858-5e2e-480c-97a8-8acd2615daef {{(pid=103216) process_request /opt/stack/glance/glance/api/middleware/version_negotiation.py:70}}
Aug 15 14:05:29.740603 np0000007355 devstack@g-api.service[103216]: [pid: 103216|app: 0|req: 12/41] 127.0.0.1 () {44 vars in 1115 bytes} [Sat Aug 15 14:05:29 2026] GET /v2/images/54ddd858-5e2e-480c-97a8-8acd2615daef => generated 1044 bytes in 13 msecs (HTTP/1.1 200) 4 headers in 158 bytes (1 switches on core 0)
Aug 15 14:05:29.751849 np0000007355 devstack@g-api.service[103213]: DEBUG glance.api.middleware.version_negotiation [None req-575c58df-44b1-425e-938d-36ade3e39279 tempest-TaggedBootDevicesTest_v242-1774560994 tempest-TaggedBootDevicesTest_v242-1774560994-project-member] Determining version of request: GET /v2/schemas/image Accept: */* {{(pid=103213) process_request /opt/stack/glance/glance/api/middleware/version_negotiation.py:44}}
Aug 15 14:05:29.751849 np0000007355 devstack@g-api.service[103213]: DEBUG glance.api.middleware.version_negotiation [None req-575c58df-44b1-425e-938d-36ade3e39279 tempest-TaggedBootDevicesTest_v242-1774560994 tempest-TaggedBootDevicesTest_v242-1774560994-project-member] Using url versioning {{(pid=103213) process_request /opt/stack/glance/glance/api/middleware/version_negotiation.py:57}}
Aug 15 14:05:29.751849 np0000007355 devstack@g-api.service[103213]: DEBUG glance.api.middleware.version_negotiation [None req-575c58df-44b1-425e-938d-36ade3e39279 tempest-TaggedBootDevicesTest_v242-1774560994 tempest-TaggedBootDevicesTest_v242-1774560994-project-member] Matched version: v2 {{(pid=103213) process_request /opt/stack/glance/glance/api/middleware/version_negotiation.py:69}}
Aug 15 14:05:29.751849 np0000007355 devstack@g-api.service[103213]: DEBUG glance.api.middleware.version_negotiation [None req-575c58df-44b1-425e-938d-36ade3e39279 tempest-TaggedBootDevicesTest_v242-1774560994 tempest-TaggedBootDevicesTest_v242-1774560994-project-member] new path /v2/schemas/image {{(pid=103213) process_request /opt/stack/glance/glance/api/middleware/version_negotiation.py:70}}
Aug 15 14:05:29.753602 np0000007355 devstack@g-api.service[103215]: DEBUG swiftclient [None req-350885c0-a9f3-4e46-86c0-f22a7027d408 tempest-AttachSCSIVolumeTestJSON-1550331930 tempest-AttachSCSIVolumeTestJSON-1550331930-project-admin] REQ: curl -i https://10.4.3.199:8080/v1/AUTH_81ec9347f69e41d68b31d67104f444d3/glance/bdc26592-ff3f-43b3-a4db-6b8d3be2f2e8 -X PUT -H "X-Object-Manifest: glance/bdc26592-ff3f-43b3-a4db-6b8d3be2f2e8-" -H "X-Auth-Token: gAAAAABqgHIpILZM..." -H "Content-Length: 0" {{(pid=103215) http_log /opt/stack/data/venv/lib/python3.12/site-packages/swiftclient/client.py:160}}
Aug 15 14:05:29.753602 np0000007355 devstack@g-api.service[103215]: DEBUG swiftclient [None req-350885c0-a9f3-4e46-86c0-f22a7027d408 tempest-AttachSCSIVolumeTestJSON-1550331930 tempest-AttachSCSIVolumeTestJSON-1550331930-project-admin] RESP STATUS: 201 Created {{(pid=103215) http_log /opt/stack/data/venv/lib/python3.12/site-packages/swiftclient/client.py:161}}
Aug 15 14:05:29.753602 np0000007355 devstack@g-api.service[103215]: DEBUG swiftclient [None req-350885c0-a9f3-4e46-86c0-f22a7027d408 tempest-AttachSCSIVolumeTestJSON-1550331930 tempest-AttachSCSIVolumeTestJSON-1550331930-project-admin] RESP HEADERS: {'Date': 'Sat, 15 Aug 2026 14:05:29 GMT', 'Server': 'Apache/2.4.58 (Ubuntu)', 'Content-Type': 'text/html; charset=UTF-8', 'Content-Length': '0', 'Etag': 'd41d8cd98f00b204e9800998ecf8427e', 'Last-Modified': 'Sat, 15 Aug 2026 14:05:30 GMT', 'X-Trans-Id': 'tx5538f8fd3f2b41f7954e3-006a807229', 'X-Openstack-Request-Id': 'tx5538f8fd3f2b41f7954e3-006a807229', 'Connection': 'close'} {{(pid=103215) http_log /opt/stack/data/venv/lib/python3.12/site-packages/swiftclient/client.py:162}}
Aug 15 14:05:29.753602 np0000007355 devstack@g-api.service[103215]: INFO glance.location [None req-350885c0-a9f3-4e46-86c0-f22a7027d408 tempest-AttachSCSIVolumeTestJSON-1550331930 tempest-AttachSCSIVolumeTestJSON-1550331930-project-admin] Image format matched and virtual size computed: 117440512
Aug 15 14:05:29.754562 np0000007355 devstack@g-api.service[103213]: [pid: 103213|app: 0|req: 12/42] 127.0.0.1 () {44 vars in 1055 bytes} [Sat Aug 15 14:05:29 2026] GET /v2/schemas/image => generated 6083 bytes in 4 msecs (HTTP/1.1 200) 4 headers in 158 bytes (1 switches on core 0)
Aug 15 14:05:29.800061 np0000007355 devstack@g-api.service[103215]: DEBUG glance_store.backend [None req-350885c0-a9f3-4e46-86c0-f22a7027d408 tempest-AttachSCSIVolumeTestJSON-1550331930 tempest-AttachSCSIVolumeTestJSON-1550331930-project-admin] Attempting to import store swift {{(pid=103215) _load_store /opt/stack/data/venv/lib/python3.12/site-packages/glance_store/backend.py:215}}
Aug 15 14:05:29.801911 np0000007355 devstack@g-api.service[103215]: DEBUG glance_store.capabilities [None req-350885c0-a9f3-4e46-86c0-f22a7027d408 tempest-AttachSCSIVolumeTestJSON-1550331930 tempest-AttachSCSIVolumeTestJSON-1550331930-project-admin] Store glance_store._drivers.swift.store.SingleTenantStore doesn't support updating dynamic storage capabilities. Please overwrite 'update_capabilities' method of the store to implement updating logics if needed. {{(pid=103215) update_capabilities /opt/stack/data/venv/lib/python3.12/site-packages/glance_store/capabilities.py:91}}
Aug 15 14:05:29.802057 np0000007355 devstack@g-api.service[103215]: DEBUG glance_store.driver [None req-350885c0-a9f3-4e46-86c0-f22a7027d408 tempest-AttachSCSIVolumeTestJSON-1550331930 tempest-AttachSCSIVolumeTestJSON-1550331930-project-admin] Late loading location class glance_store._drivers.swift.store.StoreLocation {{(pid=103215) get_store_location_class /opt/stack/data/venv/lib/python3.12/site-packages/glance_store/driver.py:134}}
Aug 15 14:05:29.802200 np0000007355 devstack@g-api.service[103215]: DEBUG glance_store.location [None req-350885c0-a9f3-4e46-86c0-f22a7027d408 tempest-AttachSCSIVolumeTestJSON-1550331930 tempest-AttachSCSIVolumeTestJSON-1550331930-project-admin] Registering scheme swift+https with {'store': , 'location_class': , 'store_entry': 'swift'} {{(pid=103215) register_scheme_map /opt/stack/data/venv/lib/python3.12/site-packages/glance_store/location.py:146}}
Aug 15 14:05:29.802328 np0000007355 devstack@g-api.service[103215]: DEBUG glance_store.location [None req-350885c0-a9f3-4e46-86c0-f22a7027d408 tempest-AttachSCSIVolumeTestJSON-1550331930 tempest-AttachSCSIVolumeTestJSON-1550331930-project-admin] Registering scheme swift+https with {'store': , 'location_class': , 'store_entry': 'swift'} {{(pid=103215) register_scheme_map /opt/stack/data/venv/lib/python3.12/site-packages/glance_store/location.py:146}}
Aug 15 14:05:29.802490 np0000007355 devstack@g-api.service[103215]: DEBUG glance_store.location [None req-350885c0-a9f3-4e46-86c0-f22a7027d408 tempest-AttachSCSIVolumeTestJSON-1550331930 tempest-AttachSCSIVolumeTestJSON-1550331930-project-admin] Registering scheme swift with {'store': , 'location_class': , 'store_entry': 'swift'} {{(pid=103215) register_scheme_map /opt/stack/data/venv/lib/python3.12/site-packages/glance_store/location.py:146}}
Aug 15 14:05:29.802582 np0000007355 devstack@g-api.service[103215]: DEBUG glance_store.location [None req-350885c0-a9f3-4e46-86c0-f22a7027d408 tempest-AttachSCSIVolumeTestJSON-1550331930 tempest-AttachSCSIVolumeTestJSON-1550331930-project-admin] Registering scheme swift+https with {'store': , 'location_class': , 'store_entry': 'swift'} {{(pid=103215) register_scheme_map /opt/stack/data/venv/lib/python3.12/site-packages/glance_store/location.py:146}}
Aug 15 14:05:29.802642 np0000007355 devstack@g-api.service[103215]: DEBUG glance_store.location [None req-350885c0-a9f3-4e46-86c0-f22a7027d408 tempest-AttachSCSIVolumeTestJSON-1550331930 tempest-AttachSCSIVolumeTestJSON-1550331930-project-admin] Registering scheme swift with {'store': , 'location_class': , 'store_entry': 'swift'} {{(pid=103215) register_scheme_map /opt/stack/data/venv/lib/python3.12/site-packages/glance_store/location.py:146}}
Aug 15 14:05:29.802711 np0000007355 devstack@g-api.service[103215]: DEBUG glance_store.location [None req-350885c0-a9f3-4e46-86c0-f22a7027d408 tempest-AttachSCSIVolumeTestJSON-1550331930 tempest-AttachSCSIVolumeTestJSON-1550331930-project-admin] Registering scheme swift+http with {'store': , 'location_class': , 'store_entry': 'swift'} {{(pid=103215) register_scheme_map /opt/stack/data/venv/lib/python3.12/site-packages/glance_store/location.py:146}}
Aug 15 14:05:29.802813 np0000007355 devstack@g-api.service[103215]: DEBUG glance_store.location [None req-350885c0-a9f3-4e46-86c0-f22a7027d408 tempest-AttachSCSIVolumeTestJSON-1550331930 tempest-AttachSCSIVolumeTestJSON-1550331930-project-admin] Registering scheme swift+https with {'store': , 'location_class': , 'store_entry': 'swift'} {{(pid=103215) register_scheme_map /opt/stack/data/venv/lib/python3.12/site-packages/glance_store/location.py:146}}
Aug 15 14:05:29.802873 np0000007355 devstack@g-api.service[103215]: DEBUG glance_store.location [None req-350885c0-a9f3-4e46-86c0-f22a7027d408 tempest-AttachSCSIVolumeTestJSON-1550331930 tempest-AttachSCSIVolumeTestJSON-1550331930-project-admin] Registering scheme swift with {'store': , 'location_class': , 'store_entry': 'swift'} {{(pid=103215) register_scheme_map /opt/stack/data/venv/lib/python3.12/site-packages/glance_store/location.py:146}}
Aug 15 14:05:29.802873 np0000007355 devstack@g-api.service[103215]: DEBUG glance_store.location [None req-350885c0-a9f3-4e46-86c0-f22a7027d408 tempest-AttachSCSIVolumeTestJSON-1550331930 tempest-AttachSCSIVolumeTestJSON-1550331930-project-admin] Registering scheme swift+http with {'store': , 'location_class': , 'store_entry': 'swift'} {{(pid=103215) register_scheme_map /opt/stack/data/venv/lib/python3.12/site-packages/glance_store/location.py:146}}
Aug 15 14:05:29.802961 np0000007355 devstack@g-api.service[103215]: DEBUG glance_store.location [None req-350885c0-a9f3-4e46-86c0-f22a7027d408 tempest-AttachSCSIVolumeTestJSON-1550331930 tempest-AttachSCSIVolumeTestJSON-1550331930-project-admin] Registering scheme swift+config with {'store': , 'location_class': , 'store_entry': 'swift'} {{(pid=103215) register_scheme_map /opt/stack/data/venv/lib/python3.12/site-packages/glance_store/location.py:146}}
Aug 15 14:05:29.803048 np0000007355 devstack@g-api.service[103215]: DEBUG glance_store.backend [None req-350885c0-a9f3-4e46-86c0-f22a7027d408 tempest-AttachSCSIVolumeTestJSON-1550331930 tempest-AttachSCSIVolumeTestJSON-1550331930-project-admin] Skipping store.set_acls... not implemented. {{(pid=103215) set_acls /opt/stack/data/venv/lib/python3.12/site-packages/glance_store/backend.py:507}}
Aug 15 14:05:29.804914 np0000007355 devstack@g-api.service[103215]: [pid: 103215|app: 0|req: 6/43] 127.0.0.1 () {40 vars in 858 bytes} [Sat Aug 15 14:05:27 2026] PUT /v2/images/bdc26592-ff3f-43b3-a4db-6b8d3be2f2e8/file => generated 0 bytes in 2597 msecs (HTTP/1.1 204) 4 headers in 171 bytes (1 switches on core 0)
Aug 15 14:05:30.749731 np0000007355 devstack@g-api.service[103214]: DEBUG glance.api.middleware.version_negotiation [None req-575c58df-44b1-425e-938d-36ade3e39279 tempest-TaggedBootDevicesTest_v242-1774560994 tempest-TaggedBootDevicesTest_v242-1774560994-project-member] Determining version of request: GET /v2/images/54ddd858-5e2e-480c-97a8-8acd2615daef Accept: */* {{(pid=103214) process_request /opt/stack/glance/glance/api/middleware/version_negotiation.py:44}}
Aug 15 14:05:30.750156 np0000007355 devstack@g-api.service[103214]: DEBUG glance.api.middleware.version_negotiation [None req-575c58df-44b1-425e-938d-36ade3e39279 tempest-TaggedBootDevicesTest_v242-1774560994 tempest-TaggedBootDevicesTest_v242-1774560994-project-member] Using url versioning {{(pid=103214) process_request /opt/stack/glance/glance/api/middleware/version_negotiation.py:57}}
Aug 15 14:05:30.750156 np0000007355 devstack@g-api.service[103214]: DEBUG glance.api.middleware.version_negotiation [None req-575c58df-44b1-425e-938d-36ade3e39279 tempest-TaggedBootDevicesTest_v242-1774560994 tempest-TaggedBootDevicesTest_v242-1774560994-project-member] Matched version: v2 {{(pid=103214) process_request /opt/stack/glance/glance/api/middleware/version_negotiation.py:69}}
Aug 15 14:05:30.750156 np0000007355 devstack@g-api.service[103214]: DEBUG glance.api.middleware.version_negotiation [None req-575c58df-44b1-425e-938d-36ade3e39279 tempest-TaggedBootDevicesTest_v242-1774560994 tempest-TaggedBootDevicesTest_v242-1774560994-project-member] new path /v2/images/54ddd858-5e2e-480c-97a8-8acd2615daef {{(pid=103214) process_request /opt/stack/glance/glance/api/middleware/version_negotiation.py:70}}
Aug 15 14:05:30.764704 np0000007355 devstack@g-api.service[103214]: [pid: 103214|app: 0|req: 14/44] 127.0.0.1 () {44 vars in 1115 bytes} [Sat Aug 15 14:05:30 2026] GET /v2/images/54ddd858-5e2e-480c-97a8-8acd2615daef => generated 1044 bytes in 15 msecs (HTTP/1.1 200) 4 headers in 158 bytes (1 switches on core 0)
Aug 15 14:05:30.772737 np0000007355 devstack@g-api.service[103216]: DEBUG glance.api.middleware.version_negotiation [None req-575c58df-44b1-425e-938d-36ade3e39279 tempest-TaggedBootDevicesTest_v242-1774560994 tempest-TaggedBootDevicesTest_v242-1774560994-project-member] Determining version of request: GET /v2/schemas/image Accept: */* {{(pid=103216) process_request /opt/stack/glance/glance/api/middleware/version_negotiation.py:44}}
Aug 15 14:05:30.773206 np0000007355 devstack@g-api.service[103216]: DEBUG glance.api.middleware.version_negotiation [None req-575c58df-44b1-425e-938d-36ade3e39279 tempest-TaggedBootDevicesTest_v242-1774560994 tempest-TaggedBootDevicesTest_v242-1774560994-project-member] Using url versioning {{(pid=103216) process_request /opt/stack/glance/glance/api/middleware/version_negotiation.py:57}}
Aug 15 14:05:30.773206 np0000007355 devstack@g-api.service[103216]: DEBUG glance.api.middleware.version_negotiation [None req-575c58df-44b1-425e-938d-36ade3e39279 tempest-TaggedBootDevicesTest_v242-1774560994 tempest-TaggedBootDevicesTest_v242-1774560994-project-member] Matched version: v2 {{(pid=103216) process_request /opt/stack/glance/glance/api/middleware/version_negotiation.py:69}}
Aug 15 14:05:30.773206 np0000007355 devstack@g-api.service[103216]: DEBUG glance.api.middleware.version_negotiation [None req-575c58df-44b1-425e-938d-36ade3e39279 tempest-TaggedBootDevicesTest_v242-1774560994 tempest-TaggedBootDevicesTest_v242-1774560994-project-member] new path /v2/schemas/image {{(pid=103216) process_request /opt/stack/glance/glance/api/middleware/version_negotiation.py:70}}
Aug 15 14:05:30.776866 np0000007355 devstack@g-api.service[103216]: [pid: 103216|app: 0|req: 13/45] 127.0.0.1 () {44 vars in 1055 bytes} [Sat Aug 15 14:05:30 2026] GET /v2/schemas/image => generated 6083 bytes in 4 msecs (HTTP/1.1 200) 4 headers in 158 bytes (1 switches on core 0)
Aug 15 14:05:30.794220 np0000007355 devstack@g-api.service[103213]: DEBUG glance.api.middleware.version_negotiation [None req-575c58df-44b1-425e-938d-36ade3e39279 tempest-TaggedBootDevicesTest_v242-1774560994 tempest-TaggedBootDevicesTest_v242-1774560994-project-member] Determining version of request: GET /v2/images/54ddd858-5e2e-480c-97a8-8acd2615daef Accept: */* {{(pid=103213) process_request /opt/stack/glance/glance/api/middleware/version_negotiation.py:44}}
Aug 15 14:05:30.794692 np0000007355 devstack@g-api.service[103213]: DEBUG glance.api.middleware.version_negotiation [None req-575c58df-44b1-425e-938d-36ade3e39279 tempest-TaggedBootDevicesTest_v242-1774560994 tempest-TaggedBootDevicesTest_v242-1774560994-project-member] Using url versioning {{(pid=103213) process_request /opt/stack/glance/glance/api/middleware/version_negotiation.py:57}}
Aug 15 14:05:30.794692 np0000007355 devstack@g-api.service[103213]: DEBUG glance.api.middleware.version_negotiation [None req-575c58df-44b1-425e-938d-36ade3e39279 tempest-TaggedBootDevicesTest_v242-1774560994 tempest-TaggedBootDevicesTest_v242-1774560994-project-member] Matched version: v2 {{(pid=103213) process_request /opt/stack/glance/glance/api/middleware/version_negotiation.py:69}}
Aug 15 14:05:30.794842 np0000007355 devstack@g-api.service[103213]: DEBUG glance.api.middleware.version_negotiation [None req-575c58df-44b1-425e-938d-36ade3e39279 tempest-TaggedBootDevicesTest_v242-1774560994 tempest-TaggedBootDevicesTest_v242-1774560994-project-member] new path /v2/images/54ddd858-5e2e-480c-97a8-8acd2615daef {{(pid=103213) process_request /opt/stack/glance/glance/api/middleware/version_negotiation.py:70}}
Aug 15 14:05:31.154941 np0000007355 devstack@g-api.service[103213]: [pid: 103213|app: 0|req: 13/46] 127.0.0.1 () {44 vars in 1115 bytes} [Sat Aug 15 14:05:30 2026] GET /v2/images/54ddd858-5e2e-480c-97a8-8acd2615daef => generated 1044 bytes in 361 msecs (HTTP/1.1 200) 4 headers in 158 bytes (1 switches on core 0)
Aug 15 14:05:31.196151 np0000007355 devstack@g-api.service[103215]: DEBUG glance.api.middleware.version_negotiation [None req-350885c0-a9f3-4e46-86c0-f22a7027d408 tempest-AttachSCSIVolumeTestJSON-1550331930 tempest-AttachSCSIVolumeTestJSON-1550331930-project-admin] Determining version of request: GET /v2/images/54ddd858-5e2e-480c-97a8-8acd2615daef/file Accept: */* {{(pid=103215) process_request /opt/stack/glance/glance/api/middleware/version_negotiation.py:44}}
Aug 15 14:05:31.196493 np0000007355 devstack@g-api.service[103215]: DEBUG glance.api.middleware.version_negotiation [None req-350885c0-a9f3-4e46-86c0-f22a7027d408 tempest-AttachSCSIVolumeTestJSON-1550331930 tempest-AttachSCSIVolumeTestJSON-1550331930-project-admin] Using url versioning {{(pid=103215) process_request /opt/stack/glance/glance/api/middleware/version_negotiation.py:57}}
Aug 15 14:05:31.196493 np0000007355 devstack@g-api.service[103215]: DEBUG glance.api.middleware.version_negotiation [None req-350885c0-a9f3-4e46-86c0-f22a7027d408 tempest-AttachSCSIVolumeTestJSON-1550331930 tempest-AttachSCSIVolumeTestJSON-1550331930-project-admin] Matched version: v2 {{(pid=103215) process_request /opt/stack/glance/glance/api/middleware/version_negotiation.py:69}}
Aug 15 14:05:31.196697 np0000007355 devstack@g-api.service[103215]: DEBUG glance.api.middleware.version_negotiation [None req-350885c0-a9f3-4e46-86c0-f22a7027d408 tempest-AttachSCSIVolumeTestJSON-1550331930 tempest-AttachSCSIVolumeTestJSON-1550331930-project-admin] new path /v2/images/54ddd858-5e2e-480c-97a8-8acd2615daef/file {{(pid=103215) process_request /opt/stack/glance/glance/api/middleware/version_negotiation.py:70}}
Aug 15 14:05:31.213440 np0000007355 devstack@g-api.service[103215]: DEBUG glance.api.middleware.cache [None req-eabb2645-899f-4f60-a31c-1ed29d4b9cb9 tempest-AttachVolumeNegativeTest-103463856 tempest-AttachVolumeNegativeTest-103463856-project-member] Cache hit for image '54ddd858-5e2e-480c-97a8-8acd2615daef' {{(pid=103215) process_request /opt/stack/glance/glance/api/middleware/cache.py:160}}
Aug 15 14:05:31.294733 np0000007355 devstack@g-api.service[103215]: [pid: 103215|app: 0|req: 7/47] 127.0.0.1 () {44 vars in 1125 bytes} [Sat Aug 15 14:05:31 2026] GET /v2/images/54ddd858-5e2e-480c-97a8-8acd2615daef/file => generated 21692416 bytes in 97 msecs (HTTP/1.1 200) 5 headers in 217 bytes (340 switches on core 0)
Aug 15 14:05:31.402880 np0000007355 devstack@g-api.service[103214]: DEBUG glance.api.middleware.version_negotiation [None req-575c58df-44b1-425e-938d-36ade3e39279 tempest-TaggedBootDevicesTest_v242-1774560994 tempest-TaggedBootDevicesTest_v242-1774560994-project-member] Determining version of request: GET /v2/images/54ddd858-5e2e-480c-97a8-8acd2615daef Accept: */* {{(pid=103214) process_request /opt/stack/glance/glance/api/middleware/version_negotiation.py:44}}
Aug 15 14:05:31.403095 np0000007355 devstack@g-api.service[103214]: DEBUG glance.api.middleware.version_negotiation [None req-575c58df-44b1-425e-938d-36ade3e39279 tempest-TaggedBootDevicesTest_v242-1774560994 tempest-TaggedBootDevicesTest_v242-1774560994-project-member] Using url versioning {{(pid=103214) process_request /opt/stack/glance/glance/api/middleware/version_negotiation.py:57}}
Aug 15 14:05:31.403247 np0000007355 devstack@g-api.service[103214]: DEBUG glance.api.middleware.version_negotiation [None req-575c58df-44b1-425e-938d-36ade3e39279 tempest-TaggedBootDevicesTest_v242-1774560994 tempest-TaggedBootDevicesTest_v242-1774560994-project-member] Matched version: v2 {{(pid=103214) process_request /opt/stack/glance/glance/api/middleware/version_negotiation.py:69}}
Aug 15 14:05:31.403355 np0000007355 devstack@g-api.service[103214]: DEBUG glance.api.middleware.version_negotiation [None req-575c58df-44b1-425e-938d-36ade3e39279 tempest-TaggedBootDevicesTest_v242-1774560994 tempest-TaggedBootDevicesTest_v242-1774560994-project-member] new path /v2/images/54ddd858-5e2e-480c-97a8-8acd2615daef {{(pid=103214) process_request /opt/stack/glance/glance/api/middleware/version_negotiation.py:70}}
Aug 15 14:05:31.414444 np0000007355 devstack@g-api.service[103214]: [pid: 103214|app: 0|req: 15/48] 127.0.0.1 () {44 vars in 1115 bytes} [Sat Aug 15 14:05:31 2026] GET /v2/images/54ddd858-5e2e-480c-97a8-8acd2615daef => generated 1044 bytes in 12 msecs (HTTP/1.1 200) 4 headers in 158 bytes (1 switches on core 0)
Aug 15 14:05:31.447491 np0000007355 devstack@g-api.service[103216]: DEBUG glance.api.middleware.version_negotiation [None req-575c58df-44b1-425e-938d-36ade3e39279 tempest-TaggedBootDevicesTest_v242-1774560994 tempest-TaggedBootDevicesTest_v242-1774560994-project-member] Determining version of request: GET /v2/schemas/image Accept: */* {{(pid=103216) process_request /opt/stack/glance/glance/api/middleware/version_negotiation.py:44}}
Aug 15 14:05:31.447742 np0000007355 devstack@g-api.service[103216]: DEBUG glance.api.middleware.version_negotiation [None req-575c58df-44b1-425e-938d-36ade3e39279 tempest-TaggedBootDevicesTest_v242-1774560994 tempest-TaggedBootDevicesTest_v242-1774560994-project-member] Using url versioning {{(pid=103216) process_request /opt/stack/glance/glance/api/middleware/version_negotiation.py:57}}
Aug 15 14:05:31.448067 np0000007355 devstack@g-api.service[103216]: DEBUG glance.api.middleware.version_negotiation [None req-575c58df-44b1-425e-938d-36ade3e39279 tempest-TaggedBootDevicesTest_v242-1774560994 tempest-TaggedBootDevicesTest_v242-1774560994-project-member] Matched version: v2 {{(pid=103216) process_request /opt/stack/glance/glance/api/middleware/version_negotiation.py:69}}
Aug 15 14:05:31.448067 np0000007355 devstack@g-api.service[103216]: DEBUG glance.api.middleware.version_negotiation [None req-575c58df-44b1-425e-938d-36ade3e39279 tempest-TaggedBootDevicesTest_v242-1774560994 tempest-TaggedBootDevicesTest_v242-1774560994-project-member] new path /v2/schemas/image {{(pid=103216) process_request /opt/stack/glance/glance/api/middleware/version_negotiation.py:70}}
Aug 15 14:05:31.450200 np0000007355 devstack@g-api.service[103216]: [pid: 103216|app: 0|req: 14/49] 127.0.0.1 () {44 vars in 1055 bytes} [Sat Aug 15 14:05:31 2026] GET /v2/schemas/image => generated 6083 bytes in 3 msecs (HTTP/1.1 200) 4 headers in 158 bytes (1 switches on core 0)
Aug 15 14:05:33.520850 np0000007355 devstack@g-api.service[103213]: DEBUG glance.api.middleware.version_negotiation [None req-eabb2645-899f-4f60-a31c-1ed29d4b9cb9 tempest-AttachVolumeNegativeTest-103463856 tempest-AttachVolumeNegativeTest-103463856-project-member] Determining version of request: GET / Accept: application/json {{(pid=103213) process_request /opt/stack/glance/glance/api/middleware/version_negotiation.py:44}}
Aug 15 14:05:33.521206 np0000007355 devstack@g-api.service[103213]: DEBUG glance.api.middleware.version_negotiation [None req-eabb2645-899f-4f60-a31c-1ed29d4b9cb9 tempest-AttachVolumeNegativeTest-103463856 tempest-AttachVolumeNegativeTest-103463856-project-member] Using url versioning {{(pid=103213) process_request /opt/stack/glance/glance/api/middleware/version_negotiation.py:57}}
Aug 15 14:05:33.521206 np0000007355 devstack@g-api.service[103213]: DEBUG glance.api.middleware.version_negotiation [None req-eabb2645-899f-4f60-a31c-1ed29d4b9cb9 tempest-AttachVolumeNegativeTest-103463856 tempest-AttachVolumeNegativeTest-103463856-project-member] Unknown version. Returning version choices. {{(pid=103213) process_request /opt/stack/glance/glance/api/middleware/version_negotiation.py:64}}
Aug 15 14:05:33.521895 np0000007355 devstack@g-api.service[103213]: [pid: 103213|app: 0|req: 14/50] 127.0.0.1 () {36 vars in 559 bytes} [Sat Aug 15 14:05:33 2026] GET / => generated 1515 bytes in 1 msecs (HTTP/1.1 300) 3 headers in 106 bytes (1 switches on core 0)
Aug 15 14:05:33.824337 np0000007355 devstack@g-api.service[103215]: DEBUG glance.api.middleware.version_negotiation [None req-eabb2645-899f-4f60-a31c-1ed29d4b9cb9 tempest-AttachVolumeNegativeTest-103463856 tempest-AttachVolumeNegativeTest-103463856-project-member] Determining version of request: GET /v2/images/bdc26592-ff3f-43b3-a4db-6b8d3be2f2e8 Accept: */* {{(pid=103215) process_request /opt/stack/glance/glance/api/middleware/version_negotiation.py:44}}
Aug 15 14:05:33.824643 np0000007355 devstack@g-api.service[103215]: DEBUG glance.api.middleware.version_negotiation [None req-eabb2645-899f-4f60-a31c-1ed29d4b9cb9 tempest-AttachVolumeNegativeTest-103463856 tempest-AttachVolumeNegativeTest-103463856-project-member] Using url versioning {{(pid=103215) process_request /opt/stack/glance/glance/api/middleware/version_negotiation.py:57}}
Aug 15 14:05:33.824817 np0000007355 devstack@g-api.service[103215]: DEBUG glance.api.middleware.version_negotiation [None req-eabb2645-899f-4f60-a31c-1ed29d4b9cb9 tempest-AttachVolumeNegativeTest-103463856 tempest-AttachVolumeNegativeTest-103463856-project-member] Matched version: v2 {{(pid=103215) process_request /opt/stack/glance/glance/api/middleware/version_negotiation.py:69}}
Aug 15 14:05:33.824978 np0000007355 devstack@g-api.service[103215]: DEBUG glance.api.middleware.version_negotiation [None req-eabb2645-899f-4f60-a31c-1ed29d4b9cb9 tempest-AttachVolumeNegativeTest-103463856 tempest-AttachVolumeNegativeTest-103463856-project-member] new path /v2/images/bdc26592-ff3f-43b3-a4db-6b8d3be2f2e8 {{(pid=103215) process_request /opt/stack/glance/glance/api/middleware/version_negotiation.py:70}}
Aug 15 14:05:34.361765 np0000007355 devstack@g-api.service[103215]: [pid: 103215|app: 0|req: 8/51] 127.0.0.1 () {44 vars in 1115 bytes} [Sat Aug 15 14:05:33 2026] GET /v2/images/bdc26592-ff3f-43b3-a4db-6b8d3be2f2e8 => generated 859 bytes in 538 msecs (HTTP/1.1 200) 4 headers in 157 bytes (1 switches on core 0)
Aug 15 14:05:34.399652 np0000007355 devstack@g-api.service[103214]: DEBUG glance.api.middleware.version_negotiation [None req-eabb2645-899f-4f60-a31c-1ed29d4b9cb9 tempest-AttachVolumeNegativeTest-103463856 tempest-AttachVolumeNegativeTest-103463856-project-member] Determining version of request: GET /v2/schemas/image Accept: */* {{(pid=103214) process_request /opt/stack/glance/glance/api/middleware/version_negotiation.py:44}}
