Jun 03 09:27:06.278084 np0000002036 devstack@g-api.service[102060]: [pid: 102060|app: 0|req: 16/42] 127.0.0.1 () {44 vars in 1051 bytes} [Wed Jun 3 09:27:06 2026] GET /v2/schemas/image => generated 6083 bytes in 4 msecs (HTTP/1.1 200) 4 headers in 158 bytes (1 switches on core 0)
Jun 03 09:27:06.288311 np0000002036 devstack@g-api.service[102059]: DEBUG glance.api.middleware.version_negotiation [None req-1f2a3836-0f3b-4cb6-b841-124c0c3205ee tempest-TaggedBootDevicesTest_v242-1155424333 tempest-TaggedBootDevicesTest_v242-1155424333-project-member] Determining version of request: GET /v2/images/218aa13c-0147-4c58-93e8-9afc949eec7a Accept: */* {{(pid=102059) process_request /opt/stack/glance/glance/api/middleware/version_negotiation.py:44}}
Jun 03 09:27:06.288311 np0000002036 devstack@g-api.service[102059]: DEBUG glance.api.middleware.version_negotiation [None req-1f2a3836-0f3b-4cb6-b841-124c0c3205ee tempest-TaggedBootDevicesTest_v242-1155424333 tempest-TaggedBootDevicesTest_v242-1155424333-project-member] Using url versioning {{(pid=102059) process_request /opt/stack/glance/glance/api/middleware/version_negotiation.py:57}}
Jun 03 09:27:06.288311 np0000002036 devstack@g-api.service[102059]: DEBUG glance.api.middleware.version_negotiation [None req-1f2a3836-0f3b-4cb6-b841-124c0c3205ee tempest-TaggedBootDevicesTest_v242-1155424333 tempest-TaggedBootDevicesTest_v242-1155424333-project-member] Matched version: v2 {{(pid=102059) process_request /opt/stack/glance/glance/api/middleware/version_negotiation.py:69}}
Jun 03 09:27:06.288311 np0000002036 devstack@g-api.service[102059]: DEBUG glance.api.middleware.version_negotiation [None req-1f2a3836-0f3b-4cb6-b841-124c0c3205ee tempest-TaggedBootDevicesTest_v242-1155424333 tempest-TaggedBootDevicesTest_v242-1155424333-project-member] new path /v2/images/218aa13c-0147-4c58-93e8-9afc949eec7a {{(pid=102059) process_request /opt/stack/glance/glance/api/middleware/version_negotiation.py:70}}
Jun 03 09:27:06.293503 np0000002036 devstack@g-api.service[102061]: DEBUG glance.location [None req-da918031-5685-40b7-8867-5b6a228e196d tempest-AttachSCSIVolumeTestJSON-528127996 tempest-AttachSCSIVolumeTestJSON-528127996-project-admin] Enabling in-flight format inspection for qcow2 {{(pid=102061) set_data /opt/stack/glance/glance/location.py:616}}
Jun 03 09:27:06.293503 np0000002036 devstack@g-api.service[102061]: DEBUG glance_store.backend [None req-da918031-5685-40b7-8867-5b6a228e196d tempest-AttachSCSIVolumeTestJSON-528127996 tempest-AttachSCSIVolumeTestJSON-528127996-project-admin] Attempting to import store swift {{(pid=102061) _load_store /opt/stack/data/venv/lib/python3.12/site-packages/glance_store/backend.py:215}}
Jun 03 09:27:06.295515 np0000002036 devstack@g-api.service[102061]: DEBUG glance_store.capabilities [None req-da918031-5685-40b7-8867-5b6a228e196d tempest-AttachSCSIVolumeTestJSON-528127996 tempest-AttachSCSIVolumeTestJSON-528127996-project-admin] Store glance_store._drivers.swift.store.SingleTenantStore doesn't support updating dynamic storage capabilities. Please overwrite 'update_capabilities' method of the store to implement updating logics if needed. {{(pid=102061) update_capabilities /opt/stack/data/venv/lib/python3.12/site-packages/glance_store/capabilities.py:91}}
Jun 03 09:27:06.295515 np0000002036 devstack@g-api.service[102061]: DEBUG glance_store.driver [None req-da918031-5685-40b7-8867-5b6a228e196d tempest-AttachSCSIVolumeTestJSON-528127996 tempest-AttachSCSIVolumeTestJSON-528127996-project-admin] Late loading location class glance_store._drivers.swift.store.StoreLocation {{(pid=102061) get_store_location_class /opt/stack/data/venv/lib/python3.12/site-packages/glance_store/driver.py:134}}
Jun 03 09:27:06.295515 np0000002036 devstack@g-api.service[102061]: DEBUG glance_store.location [None req-da918031-5685-40b7-8867-5b6a228e196d tempest-AttachSCSIVolumeTestJSON-528127996 tempest-AttachSCSIVolumeTestJSON-528127996-project-admin] Registering scheme swift+https with {'store': , 'location_class': , 'store_entry': 'swift'} {{(pid=102061) register_scheme_map /opt/stack/data/venv/lib/python3.12/site-packages/glance_store/location.py:146}}
Jun 03 09:27:06.297388 np0000002036 devstack@g-api.service[102061]: DEBUG glance_store.location [None req-da918031-5685-40b7-8867-5b6a228e196d tempest-AttachSCSIVolumeTestJSON-528127996 tempest-AttachSCSIVolumeTestJSON-528127996-project-admin] Registering scheme swift+https with {'store': , 'location_class': , 'store_entry': 'swift'} {{(pid=102061) register_scheme_map /opt/stack/data/venv/lib/python3.12/site-packages/glance_store/location.py:146}}
Jun 03 09:27:06.297388 np0000002036 devstack@g-api.service[102061]: DEBUG glance_store.location [None req-da918031-5685-40b7-8867-5b6a228e196d tempest-AttachSCSIVolumeTestJSON-528127996 tempest-AttachSCSIVolumeTestJSON-528127996-project-admin] Registering scheme swift with {'store': , 'location_class': , 'store_entry': 'swift'} {{(pid=102061) register_scheme_map /opt/stack/data/venv/lib/python3.12/site-packages/glance_store/location.py:146}}
Jun 03 09:27:06.297388 np0000002036 devstack@g-api.service[102061]: DEBUG glance_store.location [None req-da918031-5685-40b7-8867-5b6a228e196d tempest-AttachSCSIVolumeTestJSON-528127996 tempest-AttachSCSIVolumeTestJSON-528127996-project-admin] Registering scheme swift+https with {'store': , 'location_class': , 'store_entry': 'swift'} {{(pid=102061) register_scheme_map /opt/stack/data/venv/lib/python3.12/site-packages/glance_store/location.py:146}}
Jun 03 09:27:06.297601 np0000002036 devstack@g-api.service[102061]: DEBUG glance_store.location [None req-da918031-5685-40b7-8867-5b6a228e196d tempest-AttachSCSIVolumeTestJSON-528127996 tempest-AttachSCSIVolumeTestJSON-528127996-project-admin] Registering scheme swift with {'store': , 'location_class': , 'store_entry': 'swift'} {{(pid=102061) register_scheme_map /opt/stack/data/venv/lib/python3.12/site-packages/glance_store/location.py:146}}
Jun 03 09:27:06.297601 np0000002036 devstack@g-api.service[102061]: DEBUG glance_store.location [None req-da918031-5685-40b7-8867-5b6a228e196d tempest-AttachSCSIVolumeTestJSON-528127996 tempest-AttachSCSIVolumeTestJSON-528127996-project-admin] Registering scheme swift+http with {'store': , 'location_class': , 'store_entry': 'swift'} {{(pid=102061) register_scheme_map /opt/stack/data/venv/lib/python3.12/site-packages/glance_store/location.py:146}}
Jun 03 09:27:06.297601 np0000002036 devstack@g-api.service[102061]: DEBUG glance_store.location [None req-da918031-5685-40b7-8867-5b6a228e196d tempest-AttachSCSIVolumeTestJSON-528127996 tempest-AttachSCSIVolumeTestJSON-528127996-project-admin] Registering scheme swift+https with {'store': , 'location_class': , 'store_entry': 'swift'} {{(pid=102061) register_scheme_map /opt/stack/data/venv/lib/python3.12/site-packages/glance_store/location.py:146}}
Jun 03 09:27:06.297687 np0000002036 devstack@g-api.service[102061]: DEBUG glance_store.location [None req-da918031-5685-40b7-8867-5b6a228e196d tempest-AttachSCSIVolumeTestJSON-528127996 tempest-AttachSCSIVolumeTestJSON-528127996-project-admin] Registering scheme swift with {'store': , 'location_class': , 'store_entry': 'swift'} {{(pid=102061) register_scheme_map /opt/stack/data/venv/lib/python3.12/site-packages/glance_store/location.py:146}}
Jun 03 09:27:06.297687 np0000002036 devstack@g-api.service[102061]: DEBUG glance_store.location [None req-da918031-5685-40b7-8867-5b6a228e196d tempest-AttachSCSIVolumeTestJSON-528127996 tempest-AttachSCSIVolumeTestJSON-528127996-project-admin] Registering scheme swift+http with {'store': , 'location_class': , 'store_entry': 'swift'} {{(pid=102061) register_scheme_map /opt/stack/data/venv/lib/python3.12/site-packages/glance_store/location.py:146}}
Jun 03 09:27:06.297687 np0000002036 devstack@g-api.service[102061]: DEBUG glance_store.location [None req-da918031-5685-40b7-8867-5b6a228e196d tempest-AttachSCSIVolumeTestJSON-528127996 tempest-AttachSCSIVolumeTestJSON-528127996-project-admin] Registering scheme swift+config with {'store': , 'location_class': , 'store_entry': 'swift'} {{(pid=102061) register_scheme_map /opt/stack/data/venv/lib/python3.12/site-packages/glance_store/location.py:146}}
Jun 03 09:27:06.315462 np0000002036 devstack@g-api.service[102059]: [pid: 102059|app: 0|req: 14/43] 127.0.0.1 () {44 vars in 1111 bytes} [Wed Jun 3 09:27:06 2026] GET /v2/images/218aa13c-0147-4c58-93e8-9afc949eec7a => generated 1044 bytes in 28 msecs (HTTP/1.1 200) 4 headers in 158 bytes (1 switches on core 0)
Jun 03 09:27:06.323860 np0000002036 devstack@g-api.service[102060]: DEBUG glance.api.middleware.version_negotiation [None req-1f2a3836-0f3b-4cb6-b841-124c0c3205ee tempest-TaggedBootDevicesTest_v242-1155424333 tempest-TaggedBootDevicesTest_v242-1155424333-project-member] Determining version of request: GET /v2/schemas/image Accept: */* {{(pid=102060) process_request /opt/stack/glance/glance/api/middleware/version_negotiation.py:44}}
Jun 03 09:27:06.324199 np0000002036 devstack@g-api.service[102060]: DEBUG glance.api.middleware.version_negotiation [None req-1f2a3836-0f3b-4cb6-b841-124c0c3205ee tempest-TaggedBootDevicesTest_v242-1155424333 tempest-TaggedBootDevicesTest_v242-1155424333-project-member] Using url versioning {{(pid=102060) process_request /opt/stack/glance/glance/api/middleware/version_negotiation.py:57}}
Jun 03 09:27:06.324557 np0000002036 devstack@g-api.service[102060]: DEBUG glance.api.middleware.version_negotiation [None req-1f2a3836-0f3b-4cb6-b841-124c0c3205ee tempest-TaggedBootDevicesTest_v242-1155424333 tempest-TaggedBootDevicesTest_v242-1155424333-project-member] Matched version: v2 {{(pid=102060) process_request /opt/stack/glance/glance/api/middleware/version_negotiation.py:69}}
Jun 03 09:27:06.324557 np0000002036 devstack@g-api.service[102060]: DEBUG glance.api.middleware.version_negotiation [None req-1f2a3836-0f3b-4cb6-b841-124c0c3205ee tempest-TaggedBootDevicesTest_v242-1155424333 tempest-TaggedBootDevicesTest_v242-1155424333-project-member] new path /v2/schemas/image {{(pid=102060) process_request /opt/stack/glance/glance/api/middleware/version_negotiation.py:70}}
Jun 03 09:27:06.331618 np0000002036 devstack@g-api.service[102060]: [pid: 102060|app: 0|req: 17/44] 127.0.0.1 () {44 vars in 1051 bytes} [Wed Jun 3 09:27:06 2026] GET /v2/schemas/image => generated 6083 bytes in 8 msecs (HTTP/1.1 200) 4 headers in 158 bytes (1 switches on core 0)
Jun 03 09:27:06.346103 np0000002036 devstack@g-api.service[102059]: DEBUG glance.api.middleware.version_negotiation [None req-1f2a3836-0f3b-4cb6-b841-124c0c3205ee tempest-TaggedBootDevicesTest_v242-1155424333 tempest-TaggedBootDevicesTest_v242-1155424333-project-member] Determining version of request: GET /v2/schemas/image Accept: */* {{(pid=102059) process_request /opt/stack/glance/glance/api/middleware/version_negotiation.py:44}}
Jun 03 09:27:06.346404 np0000002036 devstack@g-api.service[102059]: DEBUG glance.api.middleware.version_negotiation [None req-1f2a3836-0f3b-4cb6-b841-124c0c3205ee tempest-TaggedBootDevicesTest_v242-1155424333 tempest-TaggedBootDevicesTest_v242-1155424333-project-member] Using url versioning {{(pid=102059) process_request /opt/stack/glance/glance/api/middleware/version_negotiation.py:57}}
Jun 03 09:27:06.346796 np0000002036 devstack@g-api.service[102059]: DEBUG glance.api.middleware.version_negotiation [None req-1f2a3836-0f3b-4cb6-b841-124c0c3205ee tempest-TaggedBootDevicesTest_v242-1155424333 tempest-TaggedBootDevicesTest_v242-1155424333-project-member] Matched version: v2 {{(pid=102059) process_request /opt/stack/glance/glance/api/middleware/version_negotiation.py:69}}
Jun 03 09:27:06.346982 np0000002036 devstack@g-api.service[102059]: DEBUG glance.api.middleware.version_negotiation [None req-1f2a3836-0f3b-4cb6-b841-124c0c3205ee tempest-TaggedBootDevicesTest_v242-1155424333 tempest-TaggedBootDevicesTest_v242-1155424333-project-member] new path /v2/schemas/image {{(pid=102059) process_request /opt/stack/glance/glance/api/middleware/version_negotiation.py:70}}
Jun 03 09:27:06.349752 np0000002036 devstack@g-api.service[102059]: [pid: 102059|app: 0|req: 15/45] 127.0.0.1 () {44 vars in 1051 bytes} [Wed Jun 3 09:27:06 2026] GET /v2/schemas/image => generated 6083 bytes in 4 msecs (HTTP/1.1 200) 4 headers in 158 bytes (1 switches on core 0)
Jun 03 09:27:06.400540 np0000002036 devstack@g-api.service[102060]: DEBUG glance.api.middleware.version_negotiation [None req-1f2a3836-0f3b-4cb6-b841-124c0c3205ee tempest-TaggedBootDevicesTest_v242-1155424333 tempest-TaggedBootDevicesTest_v242-1155424333-project-member] Determining version of request: GET /v2/images/218aa13c-0147-4c58-93e8-9afc949eec7a Accept: */* {{(pid=102060) process_request /opt/stack/glance/glance/api/middleware/version_negotiation.py:44}}
Jun 03 09:27:06.400669 np0000002036 devstack@g-api.service[102060]: DEBUG glance.api.middleware.version_negotiation [None req-1f2a3836-0f3b-4cb6-b841-124c0c3205ee tempest-TaggedBootDevicesTest_v242-1155424333 tempest-TaggedBootDevicesTest_v242-1155424333-project-member] Using url versioning {{(pid=102060) process_request /opt/stack/glance/glance/api/middleware/version_negotiation.py:57}}
Jun 03 09:27:06.400800 np0000002036 devstack@g-api.service[102060]: DEBUG glance.api.middleware.version_negotiation [None req-1f2a3836-0f3b-4cb6-b841-124c0c3205ee tempest-TaggedBootDevicesTest_v242-1155424333 tempest-TaggedBootDevicesTest_v242-1155424333-project-member] Matched version: v2 {{(pid=102060) process_request /opt/stack/glance/glance/api/middleware/version_negotiation.py:69}}
Jun 03 09:27:06.400889 np0000002036 devstack@g-api.service[102060]: DEBUG glance.api.middleware.version_negotiation [None req-1f2a3836-0f3b-4cb6-b841-124c0c3205ee tempest-TaggedBootDevicesTest_v242-1155424333 tempest-TaggedBootDevicesTest_v242-1155424333-project-member] new path /v2/images/218aa13c-0147-4c58-93e8-9afc949eec7a {{(pid=102060) process_request /opt/stack/glance/glance/api/middleware/version_negotiation.py:70}}
Jun 03 09:27:06.414798 np0000002036 devstack@g-api.service[102060]: [pid: 102060|app: 0|req: 18/46] 127.0.0.1 () {44 vars in 1111 bytes} [Wed Jun 3 09:27:06 2026] GET /v2/images/218aa13c-0147-4c58-93e8-9afc949eec7a => generated 1044 bytes in 14 msecs (HTTP/1.1 200) 4 headers in 158 bytes (1 switches on core 0)
Jun 03 09:27:06.423767 np0000002036 devstack@g-api.service[102059]: DEBUG glance.api.middleware.version_negotiation [None req-1f2a3836-0f3b-4cb6-b841-124c0c3205ee tempest-TaggedBootDevicesTest_v242-1155424333 tempest-TaggedBootDevicesTest_v242-1155424333-project-member] Determining version of request: GET /v2/schemas/image Accept: */* {{(pid=102059) process_request /opt/stack/glance/glance/api/middleware/version_negotiation.py:44}}
Jun 03 09:27:06.423938 np0000002036 devstack@g-api.service[102059]: DEBUG glance.api.middleware.version_negotiation [None req-1f2a3836-0f3b-4cb6-b841-124c0c3205ee tempest-TaggedBootDevicesTest_v242-1155424333 tempest-TaggedBootDevicesTest_v242-1155424333-project-member] Using url versioning {{(pid=102059) process_request /opt/stack/glance/glance/api/middleware/version_negotiation.py:57}}
Jun 03 09:27:06.424073 np0000002036 devstack@g-api.service[102059]: DEBUG glance.api.middleware.version_negotiation [None req-1f2a3836-0f3b-4cb6-b841-124c0c3205ee tempest-TaggedBootDevicesTest_v242-1155424333 tempest-TaggedBootDevicesTest_v242-1155424333-project-member] Matched version: v2 {{(pid=102059) process_request /opt/stack/glance/glance/api/middleware/version_negotiation.py:69}}
Jun 03 09:27:06.424153 np0000002036 devstack@g-api.service[102059]: DEBUG glance.api.middleware.version_negotiation [None req-1f2a3836-0f3b-4cb6-b841-124c0c3205ee tempest-TaggedBootDevicesTest_v242-1155424333 tempest-TaggedBootDevicesTest_v242-1155424333-project-member] new path /v2/schemas/image {{(pid=102059) process_request /opt/stack/glance/glance/api/middleware/version_negotiation.py:70}}
Jun 03 09:27:06.428025 np0000002036 devstack@g-api.service[102059]: [pid: 102059|app: 0|req: 16/47] 127.0.0.1 () {44 vars in 1051 bytes} [Wed Jun 3 09:27:06 2026] GET /v2/schemas/image => generated 6083 bytes in 3 msecs (HTTP/1.1 200) 4 headers in 158 bytes (1 switches on core 0)
Jun 03 09:27:06.436846 np0000002036 devstack@g-api.service[102060]: DEBUG glance.api.middleware.version_negotiation [None req-1f2a3836-0f3b-4cb6-b841-124c0c3205ee tempest-TaggedBootDevicesTest_v242-1155424333 tempest-TaggedBootDevicesTest_v242-1155424333-project-member] Determining version of request: GET /v2/schemas/image Accept: */* {{(pid=102060) process_request /opt/stack/glance/glance/api/middleware/version_negotiation.py:44}}
Jun 03 09:27:06.437008 np0000002036 devstack@g-api.service[102060]: DEBUG glance.api.middleware.version_negotiation [None req-1f2a3836-0f3b-4cb6-b841-124c0c3205ee tempest-TaggedBootDevicesTest_v242-1155424333 tempest-TaggedBootDevicesTest_v242-1155424333-project-member] Using url versioning {{(pid=102060) process_request /opt/stack/glance/glance/api/middleware/version_negotiation.py:57}}
Jun 03 09:27:06.437132 np0000002036 devstack@g-api.service[102060]: DEBUG glance.api.middleware.version_negotiation [None req-1f2a3836-0f3b-4cb6-b841-124c0c3205ee tempest-TaggedBootDevicesTest_v242-1155424333 tempest-TaggedBootDevicesTest_v242-1155424333-project-member] Matched version: v2 {{(pid=102060) process_request /opt/stack/glance/glance/api/middleware/version_negotiation.py:69}}
Jun 03 09:27:06.437252 np0000002036 devstack@g-api.service[102060]: DEBUG glance.api.middleware.version_negotiation [None req-1f2a3836-0f3b-4cb6-b841-124c0c3205ee tempest-TaggedBootDevicesTest_v242-1155424333 tempest-TaggedBootDevicesTest_v242-1155424333-project-member] new path /v2/schemas/image {{(pid=102060) process_request /opt/stack/glance/glance/api/middleware/version_negotiation.py:70}}
Jun 03 09:27:06.439807 np0000002036 devstack@g-api.service[102060]: [pid: 102060|app: 0|req: 19/48] 127.0.0.1 () {44 vars in 1051 bytes} [Wed Jun 3 09:27:06 2026] GET /v2/schemas/image => generated 6083 bytes in 3 msecs (HTTP/1.1 200) 4 headers in 158 bytes (1 switches on core 0)
Jun 03 09:27:06.711733 np0000002036 devstack@g-api.service[102061]: DEBUG swiftclient [None req-da918031-5685-40b7-8867-5b6a228e196d tempest-AttachSCSIVolumeTestJSON-528127996 tempest-AttachSCSIVolumeTestJSON-528127996-project-admin] REQ: curl -i https://10.4.3.82:8080/v1/AUTH_3f327d3700e0465c91e937bf444ba713/glance -I -H "X-Auth-Token: gAAAAABqH_NqKHen..." {{(pid=102061) http_log /opt/stack/data/venv/lib/python3.12/site-packages/swiftclient/client.py:160}}
Jun 03 09:27:06.711973 np0000002036 devstack@g-api.service[102061]: DEBUG swiftclient [None req-da918031-5685-40b7-8867-5b6a228e196d tempest-AttachSCSIVolumeTestJSON-528127996 tempest-AttachSCSIVolumeTestJSON-528127996-project-admin] RESP STATUS: 204 No Content {{(pid=102061) http_log /opt/stack/data/venv/lib/python3.12/site-packages/swiftclient/client.py:161}}
Jun 03 09:27:06.711973 np0000002036 devstack@g-api.service[102061]: DEBUG swiftclient [None req-da918031-5685-40b7-8867-5b6a228e196d tempest-AttachSCSIVolumeTestJSON-528127996 tempest-AttachSCSIVolumeTestJSON-528127996-project-admin] RESP HEADERS: {'Date': 'Wed, 03 Jun 2026 09:27:06 GMT', 'Server': 'Apache/2.4.58 (Ubuntu)', 'Content-Type': 'text/plain; charset=utf-8', 'X-Container-Object-Count': '3', 'X-Container-Bytes-Used': '64356352', 'X-Timestamp': '1780478681.01491', 'Last-Modified': 'Wed, 03 Jun 2026 09:24:41 GMT', 'Accept-Ranges': 'bytes', 'X-Storage-Policy': 'Policy-0', 'X-Container-Sharding': 'False', 'Vary': 'Accept', 'X-Trans-Id': 'tx38882bec5dc94d5ab6409-006a1ff36a', 'X-Openstack-Request-Id': 'tx38882bec5dc94d5ab6409-006a1ff36a', 'Connection': 'close'} {{(pid=102061) http_log /opt/stack/data/venv/lib/python3.12/site-packages/swiftclient/client.py:162}}
Jun 03 09:27:06.712758 np0000002036 devstack@g-api.service[102061]: DEBUG glance_store._drivers.swift.store [None req-da918031-5685-40b7-8867-5b6a228e196d tempest-AttachSCSIVolumeTestJSON-528127996 tempest-AttachSCSIVolumeTestJSON-528127996-project-admin] Adding image object 'ad24e4d7-5a67-4139-8870-49942f7c9f96' to Swift {{(pid=102061) add /opt/stack/data/venv/lib/python3.12/site-packages/glance_store/_drivers/swift/store.py:970}}
Jun 03 09:27:06.712758 np0000002036 devstack@g-api.service[102061]: DEBUG glance_store._drivers.swift.store [None req-da918031-5685-40b7-8867-5b6a228e196d tempest-AttachSCSIVolumeTestJSON-528127996 tempest-AttachSCSIVolumeTestJSON-528127996-project-admin] Cannot determine image size because it is either not provided in the request or chunked-transfer encoding is used. Adding image as a segmented object to Swift. {{(pid=102061) add /opt/stack/data/venv/lib/python3.12/site-packages/glance_store/_drivers/swift/store.py:994}}
Jun 03 09:27:06.724850 np0000002036 devstack@g-api.service[102061]: DEBUG oslo_utils.imageutils.format_inspector [None req-da918031-5685-40b7-8867-5b6a228e196d tempest-AttachSCSIVolumeTestJSON-528127996 tempest-AttachSCSIVolumeTestJSON-528127996-project-admin] Format inspector for vmdk does not match, excluding from consideration (Signature KDMV not found: b'QFI\xfb') {{(pid=102061) _process_chunk /opt/stack/data/venv/lib/python3.12/site-packages/oslo_utils/imageutils/format_inspector.py:1758}}
Jun 03 09:27:06.726031 np0000002036 devstack@g-api.service[102061]: DEBUG oslo_utils.imageutils.format_inspector [None req-da918031-5685-40b7-8867-5b6a228e196d tempest-AttachSCSIVolumeTestJSON-528127996 tempest-AttachSCSIVolumeTestJSON-528127996-project-admin] Format inspector for vhdx does not match, excluding from consideration (Region signature not found at 30000) {{(pid=102061) _process_chunk /opt/stack/data/venv/lib/python3.12/site-packages/oslo_utils/imageutils/format_inspector.py:1758}}
Jun 03 09:27:06.953874 np0000002036 devstack@g-api.service[102059]: DEBUG glance.api.middleware.version_negotiation [None req-1f2a3836-0f3b-4cb6-b841-124c0c3205ee tempest-TaggedBootDevicesTest_v242-1155424333 tempest-TaggedBootDevicesTest_v242-1155424333-project-member] Determining version of request: GET /v2/images/218aa13c-0147-4c58-93e8-9afc949eec7a Accept: */* {{(pid=102059) process_request /opt/stack/glance/glance/api/middleware/version_negotiation.py:44}}
Jun 03 09:27:06.954233 np0000002036 devstack@g-api.service[102059]: DEBUG glance.api.middleware.version_negotiation [None req-1f2a3836-0f3b-4cb6-b841-124c0c3205ee tempest-TaggedBootDevicesTest_v242-1155424333 tempest-TaggedBootDevicesTest_v242-1155424333-project-member] Using url versioning {{(pid=102059) process_request /opt/stack/glance/glance/api/middleware/version_negotiation.py:57}}
Jun 03 09:27:06.954850 np0000002036 devstack@g-api.service[102059]: DEBUG glance.api.middleware.version_negotiation [None req-1f2a3836-0f3b-4cb6-b841-124c0c3205ee tempest-TaggedBootDevicesTest_v242-1155424333 tempest-TaggedBootDevicesTest_v242-1155424333-project-member] Matched version: v2 {{(pid=102059) process_request /opt/stack/glance/glance/api/middleware/version_negotiation.py:69}}
Jun 03 09:27:06.954850 np0000002036 devstack@g-api.service[102059]: DEBUG glance.api.middleware.version_negotiation [None req-1f2a3836-0f3b-4cb6-b841-124c0c3205ee tempest-TaggedBootDevicesTest_v242-1155424333 tempest-TaggedBootDevicesTest_v242-1155424333-project-member] new path /v2/images/218aa13c-0147-4c58-93e8-9afc949eec7a {{(pid=102059) process_request /opt/stack/glance/glance/api/middleware/version_negotiation.py:70}}
Jun 03 09:27:06.971181 np0000002036 devstack@g-api.service[102059]: [pid: 102059|app: 0|req: 17/49] 127.0.0.1 () {44 vars in 1111 bytes} [Wed Jun 3 09:27:06 2026] GET /v2/images/218aa13c-0147-4c58-93e8-9afc949eec7a => generated 1044 bytes in 15 msecs (HTTP/1.1 200) 4 headers in 158 bytes (1 switches on core 0)
Jun 03 09:27:06.980796 np0000002036 devstack@g-api.service[102060]: DEBUG glance.api.middleware.version_negotiation [None req-1f2a3836-0f3b-4cb6-b841-124c0c3205ee tempest-TaggedBootDevicesTest_v242-1155424333 tempest-TaggedBootDevicesTest_v242-1155424333-project-member] Determining version of request: GET /v2/schemas/image Accept: */* {{(pid=102060) process_request /opt/stack/glance/glance/api/middleware/version_negotiation.py:44}}
Jun 03 09:27:06.981119 np0000002036 devstack@g-api.service[102060]: DEBUG glance.api.middleware.version_negotiation [None req-1f2a3836-0f3b-4cb6-b841-124c0c3205ee tempest-TaggedBootDevicesTest_v242-1155424333 tempest-TaggedBootDevicesTest_v242-1155424333-project-member] Using url versioning {{(pid=102060) process_request /opt/stack/glance/glance/api/middleware/version_negotiation.py:57}}
Jun 03 09:27:06.981245 np0000002036 devstack@g-api.service[102060]: DEBUG glance.api.middleware.version_negotiation [None req-1f2a3836-0f3b-4cb6-b841-124c0c3205ee tempest-TaggedBootDevicesTest_v242-1155424333 tempest-TaggedBootDevicesTest_v242-1155424333-project-member] Matched version: v2 {{(pid=102060) process_request /opt/stack/glance/glance/api/middleware/version_negotiation.py:69}}
Jun 03 09:27:06.983616 np0000002036 devstack@g-api.service[102060]: DEBUG glance.api.middleware.version_negotiation [None req-1f2a3836-0f3b-4cb6-b841-124c0c3205ee tempest-TaggedBootDevicesTest_v242-1155424333 tempest-TaggedBootDevicesTest_v242-1155424333-project-member] new path /v2/schemas/image {{(pid=102060) process_request /opt/stack/glance/glance/api/middleware/version_negotiation.py:70}}
Jun 03 09:27:06.983965 np0000002036 devstack@g-api.service[102060]: [pid: 102060|app: 0|req: 20/50] 127.0.0.1 () {44 vars in 1051 bytes} [Wed Jun 3 09:27:06 2026] GET /v2/schemas/image => generated 6083 bytes in 3 msecs (HTTP/1.1 200) 4 headers in 158 bytes (1 switches on core 0)
Jun 03 09:27:07.055033 np0000002036 devstack@g-api.service[102059]: DEBUG glance.api.middleware.version_negotiation [None req-6dae6bbf-030d-4ec6-85c8-40664f141889 tempest-TaggedBootDevicesTest-1668546454 tempest-TaggedBootDevicesTest-1668546454-project-member] Determining version of request: GET /versions Accept: */* {{(pid=102059) process_request /opt/stack/glance/glance/api/middleware/version_negotiation.py:44}}
Jun 03 09:27:07.056001 np0000002036 devstack@g-api.service[102059]: [pid: 102059|app: 0|req: 18/51] 127.0.0.1 () {44 vars in 1035 bytes} [Wed Jun 3 09:27:07 2026] GET /versions => generated 1394 bytes in 1 msecs (HTTP/1.1 200) 3 headers in 92 bytes (1 switches on core 0)
Jun 03 09:27:07.065220 np0000002036 devstack@g-api.service[102060]: DEBUG glance.api.middleware.version_negotiation [None req-6dae6bbf-030d-4ec6-85c8-40664f141889 tempest-TaggedBootDevicesTest-1668546454 tempest-TaggedBootDevicesTest-1668546454-project-member] Determining version of request: GET /v2/images/218aa13c-0147-4c58-93e8-9afc949eec7a/locations Accept: */* {{(pid=102060) process_request /opt/stack/glance/glance/api/middleware/version_negotiation.py:44}}
Jun 03 09:27:07.065220 np0000002036 devstack@g-api.service[102060]: DEBUG glance.api.middleware.version_negotiation [None req-6dae6bbf-030d-4ec6-85c8-40664f141889 tempest-TaggedBootDevicesTest-1668546454 tempest-TaggedBootDevicesTest-1668546454-project-member] Using url versioning {{(pid=102060) process_request /opt/stack/glance/glance/api/middleware/version_negotiation.py:57}}
Jun 03 09:27:07.065220 np0000002036 devstack@g-api.service[102060]: DEBUG glance.api.middleware.version_negotiation [None req-6dae6bbf-030d-4ec6-85c8-40664f141889 tempest-TaggedBootDevicesTest-1668546454 tempest-TaggedBootDevicesTest-1668546454-project-member] Matched version: v2 {{(pid=102060) process_request /opt/stack/glance/glance/api/middleware/version_negotiation.py:69}}
Jun 03 09:27:07.065220 np0000002036 devstack@g-api.service[102060]: DEBUG glance.api.middleware.version_negotiation [None req-6dae6bbf-030d-4ec6-85c8-40664f141889 tempest-TaggedBootDevicesTest-1668546454 tempest-TaggedBootDevicesTest-1668546454-project-member] new path /v2/images/218aa13c-0147-4c58-93e8-9afc949eec7a/locations {{(pid=102060) process_request /opt/stack/glance/glance/api/middleware/version_negotiation.py:70}}
Jun 03 09:27:07.070771 np0000002036 devstack@g-api.service[102061]: DEBUG swiftclient [None req-da918031-5685-40b7-8867-5b6a228e196d tempest-AttachSCSIVolumeTestJSON-528127996 tempest-AttachSCSIVolumeTestJSON-528127996-project-admin] REQ: curl -i https://10.4.3.82:8080/v1/AUTH_3f327d3700e0465c91e937bf444ba713/glance/ad24e4d7-5a67-4139-8870-49942f7c9f96-00001 -X PUT -H "X-Auth-Token: gAAAAABqH_NqKHen..." {{(pid=102061) http_log /opt/stack/data/venv/lib/python3.12/site-packages/swiftclient/client.py:160}}
Jun 03 09:27:07.070893 np0000002036 devstack@g-api.service[102061]: DEBUG swiftclient [None req-da918031-5685-40b7-8867-5b6a228e196d tempest-AttachSCSIVolumeTestJSON-528127996 tempest-AttachSCSIVolumeTestJSON-528127996-project-admin] RESP STATUS: 201 Created {{(pid=102061) http_log /opt/stack/data/venv/lib/python3.12/site-packages/swiftclient/client.py:161}}
Jun 03 09:27:07.071048 np0000002036 devstack@g-api.service[102061]: DEBUG swiftclient [None req-da918031-5685-40b7-8867-5b6a228e196d tempest-AttachSCSIVolumeTestJSON-528127996 tempest-AttachSCSIVolumeTestJSON-528127996-project-admin] RESP HEADERS: {'Date': 'Wed, 03 Jun 2026 09:27:07 GMT', 'Server': 'Apache/2.4.58 (Ubuntu)', 'Content-Type': 'text/html; charset=UTF-8', 'Content-Length': '0', 'Etag': '87617e24a5e30cb3b87fda8c0764838f', 'Last-Modified': 'Wed, 03 Jun 2026 09:27:07 GMT', 'X-Trans-Id': 'tx399bfa92b77f456789d80-006a1ff36a', 'X-Openstack-Request-Id': 'tx399bfa92b77f456789d80-006a1ff36a', 'Connection': 'close'} {{(pid=102061) http_log /opt/stack/data/venv/lib/python3.12/site-packages/swiftclient/client.py:162}}
Jun 03 09:27:07.072341 np0000002036 devstack@g-api.service[102061]: DEBUG glance_store._drivers.swift.store [None req-da918031-5685-40b7-8867-5b6a228e196d tempest-AttachSCSIVolumeTestJSON-528127996 tempest-AttachSCSIVolumeTestJSON-528127996-project-admin] Wrote chunk ad24e4d7-5a67-4139-8870-49942f7c9f96-00001 (1/?) of length 21692416 to Swift returning MD5 of content: 87617e24a5e30cb3b87fda8c0764838f {{(pid=102061) add /opt/stack/data/venv/lib/python3.12/site-packages/glance_store/_drivers/swift/store.py:1059}}
Jun 03 09:27:07.072341 np0000002036 devstack@g-api.service[102061]: DEBUG glance_store._drivers.swift.store [None req-da918031-5685-40b7-8867-5b6a228e196d tempest-AttachSCSIVolumeTestJSON-528127996 tempest-AttachSCSIVolumeTestJSON-528127996-project-admin] Not writing zero-length chunk. {{(pid=102061) add /opt/stack/data/venv/lib/python3.12/site-packages/glance_store/_drivers/swift/store.py:1028}}
Jun 03 09:27:07.104408 np0000002036 devstack@g-api.service[102061]: DEBUG swiftclient [None req-da918031-5685-40b7-8867-5b6a228e196d tempest-AttachSCSIVolumeTestJSON-528127996 tempest-AttachSCSIVolumeTestJSON-528127996-project-admin] REQ: curl -i https://10.4.3.82:8080/v1/AUTH_3f327d3700e0465c91e937bf444ba713/glance/ad24e4d7-5a67-4139-8870-49942f7c9f96 -X PUT -H "X-Object-Manifest: glance/ad24e4d7-5a67-4139-8870-49942f7c9f96-" -H "X-Auth-Token: gAAAAABqH_NqKHen..." -H "Content-Length: 0" {{(pid=102061) http_log /opt/stack/data/venv/lib/python3.12/site-packages/swiftclient/client.py:160}}
Jun 03 09:27:07.104498 np0000002036 devstack@g-api.service[102061]: DEBUG swiftclient [None req-da918031-5685-40b7-8867-5b6a228e196d tempest-AttachSCSIVolumeTestJSON-528127996 tempest-AttachSCSIVolumeTestJSON-528127996-project-admin] RESP STATUS: 201 Created {{(pid=102061) http_log /opt/stack/data/venv/lib/python3.12/site-packages/swiftclient/client.py:161}}
Jun 03 09:27:07.104640 np0000002036 devstack@g-api.service[102061]: DEBUG swiftclient [None req-da918031-5685-40b7-8867-5b6a228e196d tempest-AttachSCSIVolumeTestJSON-528127996 tempest-AttachSCSIVolumeTestJSON-528127996-project-admin] RESP HEADERS: {'Date': 'Wed, 03 Jun 2026 09:27:07 GMT', 'Server': 'Apache/2.4.58 (Ubuntu)', 'Content-Type': 'text/html; charset=UTF-8', 'Content-Length': '0', 'Etag': 'd41d8cd98f00b204e9800998ecf8427e', 'Last-Modified': 'Wed, 03 Jun 2026 09:27:08 GMT', 'X-Trans-Id': 'txb311285bf53a4c5195e1c-006a1ff36b', 'X-Openstack-Request-Id': 'txb311285bf53a4c5195e1c-006a1ff36b', 'Connection': 'close'} {{(pid=102061) http_log /opt/stack/data/venv/lib/python3.12/site-packages/swiftclient/client.py:162}}
Jun 03 09:27:07.105132 np0000002036 devstack@g-api.service[102061]: INFO glance.location [None req-da918031-5685-40b7-8867-5b6a228e196d tempest-AttachSCSIVolumeTestJSON-528127996 tempest-AttachSCSIVolumeTestJSON-528127996-project-admin] Image format matched and virtual size computed: 117440512
Jun 03 09:27:07.140669 np0000002036 devstack@g-api.service[102061]: DEBUG glance_store.backend [None req-da918031-5685-40b7-8867-5b6a228e196d tempest-AttachSCSIVolumeTestJSON-528127996 tempest-AttachSCSIVolumeTestJSON-528127996-project-admin] Attempting to import store swift {{(pid=102061) _load_store /opt/stack/data/venv/lib/python3.12/site-packages/glance_store/backend.py:215}}
Jun 03 09:27:07.142182 np0000002036 devstack@g-api.service[102061]: DEBUG glance_store.capabilities [None req-da918031-5685-40b7-8867-5b6a228e196d tempest-AttachSCSIVolumeTestJSON-528127996 tempest-AttachSCSIVolumeTestJSON-528127996-project-admin] Store glance_store._drivers.swift.store.SingleTenantStore doesn't support updating dynamic storage capabilities. Please overwrite 'update_capabilities' method of the store to implement updating logics if needed. {{(pid=102061) update_capabilities /opt/stack/data/venv/lib/python3.12/site-packages/glance_store/capabilities.py:91}}
Jun 03 09:27:07.142279 np0000002036 devstack@g-api.service[102061]: DEBUG glance_store.driver [None req-da918031-5685-40b7-8867-5b6a228e196d tempest-AttachSCSIVolumeTestJSON-528127996 tempest-AttachSCSIVolumeTestJSON-528127996-project-admin] Late loading location class glance_store._drivers.swift.store.StoreLocation {{(pid=102061) get_store_location_class /opt/stack/data/venv/lib/python3.12/site-packages/glance_store/driver.py:134}}
Jun 03 09:27:07.142353 np0000002036 devstack@g-api.service[102061]: DEBUG glance_store.location [None req-da918031-5685-40b7-8867-5b6a228e196d tempest-AttachSCSIVolumeTestJSON-528127996 tempest-AttachSCSIVolumeTestJSON-528127996-project-admin] Registering scheme swift+https with {'store': , 'location_class': , 'store_entry': 'swift'} {{(pid=102061) register_scheme_map /opt/stack/data/venv/lib/python3.12/site-packages/glance_store/location.py:146}}
Jun 03 09:27:07.142447 np0000002036 devstack@g-api.service[102061]: DEBUG glance_store.location [None req-da918031-5685-40b7-8867-5b6a228e196d tempest-AttachSCSIVolumeTestJSON-528127996 tempest-AttachSCSIVolumeTestJSON-528127996-project-admin] Registering scheme swift+https with {'store': , 'location_class': , 'store_entry': 'swift'} {{(pid=102061) register_scheme_map /opt/stack/data/venv/lib/python3.12/site-packages/glance_store/location.py:146}}
Jun 03 09:27:07.142538 np0000002036 devstack@g-api.service[102061]: DEBUG glance_store.location [None req-da918031-5685-40b7-8867-5b6a228e196d tempest-AttachSCSIVolumeTestJSON-528127996 tempest-AttachSCSIVolumeTestJSON-528127996-project-admin] Registering scheme swift with {'store': , 'location_class': , 'store_entry': 'swift'} {{(pid=102061) register_scheme_map /opt/stack/data/venv/lib/python3.12/site-packages/glance_store/location.py:146}}
Jun 03 09:27:07.142613 np0000002036 devstack@g-api.service[102061]: DEBUG glance_store.location [None req-da918031-5685-40b7-8867-5b6a228e196d tempest-AttachSCSIVolumeTestJSON-528127996 tempest-AttachSCSIVolumeTestJSON-528127996-project-admin] Registering scheme swift+https with {'store': , 'location_class': , 'store_entry': 'swift'} {{(pid=102061) register_scheme_map /opt/stack/data/venv/lib/python3.12/site-packages/glance_store/location.py:146}}
Jun 03 09:27:07.142693 np0000002036 devstack@g-api.service[102061]: DEBUG glance_store.location [None req-da918031-5685-40b7-8867-5b6a228e196d tempest-AttachSCSIVolumeTestJSON-528127996 tempest-AttachSCSIVolumeTestJSON-528127996-project-admin] Registering scheme swift with {'store': , 'location_class': , 'store_entry': 'swift'} {{(pid=102061) register_scheme_map /opt/stack/data/venv/lib/python3.12/site-packages/glance_store/location.py:146}}
Jun 03 09:27:07.142774 np0000002036 devstack@g-api.service[102061]: DEBUG glance_store.location [None req-da918031-5685-40b7-8867-5b6a228e196d tempest-AttachSCSIVolumeTestJSON-528127996 tempest-AttachSCSIVolumeTestJSON-528127996-project-admin] Registering scheme swift+http with {'store': , 'location_class': , 'store_entry': 'swift'} {{(pid=102061) register_scheme_map /opt/stack/data/venv/lib/python3.12/site-packages/glance_store/location.py:146}}
Jun 03 09:27:07.142858 np0000002036 devstack@g-api.service[102061]: DEBUG glance_store.location [None req-da918031-5685-40b7-8867-5b6a228e196d tempest-AttachSCSIVolumeTestJSON-528127996 tempest-AttachSCSIVolumeTestJSON-528127996-project-admin] Registering scheme swift+https with {'store': , 'location_class': , 'store_entry': 'swift'} {{(pid=102061) register_scheme_map /opt/stack/data/venv/lib/python3.12/site-packages/glance_store/location.py:146}}
Jun 03 09:27:07.142938 np0000002036 devstack@g-api.service[102061]: DEBUG glance_store.location [None req-da918031-5685-40b7-8867-5b6a228e196d tempest-AttachSCSIVolumeTestJSON-528127996 tempest-AttachSCSIVolumeTestJSON-528127996-project-admin] Registering scheme swift with {'store': , 'location_class': , 'store_entry': 'swift'} {{(pid=102061) register_scheme_map /opt/stack/data/venv/lib/python3.12/site-packages/glance_store/location.py:146}}
Jun 03 09:27:07.143025 np0000002036 devstack@g-api.service[102061]: DEBUG glance_store.location [None req-da918031-5685-40b7-8867-5b6a228e196d tempest-AttachSCSIVolumeTestJSON-528127996 tempest-AttachSCSIVolumeTestJSON-528127996-project-admin] Registering scheme swift+http with {'store': , 'location_class': , 'store_entry': 'swift'} {{(pid=102061) register_scheme_map /opt/stack/data/venv/lib/python3.12/site-packages/glance_store/location.py:146}}
Jun 03 09:27:07.143097 np0000002036 devstack@g-api.service[102061]: DEBUG glance_store.location [None req-da918031-5685-40b7-8867-5b6a228e196d tempest-AttachSCSIVolumeTestJSON-528127996 tempest-AttachSCSIVolumeTestJSON-528127996-project-admin] Registering scheme swift+config with {'store': , 'location_class': , 'store_entry': 'swift'} {{(pid=102061) register_scheme_map /opt/stack/data/venv/lib/python3.12/site-packages/glance_store/location.py:146}}
Jun 03 09:27:07.143204 np0000002036 devstack@g-api.service[102061]: DEBUG glance_store.backend [None req-da918031-5685-40b7-8867-5b6a228e196d tempest-AttachSCSIVolumeTestJSON-528127996 tempest-AttachSCSIVolumeTestJSON-528127996-project-admin] Skipping store.set_acls... not implemented. {{(pid=102061) set_acls /opt/stack/data/venv/lib/python3.12/site-packages/glance_store/backend.py:507}}
Jun 03 09:27:07.145394 np0000002036 devstack@g-api.service[102061]: [pid: 102061|app: 0|req: 14/52] 127.0.0.1 () {40 vars in 854 bytes} [Wed Jun 3 09:27:04 2026] PUT /v2/images/ad24e4d7-5a67-4139-8870-49942f7c9f96/file => generated 0 bytes in 2261 msecs (HTTP/1.1 204) 4 headers in 171 bytes (1 switches on core 0)
Jun 03 09:27:07.265221 np0000002036 devstack@g-api.service[102060]: [pid: 102060|app: 0|req: 21/53] 127.0.0.1 () {44 vars in 1131 bytes} [Wed Jun 3 09:27:07 2026] GET /v2/images/218aa13c-0147-4c58-93e8-9afc949eec7a/locations => generated 92 bytes in 201 msecs (HTTP/1.1 200) 4 headers in 156 bytes (1 switches on core 0)
Jun 03 09:27:07.274970 np0000002036 devstack@g-api.service[102059]: DEBUG glance.api.middleware.version_negotiation [None req-6dae6bbf-030d-4ec6-85c8-40664f141889 tempest-TaggedBootDevicesTest-1668546454 tempest-TaggedBootDevicesTest-1668546454-project-member] Determining version of request: GET /v2/images/218aa13c-0147-4c58-93e8-9afc949eec7a Accept: */* {{(pid=102059) process_request /opt/stack/glance/glance/api/middleware/version_negotiation.py:44}}
Jun 03 09:27:07.274970 np0000002036 devstack@g-api.service[102059]: DEBUG glance.api.middleware.version_negotiation [None req-6dae6bbf-030d-4ec6-85c8-40664f141889 tempest-TaggedBootDevicesTest-1668546454 tempest-TaggedBootDevicesTest-1668546454-project-member] Using url versioning {{(pid=102059) process_request /opt/stack/glance/glance/api/middleware/version_negotiation.py:57}}
Jun 03 09:27:07.275322 np0000002036 devstack@g-api.service[102059]: DEBUG glance.api.middleware.version_negotiation [None req-6dae6bbf-030d-4ec6-85c8-40664f141889 tempest-TaggedBootDevicesTest-1668546454 tempest-TaggedBootDevicesTest-1668546454-project-member] Matched version: v2 {{(pid=102059) process_request /opt/stack/glance/glance/api/middleware/version_negotiation.py:69}}
Jun 03 09:27:07.275322 np0000002036 devstack@g-api.service[102059]: DEBUG glance.api.middleware.version_negotiation [None req-6dae6bbf-030d-4ec6-85c8-40664f141889 tempest-TaggedBootDevicesTest-1668546454 tempest-TaggedBootDevicesTest-1668546454-project-member] new path /v2/images/218aa13c-0147-4c58-93e8-9afc949eec7a {{(pid=102059) process_request /opt/stack/glance/glance/api/middleware/version_negotiation.py:70}}
Jun 03 09:27:07.286684 np0000002036 devstack@g-api.service[102059]: [pid: 102059|app: 0|req: 19/54] 127.0.0.1 () {44 vars in 1111 bytes} [Wed Jun 3 09:27:07 2026] GET /v2/images/218aa13c-0147-4c58-93e8-9afc949eec7a => generated 1044 bytes in 12 msecs (HTTP/1.1 200) 4 headers in 158 bytes (1 switches on core 0)
Jun 03 09:27:07.299188 np0000002036 devstack@g-api.service[102061]: DEBUG glance.api.middleware.version_negotiation [None req-da918031-5685-40b7-8867-5b6a228e196d tempest-AttachSCSIVolumeTestJSON-528127996 tempest-AttachSCSIVolumeTestJSON-528127996-project-admin] Determining version of request: GET /v2/schemas/image Accept: */* {{(pid=102061) process_request /opt/stack/glance/glance/api/middleware/version_negotiation.py:44}}
Jun 03 09:27:07.300047 np0000002036 devstack@g-api.service[102061]: DEBUG glance.api.middleware.version_negotiation [None req-da918031-5685-40b7-8867-5b6a228e196d tempest-AttachSCSIVolumeTestJSON-528127996 tempest-AttachSCSIVolumeTestJSON-528127996-project-admin] Using url versioning {{(pid=102061) process_request /opt/stack/glance/glance/api/middleware/version_negotiation.py:57}}
Jun 03 09:27:07.300212 np0000002036 devstack@g-api.service[102061]: DEBUG glance.api.middleware.version_negotiation [None req-da918031-5685-40b7-8867-5b6a228e196d tempest-AttachSCSIVolumeTestJSON-528127996 tempest-AttachSCSIVolumeTestJSON-528127996-project-admin] Matched version: v2 {{(pid=102061) process_request /opt/stack/glance/glance/api/middleware/version_negotiation.py:69}}
Jun 03 09:27:07.300328 np0000002036 devstack@g-api.service[102061]: DEBUG glance.api.middleware.version_negotiation [None req-da918031-5685-40b7-8867-5b6a228e196d tempest-AttachSCSIVolumeTestJSON-528127996 tempest-AttachSCSIVolumeTestJSON-528127996-project-admin] new path /v2/schemas/image {{(pid=102061) process_request /opt/stack/glance/glance/api/middleware/version_negotiation.py:70}}
Jun 03 09:27:07.306149 np0000002036 devstack@g-api.service[102061]: [pid: 102061|app: 0|req: 15/55] 127.0.0.1 () {44 vars in 1051 bytes} [Wed Jun 3 09:27:07 2026] GET /v2/schemas/image => generated 6083 bytes in 7 msecs (HTTP/1.1 200) 4 headers in 158 bytes (1 switches on core 0)
Jun 03 09:27:07.319694 np0000002036 devstack@g-api.service[102060]: DEBUG glance.api.middleware.version_negotiation [None req-1f2a3836-0f3b-4cb6-b841-124c0c3205ee service glance] Determining version of request: GET /v2/schemas/image Accept: */* {{(pid=102060) process_request /opt/stack/glance/glance/api/middleware/version_negotiation.py:44}}
Jun 03 09:27:07.319694 np0000002036 devstack@g-api.service[102060]: DEBUG glance.api.middleware.version_negotiation [None req-1f2a3836-0f3b-4cb6-b841-124c0c3205ee service glance] Using url versioning {{(pid=102060) process_request /opt/stack/glance/glance/api/middleware/version_negotiation.py:57}}
Jun 03 09:27:07.319694 np0000002036 devstack@g-api.service[102060]: DEBUG glance.api.middleware.version_negotiation [None req-1f2a3836-0f3b-4cb6-b841-124c0c3205ee service glance] Matched version: v2 {{(pid=102060) process_request /opt/stack/glance/glance/api/middleware/version_negotiation.py:69}}
Jun 03 09:27:07.319694 np0000002036 devstack@g-api.service[102060]: DEBUG glance.api.middleware.version_negotiation [None req-1f2a3836-0f3b-4cb6-b841-124c0c3205ee service glance] new path /v2/schemas/image {{(pid=102060) process_request /opt/stack/glance/glance/api/middleware/version_negotiation.py:70}}
Jun 03 09:27:07.322433 np0000002036 devstack@g-api.service[102060]: [pid: 102060|app: 0|req: 22/56] 127.0.0.1 () {44 vars in 1051 bytes} [Wed Jun 3 09:27:07 2026] GET /v2/schemas/image => generated 6083 bytes in 4 msecs (HTTP/1.1 200) 4 headers in 158 bytes (1 switches on core 0)
Jun 03 09:27:09.595935 np0000002036 devstack@g-api.service[102059]: DEBUG glance.api.middleware.version_negotiation [None req-1f2a3836-0f3b-4cb6-b841-124c0c3205ee tempest-TaggedBootDevicesTest_v242-1155424333 tempest-TaggedBootDevicesTest_v242-1155424333-project-member] Determining version of request: GET / Accept: application/json {{(pid=102059) process_request /opt/stack/glance/glance/api/middleware/version_negotiation.py:44}}
Jun 03 09:27:09.596287 np0000002036 devstack@g-api.service[102059]: DEBUG glance.api.middleware.version_negotiation [None req-1f2a3836-0f3b-4cb6-b841-124c0c3205ee tempest-TaggedBootDevicesTest_v242-1155424333 tempest-TaggedBootDevicesTest_v242-1155424333-project-member] Using url versioning {{(pid=102059) process_request /opt/stack/glance/glance/api/middleware/version_negotiation.py:57}}
Jun 03 09:27:09.596429 np0000002036 devstack@g-api.service[102059]: DEBUG glance.api.middleware.version_negotiation [None req-1f2a3836-0f3b-4cb6-b841-124c0c3205ee tempest-TaggedBootDevicesTest_v242-1155424333 tempest-TaggedBootDevicesTest_v242-1155424333-project-member] Unknown version. Returning version choices. {{(pid=102059) process_request /opt/stack/glance/glance/api/middleware/version_negotiation.py:64}}
Jun 03 09:27:09.597206 np0000002036 devstack@g-api.service[102059]: [pid: 102059|app: 0|req: 20/57] 127.0.0.1 () {36 vars in 555 bytes} [Wed Jun 3 09:27:09 2026] GET / => generated 1394 bytes in 1 msecs (HTTP/1.1 300) 3 headers in 106 bytes (1 switches on core 0)
Jun 03 09:27:10.045707 np0000002036 devstack@g-api.service[102061]: DEBUG glance.api.middleware.version_negotiation [None req-1f2a3836-0f3b-4cb6-b841-124c0c3205ee tempest-TaggedBootDevicesTest_v242-1155424333 tempest-TaggedBootDevicesTest_v242-1155424333-project-member] Determining version of request: GET /v2/images/ad24e4d7-5a67-4139-8870-49942f7c9f96 Accept: */* {{(pid=102061) process_request /opt/stack/glance/glance/api/middleware/version_negotiation.py:44}}
Jun 03 09:27:10.046163 np0000002036 devstack@g-api.service[102061]: DEBUG glance.api.middleware.version_negotiation [None req-1f2a3836-0f3b-4cb6-b841-124c0c3205ee tempest-TaggedBootDevicesTest_v242-1155424333 tempest-TaggedBootDevicesTest_v242-1155424333-project-member] Using url versioning {{(pid=102061) process_request /opt/stack/glance/glance/api/middleware/version_negotiation.py:57}}
Jun 03 09:27:10.046163 np0000002036 devstack@g-api.service[102061]: DEBUG glance.api.middleware.version_negotiation [None req-1f2a3836-0f3b-4cb6-b841-124c0c3205ee tempest-TaggedBootDevicesTest_v242-1155424333 tempest-TaggedBootDevicesTest_v242-1155424333-project-member] Matched version: v2 {{(pid=102061) process_request /opt/stack/glance/glance/api/middleware/version_negotiation.py:69}}
Jun 03 09:27:10.046163 np0000002036 devstack@g-api.service[102061]: DEBUG glance.api.middleware.version_negotiation [None req-1f2a3836-0f3b-4cb6-b841-124c0c3205ee tempest-TaggedBootDevicesTest_v242-1155424333 tempest-TaggedBootDevicesTest_v242-1155424333-project-member] new path /v2/images/ad24e4d7-5a67-4139-8870-49942f7c9f96 {{(pid=102061) process_request /opt/stack/glance/glance/api/middleware/version_negotiation.py:70}}
Jun 03 09:27:10.347815 np0000002036 devstack@g-api.service[102061]: [pid: 102061|app: 0|req: 16/58] 127.0.0.1 () {44 vars in 1111 bytes} [Wed Jun 3 09:27:10 2026] GET /v2/images/ad24e4d7-5a67-4139-8870-49942f7c9f96 => generated 859 bytes in 302 msecs (HTTP/1.1 200) 4 headers in 157 bytes (1 switches on core 0)
Jun 03 09:27:10.382468 np0000002036 devstack@g-api.service[102060]: DEBUG glance.api.middleware.version_negotiation [None req-1f2a3836-0f3b-4cb6-b841-124c0c3205ee tempest-TaggedBootDevicesTest_v242-1155424333 tempest-TaggedBootDevicesTest_v242-1155424333-project-member] Determining version of request: GET /v2/schemas/image Accept: */* {{(pid=102060) process_request /opt/stack/glance/glance/api/middleware/version_negotiation.py:44}}
Jun 03 09:27:10.382813 np0000002036 devstack@g-api.service[102060]: DEBUG glance.api.middleware.version_negotiation [None req-1f2a3836-0f3b-4cb6-b841-124c0c3205ee tempest-TaggedBootDevicesTest_v242-1155424333 tempest-TaggedBootDevicesTest_v242-1155424333-project-member] Using url versioning {{(pid=102060) process_request /opt/stack/glance/glance/api/middleware/version_negotiation.py:57}}
Jun 03 09:27:10.382813 np0000002036 devstack@g-api.service[102060]: DEBUG glance.api.middleware.version_negotiation [None req-1f2a3836-0f3b-4cb6-b841-124c0c3205ee tempest-TaggedBootDevicesTest_v242-1155424333 tempest-TaggedBootDevicesTest_v242-1155424333-project-member] Matched version: v2 {{(pid=102060) process_request /opt/stack/glance/glance/api/middleware/version_negotiation.py:69}}
Jun 03 09:27:10.382980 np0000002036 devstack@g-api.service[102060]: DEBUG glance.api.middleware.version_negotiation [None req-1f2a3836-0f3b-4cb6-b841-124c0c3205ee tempest-TaggedBootDevicesTest_v242-1155424333 tempest-TaggedBootDevicesTest_v242-1155424333-project-member] new path /v2/schemas/image {{(pid=102060) process_request /opt/stack/glance/glance/api/middleware/version_negotiation.py:70}}
