Jun 03 09:24:10.254103 np0000002036 nova-scheduler[95752]: DEBUG cotyledon.oslo_config_glue [-] oslo_limit.collect_timing = False {{(pid=95752) log_opt_values /opt/stack/data/venv/lib/python3.12/site-packages/oslo_config/cfg.py:3256}}
Jun 03 09:24:10.254192 np0000002036 nova-scheduler[95752]: DEBUG cotyledon.oslo_config_glue [-] oslo_limit.connect_retries = None {{(pid=95752) log_opt_values /opt/stack/data/venv/lib/python3.12/site-packages/oslo_config/cfg.py:3256}}
Jun 03 09:24:10.254279 np0000002036 nova-scheduler[95752]: DEBUG cotyledon.oslo_config_glue [-] oslo_limit.connect_retry_delay = None {{(pid=95752) log_opt_values /opt/stack/data/venv/lib/python3.12/site-packages/oslo_config/cfg.py:3256}}
Jun 03 09:24:10.254364 np0000002036 nova-scheduler[95752]: DEBUG cotyledon.oslo_config_glue [-] oslo_limit.endpoint_id = None {{(pid=95752) log_opt_values /opt/stack/data/venv/lib/python3.12/site-packages/oslo_config/cfg.py:3256}}
Jun 03 09:24:10.254438 np0000002036 nova-scheduler[95752]: DEBUG cotyledon.oslo_config_glue [-] oslo_limit.endpoint_interface = public {{(pid=95752) log_opt_values /opt/stack/data/venv/lib/python3.12/site-packages/oslo_config/cfg.py:3256}}
Jun 03 09:24:10.254512 np0000002036 nova-scheduler[95752]: DEBUG cotyledon.oslo_config_glue [-] oslo_limit.endpoint_override = None {{(pid=95752) log_opt_values /opt/stack/data/venv/lib/python3.12/site-packages/oslo_config/cfg.py:3256}}
Jun 03 09:24:10.255046 np0000002036 nova-scheduler[95752]: DEBUG cotyledon.oslo_config_glue [-] oslo_limit.endpoint_region_name = None {{(pid=95752) log_opt_values /opt/stack/data/venv/lib/python3.12/site-packages/oslo_config/cfg.py:3256}}
Jun 03 09:24:10.255046 np0000002036 nova-scheduler[95752]: DEBUG cotyledon.oslo_config_glue [-] oslo_limit.endpoint_service_name = None {{(pid=95752) log_opt_values /opt/stack/data/venv/lib/python3.12/site-packages/oslo_config/cfg.py:3256}}
Jun 03 09:24:10.255046 np0000002036 nova-scheduler[95752]: DEBUG cotyledon.oslo_config_glue [-] oslo_limit.endpoint_service_type = None {{(pid=95752) log_opt_values /opt/stack/data/venv/lib/python3.12/site-packages/oslo_config/cfg.py:3256}}
Jun 03 09:24:10.255046 np0000002036 nova-scheduler[95752]: DEBUG cotyledon.oslo_config_glue [-] oslo_limit.insecure = False {{(pid=95752) log_opt_values /opt/stack/data/venv/lib/python3.12/site-packages/oslo_config/cfg.py:3256}}
Jun 03 09:24:10.255046 np0000002036 nova-scheduler[95752]: DEBUG cotyledon.oslo_config_glue [-] oslo_limit.keyfile = None {{(pid=95752) log_opt_values /opt/stack/data/venv/lib/python3.12/site-packages/oslo_config/cfg.py:3256}}
Jun 03 09:24:10.255046 np0000002036 nova-scheduler[95752]: DEBUG cotyledon.oslo_config_glue [-] oslo_limit.max_version = None {{(pid=95752) log_opt_values /opt/stack/data/venv/lib/python3.12/site-packages/oslo_config/cfg.py:3256}}
Jun 03 09:24:10.255046 np0000002036 nova-scheduler[95752]: DEBUG cotyledon.oslo_config_glue [-] oslo_limit.min_version = None {{(pid=95752) log_opt_values /opt/stack/data/venv/lib/python3.12/site-packages/oslo_config/cfg.py:3256}}
Jun 03 09:24:10.255046 np0000002036 nova-scheduler[95752]: DEBUG cotyledon.oslo_config_glue [-] oslo_limit.region_name = None {{(pid=95752) log_opt_values /opt/stack/data/venv/lib/python3.12/site-packages/oslo_config/cfg.py:3256}}
Jun 03 09:24:10.255046 np0000002036 nova-scheduler[95752]: DEBUG cotyledon.oslo_config_glue [-] oslo_limit.retriable_status_codes = None {{(pid=95752) log_opt_values /opt/stack/data/venv/lib/python3.12/site-packages/oslo_config/cfg.py:3256}}
Jun 03 09:24:10.255351 np0000002036 nova-scheduler[95752]: DEBUG cotyledon.oslo_config_glue [-] oslo_limit.service_name = None {{(pid=95752) log_opt_values /opt/stack/data/venv/lib/python3.12/site-packages/oslo_config/cfg.py:3256}}
Jun 03 09:24:10.255351 np0000002036 nova-scheduler[95752]: DEBUG cotyledon.oslo_config_glue [-] oslo_limit.service_type = None {{(pid=95752) log_opt_values /opt/stack/data/venv/lib/python3.12/site-packages/oslo_config/cfg.py:3256}}
Jun 03 09:24:10.255351 np0000002036 nova-scheduler[95752]: DEBUG cotyledon.oslo_config_glue [-] oslo_limit.split_loggers = False {{(pid=95752) log_opt_values /opt/stack/data/venv/lib/python3.12/site-packages/oslo_config/cfg.py:3256}}
Jun 03 09:24:10.255351 np0000002036 nova-scheduler[95752]: DEBUG cotyledon.oslo_config_glue [-] oslo_limit.status_code_retries = None {{(pid=95752) log_opt_values /opt/stack/data/venv/lib/python3.12/site-packages/oslo_config/cfg.py:3256}}
Jun 03 09:24:10.255351 np0000002036 nova-scheduler[95752]: DEBUG cotyledon.oslo_config_glue [-] oslo_limit.status_code_retry_delay = None {{(pid=95752) log_opt_values /opt/stack/data/venv/lib/python3.12/site-packages/oslo_config/cfg.py:3256}}
Jun 03 09:24:10.255351 np0000002036 nova-scheduler[95752]: DEBUG cotyledon.oslo_config_glue [-] oslo_limit.timeout = None {{(pid=95752) log_opt_values /opt/stack/data/venv/lib/python3.12/site-packages/oslo_config/cfg.py:3256}}
Jun 03 09:24:10.255351 np0000002036 nova-scheduler[95752]: DEBUG cotyledon.oslo_config_glue [-] oslo_limit.valid_interfaces = None {{(pid=95752) log_opt_values /opt/stack/data/venv/lib/python3.12/site-packages/oslo_config/cfg.py:3256}}
Jun 03 09:24:10.255553 np0000002036 nova-scheduler[95752]: DEBUG cotyledon.oslo_config_glue [-] oslo_limit.version = None {{(pid=95752) log_opt_values /opt/stack/data/venv/lib/python3.12/site-packages/oslo_config/cfg.py:3256}}
Jun 03 09:24:10.255553 np0000002036 nova-scheduler[95752]: DEBUG cotyledon.oslo_config_glue [-] oslo_reports.file_event_handler = None {{(pid=95752) log_opt_values /opt/stack/data/venv/lib/python3.12/site-packages/oslo_config/cfg.py:3256}}
Jun 03 09:24:10.255625 np0000002036 nova-scheduler[95752]: DEBUG cotyledon.oslo_config_glue [-] oslo_reports.file_event_handler_interval = 1 {{(pid=95752) log_opt_values /opt/stack/data/venv/lib/python3.12/site-packages/oslo_config/cfg.py:3256}}
Jun 03 09:24:10.255665 np0000002036 nova-scheduler[95752]: DEBUG cotyledon.oslo_config_glue [-] oslo_reports.log_dir = None {{(pid=95752) log_opt_values /opt/stack/data/venv/lib/python3.12/site-packages/oslo_config/cfg.py:3256}}
Jun 03 09:24:10.255764 np0000002036 nova-scheduler[95752]: DEBUG cotyledon.oslo_config_glue [-] ******************************************************************************** {{(pid=95752) log_opt_values /opt/stack/data/venv/lib/python3.12/site-packages/oslo_config/cfg.py:3263}}
Jun 03 09:24:10.255927 np0000002036 nova-scheduler[95752]: DEBUG cotyledon._service_worker [-] Run service ServiceWrapper(2) [95752] {{(pid=95752) wait_forever /opt/stack/data/venv/lib/python3.12/site-packages/cotyledon/_service_worker.py:218}}
Jun 03 09:24:10.256398 np0000002036 nova-scheduler[95750]: DEBUG oslo_db.sqlalchemy.engines [None req-c7df5005-353e-4ac3-a469-f9ee85439d65 None None] MySQL server mode set to STRICT_TRANS_TABLES,STRICT_ALL_TABLES,NO_ZERO_IN_DATE,NO_ZERO_DATE,ERROR_FOR_DIVISION_BY_ZERO,TRADITIONAL,NO_ENGINE_SUBSTITUTION {{(pid=95750) _check_effective_sql_mode /opt/stack/data/venv/lib/python3.12/site-packages/oslo_db/sqlalchemy/engines.py:325}}
Jun 03 09:24:10.257396 np0000002036 nova-scheduler[95752]: INFO nova.service [-] Starting scheduler node (version 33.1.0)
Jun 03 09:24:10.263917 np0000002036 nova-scheduler[95752]: INFO dbcounter [None req-af43fb89-2d41-46fe-8e9a-f08cc778e5ed None None] Registered counter for database nova_cell0
Jun 03 09:24:10.267545 np0000002036 nova-scheduler[95750]: DEBUG dbcounter [-] [95750] Writer thread running {{(pid=95750) stat_writer /opt/stack/data/venv/lib/python3.12/site-packages/dbcounter.py:102}}
Jun 03 09:24:10.285010 np0000002036 nova-scheduler[95748]: DEBUG nova.service [None req-fe116f6a-c766-451f-abc1-67e723ba5df5 None None] Creating RPC server for service: nova-scheduler on topic: scheduler {{(pid=95748) start /opt/stack/nova/nova/service.py:195}}
Jun 03 09:24:10.294671 np0000002036 nova-scheduler[95750]: DEBUG nova.service [None req-c7df5005-353e-4ac3-a469-f9ee85439d65 None None] Creating RPC server for service: nova-scheduler on topic: scheduler {{(pid=95750) start /opt/stack/nova/nova/service.py:195}}
Jun 03 09:24:10.310349 np0000002036 nova-scheduler[95752]: DEBUG oslo_db.sqlalchemy.engines [None req-af43fb89-2d41-46fe-8e9a-f08cc778e5ed None None] MySQL server mode set to STRICT_TRANS_TABLES,STRICT_ALL_TABLES,NO_ZERO_IN_DATE,NO_ZERO_DATE,ERROR_FOR_DIVISION_BY_ZERO,TRADITIONAL,NO_ENGINE_SUBSTITUTION {{(pid=95752) _check_effective_sql_mode /opt/stack/data/venv/lib/python3.12/site-packages/oslo_db/sqlalchemy/engines.py:325}}
Jun 03 09:24:10.319024 np0000002036 nova-scheduler[95748]: DEBUG nova.service [None req-fe116f6a-c766-451f-abc1-67e723ba5df5 None None] Join ServiceGroup membership for this service scheduler {{(pid=95748) start /opt/stack/nova/nova/service.py:221}}
Jun 03 09:24:10.319454 np0000002036 nova-scheduler[95748]: DEBUG nova.servicegroup.drivers.db [None req-fe116f6a-c766-451f-abc1-67e723ba5df5 None None] DB_Driver: join new ServiceGroup member np0000002036 to the scheduler group, service = {{(pid=95748) join /opt/stack/nova/nova/servicegroup/drivers/db.py:44}}
Jun 03 09:24:10.321383 np0000002036 nova-scheduler[95752]: DEBUG dbcounter [-] [95752] Writer thread running {{(pid=95752) stat_writer /opt/stack/data/venv/lib/python3.12/site-packages/dbcounter.py:102}}
Jun 03 09:24:10.323495 np0000002036 nova-scheduler[95750]: DEBUG nova.service [None req-c7df5005-353e-4ac3-a469-f9ee85439d65 None None] Join ServiceGroup membership for this service scheduler {{(pid=95750) start /opt/stack/nova/nova/service.py:221}}
Jun 03 09:24:10.323717 np0000002036 nova-scheduler[95750]: DEBUG nova.servicegroup.drivers.db [None req-c7df5005-353e-4ac3-a469-f9ee85439d65 None None] DB_Driver: join new ServiceGroup member np0000002036 to the scheduler group, service = {{(pid=95750) join /opt/stack/nova/nova/servicegroup/drivers/db.py:44}}
Jun 03 09:24:10.324446 np0000002036 nova-scheduler[95752]: DEBUG nova.service [None req-af43fb89-2d41-46fe-8e9a-f08cc778e5ed None None] Creating RPC server for service: nova-scheduler on topic: scheduler {{(pid=95752) start /opt/stack/nova/nova/service.py:195}}
Jun 03 09:24:10.346142 np0000002036 nova-scheduler[95752]: DEBUG nova.service [None req-af43fb89-2d41-46fe-8e9a-f08cc778e5ed None None] Join ServiceGroup membership for this service scheduler {{(pid=95752) start /opt/stack/nova/nova/service.py:221}}
Jun 03 09:24:10.346424 np0000002036 nova-scheduler[95752]: DEBUG nova.servicegroup.drivers.db [None req-af43fb89-2d41-46fe-8e9a-f08cc778e5ed None None] DB_Driver: join new ServiceGroup member np0000002036 to the scheduler group, service = {{(pid=95752) join /opt/stack/nova/nova/servicegroup/drivers/db.py:44}}
Jun 03 09:24:15.334599 np0000002036 nova-scheduler[95748]: DEBUG oslo.service.backend._threading.loopingcall [-] Fixed interval looping call 'nova.servicegroup.drivers.db.DbDriver._report_state' sleeping for 119.99 seconds {{(pid=95748) _run_loop /opt/stack/data/venv/lib/python3.12/site-packages/oslo_service/backend/_threading/loopingcall.py:125}}
Jun 03 09:24:15.335110 np0000002036 nova-scheduler[95750]: DEBUG oslo.service.backend._threading.loopingcall [-] Fixed interval looping call 'nova.servicegroup.drivers.db.DbDriver._report_state' sleeping for 119.99 seconds {{(pid=95750) _run_loop /opt/stack/data/venv/lib/python3.12/site-packages/oslo_service/backend/_threading/loopingcall.py:125}}
Jun 03 09:24:15.356576 np0000002036 nova-scheduler[95752]: DEBUG oslo.service.backend._threading.loopingcall [-] Fixed interval looping call 'nova.servicegroup.drivers.db.DbDriver._report_state' sleeping for 119.99 seconds {{(pid=95752) _run_loop /opt/stack/data/venv/lib/python3.12/site-packages/oslo_service/backend/_threading/loopingcall.py:125}}
Jun 03 09:24:18.789575 np0000002036 nova-scheduler[94549]: DEBUG dbcounter [-] [94549] Writing DB stats nova_api:SELECT=3 {{(pid=94549) stat_writer /opt/stack/data/venv/lib/python3.12/site-packages/dbcounter.py:115}}
Jun 03 09:24:18.963712 np0000002036 nova-scheduler[94549]: DEBUG dbcounter [-] [94549] Writing DB stats nova_cell1:SELECT=1 {{(pid=94549) stat_writer /opt/stack/data/venv/lib/python3.12/site-packages/dbcounter.py:115}}
Jun 03 09:24:18.969618 np0000002036 nova-scheduler[94549]: DEBUG dbcounter [-] [94549] Writing DB stats nova_cell0:SELECT=1 {{(pid=94549) stat_writer /opt/stack/data/venv/lib/python3.12/site-packages/dbcounter.py:115}}
Jun 03 09:24:25.329021 np0000002036 nova-scheduler[95748]: DEBUG dbcounter [-] [95748] Writing DB stats nova_cell0:SELECT=4,nova_cell0:INSERT=1,nova_cell0:UPDATE=1 {{(pid=95748) stat_writer /opt/stack/data/venv/lib/python3.12/site-packages/dbcounter.py:115}}
Jun 03 09:24:25.333178 np0000002036 nova-scheduler[95750]: DEBUG dbcounter [-] [95750] Writing DB stats nova_cell0:SELECT=5,nova_cell0:INSERT=1,nova_cell0:UPDATE=1 {{(pid=95750) stat_writer /opt/stack/data/venv/lib/python3.12/site-packages/dbcounter.py:115}}
Jun 03 09:24:25.354568 np0000002036 nova-scheduler[95752]: DEBUG dbcounter [-] [95752] Writing DB stats nova_cell0:SELECT=3 {{(pid=95752) stat_writer /opt/stack/data/venv/lib/python3.12/site-packages/dbcounter.py:115}}
Jun 03 09:24:47.321919 np0000002036 nova-scheduler[95748]: DEBUG oslo.service.backend._threading.loopingcall [None req-66c91bd5-1da0-47d4-a766-4208945ad500 None None] Dynamic interval looping call 'nova.service.Service.periodic_tasks' sleeping for 60.00 seconds {{(pid=95748) _run_loop /opt/stack/data/venv/lib/python3.12/site-packages/oslo_service/backend/_threading/loopingcall.py:125}}
Jun 03 09:25:00.325497 np0000002036 nova-scheduler[95750]: DEBUG oslo.service.backend._threading.loopingcall [None req-969d78cc-fabb-471f-831e-c7485248cd83 None None] Dynamic interval looping call 'nova.service.Service.periodic_tasks' sleeping for 60.00 seconds {{(pid=95750) _run_loop /opt/stack/data/venv/lib/python3.12/site-packages/oslo_service/backend/_threading/loopingcall.py:125}}
Jun 03 09:25:01.348692 np0000002036 nova-scheduler[95752]: DEBUG oslo.service.backend._threading.loopingcall [None req-ae954fb4-1625-4343-94ab-49a9ef011fa7 None None] Dynamic interval looping call 'nova.service.Service.periodic_tasks' sleeping for 60.00 seconds {{(pid=95752) _run_loop /opt/stack/data/venv/lib/python3.12/site-packages/oslo_service/backend/_threading/loopingcall.py:125}}
Jun 03 09:25:47.322493 np0000002036 nova-scheduler[95748]: DEBUG oslo.service.backend._threading.loopingcall [None req-66c91bd5-1da0-47d4-a766-4208945ad500 None None] Dynamic interval looping call 'nova.service.Service.periodic_tasks' sleeping for 60.00 seconds {{(pid=95748) _run_loop /opt/stack/data/venv/lib/python3.12/site-packages/oslo_service/backend/_threading/loopingcall.py:125}}
Jun 03 09:26:00.325964 np0000002036 nova-scheduler[95750]: DEBUG oslo.service.backend._threading.loopingcall [None req-969d78cc-fabb-471f-831e-c7485248cd83 None None] Dynamic interval looping call 'nova.service.Service.periodic_tasks' sleeping for 60.00 seconds {{(pid=95750) _run_loop /opt/stack/data/venv/lib/python3.12/site-packages/oslo_service/backend/_threading/loopingcall.py:125}}
Jun 03 09:26:01.349290 np0000002036 nova-scheduler[95752]: DEBUG oslo.service.backend._threading.loopingcall [None req-ae954fb4-1625-4343-94ab-49a9ef011fa7 None None] Dynamic interval looping call 'nova.service.Service.periodic_tasks' sleeping for 60.00 seconds {{(pid=95752) _run_loop /opt/stack/data/venv/lib/python3.12/site-packages/oslo_service/backend/_threading/loopingcall.py:125}}
Jun 03 09:26:15.331050 np0000002036 nova-scheduler[95748]: DEBUG oslo.service.backend._threading.loopingcall [-] Fixed interval looping call 'nova.servicegroup.drivers.db.DbDriver._report_state' sleeping for 119.99 seconds {{(pid=95748) _run_loop /opt/stack/data/venv/lib/python3.12/site-packages/oslo_service/backend/_threading/loopingcall.py:125}}
Jun 03 09:26:15.331663 np0000002036 nova-scheduler[95750]: DEBUG oslo.service.backend._threading.loopingcall [-] Fixed interval looping call 'nova.servicegroup.drivers.db.DbDriver._report_state' sleeping for 119.99 seconds {{(pid=95750) _run_loop /opt/stack/data/venv/lib/python3.12/site-packages/oslo_service/backend/_threading/loopingcall.py:125}}
Jun 03 09:26:15.349936 np0000002036 nova-scheduler[95752]: DEBUG oslo.service.backend._threading.loopingcall [-] Fixed interval looping call 'nova.servicegroup.drivers.db.DbDriver._report_state' sleeping for 120.00 seconds {{(pid=95752) _run_loop /opt/stack/data/venv/lib/python3.12/site-packages/oslo_service/backend/_threading/loopingcall.py:125}}
Jun 03 09:26:25.327683 np0000002036 nova-scheduler[95748]: DEBUG dbcounter [-] [95748] Writing DB stats nova_cell0:SELECT=1,nova_cell0:UPDATE=1 {{(pid=95748) stat_writer /opt/stack/data/venv/lib/python3.12/site-packages/dbcounter.py:115}}
Jun 03 09:26:25.328732 np0000002036 nova-scheduler[95750]: DEBUG dbcounter [-] [95750] Writing DB stats nova_cell0:SELECT=1,nova_cell0:UPDATE=1 {{(pid=95750) stat_writer /opt/stack/data/venv/lib/python3.12/site-packages/dbcounter.py:115}}
Jun 03 09:26:25.348183 np0000002036 nova-scheduler[95752]: DEBUG dbcounter [-] [95752] Writing DB stats nova_cell0:SELECT=1 {{(pid=95752) stat_writer /opt/stack/data/venv/lib/python3.12/site-packages/dbcounter.py:115}}
Jun 03 09:26:47.323067 np0000002036 nova-scheduler[95748]: DEBUG oslo.service.backend._threading.loopingcall [None req-66c91bd5-1da0-47d4-a766-4208945ad500 None None] Dynamic interval looping call 'nova.service.Service.periodic_tasks' sleeping for 60.00 seconds {{(pid=95748) _run_loop /opt/stack/data/venv/lib/python3.12/site-packages/oslo_service/backend/_threading/loopingcall.py:125}}
Jun 03 09:27:00.326569 np0000002036 nova-scheduler[95750]: DEBUG oslo.service.backend._threading.loopingcall [None req-969d78cc-fabb-471f-831e-c7485248cd83 None None] Dynamic interval looping call 'nova.service.Service.periodic_tasks' sleeping for 60.00 seconds {{(pid=95750) _run_loop /opt/stack/data/venv/lib/python3.12/site-packages/oslo_service/backend/_threading/loopingcall.py:125}}
Jun 03 09:27:01.349769 np0000002036 nova-scheduler[95752]: DEBUG oslo.service.backend._threading.loopingcall [None req-ae954fb4-1625-4343-94ab-49a9ef011fa7 None None] Dynamic interval looping call 'nova.service.Service.periodic_tasks' sleeping for 60.00 seconds {{(pid=95752) _run_loop /opt/stack/data/venv/lib/python3.12/site-packages/oslo_service/backend/_threading/loopingcall.py:125}}
Jun 03 09:27:17.813085 np0000002036 nova-scheduler[95748]: DEBUG nova.scheduler.manager [None req-7c60d40f-b64a-41dd-b398-728eb27d2d4a tempest-AttachSCSIVolumeTestJSON-1078024100 tempest-AttachSCSIVolumeTestJSON-1078024100-project-member] Starting to schedule for instances: ['0cca532e-1c29-4386-a406-0fbf9908b53e'] {{(pid=95748) select_destinations /opt/stack/nova/nova/scheduler/manager.py:210}}
Jun 03 09:27:17.813973 np0000002036 nova-scheduler[95748]: DEBUG nova.scheduler.request_filter [None req-7c60d40f-b64a-41dd-b398-728eb27d2d4a tempest-AttachSCSIVolumeTestJSON-1078024100 tempest-AttachSCSIVolumeTestJSON-1078024100-project-member] compute_status_filter request filter added forbidden trait COMPUTE_STATUS_DISABLED {{(pid=95748) compute_status_filter /opt/stack/nova/nova/scheduler/request_filter.py:253}}
Jun 03 09:27:17.814133 np0000002036 nova-scheduler[95748]: DEBUG nova.scheduler.request_filter [None req-7c60d40f-b64a-41dd-b398-728eb27d2d4a tempest-AttachSCSIVolumeTestJSON-1078024100 tempest-AttachSCSIVolumeTestJSON-1078024100-project-member] Request filter 'compute_status_filter' took 0.0 seconds {{(pid=95748) wrapper /opt/stack/nova/nova/scheduler/request_filter.py:46}}
Jun 03 09:27:17.814400 np0000002036 nova-scheduler[95748]: DEBUG nova.scheduler.request_filter [None req-7c60d40f-b64a-41dd-b398-728eb27d2d4a tempest-AttachSCSIVolumeTestJSON-1078024100 tempest-AttachSCSIVolumeTestJSON-1078024100-project-member] Request filter 'accelerators_filter' took 0.0 seconds {{(pid=95748) wrapper /opt/stack/nova/nova/scheduler/request_filter.py:46}}
Jun 03 09:27:17.814609 np0000002036 nova-scheduler[95748]: DEBUG nova.scheduler.request_filter [None req-7c60d40f-b64a-41dd-b398-728eb27d2d4a tempest-AttachSCSIVolumeTestJSON-1078024100 tempest-AttachSCSIVolumeTestJSON-1078024100-project-member] Request filter 'packed_virtqueue_filter' took 0.0 seconds {{(pid=95748) wrapper /opt/stack/nova/nova/scheduler/request_filter.py:46}}
Jun 03 09:27:17.815038 np0000002036 nova-scheduler[95748]: DEBUG nova.scheduler.request_filter [None req-7c60d40f-b64a-41dd-b398-728eb27d2d4a tempest-AttachSCSIVolumeTestJSON-1078024100 tempest-AttachSCSIVolumeTestJSON-1078024100-project-member] Request filter 'remote_managed_ports_filter' took 0.0 seconds {{(pid=95748) wrapper /opt/stack/nova/nova/scheduler/request_filter.py:46}}
Jun 03 09:27:17.815227 np0000002036 nova-scheduler[95748]: DEBUG nova.scheduler.request_filter [None req-7c60d40f-b64a-41dd-b398-728eb27d2d4a tempest-AttachSCSIVolumeTestJSON-1078024100 tempest-AttachSCSIVolumeTestJSON-1078024100-project-member] ephemeral_encryption_filter skipped {{(pid=95748) ephemeral_encryption_filter /opt/stack/nova/nova/scheduler/request_filter.py:426}}
Jun 03 09:27:17.815397 np0000002036 nova-scheduler[95748]: DEBUG nova.scheduler.request_filter [None req-7c60d40f-b64a-41dd-b398-728eb27d2d4a tempest-AttachSCSIVolumeTestJSON-1078024100 tempest-AttachSCSIVolumeTestJSON-1078024100-project-member] virtio_sound_filter skipped {{(pid=95748) virtio_sound_filter /opt/stack/nova/nova/scheduler/request_filter.py:460}}
Jun 03 09:27:17.816032 np0000002036 nova-scheduler[95748]: DEBUG nova.scheduler.request_filter [None req-7c60d40f-b64a-41dd-b398-728eb27d2d4a tempest-AttachSCSIVolumeTestJSON-1078024100 tempest-AttachSCSIVolumeTestJSON-1078024100-project-member] tpm_secret_security_filter skipped {{(pid=95748) tpm_secret_security_filter /opt/stack/nova/nova/scheduler/request_filter.py:477}}
Jun 03 09:27:18.307446 np0000002036 nova-scheduler[95748]: INFO nova.utils [None req-7c60d40f-b64a-41dd-b398-728eb27d2d4a tempest-AttachSCSIVolumeTestJSON-1078024100 tempest-AttachSCSIVolumeTestJSON-1078024100-project-member] The cell worker thread pool ForkProcess-1.cell_worker is initialized
Jun 03 09:27:18.307842 np0000002036 nova-scheduler[95748]: DEBUG oslo_concurrency.lockutils [None req-7c60d40f-b64a-41dd-b398-728eb27d2d4a tempest-AttachSCSIVolumeTestJSON-1078024100 tempest-AttachSCSIVolumeTestJSON-1078024100-project-member] Acquiring lock "bd21221d-7af1-4401-9ff0-a66488f66111" by "nova.context.set_target_cell..get_or_set_cached_cell_and_set_connections" {{(pid=95748) inner /opt/stack/data/venv/lib/python3.12/site-packages/oslo_concurrency/lockutils.py:511}}
Jun 03 09:27:18.308082 np0000002036 nova-scheduler[95748]: DEBUG oslo_concurrency.lockutils [None req-7c60d40f-b64a-41dd-b398-728eb27d2d4a tempest-AttachSCSIVolumeTestJSON-1078024100 tempest-AttachSCSIVolumeTestJSON-1078024100-project-member] Lock "bd21221d-7af1-4401-9ff0-a66488f66111" acquired by "nova.context.set_target_cell..get_or_set_cached_cell_and_set_connections" :: waited 0.000s {{(pid=95748) inner /opt/stack/data/venv/lib/python3.12/site-packages/oslo_concurrency/lockutils.py:524}}
Jun 03 09:27:18.309672 np0000002036 nova-scheduler[95748]: DEBUG oslo_concurrency.lockutils [None req-7c60d40f-b64a-41dd-b398-728eb27d2d4a tempest-AttachSCSIVolumeTestJSON-1078024100 tempest-AttachSCSIVolumeTestJSON-1078024100-project-member] Lock "bd21221d-7af1-4401-9ff0-a66488f66111" "released" by "nova.context.set_target_cell..get_or_set_cached_cell_and_set_connections" :: held 0.001s {{(pid=95748) inner /opt/stack/data/venv/lib/python3.12/site-packages/oslo_concurrency/lockutils.py:543}}
Jun 03 09:27:18.312255 np0000002036 nova-scheduler[95748]: INFO dbcounter [None req-7c60d40f-b64a-41dd-b398-728eb27d2d4a tempest-AttachSCSIVolumeTestJSON-1078024100 tempest-AttachSCSIVolumeTestJSON-1078024100-project-member] Registered counter for database nova_cell1
Jun 03 09:27:18.355215 np0000002036 nova-scheduler[95748]: DEBUG oslo_db.sqlalchemy.engines [None req-7c60d40f-b64a-41dd-b398-728eb27d2d4a tempest-AttachSCSIVolumeTestJSON-1078024100 tempest-AttachSCSIVolumeTestJSON-1078024100-project-member] MySQL server mode set to STRICT_TRANS_TABLES,STRICT_ALL_TABLES,NO_ZERO_IN_DATE,NO_ZERO_DATE,ERROR_FOR_DIVISION_BY_ZERO,TRADITIONAL,NO_ENGINE_SUBSTITUTION {{(pid=95748) _check_effective_sql_mode /opt/stack/data/venv/lib/python3.12/site-packages/oslo_db/sqlalchemy/engines.py:325}}
Jun 03 09:27:18.360696 np0000002036 nova-scheduler[95748]: DEBUG dbcounter [-] [95748] Writer thread running {{(pid=95748) stat_writer /opt/stack/data/venv/lib/python3.12/site-packages/dbcounter.py:102}}
Jun 03 09:27:18.379737 np0000002036 nova-scheduler[95748]: DEBUG oslo_db.sqlalchemy.engines [None req-7c60d40f-b64a-41dd-b398-728eb27d2d4a tempest-AttachSCSIVolumeTestJSON-1078024100 tempest-AttachSCSIVolumeTestJSON-1078024100-project-member] Parent process 94549 forked (95748) with an open database connection, which is being discarded and recreated. {{(pid=95748) checkout /opt/stack/data/venv/lib/python3.12/site-packages/oslo_db/sqlalchemy/engines.py:402}}
Jun 03 09:27:18.420946 np0000002036 nova-scheduler[95748]: DEBUG dbcounter [-] [95748] Writer thread running {{(pid=95748) stat_writer /opt/stack/data/venv/lib/python3.12/site-packages/dbcounter.py:102}}
Jun 03 09:27:18.423671 np0000002036 nova-scheduler[95748]: DEBUG oslo_concurrency.lockutils [None req-7c60d40f-b64a-41dd-b398-728eb27d2d4a tempest-AttachSCSIVolumeTestJSON-1078024100 tempest-AttachSCSIVolumeTestJSON-1078024100-project-member] Acquiring lock "bd21221d-7af1-4401-9ff0-a66488f66111" by "nova.context.set_target_cell..get_or_set_cached_cell_and_set_connections" {{(pid=95748) inner /opt/stack/data/venv/lib/python3.12/site-packages/oslo_concurrency/lockutils.py:511}}
Jun 03 09:27:18.423919 np0000002036 nova-scheduler[95748]: DEBUG oslo_concurrency.lockutils [None req-7c60d40f-b64a-41dd-b398-728eb27d2d4a tempest-AttachSCSIVolumeTestJSON-1078024100 tempest-AttachSCSIVolumeTestJSON-1078024100-project-member] Lock "bd21221d-7af1-4401-9ff0-a66488f66111" acquired by "nova.context.set_target_cell..get_or_set_cached_cell_and_set_connections" :: waited 0.000s {{(pid=95748) inner /opt/stack/data/venv/lib/python3.12/site-packages/oslo_concurrency/lockutils.py:524}}
Jun 03 09:27:18.424138 np0000002036 nova-scheduler[95748]: DEBUG oslo_concurrency.lockutils [None req-7c60d40f-b64a-41dd-b398-728eb27d2d4a tempest-AttachSCSIVolumeTestJSON-1078024100 tempest-AttachSCSIVolumeTestJSON-1078024100-project-member] Lock "bd21221d-7af1-4401-9ff0-a66488f66111" "released" by "nova.context.set_target_cell..get_or_set_cached_cell_and_set_connections" :: held 0.000s {{(pid=95748) inner /opt/stack/data/venv/lib/python3.12/site-packages/oslo_concurrency/lockutils.py:543}}
Jun 03 09:27:18.427081 np0000002036 nova-scheduler[95748]: DEBUG oslo_concurrency.lockutils [None req-7c60d40f-b64a-41dd-b398-728eb27d2d4a tempest-AttachSCSIVolumeTestJSON-1078024100 tempest-AttachSCSIVolumeTestJSON-1078024100-project-member] Acquiring lock "('np0000002036', 'np0000002036')" by "nova.scheduler.host_manager.HostState.update.._locked_update" {{(pid=95748) inner /opt/stack/data/venv/lib/python3.12/site-packages/oslo_concurrency/lockutils.py:511}}
Jun 03 09:27:18.427621 np0000002036 nova-scheduler[95748]: DEBUG oslo_concurrency.lockutils [None req-7c60d40f-b64a-41dd-b398-728eb27d2d4a tempest-AttachSCSIVolumeTestJSON-1078024100 tempest-AttachSCSIVolumeTestJSON-1078024100-project-member] Lock "('np0000002036', 'np0000002036')" acquired by "nova.scheduler.host_manager.HostState.update.._locked_update" :: waited 0.000s {{(pid=95748) inner /opt/stack/data/venv/lib/python3.12/site-packages/oslo_concurrency/lockutils.py:524}}
Jun 03 09:27:18.428095 np0000002036 nova-scheduler[95748]: DEBUG nova.scheduler.host_manager [None req-7c60d40f-b64a-41dd-b398-728eb27d2d4a tempest-AttachSCSIVolumeTestJSON-1078024100 tempest-AttachSCSIVolumeTestJSON-1078024100-project-member] Update host state from compute node: ComputeNode(cpu_allocation_ratio=4.0,cpu_info='{"arch": "x86_64", "model": "EPYC-Milan", "vendor": "AMD", "topology": {"cells": 1, "sockets": 12, "cores": 1, "threads": 1}, "maxphysaddr": {"mode": "emulate", "bits": 40}, "features": ["3dnowprefetch", "clflushopt", "sse2", "de", "msr", "svm", "vme", "cx8", "fma", "lfence-always-serializing", "hypervisor", "sse", "pschange-mc-no", "xsave", "syscall", "cx16", "cmp_legacy", "tsc_adjust", "x2apic", "rdtscp", "bmi1", "pdpe1gb", "xsaves", "pat", "cmov", "mca", "lm", "pse36", "misalignsse", "mce", "smep", "amd-psfd", "fsrm", "sep", "virt-ssbd", "invpcid", "no-nested-data-bp", "popcnt", "erms", "cr8legacy", "nrip-save", "xsaveerptr", "rdseed", "sse4.2", "fxsr_opt", "fxsr", "mtrr", "v-vmsave-vmload", "abm", "xgetbv1", "vpclmulqdq", "fpu", "ssbd", "spec-ctrl", "mmxext", "arch-capabilities", "clflush", "nx", "pge", "avx2", "rdctl-no", "umip", "arat", "mds-no", "perfctr_core", "vaes", "tsc-deadline", "xsaveopt", "wbnoinvd", "pause-filter", "skip-l1dfl-vmentry", "pni", "rdrand", "topoext", "stibp", "adx", "avx", "amd-ssbd", "tsc", "clzero", "npt", "vmcb-clean", "sse4.1", "osvw", "aes", "apic", "lbrv", "pcid", "pfthreshold", "sse4a", "flushbyasid", "rdpid", "pclmuldq", "lahf_lm", "f16c", "ibrs", "svme-addr-chk", "pku", "amd-stibp", "vgif", "mmx", "bmi2", "fsgsbase", "gds-no", "null-sel-clr-base", "ibpb", "smap", "pae", "clwb", "sha-ni", "movbe", "pse", "ssse3", "xsavec", "tsc-scale", "stibp-always-on"]}',created_at=2026-06-03T09:24:36Z,current_workload=0,deleted=False,deleted_at=None,disk_allocation_ratio=1.0,disk_available_least=74,free_disk_gb=95,free_ram_mb=23518,host='np0000002036',host_ip=10.4.3.82,hypervisor_hostname='np0000002036',hypervisor_type='QEMU',hypervisor_version=8002002,id=1,local_gb=95,local_gb_used=0,mapped=1,memory_mb=24030,memory_mb_used=512,metrics='[]',numa_topology='{"nova_object.name": "NUMATopology", "nova_object.namespace": "nova", "nova_object.version": "1.2", "nova_object.data": {"cells": [{"nova_object.name": "NUMACell", "nova_object.namespace": "nova", "nova_object.version": "1.5", "nova_object.data": {"id": 0, "cpuset": [0, 1, 2, 3, 4, 5, 6, 7, 8, 9, 10, 11], "pcpuset": [0, 1, 2, 3, 4, 5, 6, 7, 8, 9, 10, 11], "memory": 24030, "cpu_usage": 0, "memory_usage": 0, "pinned_cpus": [], "siblings": [[6], [2], [5], [11], [8], [4], [1], [7], [10], [0], [3], [9]], "mempages": [{"nova_object.name": "NUMAPagesTopology", "nova_object.namespace": "nova", "nova_object.version": "1.1", "nova_object.data": {"size_kb": 4, "total": 6151798, "used": 0, "reserved": 0}, "nova_object.changes": ["size_kb", "reserved", "total", "used"]}, {"nova_object.name": "NUMAPagesTopology", "nova_object.namespace": "nova", "nova_object.version": "1.1", "nova_object.data": {"size_kb": 2048, "total": 0, "used": 0, "reserved": 0}, "nova_object.changes": ["size_kb", "reserved", "total", "used"]}, {"nova_object.name": "NUMAPagesTopology", "nova_object.namespace": "nova", "nova_object.version": "1.1", "nova_object.data": {"size_kb": 1048576, "total": 0, "used": 0, "reserved": 0}, "nova_object.changes": ["size_kb", "reserved", "total", "used"]}], "network_metadata": {"nova_object.name": "NetworkMetadata", "nova_object.namespace": "nova", "nova_object.version": "1.0", "nova_object.data": {"physnets": [], "tunneled": false}, "nova_object.changes": ["physnets", "tunneled"]}, "socket": null}, "nova_object.changes": ["pcpuset", "network_metadata", "cpuset", "memory", "siblings", "socket", "pinned_cpus", "mempages", "id", "memory_usage", "cpu_usage"]}]}, "nova_object.changes": ["cells"]}',pci_device_pools=PciDevicePoolList,ram_allocation_ratio=1.0,running_vms=0,service_id=2,stats={failed_builds='0',uptime=' 09:26:21 up 28 min, 2 users, load average: 1.17, 1.55, 0.99
Jun 03 09:27:18.428095 np0000002036 nova-scheduler[95748]: '},supported_hv_specs=[HVSpec,HVSpec,HVSpec,HVSpec,HVSpec,HVSpec,HVSpec,HVSpec,HVSpec,HVSpec,HVSpec,HVSpec,HVSpec,HVSpec,HVSpec,HVSpec,HVSpec,HVSpec,HVSpec,HVSpec,HVSpec,HVSpec,HVSpec,HVSpec,HVSpec],updated_at=2026-06-03T09:26:23Z,uuid=338c0dd2-463a-41a1-9ed9-2153ba35291b,vcpus=12,vcpus_used=0) {{(pid=95748) _locked_update /opt/stack/nova/nova/scheduler/host_manager.py:168}}
Jun 03 09:27:18.428735 np0000002036 nova-scheduler[95748]: DEBUG nova.scheduler.host_manager [None req-7c60d40f-b64a-41dd-b398-728eb27d2d4a tempest-AttachSCSIVolumeTestJSON-1078024100 tempest-AttachSCSIVolumeTestJSON-1078024100-project-member] Update host state with aggregates: [] {{(pid=95748) _locked_update /opt/stack/nova/nova/scheduler/host_manager.py:171}}
Jun 03 09:27:18.428840 np0000002036 nova-scheduler[95748]: DEBUG nova.scheduler.host_manager [None req-7c60d40f-b64a-41dd-b398-728eb27d2d4a tempest-AttachSCSIVolumeTestJSON-1078024100 tempest-AttachSCSIVolumeTestJSON-1078024100-project-member] Update host state with service dict: {'id': 2, 'uuid': '8cb7cbb7-49ea-4363-a77a-df9de8f730bc', 'host': 'np0000002036', 'binary': 'nova-compute', 'topic': 'compute', 'report_count': 2, 'disabled': False, 'disabled_reason': None, 'last_seen_up': datetime.datetime(2026, 6, 3, 9, 26, 45, tzinfo=datetime.timezone.utc), 'forced_down': False, 'version': 72, 'created_at': datetime.datetime(2026, 6, 3, 9, 24, 34, tzinfo=datetime.timezone.utc), 'updated_at': datetime.datetime(2026, 6, 3, 9, 26, 45, tzinfo=datetime.timezone.utc), 'deleted_at': None, 'deleted': False} {{(pid=95748) _locked_update /opt/stack/nova/nova/scheduler/host_manager.py:174}}
Jun 03 09:27:18.428963 np0000002036 nova-scheduler[95748]: DEBUG nova.scheduler.host_manager [None req-7c60d40f-b64a-41dd-b398-728eb27d2d4a tempest-AttachSCSIVolumeTestJSON-1078024100 tempest-AttachSCSIVolumeTestJSON-1078024100-project-member] Update host state with instances: [] {{(pid=95748) _locked_update /opt/stack/nova/nova/scheduler/host_manager.py:177}}
Jun 03 09:27:18.429066 np0000002036 nova-scheduler[95748]: DEBUG oslo_concurrency.lockutils [None req-7c60d40f-b64a-41dd-b398-728eb27d2d4a tempest-AttachSCSIVolumeTestJSON-1078024100 tempest-AttachSCSIVolumeTestJSON-1078024100-project-member] Lock "('np0000002036', 'np0000002036')" "released" by "nova.scheduler.host_manager.HostState.update.._locked_update" :: held 0.002s {{(pid=95748) inner /opt/stack/data/venv/lib/python3.12/site-packages/oslo_concurrency/lockutils.py:543}}
Jun 03 09:27:18.429473 np0000002036 nova-scheduler[95748]: DEBUG nova.filters [None req-7c60d40f-b64a-41dd-b398-728eb27d2d4a tempest-AttachSCSIVolumeTestJSON-1078024100 tempest-AttachSCSIVolumeTestJSON-1078024100-project-member] Starting with 1 host(s) {{(pid=95748) get_filtered_objects /opt/stack/nova/nova/filters.py:70}}
Jun 03 09:27:18.430552 np0000002036 nova-scheduler[95748]: DEBUG nova.filters [None req-7c60d40f-b64a-41dd-b398-728eb27d2d4a tempest-AttachSCSIVolumeTestJSON-1078024100 tempest-AttachSCSIVolumeTestJSON-1078024100-project-member] Filter ComputeFilter returned 1 host(s) {{(pid=95748) get_filtered_objects /opt/stack/nova/nova/filters.py:102}}
Jun 03 09:27:18.430552 np0000002036 nova-scheduler[95748]: DEBUG nova.filters [None req-7c60d40f-b64a-41dd-b398-728eb27d2d4a tempest-AttachSCSIVolumeTestJSON-1078024100 tempest-AttachSCSIVolumeTestJSON-1078024100-project-member] Filter ComputeCapabilitiesFilter returned 1 host(s) {{(pid=95748) get_filtered_objects /opt/stack/nova/nova/filters.py:102}}
Jun 03 09:27:18.430552 np0000002036 nova-scheduler[95748]: DEBUG nova.filters [None req-7c60d40f-b64a-41dd-b398-728eb27d2d4a tempest-AttachSCSIVolumeTestJSON-1078024100 tempest-AttachSCSIVolumeTestJSON-1078024100-project-member] Filter ImagePropertiesFilter returned 1 host(s) {{(pid=95748) get_filtered_objects /opt/stack/nova/nova/filters.py:102}}
Jun 03 09:27:18.430552 np0000002036 nova-scheduler[95748]: DEBUG nova.filters [None req-7c60d40f-b64a-41dd-b398-728eb27d2d4a tempest-AttachSCSIVolumeTestJSON-1078024100 tempest-AttachSCSIVolumeTestJSON-1078024100-project-member] Filter ServerGroupAntiAffinityFilter returned 1 host(s) {{(pid=95748) get_filtered_objects /opt/stack/nova/nova/filters.py:102}}
Jun 03 09:27:18.430552 np0000002036 nova-scheduler[95748]: DEBUG nova.filters [None req-7c60d40f-b64a-41dd-b398-728eb27d2d4a tempest-AttachSCSIVolumeTestJSON-1078024100 tempest-AttachSCSIVolumeTestJSON-1078024100-project-member] Filter ServerGroupAffinityFilter returned 1 host(s) {{(pid=95748) get_filtered_objects /opt/stack/nova/nova/filters.py:102}}
Jun 03 09:27:18.430552 np0000002036 nova-scheduler[95748]: DEBUG nova.filters [None req-7c60d40f-b64a-41dd-b398-728eb27d2d4a tempest-AttachSCSIVolumeTestJSON-1078024100 tempest-AttachSCSIVolumeTestJSON-1078024100-project-member] Filter SameHostFilter returned 1 host(s) {{(pid=95748) get_filtered_objects /opt/stack/nova/nova/filters.py:102}}
Jun 03 09:27:18.430552 np0000002036 nova-scheduler[95748]: DEBUG nova.filters [None req-7c60d40f-b64a-41dd-b398-728eb27d2d4a tempest-AttachSCSIVolumeTestJSON-1078024100 tempest-AttachSCSIVolumeTestJSON-1078024100-project-member] Filter DifferentHostFilter returned 1 host(s) {{(pid=95748) get_filtered_objects /opt/stack/nova/nova/filters.py:102}}
Jun 03 09:27:18.430756 np0000002036 nova-scheduler[95748]: DEBUG nova.scheduler.manager [None req-7c60d40f-b64a-41dd-b398-728eb27d2d4a tempest-AttachSCSIVolumeTestJSON-1078024100 tempest-AttachSCSIVolumeTestJSON-1078024100-project-member] Filtered [(np0000002036, np0000002036) ram: 23518MB disk: 75776MB io_ops: 0 instances: 0, allocation_candidates: 1] {{(pid=95748) _get_sorted_hosts /opt/stack/nova/nova/scheduler/manager.py:743}}
Jun 03 09:27:18.431428 np0000002036 nova-scheduler[95748]: DEBUG nova.scheduler.manager [None req-7c60d40f-b64a-41dd-b398-728eb27d2d4a tempest-AttachSCSIVolumeTestJSON-1078024100 tempest-AttachSCSIVolumeTestJSON-1078024100-project-member] Weighed [WeighedHost [host: (np0000002036, np0000002036) ram: 23518MB disk: 75776MB io_ops: 0 instances: 0, allocation_candidates: 1, weight: 0.0]] {{(pid=95748) _get_sorted_hosts /opt/stack/nova/nova/scheduler/manager.py:765}}
Jun 03 09:27:18.431428 np0000002036 nova-scheduler[95748]: DEBUG nova.scheduler.utils [None req-7c60d40f-b64a-41dd-b398-728eb27d2d4a tempest-AttachSCSIVolumeTestJSON-1078024100 tempest-AttachSCSIVolumeTestJSON-1078024100-project-member] Attempting to claim resources in the placement API for instance 0cca532e-1c29-4386-a406-0fbf9908b53e {{(pid=95748) claim_resources /opt/stack/nova/nova/scheduler/utils.py:1345}}
Jun 03 09:27:18.608784 np0000002036 nova-scheduler[95748]: DEBUG nova.scheduler.manager [None req-7c60d40f-b64a-41dd-b398-728eb27d2d4a tempest-AttachSCSIVolumeTestJSON-1078024100 tempest-AttachSCSIVolumeTestJSON-1078024100-project-member] [instance: 0cca532e-1c29-4386-a406-0fbf9908b53e] Selected host: (np0000002036, np0000002036) ram: 23518MB disk: 75776MB io_ops: 0 instances: 0, allocation_candidates: 1 {{(pid=95748) _consume_selected_host /opt/stack/nova/nova/scheduler/manager.py:625}}
Jun 03 09:27:18.609142 np0000002036 nova-scheduler[95748]: DEBUG oslo_concurrency.lockutils [None req-7c60d40f-b64a-41dd-b398-728eb27d2d4a tempest-AttachSCSIVolumeTestJSON-1078024100 tempest-AttachSCSIVolumeTestJSON-1078024100-project-member] Acquiring lock "('np0000002036', 'np0000002036')" by "nova.scheduler.host_manager.HostState.consume_from_request.._locked" {{(pid=95748) inner /opt/stack/data/venv/lib/python3.12/site-packages/oslo_concurrency/lockutils.py:511}}
Jun 03 09:27:18.609442 np0000002036 nova-scheduler[95748]: DEBUG oslo_concurrency.lockutils [None req-7c60d40f-b64a-41dd-b398-728eb27d2d4a tempest-AttachSCSIVolumeTestJSON-1078024100 tempest-AttachSCSIVolumeTestJSON-1078024100-project-member] Lock "('np0000002036', 'np0000002036')" acquired by "nova.scheduler.host_manager.HostState.consume_from_request.._locked" :: waited 0.000s {{(pid=95748) inner /opt/stack/data/venv/lib/python3.12/site-packages/oslo_concurrency/lockutils.py:524}}
Jun 03 09:27:18.609930 np0000002036 nova-scheduler[95748]: DEBUG oslo_concurrency.lockutils [None req-7c60d40f-b64a-41dd-b398-728eb27d2d4a tempest-AttachSCSIVolumeTestJSON-1078024100 tempest-AttachSCSIVolumeTestJSON-1078024100-project-member] Lock "('np0000002036', 'np0000002036')" "released" by "nova.scheduler.host_manager.HostState.consume_from_request.._locked" :: held 0.000s {{(pid=95748) inner /opt/stack/data/venv/lib/python3.12/site-packages/oslo_concurrency/lockutils.py:543}}
Jun 03 09:27:18.653065 np0000002036 nova-scheduler[95750]: DEBUG nova.scheduler.manager [None req-1462378a-0bb1-4af1-8c9b-75ed926bdf23 tempest-TaggedAttachmentsTest-130343640 tempest-TaggedAttachmentsTest-130343640-project-member] Starting to schedule for instances: ['2a8e17e9-3620-4437-b9bc-5104c914710e'] {{(pid=95750) select_destinations /opt/stack/nova/nova/scheduler/manager.py:210}}
Jun 03 09:27:18.654186 np0000002036 nova-scheduler[95750]: DEBUG nova.scheduler.request_filter [None req-1462378a-0bb1-4af1-8c9b-75ed926bdf23 tempest-TaggedAttachmentsTest-130343640 tempest-TaggedAttachmentsTest-130343640-project-member] compute_status_filter request filter added forbidden trait COMPUTE_STATUS_DISABLED {{(pid=95750) compute_status_filter /opt/stack/nova/nova/scheduler/request_filter.py:253}}
Jun 03 09:27:18.654287 np0000002036 nova-scheduler[95750]: DEBUG nova.scheduler.request_filter [None req-1462378a-0bb1-4af1-8c9b-75ed926bdf23 tempest-TaggedAttachmentsTest-130343640 tempest-TaggedAttachmentsTest-130343640-project-member] Request filter 'compute_status_filter' took 0.0 seconds {{(pid=95750) wrapper /opt/stack/nova/nova/scheduler/request_filter.py:46}}
Jun 03 09:27:18.654537 np0000002036 nova-scheduler[95750]: DEBUG nova.scheduler.request_filter [None req-1462378a-0bb1-4af1-8c9b-75ed926bdf23 tempest-TaggedAttachmentsTest-130343640 tempest-TaggedAttachmentsTest-130343640-project-member] Request filter 'accelerators_filter' took 0.0 seconds {{(pid=95750) wrapper /opt/stack/nova/nova/scheduler/request_filter.py:46}}
Jun 03 09:27:18.654786 np0000002036 nova-scheduler[95750]: DEBUG nova.scheduler.request_filter [None req-1462378a-0bb1-4af1-8c9b-75ed926bdf23 tempest-TaggedAttachmentsTest-130343640 tempest-TaggedAttachmentsTest-130343640-project-member] Request filter 'packed_virtqueue_filter' took 0.0 seconds {{(pid=95750) wrapper /opt/stack/nova/nova/scheduler/request_filter.py:46}}
Jun 03 09:27:18.655170 np0000002036 nova-scheduler[95750]: DEBUG nova.scheduler.request_filter [None req-1462378a-0bb1-4af1-8c9b-75ed926bdf23 tempest-TaggedAttachmentsTest-130343640 tempest-TaggedAttachmentsTest-130343640-project-member] Request filter 'remote_managed_ports_filter' took 0.0 seconds {{(pid=95750) wrapper /opt/stack/nova/nova/scheduler/request_filter.py:46}}
Jun 03 09:27:18.655303 np0000002036 nova-scheduler[95750]: DEBUG nova.scheduler.request_filter [None req-1462378a-0bb1-4af1-8c9b-75ed926bdf23 tempest-TaggedAttachmentsTest-130343640 tempest-TaggedAttachmentsTest-130343640-project-member] ephemeral_encryption_filter skipped {{(pid=95750) ephemeral_encryption_filter /opt/stack/nova/nova/scheduler/request_filter.py:426}}
Jun 03 09:27:18.655683 np0000002036 nova-scheduler[95750]: DEBUG nova.scheduler.request_filter [None req-1462378a-0bb1-4af1-8c9b-75ed926bdf23 tempest-TaggedAttachmentsTest-130343640 tempest-TaggedAttachmentsTest-130343640-project-member] virtio_sound_filter skipped {{(pid=95750) virtio_sound_filter /opt/stack/nova/nova/scheduler/request_filter.py:460}}
Jun 03 09:27:18.655926 np0000002036 nova-scheduler[95750]: DEBUG nova.scheduler.request_filter [None req-1462378a-0bb1-4af1-8c9b-75ed926bdf23 tempest-TaggedAttachmentsTest-130343640 tempest-TaggedAttachmentsTest-130343640-project-member] tpm_secret_security_filter skipped {{(pid=95750) tpm_secret_security_filter /opt/stack/nova/nova/scheduler/request_filter.py:477}}
Jun 03 09:27:18.750355 np0000002036 nova-scheduler[95750]: INFO nova.utils [None req-1462378a-0bb1-4af1-8c9b-75ed926bdf23 tempest-TaggedAttachmentsTest-130343640 tempest-TaggedAttachmentsTest-130343640-project-member] The cell worker thread pool ForkProcess-2.cell_worker is initialized
Jun 03 09:27:18.750820 np0000002036 nova-scheduler[95750]: DEBUG oslo_concurrency.lockutils [None req-1462378a-0bb1-4af1-8c9b-75ed926bdf23 tempest-TaggedAttachmentsTest-130343640 tempest-TaggedAttachmentsTest-130343640-project-member] Acquiring lock "bd21221d-7af1-4401-9ff0-a66488f66111" by "nova.context.set_target_cell..get_or_set_cached_cell_and_set_connections" {{(pid=95750) inner /opt/stack/data/venv/lib/python3.12/site-packages/oslo_concurrency/lockutils.py:511}}
Jun 03 09:27:18.751325 np0000002036 nova-scheduler[95750]: DEBUG oslo_concurrency.lockutils [None req-1462378a-0bb1-4af1-8c9b-75ed926bdf23 tempest-TaggedAttachmentsTest-130343640 tempest-TaggedAttachmentsTest-130343640-project-member] Lock "bd21221d-7af1-4401-9ff0-a66488f66111" acquired by "nova.context.set_target_cell..get_or_set_cached_cell_and_set_connections" :: waited 0.001s {{(pid=95750) inner /opt/stack/data/venv/lib/python3.12/site-packages/oslo_concurrency/lockutils.py:524}}
Jun 03 09:27:18.753539 np0000002036 nova-scheduler[95750]: DEBUG oslo_concurrency.lockutils [None req-1462378a-0bb1-4af1-8c9b-75ed926bdf23 tempest-TaggedAttachmentsTest-130343640 tempest-TaggedAttachmentsTest-130343640-project-member] Lock "bd21221d-7af1-4401-9ff0-a66488f66111" "released" by "nova.context.set_target_cell..get_or_set_cached_cell_and_set_connections" :: held 0.002s {{(pid=95750) inner /opt/stack/data/venv/lib/python3.12/site-packages/oslo_concurrency/lockutils.py:543}}
Jun 03 09:27:18.755577 np0000002036 nova-scheduler[95750]: INFO dbcounter [None req-1462378a-0bb1-4af1-8c9b-75ed926bdf23 tempest-TaggedAttachmentsTest-130343640 tempest-TaggedAttachmentsTest-130343640-project-member] Registered counter for database nova_cell1
Jun 03 09:27:18.796376 np0000002036 nova-scheduler[95750]: DEBUG oslo_db.sqlalchemy.engines [None req-1462378a-0bb1-4af1-8c9b-75ed926bdf23 tempest-TaggedAttachmentsTest-130343640 tempest-TaggedAttachmentsTest-130343640-project-member] MySQL server mode set to STRICT_TRANS_TABLES,STRICT_ALL_TABLES,NO_ZERO_IN_DATE,NO_ZERO_DATE,ERROR_FOR_DIVISION_BY_ZERO,TRADITIONAL,NO_ENGINE_SUBSTITUTION {{(pid=95750) _check_effective_sql_mode /opt/stack/data/venv/lib/python3.12/site-packages/oslo_db/sqlalchemy/engines.py:325}}
Jun 03 09:27:18.802659 np0000002036 nova-scheduler[95750]: DEBUG dbcounter [-] [95750] Writer thread running {{(pid=95750) stat_writer /opt/stack/data/venv/lib/python3.12/site-packages/dbcounter.py:102}}
Jun 03 09:27:18.888066 np0000002036 nova-scheduler[95750]: DEBUG dbcounter [-] [95750] Writer thread running {{(pid=95750) stat_writer /opt/stack/data/venv/lib/python3.12/site-packages/dbcounter.py:102}}
Jun 03 09:27:18.892244 np0000002036 nova-scheduler[95750]: DEBUG oslo_concurrency.lockutils [None req-1462378a-0bb1-4af1-8c9b-75ed926bdf23 tempest-TaggedAttachmentsTest-130343640 tempest-TaggedAttachmentsTest-130343640-project-member] Acquiring lock "bd21221d-7af1-4401-9ff0-a66488f66111" by "nova.context.set_target_cell..get_or_set_cached_cell_and_set_connections" {{(pid=95750) inner /opt/stack/data/venv/lib/python3.12/site-packages/oslo_concurrency/lockutils.py:511}}
Jun 03 09:27:18.892477 np0000002036 nova-scheduler[95750]: DEBUG oslo_concurrency.lockutils [None req-1462378a-0bb1-4af1-8c9b-75ed926bdf23 tempest-TaggedAttachmentsTest-130343640 tempest-TaggedAttachmentsTest-130343640-project-member] Lock "bd21221d-7af1-4401-9ff0-a66488f66111" acquired by "nova.context.set_target_cell..get_or_set_cached_cell_and_set_connections" :: waited 0.000s {{(pid=95750) inner /opt/stack/data/venv/lib/python3.12/site-packages/oslo_concurrency/lockutils.py:524}}
Jun 03 09:27:18.892635 np0000002036 nova-scheduler[95750]: DEBUG oslo_concurrency.lockutils [None req-1462378a-0bb1-4af1-8c9b-75ed926bdf23 tempest-TaggedAttachmentsTest-130343640 tempest-TaggedAttachmentsTest-130343640-project-member] Lock "bd21221d-7af1-4401-9ff0-a66488f66111" "released" by "nova.context.set_target_cell..get_or_set_cached_cell_and_set_connections" :: held 0.000s {{(pid=95750) inner /opt/stack/data/venv/lib/python3.12/site-packages/oslo_concurrency/lockutils.py:543}}
Jun 03 09:27:18.902397 np0000002036 nova-scheduler[95750]: DEBUG oslo_concurrency.lockutils [None req-1462378a-0bb1-4af1-8c9b-75ed926bdf23 tempest-TaggedAttachmentsTest-130343640 tempest-TaggedAttachmentsTest-130343640-project-member] Acquiring lock "('np0000002036', 'np0000002036')" by "nova.scheduler.host_manager.HostState.update.._locked_update" {{(pid=95750) inner /opt/stack/data/venv/lib/python3.12/site-packages/oslo_concurrency/lockutils.py:511}}
Jun 03 09:27:18.902397 np0000002036 nova-scheduler[95750]: DEBUG oslo_concurrency.lockutils [None req-1462378a-0bb1-4af1-8c9b-75ed926bdf23 tempest-TaggedAttachmentsTest-130343640 tempest-TaggedAttachmentsTest-130343640-project-member] Lock "('np0000002036', 'np0000002036')" acquired by "nova.scheduler.host_manager.HostState.update.._locked_update" :: waited 0.000s {{(pid=95750) inner /opt/stack/data/venv/lib/python3.12/site-packages/oslo_concurrency/lockutils.py:524}}
