Jul 24 14:27:33.339090 np0000005840 systemd[1]: Starting devstack@n-api-meta.service - Devstack devstack@n-api-meta.service...
Jul 24 14:27:33.345039 np0000005840 devstack@n-api-meta.service[96077]: [uWSGI] getting INI configuration from /etc/nova/nova-metadata-uwsgi.ini
Jul 24 14:27:33.347231 np0000005840 devstack@n-api-meta.service[96077]: *** Starting uWSGI 2.0.24-debian (64bit) on [Fri Jul 24 14:27:33 2026] ***
Jul 24 14:27:33.347231 np0000005840 devstack@n-api-meta.service[96077]: compiled with version: 13.2.0 on 17 April 2024 16:23:48
Jul 24 14:27:33.347231 np0000005840 devstack@n-api-meta.service[96077]: os: Linux-6.8.0-100-generic #100-Ubuntu SMP PREEMPT_DYNAMIC Tue Jan 13 16:40:06 UTC 2026
Jul 24 14:27:33.347231 np0000005840 devstack@n-api-meta.service[96077]: nodename: np0000005840
Jul 24 14:27:33.347231 np0000005840 devstack@n-api-meta.service[96077]: machine: x86_64
Jul 24 14:27:33.347231 np0000005840 devstack@n-api-meta.service[96077]: clock source: unix
Jul 24 14:27:33.347231 np0000005840 devstack@n-api-meta.service[96077]: pcre jit disabled
Jul 24 14:27:33.347231 np0000005840 devstack@n-api-meta.service[96077]: detected number of CPU cores: 16
Jul 24 14:27:33.347231 np0000005840 devstack@n-api-meta.service[96077]: current working directory: /
Jul 24 14:27:33.347231 np0000005840 devstack@n-api-meta.service[96077]: detected binary path: /usr/bin/uwsgi-core
Jul 24 14:27:33.347231 np0000005840 devstack@n-api-meta.service[96077]: your processes number limit is 257052
Jul 24 14:27:33.347231 np0000005840 devstack@n-api-meta.service[96077]: your memory page size is 4096 bytes
Jul 24 14:27:33.347231 np0000005840 devstack@n-api-meta.service[96077]: detected max file descriptor number: 2048
Jul 24 14:27:33.347710 np0000005840 devstack@n-api-meta.service[96077]: lock engine: pthread robust mutexes
Jul 24 14:27:33.347710 np0000005840 devstack@n-api-meta.service[96077]: thunder lock: enabled
Jul 24 14:27:33.347710 np0000005840 devstack@n-api-meta.service[96077]: uWSGI http bound on 0.0.0.0:8775 fd 5
Jul 24 14:27:33.347710 np0000005840 devstack@n-api-meta.service[96077]: uwsgi socket 0 bound to TCP address 127.0.0.1:33307 (port auto-assigned) fd 4
Jul 24 14:27:33.347861 np0000005840 devstack@n-api-meta.service[96077]: Python version: 3.12.3 (main, Jun 19 2026, 12:46:00) [GCC 13.3.0]
Jul 24 14:27:33.347861 np0000005840 devstack@n-api-meta.service[96077]: PEP 405 virtualenv detected: /opt/stack/data/venv
Jul 24 14:27:33.347861 np0000005840 devstack@n-api-meta.service[96077]: Set PythonHome to /opt/stack/data/venv
Jul 24 14:27:33.380885 np0000005840 devstack@n-api-meta.service[96077]: Python main interpreter initialized at 0x75ac10aa4668
Jul 24 14:27:33.380885 np0000005840 devstack@n-api-meta.service[96077]: python threads support enabled
Jul 24 14:27:33.380885 np0000005840 devstack@n-api-meta.service[96077]: your server socket listen backlog is limited to 100 connections
Jul 24 14:27:33.380885 np0000005840 devstack@n-api-meta.service[96077]: your mercy for graceful operations on workers is 80 seconds
Jul 24 14:27:33.381455 np0000005840 devstack@n-api-meta.service[96077]: mapped 671795 bytes (656 KB) for 4 cores
Jul 24 14:27:33.381622 np0000005840 devstack@n-api-meta.service[96077]: *** Operational MODE: preforking ***
Jul 24 14:27:33.381842 np0000005840 devstack@n-api-meta.service[96077]: *** uWSGI is running in multiple interpreter mode ***
Jul 24 14:27:33.381842 np0000005840 devstack@n-api-meta.service[96077]: spawned uWSGI master process (pid: 96077)
Jul 24 14:27:33.382038 np0000005840 systemd[1]: Started devstack@n-api-meta.service - Devstack devstack@n-api-meta.service.
Jul 24 14:27:33.382542 np0000005840 devstack@n-api-meta.service[96077]: spawned uWSGI worker 1 (pid: 96078, cores: 1)
Jul 24 14:27:33.383278 np0000005840 devstack@n-api-meta.service[96077]: spawned uWSGI worker 2 (pid: 96079, cores: 1)
Jul 24 14:27:33.383651 np0000005840 devstack@n-api-meta.service[96077]: spawned uWSGI worker 3 (pid: 96080, cores: 1)
Jul 24 14:27:33.384085 np0000005840 devstack@n-api-meta.service[96077]: spawned uWSGI worker 4 (pid: 96081, cores: 1)
Jul 24 14:27:33.384506 np0000005840 devstack@n-api-meta.service[96077]: spawned uWSGI http 1 (pid: 96082)
Jul 24 14:27:33.384506 np0000005840 devstack@n-api-meta.service[96077]: running "unix_signal:15 gracefully_kill_them_all" (master-start)...
Jul 24 14:27:35.228024 np0000005840 devstack@n-api-meta.service[96080]: INFO dbcounter [None req-d9b0a20e-23ac-4339-b402-674a90bee2b8 None None] Registered counter for database nova_api
Jul 24 14:27:35.277544 np0000005840 devstack@n-api-meta.service[96080]: DEBUG oslo_db.sqlalchemy.engines [None req-d9b0a20e-23ac-4339-b402-674a90bee2b8 None None] MySQL server mode set to STRICT_TRANS_TABLES,STRICT_ALL_TABLES,NO_ZERO_IN_DATE,NO_ZERO_DATE,ERROR_FOR_DIVISION_BY_ZERO,TRADITIONAL,NO_ENGINE_SUBSTITUTION {{(pid=96080) _check_effective_sql_mode /opt/stack/data/venv/lib/python3.12/site-packages/oslo_db/sqlalchemy/engines.py:325}}
Jul 24 14:27:35.286045 np0000005840 devstack@n-api-meta.service[96078]: INFO dbcounter [None req-67a80676-c214-4e7e-8806-9dc36ba409e7 None None] Registered counter for database nova_api
Jul 24 14:27:35.309957 np0000005840 devstack@n-api-meta.service[96080]: DEBUG dbcounter [-] [96080] Writer thread running {{(pid=96080) stat_writer /opt/stack/data/venv/lib/python3.12/site-packages/dbcounter.py:102}}
Jul 24 14:27:35.312733 np0000005840 devstack@n-api-meta.service[96080]: DEBUG nova.context [None req-d9b0a20e-23ac-4339-b402-674a90bee2b8 None None] Found 2 cells: 00000000-0000-0000-0000-000000000000(cell0),d22428c9-92ce-46f7-a651-a4ee7c5ef39a(cell1) {{(pid=96080) load_cells /opt/stack/nova/nova/context.py:509}}
Jul 24 14:27:35.313111 np0000005840 devstack@n-api-meta.service[96080]: INFO nova.utils [None req-d9b0a20e-23ac-4339-b402-674a90bee2b8 None None] The cell worker thread pool MainProcess.cell_worker is initialized
Jul 24 14:27:35.315205 np0000005840 devstack@n-api-meta.service[96080]: DEBUG oslo_concurrency.lockutils [None req-d9b0a20e-23ac-4339-b402-674a90bee2b8 None None] Acquiring lock "00000000-0000-0000-0000-000000000000" by "nova.context.set_target_cell..get_or_set_cached_cell_and_set_connections" {{(pid=96080) inner /opt/stack/data/venv/lib/python3.12/site-packages/oslo_concurrency/lockutils.py:512}}
Jul 24 14:27:35.315406 np0000005840 devstack@n-api-meta.service[96080]: DEBUG oslo_concurrency.lockutils [None req-d9b0a20e-23ac-4339-b402-674a90bee2b8 None None] Lock "00000000-0000-0000-0000-000000000000" acquired by "nova.context.set_target_cell..get_or_set_cached_cell_and_set_connections" :: waited 0.000s {{(pid=96080) inner /opt/stack/data/venv/lib/python3.12/site-packages/oslo_concurrency/lockutils.py:525}}
Jul 24 14:27:35.315876 np0000005840 devstack@n-api-meta.service[96080]: DEBUG oslo_concurrency.lockutils [None req-d9b0a20e-23ac-4339-b402-674a90bee2b8 None None] Lock "00000000-0000-0000-0000-000000000000" "released" by "nova.context.set_target_cell..get_or_set_cached_cell_and_set_connections" :: held 0.000s {{(pid=96080) inner /opt/stack/data/venv/lib/python3.12/site-packages/oslo_concurrency/lockutils.py:544}}
Jul 24 14:27:35.316693 np0000005840 devstack@n-api-meta.service[96080]: DEBUG oslo_concurrency.lockutils [None req-d9b0a20e-23ac-4339-b402-674a90bee2b8 None None] Acquiring lock "d22428c9-92ce-46f7-a651-a4ee7c5ef39a" by "nova.context.set_target_cell..get_or_set_cached_cell_and_set_connections" {{(pid=96080) inner /opt/stack/data/venv/lib/python3.12/site-packages/oslo_concurrency/lockutils.py:512}}
Jul 24 14:27:35.318904 np0000005840 devstack@n-api-meta.service[96080]: INFO dbcounter [None req-d9b0a20e-23ac-4339-b402-674a90bee2b8 None None] Registered counter for database nova_cell0
Jul 24 14:27:35.320374 np0000005840 devstack@n-api-meta.service[96080]: DEBUG oslo_concurrency.lockutils [None req-d9b0a20e-23ac-4339-b402-674a90bee2b8 None None] Lock "d22428c9-92ce-46f7-a651-a4ee7c5ef39a" acquired by "nova.context.set_target_cell..get_or_set_cached_cell_and_set_connections" :: waited 0.002s {{(pid=96080) inner /opt/stack/data/venv/lib/python3.12/site-packages/oslo_concurrency/lockutils.py:525}}
Jul 24 14:27:35.321790 np0000005840 devstack@n-api-meta.service[96080]: DEBUG oslo_concurrency.lockutils [None req-d9b0a20e-23ac-4339-b402-674a90bee2b8 None None] Lock "d22428c9-92ce-46f7-a651-a4ee7c5ef39a" "released" by "nova.context.set_target_cell..get_or_set_cached_cell_and_set_connections" :: held 0.003s {{(pid=96080) inner /opt/stack/data/venv/lib/python3.12/site-packages/oslo_concurrency/lockutils.py:544}}
Jul 24 14:27:35.324225 np0000005840 devstack@n-api-meta.service[96080]: INFO dbcounter [None req-d9b0a20e-23ac-4339-b402-674a90bee2b8 None None] Registered counter for database nova_cell1
Jul 24 14:27:35.339602 np0000005840 devstack@n-api-meta.service[96078]: DEBUG oslo_db.sqlalchemy.engines [None req-67a80676-c214-4e7e-8806-9dc36ba409e7 None None] MySQL server mode set to STRICT_TRANS_TABLES,STRICT_ALL_TABLES,NO_ZERO_IN_DATE,NO_ZERO_DATE,ERROR_FOR_DIVISION_BY_ZERO,TRADITIONAL,NO_ENGINE_SUBSTITUTION {{(pid=96078) _check_effective_sql_mode /opt/stack/data/venv/lib/python3.12/site-packages/oslo_db/sqlalchemy/engines.py:325}}
Jul 24 14:27:35.371979 np0000005840 devstack@n-api-meta.service[96078]: DEBUG dbcounter [-] [96078] Writer thread running {{(pid=96078) stat_writer /opt/stack/data/venv/lib/python3.12/site-packages/dbcounter.py:102}}
Jul 24 14:27:35.373839 np0000005840 devstack@n-api-meta.service[96080]: DEBUG oslo_db.sqlalchemy.engines [None req-d9b0a20e-23ac-4339-b402-674a90bee2b8 None None] MySQL server mode set to STRICT_TRANS_TABLES,STRICT_ALL_TABLES,NO_ZERO_IN_DATE,NO_ZERO_DATE,ERROR_FOR_DIVISION_BY_ZERO,TRADITIONAL,NO_ENGINE_SUBSTITUTION {{(pid=96080) _check_effective_sql_mode /opt/stack/data/venv/lib/python3.12/site-packages/oslo_db/sqlalchemy/engines.py:325}}
Jul 24 14:27:35.374866 np0000005840 devstack@n-api-meta.service[96078]: DEBUG nova.context [None req-67a80676-c214-4e7e-8806-9dc36ba409e7 None None] Found 2 cells: 00000000-0000-0000-0000-000000000000(cell0),d22428c9-92ce-46f7-a651-a4ee7c5ef39a(cell1) {{(pid=96078) load_cells /opt/stack/nova/nova/context.py:509}}
Jul 24 14:27:35.375169 np0000005840 devstack@n-api-meta.service[96078]: INFO nova.utils [None req-67a80676-c214-4e7e-8806-9dc36ba409e7 None None] The cell worker thread pool MainProcess.cell_worker is initialized
Jul 24 14:27:35.376996 np0000005840 devstack@n-api-meta.service[96078]: DEBUG oslo_concurrency.lockutils [None req-67a80676-c214-4e7e-8806-9dc36ba409e7 None None] Acquiring lock "00000000-0000-0000-0000-000000000000" by "nova.context.set_target_cell..get_or_set_cached_cell_and_set_connections" {{(pid=96078) inner /opt/stack/data/venv/lib/python3.12/site-packages/oslo_concurrency/lockutils.py:512}}
Jul 24 14:27:35.377129 np0000005840 devstack@n-api-meta.service[96080]: DEBUG oslo_db.sqlalchemy.engines [None req-d9b0a20e-23ac-4339-b402-674a90bee2b8 None None] MySQL server mode set to STRICT_TRANS_TABLES,STRICT_ALL_TABLES,NO_ZERO_IN_DATE,NO_ZERO_DATE,ERROR_FOR_DIVISION_BY_ZERO,TRADITIONAL,NO_ENGINE_SUBSTITUTION {{(pid=96080) _check_effective_sql_mode /opt/stack/data/venv/lib/python3.12/site-packages/oslo_db/sqlalchemy/engines.py:325}}
Jul 24 14:27:35.377267 np0000005840 devstack@n-api-meta.service[96078]: DEBUG oslo_concurrency.lockutils [None req-67a80676-c214-4e7e-8806-9dc36ba409e7 None None] Lock "00000000-0000-0000-0000-000000000000" acquired by "nova.context.set_target_cell..get_or_set_cached_cell_and_set_connections" :: waited 0.000s {{(pid=96078) inner /opt/stack/data/venv/lib/python3.12/site-packages/oslo_concurrency/lockutils.py:525}}
Jul 24 14:27:35.377845 np0000005840 devstack@n-api-meta.service[96078]: DEBUG oslo_concurrency.lockutils [None req-67a80676-c214-4e7e-8806-9dc36ba409e7 None None] Lock "00000000-0000-0000-0000-000000000000" "released" by "nova.context.set_target_cell..get_or_set_cached_cell_and_set_connections" :: held 0.001s {{(pid=96078) inner /opt/stack/data/venv/lib/python3.12/site-packages/oslo_concurrency/lockutils.py:544}}
Jul 24 14:27:35.378844 np0000005840 devstack@n-api-meta.service[96078]: DEBUG oslo_concurrency.lockutils [None req-67a80676-c214-4e7e-8806-9dc36ba409e7 None None] Acquiring lock "d22428c9-92ce-46f7-a651-a4ee7c5ef39a" by "nova.context.set_target_cell..get_or_set_cached_cell_and_set_connections" {{(pid=96078) inner /opt/stack/data/venv/lib/python3.12/site-packages/oslo_concurrency/lockutils.py:512}}
Jul 24 14:27:35.380642 np0000005840 devstack@n-api-meta.service[96081]: INFO dbcounter [None req-d5ab42d1-9985-4079-88ac-6f87ccf24d84 None None] Registered counter for database nova_api
Jul 24 14:27:35.381315 np0000005840 devstack@n-api-meta.service[96078]: INFO dbcounter [None req-67a80676-c214-4e7e-8806-9dc36ba409e7 None None] Registered counter for database nova_cell0
Jul 24 14:27:35.382197 np0000005840 devstack@n-api-meta.service[96079]: INFO dbcounter [None req-9ef8b951-93b6-476a-9a60-5c6eb3746d0b None None] Registered counter for database nova_api
Jul 24 14:27:35.382957 np0000005840 devstack@n-api-meta.service[96078]: DEBUG oslo_concurrency.lockutils [None req-67a80676-c214-4e7e-8806-9dc36ba409e7 None None] Lock "d22428c9-92ce-46f7-a651-a4ee7c5ef39a" acquired by "nova.context.set_target_cell..get_or_set_cached_cell_and_set_connections" :: waited 0.002s {{(pid=96078) inner /opt/stack/data/venv/lib/python3.12/site-packages/oslo_concurrency/lockutils.py:525}}
Jul 24 14:27:35.384683 np0000005840 devstack@n-api-meta.service[96078]: DEBUG oslo_concurrency.lockutils [None req-67a80676-c214-4e7e-8806-9dc36ba409e7 None None] Lock "d22428c9-92ce-46f7-a651-a4ee7c5ef39a" "released" by "nova.context.set_target_cell..get_or_set_cached_cell_and_set_connections" :: held 0.003s {{(pid=96078) inner /opt/stack/data/venv/lib/python3.12/site-packages/oslo_concurrency/lockutils.py:544}}
Jul 24 14:27:35.387191 np0000005840 devstack@n-api-meta.service[96078]: INFO dbcounter [None req-67a80676-c214-4e7e-8806-9dc36ba409e7 None None] Registered counter for database nova_cell1
Jul 24 14:27:35.432395 np0000005840 devstack@n-api-meta.service[96081]: DEBUG oslo_db.sqlalchemy.engines [None req-d5ab42d1-9985-4079-88ac-6f87ccf24d84 None None] MySQL server mode set to STRICT_TRANS_TABLES,STRICT_ALL_TABLES,NO_ZERO_IN_DATE,NO_ZERO_DATE,ERROR_FOR_DIVISION_BY_ZERO,TRADITIONAL,NO_ENGINE_SUBSTITUTION {{(pid=96081) _check_effective_sql_mode /opt/stack/data/venv/lib/python3.12/site-packages/oslo_db/sqlalchemy/engines.py:325}}
Jul 24 14:27:35.437920 np0000005840 devstack@n-api-meta.service[96078]: DEBUG oslo_db.sqlalchemy.engines [None req-67a80676-c214-4e7e-8806-9dc36ba409e7 None None] MySQL server mode set to STRICT_TRANS_TABLES,STRICT_ALL_TABLES,NO_ZERO_IN_DATE,NO_ZERO_DATE,ERROR_FOR_DIVISION_BY_ZERO,TRADITIONAL,NO_ENGINE_SUBSTITUTION {{(pid=96078) _check_effective_sql_mode /opt/stack/data/venv/lib/python3.12/site-packages/oslo_db/sqlalchemy/engines.py:325}}
Jul 24 14:27:35.440262 np0000005840 devstack@n-api-meta.service[96079]: DEBUG oslo_db.sqlalchemy.engines [None req-9ef8b951-93b6-476a-9a60-5c6eb3746d0b None None] MySQL server mode set to STRICT_TRANS_TABLES,STRICT_ALL_TABLES,NO_ZERO_IN_DATE,NO_ZERO_DATE,ERROR_FOR_DIVISION_BY_ZERO,TRADITIONAL,NO_ENGINE_SUBSTITUTION {{(pid=96079) _check_effective_sql_mode /opt/stack/data/venv/lib/python3.12/site-packages/oslo_db/sqlalchemy/engines.py:325}}
Jul 24 14:27:35.443347 np0000005840 devstack@n-api-meta.service[96078]: DEBUG oslo_db.sqlalchemy.engines [None req-67a80676-c214-4e7e-8806-9dc36ba409e7 None None] MySQL server mode set to STRICT_TRANS_TABLES,STRICT_ALL_TABLES,NO_ZERO_IN_DATE,NO_ZERO_DATE,ERROR_FOR_DIVISION_BY_ZERO,TRADITIONAL,NO_ENGINE_SUBSTITUTION {{(pid=96078) _check_effective_sql_mode /opt/stack/data/venv/lib/python3.12/site-packages/oslo_db/sqlalchemy/engines.py:325}}
Jul 24 14:27:35.472313 np0000005840 devstack@n-api-meta.service[96081]: DEBUG dbcounter [-] [96081] Writer thread running {{(pid=96081) stat_writer /opt/stack/data/venv/lib/python3.12/site-packages/dbcounter.py:102}}
Jul 24 14:27:35.475904 np0000005840 devstack@n-api-meta.service[96081]: DEBUG nova.context [None req-d5ab42d1-9985-4079-88ac-6f87ccf24d84 None None] Found 2 cells: 00000000-0000-0000-0000-000000000000(cell0),d22428c9-92ce-46f7-a651-a4ee7c5ef39a(cell1) {{(pid=96081) load_cells /opt/stack/nova/nova/context.py:509}}
Jul 24 14:27:35.476493 np0000005840 devstack@n-api-meta.service[96081]: INFO nova.utils [None req-d5ab42d1-9985-4079-88ac-6f87ccf24d84 None None] The cell worker thread pool MainProcess.cell_worker is initialized
Jul 24 14:27:35.479021 np0000005840 devstack@n-api-meta.service[96081]: DEBUG oslo_concurrency.lockutils [None req-d5ab42d1-9985-4079-88ac-6f87ccf24d84 None None] Acquiring lock "00000000-0000-0000-0000-000000000000" by "nova.context.set_target_cell..get_or_set_cached_cell_and_set_connections" {{(pid=96081) inner /opt/stack/data/venv/lib/python3.12/site-packages/oslo_concurrency/lockutils.py:512}}
Jul 24 14:27:35.479282 np0000005840 devstack@n-api-meta.service[96081]: DEBUG oslo_concurrency.lockutils [None req-d5ab42d1-9985-4079-88ac-6f87ccf24d84 None None] Lock "00000000-0000-0000-0000-000000000000" acquired by "nova.context.set_target_cell..get_or_set_cached_cell_and_set_connections" :: waited 0.000s {{(pid=96081) inner /opt/stack/data/venv/lib/python3.12/site-packages/oslo_concurrency/lockutils.py:525}}
Jul 24 14:27:35.479682 np0000005840 devstack@n-api-meta.service[96081]: DEBUG oslo_concurrency.lockutils [None req-d5ab42d1-9985-4079-88ac-6f87ccf24d84 None None] Lock "00000000-0000-0000-0000-000000000000" "released" by "nova.context.set_target_cell..get_or_set_cached_cell_and_set_connections" :: held 0.001s {{(pid=96081) inner /opt/stack/data/venv/lib/python3.12/site-packages/oslo_concurrency/lockutils.py:544}}
Jul 24 14:27:35.480466 np0000005840 devstack@n-api-meta.service[96081]: DEBUG oslo_concurrency.lockutils [None req-d5ab42d1-9985-4079-88ac-6f87ccf24d84 None None] Acquiring lock "d22428c9-92ce-46f7-a651-a4ee7c5ef39a" by "nova.context.set_target_cell..get_or_set_cached_cell_and_set_connections" {{(pid=96081) inner /opt/stack/data/venv/lib/python3.12/site-packages/oslo_concurrency/lockutils.py:512}}
Jul 24 14:27:35.480611 np0000005840 devstack@n-api-meta.service[96081]: DEBUG oslo_concurrency.lockutils [None req-d5ab42d1-9985-4079-88ac-6f87ccf24d84 None None] Lock "d22428c9-92ce-46f7-a651-a4ee7c5ef39a" acquired by "nova.context.set_target_cell..get_or_set_cached_cell_and_set_connections" :: waited 0.000s {{(pid=96081) inner /opt/stack/data/venv/lib/python3.12/site-packages/oslo_concurrency/lockutils.py:525}}
Jul 24 14:27:35.480989 np0000005840 devstack@n-api-meta.service[96079]: DEBUG dbcounter [-] [96079] Writer thread running {{(pid=96079) stat_writer /opt/stack/data/venv/lib/python3.12/site-packages/dbcounter.py:102}}
Jul 24 14:27:35.481547 np0000005840 devstack@n-api-meta.service[96081]: DEBUG oslo_concurrency.lockutils [None req-d5ab42d1-9985-4079-88ac-6f87ccf24d84 None None] Lock "d22428c9-92ce-46f7-a651-a4ee7c5ef39a" "released" by "nova.context.set_target_cell..get_or_set_cached_cell_and_set_connections" :: held 0.001s {{(pid=96081) inner /opt/stack/data/venv/lib/python3.12/site-packages/oslo_concurrency/lockutils.py:544}}
Jul 24 14:27:35.483236 np0000005840 devstack@n-api-meta.service[96080]: DEBUG dbcounter [-] [96080] Writer thread running {{(pid=96080) stat_writer /opt/stack/data/venv/lib/python3.12/site-packages/dbcounter.py:102}}
Jul 24 14:27:35.483540 np0000005840 devstack@n-api-meta.service[96081]: INFO dbcounter [None req-d5ab42d1-9985-4079-88ac-6f87ccf24d84 None None] Registered counter for database nova_cell0
Jul 24 14:27:35.486590 np0000005840 devstack@n-api-meta.service[96079]: DEBUG nova.context [None req-9ef8b951-93b6-476a-9a60-5c6eb3746d0b None None] Found 2 cells: 00000000-0000-0000-0000-000000000000(cell0),d22428c9-92ce-46f7-a651-a4ee7c5ef39a(cell1) {{(pid=96079) load_cells /opt/stack/nova/nova/context.py:509}}
Jul 24 14:27:35.486764 np0000005840 devstack@n-api-meta.service[96080]: DEBUG dbcounter [-] [96080] Writer thread running {{(pid=96080) stat_writer /opt/stack/data/venv/lib/python3.12/site-packages/dbcounter.py:102}}
Jul 24 14:27:35.486819 np0000005840 devstack@n-api-meta.service[96079]: INFO nova.utils [None req-9ef8b951-93b6-476a-9a60-5c6eb3746d0b None None] The cell worker thread pool MainProcess.cell_worker is initialized
Jul 24 14:27:35.487807 np0000005840 devstack@n-api-meta.service[96081]: INFO dbcounter [None req-d5ab42d1-9985-4079-88ac-6f87ccf24d84 None None] Registered counter for database nova_cell1
Jul 24 14:27:35.488886 np0000005840 devstack@n-api-meta.service[96079]: DEBUG oslo_concurrency.lockutils [None req-9ef8b951-93b6-476a-9a60-5c6eb3746d0b None None] Acquiring lock "00000000-0000-0000-0000-000000000000" by "nova.context.set_target_cell..get_or_set_cached_cell_and_set_connections" {{(pid=96079) inner /opt/stack/data/venv/lib/python3.12/site-packages/oslo_concurrency/lockutils.py:512}}
Jul 24 14:27:35.489127 np0000005840 devstack@n-api-meta.service[96079]: DEBUG oslo_concurrency.lockutils [None req-9ef8b951-93b6-476a-9a60-5c6eb3746d0b None None] Lock "00000000-0000-0000-0000-000000000000" acquired by "nova.context.set_target_cell..get_or_set_cached_cell_and_set_connections" :: waited 0.000s {{(pid=96079) inner /opt/stack/data/venv/lib/python3.12/site-packages/oslo_concurrency/lockutils.py:525}}
Jul 24 14:27:35.489611 np0000005840 devstack@n-api-meta.service[96079]: DEBUG oslo_concurrency.lockutils [None req-9ef8b951-93b6-476a-9a60-5c6eb3746d0b None None] Lock "00000000-0000-0000-0000-000000000000" "released" by "nova.context.set_target_cell..get_or_set_cached_cell_and_set_connections" :: held 0.000s {{(pid=96079) inner /opt/stack/data/venv/lib/python3.12/site-packages/oslo_concurrency/lockutils.py:544}}
Jul 24 14:27:35.490399 np0000005840 devstack@n-api-meta.service[96079]: DEBUG oslo_concurrency.lockutils [None req-9ef8b951-93b6-476a-9a60-5c6eb3746d0b None None] Acquiring lock "d22428c9-92ce-46f7-a651-a4ee7c5ef39a" by "nova.context.set_target_cell..get_or_set_cached_cell_and_set_connections" {{(pid=96079) inner /opt/stack/data/venv/lib/python3.12/site-packages/oslo_concurrency/lockutils.py:512}}
Jul 24 14:27:35.490538 np0000005840 devstack@n-api-meta.service[96079]: DEBUG oslo_concurrency.lockutils [None req-9ef8b951-93b6-476a-9a60-5c6eb3746d0b None None] Lock "d22428c9-92ce-46f7-a651-a4ee7c5ef39a" acquired by "nova.context.set_target_cell..get_or_set_cached_cell_and_set_connections" :: waited 0.000s {{(pid=96079) inner /opt/stack/data/venv/lib/python3.12/site-packages/oslo_concurrency/lockutils.py:525}}
Jul 24 14:27:35.491320 np0000005840 devstack@n-api-meta.service[96080]: INFO dbcounter [None req-d9b0a20e-23ac-4339-b402-674a90bee2b8 None None] Registered counter for database nova_cell0
Jul 24 14:27:35.491775 np0000005840 devstack@n-api-meta.service[96079]: DEBUG oslo_concurrency.lockutils [None req-9ef8b951-93b6-476a-9a60-5c6eb3746d0b None None] Lock "d22428c9-92ce-46f7-a651-a4ee7c5ef39a" "released" by "nova.context.set_target_cell..get_or_set_cached_cell_and_set_connections" :: held 0.001s {{(pid=96079) inner /opt/stack/data/venv/lib/python3.12/site-packages/oslo_concurrency/lockutils.py:544}}
Jul 24 14:27:35.493372 np0000005840 devstack@n-api-meta.service[96079]: INFO dbcounter [None req-9ef8b951-93b6-476a-9a60-5c6eb3746d0b None None] Registered counter for database nova_cell0
Jul 24 14:27:35.496834 np0000005840 devstack@n-api-meta.service[96079]: INFO dbcounter [None req-9ef8b951-93b6-476a-9a60-5c6eb3746d0b None None] Registered counter for database nova_cell1
Jul 24 14:27:35.535272 np0000005840 devstack@n-api-meta.service[96080]: DEBUG oslo_db.sqlalchemy.engines [None req-d9b0a20e-23ac-4339-b402-674a90bee2b8 None None] MySQL server mode set to STRICT_TRANS_TABLES,STRICT_ALL_TABLES,NO_ZERO_IN_DATE,NO_ZERO_DATE,ERROR_FOR_DIVISION_BY_ZERO,TRADITIONAL,NO_ENGINE_SUBSTITUTION {{(pid=96080) _check_effective_sql_mode /opt/stack/data/venv/lib/python3.12/site-packages/oslo_db/sqlalchemy/engines.py:325}}
Jul 24 14:27:35.541948 np0000005840 devstack@n-api-meta.service[96080]: DEBUG dbcounter [-] [96080] Writer thread running {{(pid=96080) stat_writer /opt/stack/data/venv/lib/python3.12/site-packages/dbcounter.py:102}}
Jul 24 14:27:35.542921 np0000005840 devstack@n-api-meta.service[96081]: DEBUG oslo_db.sqlalchemy.engines [None req-d5ab42d1-9985-4079-88ac-6f87ccf24d84 None None] MySQL server mode set to STRICT_TRANS_TABLES,STRICT_ALL_TABLES,NO_ZERO_IN_DATE,NO_ZERO_DATE,ERROR_FOR_DIVISION_BY_ZERO,TRADITIONAL,NO_ENGINE_SUBSTITUTION {{(pid=96081) _check_effective_sql_mode /opt/stack/data/venv/lib/python3.12/site-packages/oslo_db/sqlalchemy/engines.py:325}}
Jul 24 14:27:35.552736 np0000005840 devstack@n-api-meta.service[96079]: DEBUG oslo_db.sqlalchemy.engines [None req-9ef8b951-93b6-476a-9a60-5c6eb3746d0b None None] MySQL server mode set to STRICT_TRANS_TABLES,STRICT_ALL_TABLES,NO_ZERO_IN_DATE,NO_ZERO_DATE,ERROR_FOR_DIVISION_BY_ZERO,TRADITIONAL,NO_ENGINE_SUBSTITUTION {{(pid=96079) _check_effective_sql_mode /opt/stack/data/venv/lib/python3.12/site-packages/oslo_db/sqlalchemy/engines.py:325}}
Jul 24 14:27:35.573956 np0000005840 devstack@n-api-meta.service[96078]: DEBUG dbcounter [-] [96078] Writer thread running {{(pid=96078) stat_writer /opt/stack/data/venv/lib/python3.12/site-packages/dbcounter.py:102}}
Jul 24 14:27:35.574091 np0000005840 devstack@n-api-meta.service[96079]: DEBUG oslo_db.sqlalchemy.engines [None req-9ef8b951-93b6-476a-9a60-5c6eb3746d0b None None] MySQL server mode set to STRICT_TRANS_TABLES,STRICT_ALL_TABLES,NO_ZERO_IN_DATE,NO_ZERO_DATE,ERROR_FOR_DIVISION_BY_ZERO,TRADITIONAL,NO_ENGINE_SUBSTITUTION {{(pid=96079) _check_effective_sql_mode /opt/stack/data/venv/lib/python3.12/site-packages/oslo_db/sqlalchemy/engines.py:325}}
Jul 24 14:27:35.575887 np0000005840 devstack@n-api-meta.service[96078]: DEBUG dbcounter [-] [96078] Writer thread running {{(pid=96078) stat_writer /opt/stack/data/venv/lib/python3.12/site-packages/dbcounter.py:102}}
Jul 24 14:27:35.581306 np0000005840 devstack@n-api-meta.service[96078]: INFO dbcounter [None req-67a80676-c214-4e7e-8806-9dc36ba409e7 None None] Registered counter for database nova_cell0
Jul 24 14:27:35.590718 np0000005840 devstack@n-api-meta.service[96081]: DEBUG oslo_db.sqlalchemy.engines [None req-d5ab42d1-9985-4079-88ac-6f87ccf24d84 None None] MySQL server mode set to STRICT_TRANS_TABLES,STRICT_ALL_TABLES,NO_ZERO_IN_DATE,NO_ZERO_DATE,ERROR_FOR_DIVISION_BY_ZERO,TRADITIONAL,NO_ENGINE_SUBSTITUTION {{(pid=96081) _check_effective_sql_mode /opt/stack/data/venv/lib/python3.12/site-packages/oslo_db/sqlalchemy/engines.py:325}}
Jul 24 14:27:35.597184 np0000005840 devstack@n-api-meta.service[96080]: WARNING nova.api.metadata.handler [None req-d9b0a20e-23ac-4339-b402-674a90bee2b8 None None] metadata_proxy_shared_secret is not configured, the metadata information returned by the proxy cannot be trusted
Jul 24 14:27:35.600702 np0000005840 devstack@n-api-meta.service[96080]: DEBUG nova.api.openstack.wsgi_app [None req-d9b0a20e-23ac-4339-b402-674a90bee2b8 None None] ******************************************************************************** {{(pid=96080) log_opt_values /opt/stack/data/venv/lib/python3.12/site-packages/oslo_config/cfg.py:3226}}
Jul 24 14:27:35.600702 np0000005840 devstack@n-api-meta.service[96080]: DEBUG nova.api.openstack.wsgi_app [None req-d9b0a20e-23ac-4339-b402-674a90bee2b8 None None] Configuration options gathered from: {{(pid=96080) log_opt_values /opt/stack/data/venv/lib/python3.12/site-packages/oslo_config/cfg.py:3227}}
Jul 24 14:27:35.600702 np0000005840 devstack@n-api-meta.service[96080]: DEBUG nova.api.openstack.wsgi_app [None req-d9b0a20e-23ac-4339-b402-674a90bee2b8 None None] command line args: [] {{(pid=96080) log_opt_values /opt/stack/data/venv/lib/python3.12/site-packages/oslo_config/cfg.py:3228}}
Jul 24 14:27:35.600702 np0000005840 devstack@n-api-meta.service[96080]: DEBUG nova.api.openstack.wsgi_app [None req-d9b0a20e-23ac-4339-b402-674a90bee2b8 None None] config files: ['/etc/nova/api-paste.ini', '/etc/nova/nova.conf'] {{(pid=96080) log_opt_values /opt/stack/data/venv/lib/python3.12/site-packages/oslo_config/cfg.py:3229}}
Jul 24 14:27:35.600702 np0000005840 devstack@n-api-meta.service[96080]: DEBUG nova.api.openstack.wsgi_app [None req-d9b0a20e-23ac-4339-b402-674a90bee2b8 None None] ================================================================================ {{(pid=96080) log_opt_values /opt/stack/data/venv/lib/python3.12/site-packages/oslo_config/cfg.py:3234}}
Jul 24 14:27:35.600702 np0000005840 devstack@n-api-meta.service[96080]: DEBUG nova.api.openstack.wsgi_app [None req-d9b0a20e-23ac-4339-b402-674a90bee2b8 None None] allow_resize_to_same_host = True {{(pid=96080) log_opt_values /opt/stack/data/venv/lib/python3.12/site-packages/oslo_config/cfg.py:3242}}
Jul 24 14:27:35.601013 np0000005840 devstack@n-api-meta.service[96080]: DEBUG nova.api.openstack.wsgi_app [None req-d9b0a20e-23ac-4339-b402-674a90bee2b8 None None] arq_binding_timeout = 300 {{(pid=96080) log_opt_values /opt/stack/data/venv/lib/python3.12/site-packages/oslo_config/cfg.py:3242}}
Jul 24 14:27:35.601013 np0000005840 devstack@n-api-meta.service[96080]: DEBUG nova.api.openstack.wsgi_app [None req-d9b0a20e-23ac-4339-b402-674a90bee2b8 None None] block_device_allocate_retries = 60 {{(pid=96080) log_opt_values /opt/stack/data/venv/lib/python3.12/site-packages/oslo_config/cfg.py:3242}}
Jul 24 14:27:35.601277 np0000005840 devstack@n-api-meta.service[96080]: DEBUG nova.api.openstack.wsgi_app [None req-d9b0a20e-23ac-4339-b402-674a90bee2b8 None None] block_device_allocate_retries_interval = 3 {{(pid=96080) log_opt_values /opt/stack/data/venv/lib/python3.12/site-packages/oslo_config/cfg.py:3242}}
Jul 24 14:27:35.601335 np0000005840 devstack@n-api-meta.service[96080]: DEBUG nova.api.openstack.wsgi_app [None req-d9b0a20e-23ac-4339-b402-674a90bee2b8 None None] cell_worker_thread_pool_size = 5 {{(pid=96080) log_opt_values /opt/stack/data/venv/lib/python3.12/site-packages/oslo_config/cfg.py:3242}}
Jul 24 14:27:35.601473 np0000005840 devstack@n-api-meta.service[96080]: DEBUG nova.api.openstack.wsgi_app [None req-d9b0a20e-23ac-4339-b402-674a90bee2b8 None None] cert = self.pem {{(pid=96080) log_opt_values /opt/stack/data/venv/lib/python3.12/site-packages/oslo_config/cfg.py:3242}}
Jul 24 14:27:35.601630 np0000005840 devstack@n-api-meta.service[96080]: DEBUG nova.api.openstack.wsgi_app [None req-d9b0a20e-23ac-4339-b402-674a90bee2b8 None None] compute_driver = libvirt.LibvirtDriver {{(pid=96080) log_opt_values /opt/stack/data/venv/lib/python3.12/site-packages/oslo_config/cfg.py:3242}}
Jul 24 14:27:35.601910 np0000005840 devstack@n-api-meta.service[96080]: DEBUG nova.api.openstack.wsgi_app [None req-d9b0a20e-23ac-4339-b402-674a90bee2b8 None None] compute_monitors = [] {{(pid=96080) log_opt_values /opt/stack/data/venv/lib/python3.12/site-packages/oslo_config/cfg.py:3242}}
Jul 24 14:27:35.602096 np0000005840 devstack@n-api-meta.service[96080]: DEBUG nova.api.openstack.wsgi_app [None req-d9b0a20e-23ac-4339-b402-674a90bee2b8 None None] concurrency_backend = auto {{(pid=96080) log_opt_values /opt/stack/data/venv/lib/python3.12/site-packages/oslo_config/cfg.py:3242}}
Jul 24 14:27:35.602272 np0000005840 devstack@n-api-meta.service[96080]: DEBUG nova.api.openstack.wsgi_app [None req-d9b0a20e-23ac-4339-b402-674a90bee2b8 None None] config_dir = [] {{(pid=96080) log_opt_values /opt/stack/data/venv/lib/python3.12/site-packages/oslo_config/cfg.py:3242}}
Jul 24 14:27:35.602438 np0000005840 devstack@n-api-meta.service[96080]: DEBUG nova.api.openstack.wsgi_app [None req-d9b0a20e-23ac-4339-b402-674a90bee2b8 None None] config_drive_format = iso9660 {{(pid=96080) log_opt_values /opt/stack/data/venv/lib/python3.12/site-packages/oslo_config/cfg.py:3242}}
Jul 24 14:27:35.603133 np0000005840 devstack@n-api-meta.service[96080]: DEBUG nova.api.openstack.wsgi_app [None req-d9b0a20e-23ac-4339-b402-674a90bee2b8 None None] config_file = ['/etc/nova/api-paste.ini', '/etc/nova/nova.conf'] {{(pid=96080) log_opt_values /opt/stack/data/venv/lib/python3.12/site-packages/oslo_config/cfg.py:3242}}
Jul 24 14:27:35.603133 np0000005840 devstack@n-api-meta.service[96080]: DEBUG nova.api.openstack.wsgi_app [None req-d9b0a20e-23ac-4339-b402-674a90bee2b8 None None] config_source = [] {{(pid=96080) log_opt_values /opt/stack/data/venv/lib/python3.12/site-packages/oslo_config/cfg.py:3242}}
Jul 24 14:27:35.603133 np0000005840 devstack@n-api-meta.service[96080]: DEBUG nova.api.openstack.wsgi_app [None req-d9b0a20e-23ac-4339-b402-674a90bee2b8 None None] console_host = np0000005840 {{(pid=96080) log_opt_values /opt/stack/data/venv/lib/python3.12/site-packages/oslo_config/cfg.py:3242}}
Jul 24 14:27:35.603133 np0000005840 devstack@n-api-meta.service[96080]: DEBUG nova.api.openstack.wsgi_app [None req-d9b0a20e-23ac-4339-b402-674a90bee2b8 None None] control_exchange = nova {{(pid=96080) log_opt_values /opt/stack/data/venv/lib/python3.12/site-packages/oslo_config/cfg.py:3242}}
Jul 24 14:27:35.603324 np0000005840 devstack@n-api-meta.service[96080]: DEBUG nova.api.openstack.wsgi_app [None req-d9b0a20e-23ac-4339-b402-674a90bee2b8 None None] cpu_allocation_ratio = None {{(pid=96080) log_opt_values /opt/stack/data/venv/lib/python3.12/site-packages/oslo_config/cfg.py:3242}}
Jul 24 14:27:35.603421 np0000005840 devstack@n-api-meta.service[96080]: DEBUG nova.api.openstack.wsgi_app [None req-d9b0a20e-23ac-4339-b402-674a90bee2b8 None None] daemon = False {{(pid=96080) log_opt_values /opt/stack/data/venv/lib/python3.12/site-packages/oslo_config/cfg.py:3242}}
Jul 24 14:27:35.604003 np0000005840 devstack@n-api-meta.service[96080]: DEBUG nova.api.openstack.wsgi_app [None req-d9b0a20e-23ac-4339-b402-674a90bee2b8 None None] debug = True {{(pid=96080) log_opt_values /opt/stack/data/venv/lib/python3.12/site-packages/oslo_config/cfg.py:3242}}
Jul 24 14:27:35.604003 np0000005840 devstack@n-api-meta.service[96080]: DEBUG nova.api.openstack.wsgi_app [None req-d9b0a20e-23ac-4339-b402-674a90bee2b8 None None] default_access_ip_network_name = None {{(pid=96080) log_opt_values /opt/stack/data/venv/lib/python3.12/site-packages/oslo_config/cfg.py:3242}}
Jul 24 14:27:35.604003 np0000005840 devstack@n-api-meta.service[96080]: DEBUG nova.api.openstack.wsgi_app [None req-d9b0a20e-23ac-4339-b402-674a90bee2b8 None None] default_availability_zone = nova {{(pid=96080) log_opt_values /opt/stack/data/venv/lib/python3.12/site-packages/oslo_config/cfg.py:3242}}
Jul 24 14:27:35.604145 np0000005840 devstack@n-api-meta.service[96080]: DEBUG nova.api.openstack.wsgi_app [None req-d9b0a20e-23ac-4339-b402-674a90bee2b8 None None] default_ephemeral_format = ext4 {{(pid=96080) log_opt_values /opt/stack/data/venv/lib/python3.12/site-packages/oslo_config/cfg.py:3242}}
Jul 24 14:27:35.604514 np0000005840 devstack@n-api-meta.service[96080]: DEBUG nova.api.openstack.wsgi_app [None req-d9b0a20e-23ac-4339-b402-674a90bee2b8 None None] default_green_pool_size = 1000 {{(pid=96080) log_opt_values /opt/stack/data/venv/lib/python3.12/site-packages/oslo_config/cfg.py:3242}}
Jul 24 14:27:35.604778 np0000005840 devstack@n-api-meta.service[96080]: DEBUG nova.api.openstack.wsgi_app [None req-d9b0a20e-23ac-4339-b402-674a90bee2b8 None None] default_log_levels = ['amqp=WARN', 'boto=WARN', 'sqlalchemy=WARN', 'suds=INFO', 'oslo.messaging=INFO', 'oslo_messaging=INFO', 'iso8601=WARN', 'requests.packages.urllib3.connectionpool=WARN', 'urllib3.connectionpool=WARN', 'websocket=WARN', 'requests.packages.urllib3.util.retry=WARN', 'urllib3.util.retry=WARN', 'keystonemiddleware=WARN', 'routes.middleware=WARN', 'stevedore=WARN', 'taskflow=WARN', 'keystoneauth=WARN', 'oslo.cache=INFO', 'oslo_policy=INFO', 'dogpile.core.dogpile=INFO', 'glanceclient=WARN', 'oslo.privsep.daemon=INFO'] {{(pid=96080) log_opt_values /opt/stack/data/venv/lib/python3.12/site-packages/oslo_config/cfg.py:3242}}
Jul 24 14:27:35.604916 np0000005840 devstack@n-api-meta.service[96080]: DEBUG nova.api.openstack.wsgi_app [None req-d9b0a20e-23ac-4339-b402-674a90bee2b8 None None] default_schedule_zone = None {{(pid=96080) log_opt_values /opt/stack/data/venv/lib/python3.12/site-packages/oslo_config/cfg.py:3242}}
Jul 24 14:27:35.605038 np0000005840 devstack@n-api-meta.service[96080]: DEBUG nova.api.openstack.wsgi_app [None req-d9b0a20e-23ac-4339-b402-674a90bee2b8 None None] default_thread_pool_size = 10 {{(pid=96080) log_opt_values /opt/stack/data/venv/lib/python3.12/site-packages/oslo_config/cfg.py:3242}}
Jul 24 14:27:35.605215 np0000005840 devstack@n-api-meta.service[96080]: DEBUG nova.api.openstack.wsgi_app [None req-d9b0a20e-23ac-4339-b402-674a90bee2b8 None None] disk_allocation_ratio = None {{(pid=96080) log_opt_values /opt/stack/data/venv/lib/python3.12/site-packages/oslo_config/cfg.py:3242}}
Jul 24 14:27:35.605385 np0000005840 devstack@n-api-meta.service[96080]: DEBUG nova.api.openstack.wsgi_app [None req-d9b0a20e-23ac-4339-b402-674a90bee2b8 None None] enable_new_services = True {{(pid=96080) log_opt_values /opt/stack/data/venv/lib/python3.12/site-packages/oslo_config/cfg.py:3242}}
Jul 24 14:27:35.605552 np0000005840 devstack@n-api-meta.service[96080]: DEBUG nova.api.openstack.wsgi_app [None req-d9b0a20e-23ac-4339-b402-674a90bee2b8 None None] flat_injected = False {{(pid=96080) log_opt_values /opt/stack/data/venv/lib/python3.12/site-packages/oslo_config/cfg.py:3242}}
Jul 24 14:27:35.605726 np0000005840 devstack@n-api-meta.service[96080]: DEBUG nova.api.openstack.wsgi_app [None req-d9b0a20e-23ac-4339-b402-674a90bee2b8 None None] force_config_drive = True {{(pid=96080) log_opt_values /opt/stack/data/venv/lib/python3.12/site-packages/oslo_config/cfg.py:3242}}
Jul 24 14:27:35.605870 np0000005840 devstack@n-api-meta.service[96080]: DEBUG nova.api.openstack.wsgi_app [None req-d9b0a20e-23ac-4339-b402-674a90bee2b8 None None] force_raw_images = True {{(pid=96080) log_opt_values /opt/stack/data/venv/lib/python3.12/site-packages/oslo_config/cfg.py:3242}}
Jul 24 14:27:35.606013 np0000005840 devstack@n-api-meta.service[96080]: DEBUG nova.api.openstack.wsgi_app [None req-d9b0a20e-23ac-4339-b402-674a90bee2b8 None None] graceful_shutdown_timeout = 5 {{(pid=96080) log_opt_values /opt/stack/data/venv/lib/python3.12/site-packages/oslo_config/cfg.py:3242}}
Jul 24 14:27:35.606193 np0000005840 devstack@n-api-meta.service[96080]: DEBUG nova.api.openstack.wsgi_app [None req-d9b0a20e-23ac-4339-b402-674a90bee2b8 None None] heal_instance_info_cache_interval = -1 {{(pid=96080) log_opt_values /opt/stack/data/venv/lib/python3.12/site-packages/oslo_config/cfg.py:3242}}
Jul 24 14:27:35.606418 np0000005840 devstack@n-api-meta.service[96080]: DEBUG nova.api.openstack.wsgi_app [None req-d9b0a20e-23ac-4339-b402-674a90bee2b8 None None] host = np0000005840 {{(pid=96080) log_opt_values /opt/stack/data/venv/lib/python3.12/site-packages/oslo_config/cfg.py:3242}}
Jul 24 14:27:35.606576 np0000005840 devstack@n-api-meta.service[96080]: DEBUG nova.api.openstack.wsgi_app [None req-d9b0a20e-23ac-4339-b402-674a90bee2b8 None None] initial_cpu_allocation_ratio = 4.0 {{(pid=96080) log_opt_values /opt/stack/data/venv/lib/python3.12/site-packages/oslo_config/cfg.py:3242}}
Jul 24 14:27:35.606734 np0000005840 devstack@n-api-meta.service[96080]: DEBUG nova.api.openstack.wsgi_app [None req-d9b0a20e-23ac-4339-b402-674a90bee2b8 None None] initial_disk_allocation_ratio = 1.0 {{(pid=96080) log_opt_values /opt/stack/data/venv/lib/python3.12/site-packages/oslo_config/cfg.py:3242}}
Jul 24 14:27:35.606896 np0000005840 devstack@n-api-meta.service[96080]: DEBUG nova.api.openstack.wsgi_app [None req-d9b0a20e-23ac-4339-b402-674a90bee2b8 None None] initial_ram_allocation_ratio = 1.0 {{(pid=96080) log_opt_values /opt/stack/data/venv/lib/python3.12/site-packages/oslo_config/cfg.py:3242}}
Jul 24 14:27:35.607086 np0000005840 devstack@n-api-meta.service[96080]: DEBUG nova.api.openstack.wsgi_app [None req-d9b0a20e-23ac-4339-b402-674a90bee2b8 None None] injected_network_template = /opt/stack/nova/nova/virt/interfaces.template {{(pid=96080) log_opt_values /opt/stack/data/venv/lib/python3.12/site-packages/oslo_config/cfg.py:3242}}
Jul 24 14:27:35.607283 np0000005840 devstack@n-api-meta.service[96080]: DEBUG nova.api.openstack.wsgi_app [None req-d9b0a20e-23ac-4339-b402-674a90bee2b8 None None] instance_build_timeout = 0 {{(pid=96080) log_opt_values /opt/stack/data/venv/lib/python3.12/site-packages/oslo_config/cfg.py:3242}}
Jul 24 14:27:35.607503 np0000005840 devstack@n-api-meta.service[96080]: DEBUG nova.api.openstack.wsgi_app [None req-d9b0a20e-23ac-4339-b402-674a90bee2b8 None None] instance_delete_interval = 300 {{(pid=96080) log_opt_values /opt/stack/data/venv/lib/python3.12/site-packages/oslo_config/cfg.py:3242}}
Jul 24 14:27:35.607642 np0000005840 devstack@n-api-meta.service[96080]: DEBUG nova.api.openstack.wsgi_app [None req-d9b0a20e-23ac-4339-b402-674a90bee2b8 None None] instance_format = [instance: %(uuid)s] {{(pid=96080) log_opt_values /opt/stack/data/venv/lib/python3.12/site-packages/oslo_config/cfg.py:3242}}
Jul 24 14:27:35.607783 np0000005840 devstack@n-api-meta.service[96080]: DEBUG nova.api.openstack.wsgi_app [None req-d9b0a20e-23ac-4339-b402-674a90bee2b8 None None] instance_name_template = instance-%08x {{(pid=96080) log_opt_values /opt/stack/data/venv/lib/python3.12/site-packages/oslo_config/cfg.py:3242}}
Jul 24 14:27:35.608120 np0000005840 devstack@n-api-meta.service[96080]: DEBUG nova.api.openstack.wsgi_app [None req-d9b0a20e-23ac-4339-b402-674a90bee2b8 None None] instance_usage_audit = False {{(pid=96080) log_opt_values /opt/stack/data/venv/lib/python3.12/site-packages/oslo_config/cfg.py:3242}}
Jul 24 14:27:35.608298 np0000005840 devstack@n-api-meta.service[96080]: DEBUG nova.api.openstack.wsgi_app [None req-d9b0a20e-23ac-4339-b402-674a90bee2b8 None None] instance_usage_audit_period = month {{(pid=96080) log_opt_values /opt/stack/data/venv/lib/python3.12/site-packages/oslo_config/cfg.py:3242}}
Jul 24 14:27:35.608467 np0000005840 devstack@n-api-meta.service[96080]: DEBUG nova.api.openstack.wsgi_app [None req-d9b0a20e-23ac-4339-b402-674a90bee2b8 None None] instance_uuid_format = [instance: %(uuid)s] {{(pid=96080) log_opt_values /opt/stack/data/venv/lib/python3.12/site-packages/oslo_config/cfg.py:3242}}
Jul 24 14:27:35.608670 np0000005840 devstack@n-api-meta.service[96080]: DEBUG nova.api.openstack.wsgi_app [None req-d9b0a20e-23ac-4339-b402-674a90bee2b8 None None] instances_path = /opt/stack/data/nova/instances {{(pid=96080) log_opt_values /opt/stack/data/venv/lib/python3.12/site-packages/oslo_config/cfg.py:3242}}
Jul 24 14:27:35.608812 np0000005840 devstack@n-api-meta.service[96080]: DEBUG nova.api.openstack.wsgi_app [None req-d9b0a20e-23ac-4339-b402-674a90bee2b8 None None] internal_service_availability_zone = internal {{(pid=96080) log_opt_values /opt/stack/data/venv/lib/python3.12/site-packages/oslo_config/cfg.py:3242}}
Jul 24 14:27:35.608961 np0000005840 devstack@n-api-meta.service[96080]: DEBUG nova.api.openstack.wsgi_app [None req-d9b0a20e-23ac-4339-b402-674a90bee2b8 None None] key = None {{(pid=96080) log_opt_values /opt/stack/data/venv/lib/python3.12/site-packages/oslo_config/cfg.py:3242}}
Jul 24 14:27:35.609088 np0000005840 devstack@n-api-meta.service[96080]: DEBUG nova.api.openstack.wsgi_app [None req-d9b0a20e-23ac-4339-b402-674a90bee2b8 None None] live_migration_retry_count = 30 {{(pid=96080) log_opt_values /opt/stack/data/venv/lib/python3.12/site-packages/oslo_config/cfg.py:3242}}
Jul 24 14:27:35.609257 np0000005840 devstack@n-api-meta.service[96080]: DEBUG nova.api.openstack.wsgi_app [None req-d9b0a20e-23ac-4339-b402-674a90bee2b8 None None] log_color = False {{(pid=96080) log_opt_values /opt/stack/data/venv/lib/python3.12/site-packages/oslo_config/cfg.py:3242}}
Jul 24 14:27:35.609380 np0000005840 devstack@n-api-meta.service[96080]: DEBUG nova.api.openstack.wsgi_app [None req-d9b0a20e-23ac-4339-b402-674a90bee2b8 None None] log_config_append = None {{(pid=96080) log_opt_values /opt/stack/data/venv/lib/python3.12/site-packages/oslo_config/cfg.py:3242}}
Jul 24 14:27:35.609524 np0000005840 devstack@n-api-meta.service[96080]: DEBUG nova.api.openstack.wsgi_app [None req-d9b0a20e-23ac-4339-b402-674a90bee2b8 None None] log_date_format = %Y-%m-%d %H:%M:%S {{(pid=96080) log_opt_values /opt/stack/data/venv/lib/python3.12/site-packages/oslo_config/cfg.py:3242}}
Jul 24 14:27:35.609643 np0000005840 devstack@n-api-meta.service[96080]: DEBUG nova.api.openstack.wsgi_app [None req-d9b0a20e-23ac-4339-b402-674a90bee2b8 None None] log_dir = None {{(pid=96080) log_opt_values /opt/stack/data/venv/lib/python3.12/site-packages/oslo_config/cfg.py:3242}}
Jul 24 14:27:35.609799 np0000005840 devstack@n-api-meta.service[96080]: DEBUG nova.api.openstack.wsgi_app [None req-d9b0a20e-23ac-4339-b402-674a90bee2b8 None None] log_file = None {{(pid=96080) log_opt_values /opt/stack/data/venv/lib/python3.12/site-packages/oslo_config/cfg.py:3242}}
Jul 24 14:27:35.609910 np0000005840 devstack@n-api-meta.service[96080]: DEBUG nova.api.openstack.wsgi_app [None req-d9b0a20e-23ac-4339-b402-674a90bee2b8 None None] log_options = True {{(pid=96080) log_opt_values /opt/stack/data/venv/lib/python3.12/site-packages/oslo_config/cfg.py:3242}}
Jul 24 14:27:35.610027 np0000005840 devstack@n-api-meta.service[96080]: DEBUG nova.api.openstack.wsgi_app [None req-d9b0a20e-23ac-4339-b402-674a90bee2b8 None None] log_rotate_interval = 1 {{(pid=96080) log_opt_values /opt/stack/data/venv/lib/python3.12/site-packages/oslo_config/cfg.py:3242}}
Jul 24 14:27:35.610201 np0000005840 devstack@n-api-meta.service[96080]: DEBUG nova.api.openstack.wsgi_app [None req-d9b0a20e-23ac-4339-b402-674a90bee2b8 None None] log_rotate_interval_type = days {{(pid=96080) log_opt_values /opt/stack/data/venv/lib/python3.12/site-packages/oslo_config/cfg.py:3242}}
Jul 24 14:27:35.610357 np0000005840 devstack@n-api-meta.service[96080]: DEBUG nova.api.openstack.wsgi_app [None req-d9b0a20e-23ac-4339-b402-674a90bee2b8 None None] log_rotation_type = none {{(pid=96080) log_opt_values /opt/stack/data/venv/lib/python3.12/site-packages/oslo_config/cfg.py:3242}}
Jul 24 14:27:35.610475 np0000005840 devstack@n-api-meta.service[96080]: DEBUG nova.api.openstack.wsgi_app [None req-d9b0a20e-23ac-4339-b402-674a90bee2b8 None None] logging_context_format_string = %(color)s%(levelname)s %(name)s [%(global_request_id)s %(request_id)s %(project_name)s %(user_name)s%(color)s] %(instance)s%(color)s%(message)s {{(pid=96080) log_opt_values /opt/stack/data/venv/lib/python3.12/site-packages/oslo_config/cfg.py:3242}}
Jul 24 14:27:35.610599 np0000005840 devstack@n-api-meta.service[96080]: DEBUG nova.api.openstack.wsgi_app [None req-d9b0a20e-23ac-4339-b402-674a90bee2b8 None None] logging_debug_format_suffix = {{(pid=%(process)d) %(funcName)s %(pathname)s:%(lineno)d}} {{(pid=96080) log_opt_values /opt/stack/data/venv/lib/python3.12/site-packages/oslo_config/cfg.py:3242}}
Jul 24 14:27:35.610802 np0000005840 devstack@n-api-meta.service[96080]: DEBUG nova.api.openstack.wsgi_app [None req-d9b0a20e-23ac-4339-b402-674a90bee2b8 None None] logging_default_format_string = %(color)s%(levelname)s %(name)s [-%(color)s] %(instance)s%(color)s%(message)s {{(pid=96080) log_opt_values /opt/stack/data/venv/lib/python3.12/site-packages/oslo_config/cfg.py:3242}}
Jul 24 14:27:35.610944 np0000005840 devstack@n-api-meta.service[96080]: DEBUG nova.api.openstack.wsgi_app [None req-d9b0a20e-23ac-4339-b402-674a90bee2b8 None None] logging_exception_prefix = ERROR %(name)s %(instance)s {{(pid=96080) log_opt_values /opt/stack/data/venv/lib/python3.12/site-packages/oslo_config/cfg.py:3242}}
Jul 24 14:27:35.611065 np0000005840 devstack@n-api-meta.service[96080]: DEBUG nova.api.openstack.wsgi_app [None req-d9b0a20e-23ac-4339-b402-674a90bee2b8 None None] logging_user_identity_format = %(user)s %(project)s %(domain)s %(system_scope)s %(user_domain)s %(project_domain)s {{(pid=96080) log_opt_values /opt/stack/data/venv/lib/python3.12/site-packages/oslo_config/cfg.py:3242}}
Jul 24 14:27:35.611224 np0000005840 devstack@n-api-meta.service[96080]: DEBUG nova.api.openstack.wsgi_app [None req-d9b0a20e-23ac-4339-b402-674a90bee2b8 None None] long_rpc_timeout = 1800 {{(pid=96080) log_opt_values /opt/stack/data/venv/lib/python3.12/site-packages/oslo_config/cfg.py:3242}}
Jul 24 14:27:35.611384 np0000005840 devstack@n-api-meta.service[96080]: DEBUG nova.api.openstack.wsgi_app [None req-d9b0a20e-23ac-4339-b402-674a90bee2b8 None None] manager_shutdown_timeout = 160 {{(pid=96080) log_opt_values /opt/stack/data/venv/lib/python3.12/site-packages/oslo_config/cfg.py:3242}}
Jul 24 14:27:35.611560 np0000005840 devstack@n-api-meta.service[96080]: DEBUG nova.api.openstack.wsgi_app [None req-d9b0a20e-23ac-4339-b402-674a90bee2b8 None None] max_concurrent_builds = 10 {{(pid=96080) log_opt_values /opt/stack/data/venv/lib/python3.12/site-packages/oslo_config/cfg.py:3242}}
Jul 24 14:27:35.611706 np0000005840 devstack@n-api-meta.service[96080]: DEBUG nova.api.openstack.wsgi_app [None req-d9b0a20e-23ac-4339-b402-674a90bee2b8 None None] max_concurrent_live_migrations = 1 {{(pid=96080) log_opt_values /opt/stack/data/venv/lib/python3.12/site-packages/oslo_config/cfg.py:3242}}
Jul 24 14:27:35.611852 np0000005840 devstack@n-api-meta.service[96080]: DEBUG nova.api.openstack.wsgi_app [None req-d9b0a20e-23ac-4339-b402-674a90bee2b8 None None] max_concurrent_snapshots = 5 {{(pid=96080) log_opt_values /opt/stack/data/venv/lib/python3.12/site-packages/oslo_config/cfg.py:3242}}
Jul 24 14:27:35.611989 np0000005840 devstack@n-api-meta.service[96080]: DEBUG nova.api.openstack.wsgi_app [None req-d9b0a20e-23ac-4339-b402-674a90bee2b8 None None] max_local_block_devices = 3 {{(pid=96080) log_opt_values /opt/stack/data/venv/lib/python3.12/site-packages/oslo_config/cfg.py:3242}}
