Jul 24 14:27:40.698210 np0000005840 nova-conductor[98996]: DEBUG cotyledon.oslo_config_glue [-] workarounds.disable_group_policy_check_upcall = False {{(pid=98996) log_opt_values /opt/stack/data/venv/lib/python3.12/site-packages/oslo_config/cfg.py:3253}}
Jul 24 14:27:40.698210 np0000005840 nova-conductor[98996]: DEBUG cotyledon.oslo_config_glue [-] workarounds.disable_libvirt_livesnapshot = False {{(pid=98996) log_opt_values /opt/stack/data/venv/lib/python3.12/site-packages/oslo_config/cfg.py:3253}}
Jul 24 14:27:40.698522 np0000005840 nova-conductor[98996]: DEBUG cotyledon.oslo_config_glue [-] workarounds.disable_rootwrap = False {{(pid=98996) log_opt_values /opt/stack/data/venv/lib/python3.12/site-packages/oslo_config/cfg.py:3253}}
Jul 24 14:27:40.698522 np0000005840 nova-conductor[98996]: DEBUG cotyledon.oslo_config_glue [-] workarounds.enable_numa_live_migration = False {{(pid=98996) log_opt_values /opt/stack/data/venv/lib/python3.12/site-packages/oslo_config/cfg.py:3253}}
Jul 24 14:27:40.698522 np0000005840 nova-conductor[98996]: DEBUG cotyledon.oslo_config_glue [-] workarounds.enable_qemu_monitor_announce_self = False {{(pid=98996) log_opt_values /opt/stack/data/venv/lib/python3.12/site-packages/oslo_config/cfg.py:3253}}
Jul 24 14:27:40.698522 np0000005840 nova-conductor[98996]: DEBUG cotyledon.oslo_config_glue [-] workarounds.ensure_libvirt_rbd_instance_dir_cleanup = False {{(pid=98996) log_opt_values /opt/stack/data/venv/lib/python3.12/site-packages/oslo_config/cfg.py:3253}}
Jul 24 14:27:40.698522 np0000005840 nova-conductor[98996]: DEBUG cotyledon.oslo_config_glue [-] workarounds.handle_virt_lifecycle_events = True {{(pid=98996) log_opt_values /opt/stack/data/venv/lib/python3.12/site-packages/oslo_config/cfg.py:3253}}
Jul 24 14:27:40.698522 np0000005840 nova-conductor[98996]: DEBUG cotyledon.oslo_config_glue [-] workarounds.libvirt_disable_apic = False {{(pid=98996) log_opt_values /opt/stack/data/venv/lib/python3.12/site-packages/oslo_config/cfg.py:3253}}
Jul 24 14:27:40.698522 np0000005840 nova-conductor[98996]: DEBUG cotyledon.oslo_config_glue [-] workarounds.never_download_image_if_on_rbd = False {{(pid=98996) log_opt_values /opt/stack/data/venv/lib/python3.12/site-packages/oslo_config/cfg.py:3253}}
Jul 24 14:27:40.698522 np0000005840 nova-conductor[98996]: DEBUG cotyledon.oslo_config_glue [-] workarounds.qemu_monitor_announce_self_count = 3 {{(pid=98996) log_opt_values /opt/stack/data/venv/lib/python3.12/site-packages/oslo_config/cfg.py:3253}}
Jul 24 14:27:40.698522 np0000005840 nova-conductor[98996]: DEBUG cotyledon.oslo_config_glue [-] workarounds.qemu_monitor_announce_self_interval = 1 {{(pid=98996) log_opt_values /opt/stack/data/venv/lib/python3.12/site-packages/oslo_config/cfg.py:3253}}
Jul 24 14:27:40.698828 np0000005840 nova-conductor[98996]: DEBUG cotyledon.oslo_config_glue [-] workarounds.reserve_disk_resource_for_image_cache = False {{(pid=98996) log_opt_values /opt/stack/data/venv/lib/python3.12/site-packages/oslo_config/cfg.py:3253}}
Jul 24 14:27:40.698828 np0000005840 nova-conductor[98996]: DEBUG cotyledon.oslo_config_glue [-] workarounds.skip_cpu_compare_at_startup = False {{(pid=98996) log_opt_values /opt/stack/data/venv/lib/python3.12/site-packages/oslo_config/cfg.py:3253}}
Jul 24 14:27:40.698828 np0000005840 nova-conductor[98996]: DEBUG cotyledon.oslo_config_glue [-] workarounds.skip_cpu_compare_on_dest = False {{(pid=98996) log_opt_values /opt/stack/data/venv/lib/python3.12/site-packages/oslo_config/cfg.py:3253}}
Jul 24 14:27:40.698828 np0000005840 nova-conductor[98996]: DEBUG cotyledon.oslo_config_glue [-] workarounds.skip_hypervisor_version_check_on_lm = False {{(pid=98996) log_opt_values /opt/stack/data/venv/lib/python3.12/site-packages/oslo_config/cfg.py:3253}}
Jul 24 14:27:40.698828 np0000005840 nova-conductor[98996]: DEBUG cotyledon.oslo_config_glue [-] workarounds.skip_reserve_in_use_ironic_nodes = False {{(pid=98996) log_opt_values /opt/stack/data/venv/lib/python3.12/site-packages/oslo_config/cfg.py:3253}}
Jul 24 14:27:40.698828 np0000005840 nova-conductor[98996]: DEBUG cotyledon.oslo_config_glue [-] workarounds.unified_limits_count_pcpu_as_vcpu = False {{(pid=98996) log_opt_values /opt/stack/data/venv/lib/python3.12/site-packages/oslo_config/cfg.py:3253}}
Jul 24 14:27:40.698828 np0000005840 nova-conductor[98996]: DEBUG cotyledon.oslo_config_glue [-] workarounds.wait_for_vif_plugged_event_during_hard_reboot = [] {{(pid=98996) log_opt_values /opt/stack/data/venv/lib/python3.12/site-packages/oslo_config/cfg.py:3253}}
Jul 24 14:27:40.698828 np0000005840 nova-conductor[98996]: DEBUG cotyledon.oslo_config_glue [-] wsgi.api_paste_config = /etc/nova/api-paste.ini {{(pid=98996) log_opt_values /opt/stack/data/venv/lib/python3.12/site-packages/oslo_config/cfg.py:3253}}
Jul 24 14:27:40.699161 np0000005840 nova-conductor[98996]: DEBUG cotyledon.oslo_config_glue [-] wsgi.secure_proxy_ssl_header = None {{(pid=98996) log_opt_values /opt/stack/data/venv/lib/python3.12/site-packages/oslo_config/cfg.py:3253}}
Jul 24 14:27:40.699161 np0000005840 nova-conductor[98996]: DEBUG cotyledon.oslo_config_glue [-] zvm.ca_file = None {{(pid=98996) log_opt_values /opt/stack/data/venv/lib/python3.12/site-packages/oslo_config/cfg.py:3253}}
Jul 24 14:27:40.699161 np0000005840 nova-conductor[98996]: DEBUG cotyledon.oslo_config_glue [-] zvm.cloud_connector_url = None {{(pid=98996) log_opt_values /opt/stack/data/venv/lib/python3.12/site-packages/oslo_config/cfg.py:3253}}
Jul 24 14:27:40.699161 np0000005840 nova-conductor[98996]: DEBUG cotyledon.oslo_config_glue [-] zvm.image_tmp_path = /opt/stack/data/nova/images {{(pid=98996) log_opt_values /opt/stack/data/venv/lib/python3.12/site-packages/oslo_config/cfg.py:3253}}
Jul 24 14:27:40.699289 np0000005840 nova-conductor[98989]: INFO nova.service [-] Starting conductor node (version 33.1.0)
Jul 24 14:27:40.699330 np0000005840 nova-conductor[98996]: DEBUG cotyledon.oslo_config_glue [-] zvm.reachable_timeout = 300 {{(pid=98996) log_opt_values /opt/stack/data/venv/lib/python3.12/site-packages/oslo_config/cfg.py:3253}}
Jul 24 14:27:40.699330 np0000005840 nova-conductor[98996]: DEBUG cotyledon.oslo_config_glue [-] oslo_versionedobjects.fatal_exception_format_errors = False {{(pid=98996) log_opt_values /opt/stack/data/venv/lib/python3.12/site-packages/oslo_config/cfg.py:3253}}
Jul 24 14:27:40.699330 np0000005840 nova-conductor[98996]: DEBUG cotyledon.oslo_config_glue [-] oslo_middleware.http_basic_auth_user_file = /etc/htpasswd {{(pid=98996) log_opt_values /opt/stack/data/venv/lib/python3.12/site-packages/oslo_config/cfg.py:3253}}
Jul 24 14:27:40.699330 np0000005840 nova-conductor[98996]: DEBUG cotyledon.oslo_config_glue [-] profiler.connection_string = messaging:// {{(pid=98996) log_opt_values /opt/stack/data/venv/lib/python3.12/site-packages/oslo_config/cfg.py:3253}}
Jul 24 14:27:40.699330 np0000005840 nova-conductor[98996]: DEBUG cotyledon.oslo_config_glue [-] profiler.enabled = False {{(pid=98996) log_opt_values /opt/stack/data/venv/lib/python3.12/site-packages/oslo_config/cfg.py:3253}}
Jul 24 14:27:40.699330 np0000005840 nova-conductor[98996]: DEBUG cotyledon.oslo_config_glue [-] profiler.es_doc_type = notification {{(pid=98996) log_opt_values /opt/stack/data/venv/lib/python3.12/site-packages/oslo_config/cfg.py:3253}}
Jul 24 14:27:40.699330 np0000005840 nova-conductor[98996]: DEBUG cotyledon.oslo_config_glue [-] profiler.es_scroll_size = 10000 {{(pid=98996) log_opt_values /opt/stack/data/venv/lib/python3.12/site-packages/oslo_config/cfg.py:3253}}
Jul 24 14:27:40.699330 np0000005840 nova-conductor[98996]: DEBUG cotyledon.oslo_config_glue [-] profiler.es_scroll_time = 2m {{(pid=98996) log_opt_values /opt/stack/data/venv/lib/python3.12/site-packages/oslo_config/cfg.py:3253}}
Jul 24 14:27:40.699330 np0000005840 nova-conductor[98996]: DEBUG cotyledon.oslo_config_glue [-] profiler.filter_error_trace = False {{(pid=98996) log_opt_values /opt/stack/data/venv/lib/python3.12/site-packages/oslo_config/cfg.py:3253}}
Jul 24 14:27:40.699604 np0000005840 nova-conductor[98996]: DEBUG cotyledon.oslo_config_glue [-] profiler.hmac_keys = **** {{(pid=98996) log_opt_values /opt/stack/data/venv/lib/python3.12/site-packages/oslo_config/cfg.py:3253}}
Jul 24 14:27:40.699604 np0000005840 nova-conductor[98996]: DEBUG cotyledon.oslo_config_glue [-] profiler.sentinel_service_name = mymaster {{(pid=98996) log_opt_values /opt/stack/data/venv/lib/python3.12/site-packages/oslo_config/cfg.py:3253}}
Jul 24 14:27:40.699604 np0000005840 nova-conductor[98996]: DEBUG cotyledon.oslo_config_glue [-] profiler.socket_timeout = 0.1 {{(pid=98996) log_opt_values /opt/stack/data/venv/lib/python3.12/site-packages/oslo_config/cfg.py:3253}}
Jul 24 14:27:40.699604 np0000005840 nova-conductor[98996]: DEBUG cotyledon.oslo_config_glue [-] profiler.trace_requests = False {{(pid=98996) log_opt_values /opt/stack/data/venv/lib/python3.12/site-packages/oslo_config/cfg.py:3253}}
Jul 24 14:27:40.699604 np0000005840 nova-conductor[98996]: DEBUG cotyledon.oslo_config_glue [-] profiler.trace_sqlalchemy = False {{(pid=98996) log_opt_values /opt/stack/data/venv/lib/python3.12/site-packages/oslo_config/cfg.py:3253}}
Jul 24 14:27:40.699604 np0000005840 nova-conductor[98996]: DEBUG cotyledon.oslo_config_glue [-] profiler_jaeger.process_tags = {} {{(pid=98996) log_opt_values /opt/stack/data/venv/lib/python3.12/site-packages/oslo_config/cfg.py:3253}}
Jul 24 14:27:40.699604 np0000005840 nova-conductor[98996]: DEBUG cotyledon.oslo_config_glue [-] profiler_jaeger.service_name_prefix = None {{(pid=98996) log_opt_values /opt/stack/data/venv/lib/python3.12/site-packages/oslo_config/cfg.py:3253}}
Jul 24 14:27:40.699604 np0000005840 nova-conductor[98996]: DEBUG cotyledon.oslo_config_glue [-] profiler_otlp.service_name_prefix = None {{(pid=98996) log_opt_values /opt/stack/data/venv/lib/python3.12/site-packages/oslo_config/cfg.py:3253}}
Jul 24 14:27:40.699604 np0000005840 nova-conductor[98996]: DEBUG cotyledon.oslo_config_glue [-] oslo_messaging_rabbit.amqp_auto_delete = False {{(pid=98996) log_opt_values /opt/stack/data/venv/lib/python3.12/site-packages/oslo_config/cfg.py:3253}}
Jul 24 14:27:40.700248 np0000005840 nova-conductor[98996]: DEBUG cotyledon.oslo_config_glue [-] oslo_messaging_rabbit.amqp_durable_queues = False {{(pid=98996) log_opt_values /opt/stack/data/venv/lib/python3.12/site-packages/oslo_config/cfg.py:3253}}
Jul 24 14:27:40.700248 np0000005840 nova-conductor[98996]: DEBUG cotyledon.oslo_config_glue [-] oslo_messaging_rabbit.conn_pool_min_size = 2 {{(pid=98996) log_opt_values /opt/stack/data/venv/lib/python3.12/site-packages/oslo_config/cfg.py:3253}}
Jul 24 14:27:40.700248 np0000005840 nova-conductor[98996]: DEBUG cotyledon.oslo_config_glue [-] oslo_messaging_rabbit.conn_pool_ttl = 1200 {{(pid=98996) log_opt_values /opt/stack/data/venv/lib/python3.12/site-packages/oslo_config/cfg.py:3253}}
Jul 24 14:27:40.700248 np0000005840 nova-conductor[98996]: DEBUG cotyledon.oslo_config_glue [-] oslo_messaging_rabbit.direct_mandatory_flag = True {{(pid=98996) log_opt_values /opt/stack/data/venv/lib/python3.12/site-packages/oslo_config/cfg.py:3253}}
Jul 24 14:27:40.700248 np0000005840 nova-conductor[98996]: DEBUG cotyledon.oslo_config_glue [-] oslo_messaging_rabbit.enable_cancel_on_failover = False {{(pid=98996) log_opt_values /opt/stack/data/venv/lib/python3.12/site-packages/oslo_config/cfg.py:3253}}
Jul 24 14:27:40.700248 np0000005840 nova-conductor[98996]: DEBUG cotyledon.oslo_config_glue [-] oslo_messaging_rabbit.heartbeat_rate = 3 {{(pid=98996) log_opt_values /opt/stack/data/venv/lib/python3.12/site-packages/oslo_config/cfg.py:3253}}
Jul 24 14:27:40.700248 np0000005840 nova-conductor[98996]: DEBUG cotyledon.oslo_config_glue [-] oslo_messaging_rabbit.heartbeat_timeout_threshold = 60 {{(pid=98996) log_opt_values /opt/stack/data/venv/lib/python3.12/site-packages/oslo_config/cfg.py:3253}}
Jul 24 14:27:40.700248 np0000005840 nova-conductor[98996]: DEBUG cotyledon.oslo_config_glue [-] oslo_messaging_rabbit.hostname = np0000005840 {{(pid=98996) log_opt_values /opt/stack/data/venv/lib/python3.12/site-packages/oslo_config/cfg.py:3253}}
Jul 24 14:27:40.700248 np0000005840 nova-conductor[98996]: DEBUG cotyledon.oslo_config_glue [-] oslo_messaging_rabbit.kombu_compression = None {{(pid=98996) log_opt_values /opt/stack/data/venv/lib/python3.12/site-packages/oslo_config/cfg.py:3253}}
Jul 24 14:27:40.700590 np0000005840 nova-conductor[98996]: DEBUG cotyledon.oslo_config_glue [-] oslo_messaging_rabbit.kombu_failover_strategy = round-robin {{(pid=98996) log_opt_values /opt/stack/data/venv/lib/python3.12/site-packages/oslo_config/cfg.py:3253}}
Jul 24 14:27:40.700590 np0000005840 nova-conductor[98996]: DEBUG cotyledon.oslo_config_glue [-] oslo_messaging_rabbit.kombu_missing_consumer_retry_timeout = 60 {{(pid=98996) log_opt_values /opt/stack/data/venv/lib/python3.12/site-packages/oslo_config/cfg.py:3253}}
Jul 24 14:27:40.700590 np0000005840 nova-conductor[98996]: DEBUG cotyledon.oslo_config_glue [-] oslo_messaging_rabbit.kombu_reconnect_delay = 1.0 {{(pid=98996) log_opt_values /opt/stack/data/venv/lib/python3.12/site-packages/oslo_config/cfg.py:3253}}
Jul 24 14:27:40.700590 np0000005840 nova-conductor[98996]: DEBUG cotyledon.oslo_config_glue [-] oslo_messaging_rabbit.kombu_reconnect_splay = 0.0 {{(pid=98996) log_opt_values /opt/stack/data/venv/lib/python3.12/site-packages/oslo_config/cfg.py:3253}}
Jul 24 14:27:40.700590 np0000005840 nova-conductor[98996]: DEBUG cotyledon.oslo_config_glue [-] oslo_messaging_rabbit.processname = nova-conductor {{(pid=98996) log_opt_values /opt/stack/data/venv/lib/python3.12/site-packages/oslo_config/cfg.py:3253}}
Jul 24 14:27:40.700590 np0000005840 nova-conductor[98996]: DEBUG cotyledon.oslo_config_glue [-] oslo_messaging_rabbit.rabbit_ha_queues = False {{(pid=98996) log_opt_values /opt/stack/data/venv/lib/python3.12/site-packages/oslo_config/cfg.py:3253}}
Jul 24 14:27:40.700590 np0000005840 nova-conductor[98996]: DEBUG cotyledon.oslo_config_glue [-] oslo_messaging_rabbit.rabbit_interval_max = 30 {{(pid=98996) log_opt_values /opt/stack/data/venv/lib/python3.12/site-packages/oslo_config/cfg.py:3253}}
Jul 24 14:27:40.700590 np0000005840 nova-conductor[98996]: DEBUG cotyledon.oslo_config_glue [-] oslo_messaging_rabbit.rabbit_login_method = AMQPLAIN {{(pid=98996) log_opt_values /opt/stack/data/venv/lib/python3.12/site-packages/oslo_config/cfg.py:3253}}
Jul 24 14:27:40.700900 np0000005840 nova-conductor[98996]: DEBUG cotyledon.oslo_config_glue [-] oslo_messaging_rabbit.rabbit_qos_prefetch_count = 0 {{(pid=98996) log_opt_values /opt/stack/data/venv/lib/python3.12/site-packages/oslo_config/cfg.py:3253}}
Jul 24 14:27:40.700900 np0000005840 nova-conductor[98996]: DEBUG cotyledon.oslo_config_glue [-] oslo_messaging_rabbit.rabbit_quorum_delivery_limit = 0 {{(pid=98996) log_opt_values /opt/stack/data/venv/lib/python3.12/site-packages/oslo_config/cfg.py:3253}}
Jul 24 14:27:40.700900 np0000005840 nova-conductor[98996]: DEBUG cotyledon.oslo_config_glue [-] oslo_messaging_rabbit.rabbit_quorum_max_memory_bytes = 0 {{(pid=98996) log_opt_values /opt/stack/data/venv/lib/python3.12/site-packages/oslo_config/cfg.py:3253}}
Jul 24 14:27:40.700900 np0000005840 nova-conductor[98996]: DEBUG cotyledon.oslo_config_glue [-] oslo_messaging_rabbit.rabbit_quorum_max_memory_length = 0 {{(pid=98996) log_opt_values /opt/stack/data/venv/lib/python3.12/site-packages/oslo_config/cfg.py:3253}}
Jul 24 14:27:40.700900 np0000005840 nova-conductor[98996]: DEBUG cotyledon.oslo_config_glue [-] oslo_messaging_rabbit.rabbit_quorum_queue = False {{(pid=98996) log_opt_values /opt/stack/data/venv/lib/python3.12/site-packages/oslo_config/cfg.py:3253}}
Jul 24 14:27:40.700900 np0000005840 nova-conductor[98996]: DEBUG cotyledon.oslo_config_glue [-] oslo_messaging_rabbit.rabbit_retry_backoff = 2 {{(pid=98996) log_opt_values /opt/stack/data/venv/lib/python3.12/site-packages/oslo_config/cfg.py:3253}}
Jul 24 14:27:40.700900 np0000005840 nova-conductor[98996]: DEBUG cotyledon.oslo_config_glue [-] oslo_messaging_rabbit.rabbit_retry_interval = 1 {{(pid=98996) log_opt_values /opt/stack/data/venv/lib/python3.12/site-packages/oslo_config/cfg.py:3253}}
Jul 24 14:27:40.700900 np0000005840 nova-conductor[98996]: DEBUG cotyledon.oslo_config_glue [-] oslo_messaging_rabbit.rabbit_stream_fanout = False {{(pid=98996) log_opt_values /opt/stack/data/venv/lib/python3.12/site-packages/oslo_config/cfg.py:3253}}
Jul 24 14:27:40.701221 np0000005840 nova-conductor[98996]: DEBUG cotyledon.oslo_config_glue [-] oslo_messaging_rabbit.rabbit_transient_queues_ttl = 1800 {{(pid=98996) log_opt_values /opt/stack/data/venv/lib/python3.12/site-packages/oslo_config/cfg.py:3253}}
Jul 24 14:27:40.701221 np0000005840 nova-conductor[98996]: DEBUG cotyledon.oslo_config_glue [-] oslo_messaging_rabbit.rabbit_transient_quorum_queue = False {{(pid=98996) log_opt_values /opt/stack/data/venv/lib/python3.12/site-packages/oslo_config/cfg.py:3253}}
Jul 24 14:27:40.701221 np0000005840 nova-conductor[98996]: DEBUG cotyledon.oslo_config_glue [-] oslo_messaging_rabbit.rpc_conn_pool_size = 30 {{(pid=98996) log_opt_values /opt/stack/data/venv/lib/python3.12/site-packages/oslo_config/cfg.py:3253}}
Jul 24 14:27:40.701221 np0000005840 nova-conductor[98996]: DEBUG cotyledon.oslo_config_glue [-] oslo_messaging_rabbit.ssl = False {{(pid=98996) log_opt_values /opt/stack/data/venv/lib/python3.12/site-packages/oslo_config/cfg.py:3253}}
Jul 24 14:27:40.701221 np0000005840 nova-conductor[98996]: DEBUG cotyledon.oslo_config_glue [-] oslo_messaging_rabbit.ssl_ca_file = {{(pid=98996) log_opt_values /opt/stack/data/venv/lib/python3.12/site-packages/oslo_config/cfg.py:3253}}
Jul 24 14:27:40.701221 np0000005840 nova-conductor[98996]: DEBUG cotyledon.oslo_config_glue [-] oslo_messaging_rabbit.ssl_cert_file = {{(pid=98996) log_opt_values /opt/stack/data/venv/lib/python3.12/site-packages/oslo_config/cfg.py:3253}}
Jul 24 14:27:40.701221 np0000005840 nova-conductor[98996]: DEBUG cotyledon.oslo_config_glue [-] oslo_messaging_rabbit.ssl_enforce_fips_mode = False {{(pid=98996) log_opt_values /opt/stack/data/venv/lib/python3.12/site-packages/oslo_config/cfg.py:3253}}
Jul 24 14:27:40.701221 np0000005840 nova-conductor[98996]: DEBUG cotyledon.oslo_config_glue [-] oslo_messaging_rabbit.ssl_enforce_hostname_verification = True {{(pid=98996) log_opt_values /opt/stack/data/venv/lib/python3.12/site-packages/oslo_config/cfg.py:3253}}
Jul 24 14:27:40.701221 np0000005840 nova-conductor[98996]: DEBUG cotyledon.oslo_config_glue [-] oslo_messaging_rabbit.ssl_key_file = {{(pid=98996) log_opt_values /opt/stack/data/venv/lib/python3.12/site-packages/oslo_config/cfg.py:3253}}
Jul 24 14:27:40.701563 np0000005840 nova-conductor[98996]: DEBUG cotyledon.oslo_config_glue [-] oslo_messaging_rabbit.ssl_version = {{(pid=98996) log_opt_values /opt/stack/data/venv/lib/python3.12/site-packages/oslo_config/cfg.py:3253}}
Jul 24 14:27:40.701563 np0000005840 nova-conductor[98996]: DEBUG cotyledon.oslo_config_glue [-] oslo_messaging_rabbit.use_queue_manager = False {{(pid=98996) log_opt_values /opt/stack/data/venv/lib/python3.12/site-packages/oslo_config/cfg.py:3253}}
Jul 24 14:27:40.701563 np0000005840 nova-conductor[98996]: DEBUG cotyledon.oslo_config_glue [-] oslo_messaging_notifications.driver = ['messagingv2'] {{(pid=98996) log_opt_values /opt/stack/data/venv/lib/python3.12/site-packages/oslo_config/cfg.py:3253}}
Jul 24 14:27:40.701563 np0000005840 nova-conductor[98996]: DEBUG cotyledon.oslo_config_glue [-] oslo_messaging_notifications.retry = -1 {{(pid=98996) log_opt_values /opt/stack/data/venv/lib/python3.12/site-packages/oslo_config/cfg.py:3253}}
Jul 24 14:27:40.701563 np0000005840 nova-conductor[98996]: DEBUG cotyledon.oslo_config_glue [-] oslo_messaging_notifications.topics = ['notifications'] {{(pid=98996) log_opt_values /opt/stack/data/venv/lib/python3.12/site-packages/oslo_config/cfg.py:3253}}
Jul 24 14:27:40.701563 np0000005840 nova-conductor[98996]: DEBUG cotyledon.oslo_config_glue [-] oslo_messaging_notifications.transport_url = **** {{(pid=98996) log_opt_values /opt/stack/data/venv/lib/python3.12/site-packages/oslo_config/cfg.py:3253}}
Jul 24 14:27:40.701563 np0000005840 nova-conductor[98996]: DEBUG cotyledon.oslo_config_glue [-] oslo_limit.auth_section = None {{(pid=98996) log_opt_values /opt/stack/data/venv/lib/python3.12/site-packages/oslo_config/cfg.py:3253}}
Jul 24 14:27:40.701563 np0000005840 nova-conductor[98996]: DEBUG cotyledon.oslo_config_glue [-] oslo_limit.auth_type = None {{(pid=98996) log_opt_values /opt/stack/data/venv/lib/python3.12/site-packages/oslo_config/cfg.py:3253}}
Jul 24 14:27:40.701563 np0000005840 nova-conductor[98996]: DEBUG cotyledon.oslo_config_glue [-] oslo_limit.cafile = None {{(pid=98996) log_opt_values /opt/stack/data/venv/lib/python3.12/site-packages/oslo_config/cfg.py:3253}}
Jul 24 14:27:40.701880 np0000005840 nova-conductor[98996]: DEBUG cotyledon.oslo_config_glue [-] oslo_limit.certfile = None {{(pid=98996) log_opt_values /opt/stack/data/venv/lib/python3.12/site-packages/oslo_config/cfg.py:3253}}
Jul 24 14:27:40.701880 np0000005840 nova-conductor[98996]: DEBUG cotyledon.oslo_config_glue [-] oslo_limit.collect_timing = False {{(pid=98996) log_opt_values /opt/stack/data/venv/lib/python3.12/site-packages/oslo_config/cfg.py:3253}}
Jul 24 14:27:40.701880 np0000005840 nova-conductor[98996]: DEBUG cotyledon.oslo_config_glue [-] oslo_limit.connect_retries = None {{(pid=98996) log_opt_values /opt/stack/data/venv/lib/python3.12/site-packages/oslo_config/cfg.py:3253}}
Jul 24 14:27:40.701880 np0000005840 nova-conductor[98996]: DEBUG cotyledon.oslo_config_glue [-] oslo_limit.connect_retry_delay = None {{(pid=98996) log_opt_values /opt/stack/data/venv/lib/python3.12/site-packages/oslo_config/cfg.py:3253}}
Jul 24 14:27:40.701880 np0000005840 nova-conductor[98996]: DEBUG cotyledon.oslo_config_glue [-] oslo_limit.endpoint_id = None {{(pid=98996) log_opt_values /opt/stack/data/venv/lib/python3.12/site-packages/oslo_config/cfg.py:3253}}
Jul 24 14:27:40.701880 np0000005840 nova-conductor[98996]: DEBUG cotyledon.oslo_config_glue [-] oslo_limit.endpoint_interface = public {{(pid=98996) log_opt_values /opt/stack/data/venv/lib/python3.12/site-packages/oslo_config/cfg.py:3253}}
Jul 24 14:27:40.701880 np0000005840 nova-conductor[98996]: DEBUG cotyledon.oslo_config_glue [-] oslo_limit.endpoint_override = None {{(pid=98996) log_opt_values /opt/stack/data/venv/lib/python3.12/site-packages/oslo_config/cfg.py:3253}}
Jul 24 14:27:40.701880 np0000005840 nova-conductor[98996]: DEBUG cotyledon.oslo_config_glue [-] oslo_limit.endpoint_region_name = None {{(pid=98996) log_opt_values /opt/stack/data/venv/lib/python3.12/site-packages/oslo_config/cfg.py:3253}}
Jul 24 14:27:40.701880 np0000005840 nova-conductor[98996]: DEBUG cotyledon.oslo_config_glue [-] oslo_limit.endpoint_service_name = None {{(pid=98996) log_opt_values /opt/stack/data/venv/lib/python3.12/site-packages/oslo_config/cfg.py:3253}}
Jul 24 14:27:40.702502 np0000005840 nova-conductor[98996]: DEBUG cotyledon.oslo_config_glue [-] oslo_limit.endpoint_service_type = None {{(pid=98996) log_opt_values /opt/stack/data/venv/lib/python3.12/site-packages/oslo_config/cfg.py:3253}}
Jul 24 14:27:40.702502 np0000005840 nova-conductor[98996]: DEBUG cotyledon.oslo_config_glue [-] oslo_limit.insecure = False {{(pid=98996) log_opt_values /opt/stack/data/venv/lib/python3.12/site-packages/oslo_config/cfg.py:3253}}
Jul 24 14:27:40.702502 np0000005840 nova-conductor[98996]: DEBUG cotyledon.oslo_config_glue [-] oslo_limit.keyfile = None {{(pid=98996) log_opt_values /opt/stack/data/venv/lib/python3.12/site-packages/oslo_config/cfg.py:3253}}
Jul 24 14:27:40.702502 np0000005840 nova-conductor[98996]: DEBUG cotyledon.oslo_config_glue [-] oslo_limit.max_version = None {{(pid=98996) log_opt_values /opt/stack/data/venv/lib/python3.12/site-packages/oslo_config/cfg.py:3253}}
Jul 24 14:27:40.702502 np0000005840 nova-conductor[98996]: DEBUG cotyledon.oslo_config_glue [-] oslo_limit.min_version = None {{(pid=98996) log_opt_values /opt/stack/data/venv/lib/python3.12/site-packages/oslo_config/cfg.py:3253}}
Jul 24 14:27:40.702502 np0000005840 nova-conductor[98996]: DEBUG cotyledon.oslo_config_glue [-] oslo_limit.region_name = None {{(pid=98996) log_opt_values /opt/stack/data/venv/lib/python3.12/site-packages/oslo_config/cfg.py:3253}}
Jul 24 14:27:40.702502 np0000005840 nova-conductor[98996]: DEBUG cotyledon.oslo_config_glue [-] oslo_limit.retriable_status_codes = None {{(pid=98996) log_opt_values /opt/stack/data/venv/lib/python3.12/site-packages/oslo_config/cfg.py:3253}}
Jul 24 14:27:40.702502 np0000005840 nova-conductor[98996]: DEBUG cotyledon.oslo_config_glue [-] oslo_limit.service_name = None {{(pid=98996) log_opt_values /opt/stack/data/venv/lib/python3.12/site-packages/oslo_config/cfg.py:3253}}
Jul 24 14:27:40.702502 np0000005840 nova-conductor[98996]: DEBUG cotyledon.oslo_config_glue [-] oslo_limit.service_type = None {{(pid=98996) log_opt_values /opt/stack/data/venv/lib/python3.12/site-packages/oslo_config/cfg.py:3253}}
Jul 24 14:27:40.702800 np0000005840 nova-conductor[98996]: DEBUG cotyledon.oslo_config_glue [-] oslo_limit.split_loggers = False {{(pid=98996) log_opt_values /opt/stack/data/venv/lib/python3.12/site-packages/oslo_config/cfg.py:3253}}
Jul 24 14:27:40.702800 np0000005840 nova-conductor[98996]: DEBUG cotyledon.oslo_config_glue [-] oslo_limit.status_code_retries = None {{(pid=98996) log_opt_values /opt/stack/data/venv/lib/python3.12/site-packages/oslo_config/cfg.py:3253}}
Jul 24 14:27:40.702800 np0000005840 nova-conductor[98996]: DEBUG cotyledon.oslo_config_glue [-] oslo_limit.status_code_retry_delay = None {{(pid=98996) log_opt_values /opt/stack/data/venv/lib/python3.12/site-packages/oslo_config/cfg.py:3253}}
Jul 24 14:27:40.702800 np0000005840 nova-conductor[98996]: DEBUG cotyledon.oslo_config_glue [-] oslo_limit.timeout = None {{(pid=98996) log_opt_values /opt/stack/data/venv/lib/python3.12/site-packages/oslo_config/cfg.py:3253}}
Jul 24 14:27:40.702800 np0000005840 nova-conductor[98996]: DEBUG cotyledon.oslo_config_glue [-] oslo_limit.valid_interfaces = None {{(pid=98996) log_opt_values /opt/stack/data/venv/lib/python3.12/site-packages/oslo_config/cfg.py:3253}}
Jul 24 14:27:40.702800 np0000005840 nova-conductor[98996]: DEBUG cotyledon.oslo_config_glue [-] oslo_limit.version = None {{(pid=98996) log_opt_values /opt/stack/data/venv/lib/python3.12/site-packages/oslo_config/cfg.py:3253}}
Jul 24 14:27:40.702800 np0000005840 nova-conductor[98996]: DEBUG cotyledon.oslo_config_glue [-] oslo_reports.file_event_handler = None {{(pid=98996) log_opt_values /opt/stack/data/venv/lib/python3.12/site-packages/oslo_config/cfg.py:3253}}
Jul 24 14:27:40.702800 np0000005840 nova-conductor[98996]: DEBUG cotyledon.oslo_config_glue [-] oslo_reports.file_event_handler_interval = 1 {{(pid=98996) log_opt_values /opt/stack/data/venv/lib/python3.12/site-packages/oslo_config/cfg.py:3253}}
Jul 24 14:27:40.702800 np0000005840 nova-conductor[98996]: DEBUG cotyledon.oslo_config_glue [-] oslo_reports.log_dir = None {{(pid=98996) log_opt_values /opt/stack/data/venv/lib/python3.12/site-packages/oslo_config/cfg.py:3253}}
Jul 24 14:27:40.703180 np0000005840 nova-conductor[98996]: DEBUG cotyledon.oslo_config_glue [-] ******************************************************************************** {{(pid=98996) log_opt_values /opt/stack/data/venv/lib/python3.12/site-packages/oslo_config/cfg.py:3260}}
Jul 24 14:27:40.703180 np0000005840 nova-conductor[98996]: DEBUG cotyledon._service_worker [-] Run service ServiceWrapper(3) [98996] {{(pid=98996) wait_forever /opt/stack/data/venv/lib/python3.12/site-packages/cotyledon/_service_worker.py:218}}
Jul 24 14:27:40.703261 np0000005840 nova-conductor[98989]: INFO dbcounter [None req-3be38ccc-8cd6-4d7f-8530-106a8d1e676a None None] Registered counter for database nova_cell0
Jul 24 14:27:40.703308 np0000005840 nova-conductor[98996]: INFO nova.service [-] Starting conductor node (version 33.1.0)
Jul 24 14:27:40.703308 np0000005840 nova-conductor[98996]: INFO dbcounter [None req-166fc390-3bbe-475a-9be7-f6def53d9f4c None None] Registered counter for database nova_cell0
Jul 24 14:27:40.703378 np0000005840 nova-conductor[98968]: DEBUG oslo_db.sqlalchemy.engines [None req-38abf2bb-a1d9-40bf-9191-e0c4eeaa6121 None None] MySQL server mode set to STRICT_TRANS_TABLES,STRICT_ALL_TABLES,NO_ZERO_IN_DATE,NO_ZERO_DATE,ERROR_FOR_DIVISION_BY_ZERO,TRADITIONAL,NO_ENGINE_SUBSTITUTION {{(pid=98968) _check_effective_sql_mode /opt/stack/data/venv/lib/python3.12/site-packages/oslo_db/sqlalchemy/engines.py:325}}
Jul 24 14:27:40.703428 np0000005840 nova-conductor[98981]: DEBUG oslo_db.sqlalchemy.engines [None req-030d64be-27e0-4c2c-a509-855c42b0bc15 None None] MySQL server mode set to STRICT_TRANS_TABLES,STRICT_ALL_TABLES,NO_ZERO_IN_DATE,NO_ZERO_DATE,ERROR_FOR_DIVISION_BY_ZERO,TRADITIONAL,NO_ENGINE_SUBSTITUTION {{(pid=98981) _check_effective_sql_mode /opt/stack/data/venv/lib/python3.12/site-packages/oslo_db/sqlalchemy/engines.py:325}}
Jul 24 14:27:40.703483 np0000005840 nova-conductor[98968]: DEBUG dbcounter [-] [98968] Writer thread running {{(pid=98968) stat_writer /opt/stack/data/venv/lib/python3.12/site-packages/dbcounter.py:102}}
Jul 24 14:27:40.703535 np0000005840 nova-conductor[98981]: DEBUG dbcounter [-] [98981] Writer thread running {{(pid=98981) stat_writer /opt/stack/data/venv/lib/python3.12/site-packages/dbcounter.py:102}}
Jul 24 14:27:40.703535 np0000005840 nova-conductor[98981]: DEBUG nova.service [None req-030d64be-27e0-4c2c-a509-855c42b0bc15 None None] Creating RPC server for service: nova-conductor on topic: conductor {{(pid=98981) start /opt/stack/nova/nova/service.py:196}}
Jul 24 14:27:40.706574 np0000005840 nova-conductor[98996]: DEBUG oslo_db.sqlalchemy.engines [None req-166fc390-3bbe-475a-9be7-f6def53d9f4c None None] MySQL server mode set to STRICT_TRANS_TABLES,STRICT_ALL_TABLES,NO_ZERO_IN_DATE,NO_ZERO_DATE,ERROR_FOR_DIVISION_BY_ZERO,TRADITIONAL,NO_ENGINE_SUBSTITUTION {{(pid=98996) _check_effective_sql_mode /opt/stack/data/venv/lib/python3.12/site-packages/oslo_db/sqlalchemy/engines.py:325}}
Jul 24 14:27:40.708823 np0000005840 nova-conductor[98968]: DEBUG nova.service [None req-38abf2bb-a1d9-40bf-9191-e0c4eeaa6121 None None] Creating RPC server for service: nova-conductor on topic: conductor {{(pid=98968) start /opt/stack/nova/nova/service.py:196}}
Jul 24 14:27:40.713561 np0000005840 nova-conductor[98989]: DEBUG oslo_db.sqlalchemy.engines [None req-3be38ccc-8cd6-4d7f-8530-106a8d1e676a None None] MySQL server mode set to STRICT_TRANS_TABLES,STRICT_ALL_TABLES,NO_ZERO_IN_DATE,NO_ZERO_DATE,ERROR_FOR_DIVISION_BY_ZERO,TRADITIONAL,NO_ENGINE_SUBSTITUTION {{(pid=98989) _check_effective_sql_mode /opt/stack/data/venv/lib/python3.12/site-packages/oslo_db/sqlalchemy/engines.py:325}}
Jul 24 14:27:40.720582 np0000005840 nova-conductor[98996]: DEBUG dbcounter [-] [98996] Writer thread running {{(pid=98996) stat_writer /opt/stack/data/venv/lib/python3.12/site-packages/dbcounter.py:102}}
Jul 24 14:27:40.724530 np0000005840 nova-conductor[98996]: DEBUG nova.service [None req-166fc390-3bbe-475a-9be7-f6def53d9f4c None None] Creating RPC server for service: nova-conductor on topic: conductor {{(pid=98996) start /opt/stack/nova/nova/service.py:196}}
Jul 24 14:27:40.725800 np0000005840 nova-conductor[98989]: DEBUG dbcounter [-] [98989] Writer thread running {{(pid=98989) stat_writer /opt/stack/data/venv/lib/python3.12/site-packages/dbcounter.py:102}}
Jul 24 14:27:40.729423 np0000005840 nova-conductor[98989]: DEBUG nova.service [None req-3be38ccc-8cd6-4d7f-8530-106a8d1e676a None None] Creating RPC server for service: nova-conductor on topic: conductor {{(pid=98989) start /opt/stack/nova/nova/service.py:196}}
Jul 24 14:27:40.733924 np0000005840 nova-conductor[98981]: DEBUG nova.service [None req-030d64be-27e0-4c2c-a509-855c42b0bc15 None None] Join ServiceGroup membership for this service conductor {{(pid=98981) start /opt/stack/nova/nova/service.py:222}}
Jul 24 14:27:40.734989 np0000005840 nova-conductor[98981]: DEBUG nova.servicegroup.drivers.db [None req-030d64be-27e0-4c2c-a509-855c42b0bc15 None None] DB_Driver: join new ServiceGroup member np0000005840 to the conductor group, service = {{(pid=98981) join /opt/stack/nova/nova/servicegroup/drivers/db.py:44}}
Jul 24 14:27:40.735101 np0000005840 nova-conductor[98968]: DEBUG nova.service [None req-38abf2bb-a1d9-40bf-9191-e0c4eeaa6121 None None] Join ServiceGroup membership for this service conductor {{(pid=98968) start /opt/stack/nova/nova/service.py:222}}
Jul 24 14:27:40.735101 np0000005840 nova-conductor[98968]: DEBUG nova.servicegroup.drivers.db [None req-38abf2bb-a1d9-40bf-9191-e0c4eeaa6121 None None] DB_Driver: join new ServiceGroup member np0000005840 to the conductor group, service = {{(pid=98968) join /opt/stack/nova/nova/servicegroup/drivers/db.py:44}}
Jul 24 14:27:40.747759 np0000005840 nova-conductor[98996]: DEBUG nova.service [None req-166fc390-3bbe-475a-9be7-f6def53d9f4c None None] Join ServiceGroup membership for this service conductor {{(pid=98996) start /opt/stack/nova/nova/service.py:222}}
Jul 24 14:27:40.747969 np0000005840 nova-conductor[98996]: DEBUG nova.servicegroup.drivers.db [None req-166fc390-3bbe-475a-9be7-f6def53d9f4c None None] DB_Driver: join new ServiceGroup member np0000005840 to the conductor group, service = {{(pid=98996) join /opt/stack/nova/nova/servicegroup/drivers/db.py:44}}
Jul 24 14:27:40.752848 np0000005840 nova-conductor[98989]: DEBUG nova.service [None req-3be38ccc-8cd6-4d7f-8530-106a8d1e676a None None] Join ServiceGroup membership for this service conductor {{(pid=98989) start /opt/stack/nova/nova/service.py:222}}
Jul 24 14:27:40.753153 np0000005840 nova-conductor[98989]: DEBUG nova.servicegroup.drivers.db [None req-3be38ccc-8cd6-4d7f-8530-106a8d1e676a None None] DB_Driver: join new ServiceGroup member np0000005840 to the conductor group, service = {{(pid=98989) join /opt/stack/nova/nova/servicegroup/drivers/db.py:44}}
Jul 24 14:27:45.751713 np0000005840 nova-conductor[98968]: DEBUG oslo.service.backend._threading.loopingcall [-] Fixed interval looping call 'nova.servicegroup.drivers.db.DbDriver._report_state' sleeping for 119.98 seconds {{(pid=98968) _run_loop /opt/stack/data/venv/lib/python3.12/site-packages/oslo_service/backend/_threading/loopingcall.py:125}}
Jul 24 14:27:45.752029 np0000005840 nova-conductor[98981]: DEBUG oslo.service.backend._threading.loopingcall [-] Fixed interval looping call 'nova.servicegroup.drivers.db.DbDriver._report_state' sleeping for 119.98 seconds {{(pid=98981) _run_loop /opt/stack/data/venv/lib/python3.12/site-packages/oslo_service/backend/_threading/loopingcall.py:125}}
Jul 24 14:27:45.760522 np0000005840 nova-conductor[98996]: DEBUG oslo.service.backend._threading.loopingcall [-] Fixed interval looping call 'nova.servicegroup.drivers.db.DbDriver._report_state' sleeping for 119.99 seconds {{(pid=98996) _run_loop /opt/stack/data/venv/lib/python3.12/site-packages/oslo_service/backend/_threading/loopingcall.py:125}}
Jul 24 14:27:45.766000 np0000005840 nova-conductor[98989]: DEBUG oslo.service.backend._threading.loopingcall [-] Fixed interval looping call 'nova.servicegroup.drivers.db.DbDriver._report_state' sleeping for 119.99 seconds {{(pid=98989) _run_loop /opt/stack/data/venv/lib/python3.12/site-packages/oslo_service/backend/_threading/loopingcall.py:125}}
Jul 24 14:27:49.274412 np0000005840 nova-conductor[97599]: DEBUG dbcounter [-] [97599] Writing DB stats nova_api:SELECT=1 {{(pid=97599) stat_writer /opt/stack/data/venv/lib/python3.12/site-packages/dbcounter.py:115}}
Jul 24 14:27:49.405701 np0000005840 nova-conductor[97599]: DEBUG dbcounter [-] [97599] Writing DB stats nova_cell0:SELECT=1 {{(pid=97599) stat_writer /opt/stack/data/venv/lib/python3.12/site-packages/dbcounter.py:115}}
Jul 24 14:27:49.409995 np0000005840 nova-conductor[97599]: DEBUG dbcounter [-] [97599] Writing DB stats nova_cell1:SELECT=1 {{(pid=97599) stat_writer /opt/stack/data/venv/lib/python3.12/site-packages/dbcounter.py:115}}
Jul 24 14:27:50.737649 np0000005840 nova-conductor[98968]: DEBUG oslo.service.backend._threading.loopingcall [None req-44405a40-b3b8-41c1-8c57-66eef5fee7bc None None] Dynamic interval looping call 'nova.service.Service.periodic_tasks' sleeping for 60.00 seconds {{(pid=98968) _run_loop /opt/stack/data/venv/lib/python3.12/site-packages/oslo_service/backend/_threading/loopingcall.py:125}}
Jul 24 14:27:55.749606 np0000005840 nova-conductor[98981]: DEBUG dbcounter [-] [98981] Writing DB stats nova_cell0:SELECT=4,nova_cell0:INSERT=1,nova_cell0:UPDATE=1 {{(pid=98981) stat_writer /opt/stack/data/venv/lib/python3.12/site-packages/dbcounter.py:115}}
Jul 24 14:27:55.750013 np0000005840 nova-conductor[98968]: DEBUG dbcounter [-] [98968] Writing DB stats nova_cell0:SELECT=5,nova_cell0:INSERT=1,nova_cell0:UPDATE=1 {{(pid=98968) stat_writer /opt/stack/data/venv/lib/python3.12/site-packages/dbcounter.py:115}}
Jul 24 14:27:55.757285 np0000005840 nova-conductor[98996]: DEBUG dbcounter [-] [98996] Writing DB stats nova_cell0:SELECT=3 {{(pid=98996) stat_writer /opt/stack/data/venv/lib/python3.12/site-packages/dbcounter.py:115}}
Jul 24 14:27:55.762850 np0000005840 nova-conductor[98989]: DEBUG dbcounter [-] [98989] Writing DB stats nova_cell0:SELECT=3 {{(pid=98989) stat_writer /opt/stack/data/venv/lib/python3.12/site-packages/dbcounter.py:115}}
Jul 24 14:28:10.737738 np0000005840 nova-conductor[98981]: DEBUG oslo.service.backend._threading.loopingcall [None req-71640fb3-1dc7-4e86-b69c-ccb8fc35bb99 None None] Dynamic interval looping call 'nova.service.Service.periodic_tasks' sleeping for 60.00 seconds {{(pid=98981) _run_loop /opt/stack/data/venv/lib/python3.12/site-packages/oslo_service/backend/_threading/loopingcall.py:125}}
Jul 24 14:28:34.750390 np0000005840 nova-conductor[98996]: DEBUG oslo.service.backend._threading.loopingcall [None req-e38aa5e9-4df6-49a8-b8a7-c9a814014533 None None] Dynamic interval looping call 'nova.service.Service.periodic_tasks' sleeping for 60.00 seconds {{(pid=98996) _run_loop /opt/stack/data/venv/lib/python3.12/site-packages/oslo_service/backend/_threading/loopingcall.py:125}}
Jul 24 14:28:38.755566 np0000005840 nova-conductor[98989]: DEBUG oslo.service.backend._threading.loopingcall [None req-2bbea962-0dbe-46ef-8ecc-af01e901e47a None None] Dynamic interval looping call 'nova.service.Service.periodic_tasks' sleeping for 60.00 seconds {{(pid=98989) _run_loop /opt/stack/data/venv/lib/python3.12/site-packages/oslo_service/backend/_threading/loopingcall.py:125}}
Jul 24 14:28:50.738144 np0000005840 nova-conductor[98968]: DEBUG oslo.service.backend._threading.loopingcall [None req-44405a40-b3b8-41c1-8c57-66eef5fee7bc None None] Dynamic interval looping call 'nova.service.Service.periodic_tasks' sleeping for 60.00 seconds {{(pid=98968) _run_loop /opt/stack/data/venv/lib/python3.12/site-packages/oslo_service/backend/_threading/loopingcall.py:125}}
Jul 24 14:29:10.738376 np0000005840 nova-conductor[98981]: DEBUG oslo.service.backend._threading.loopingcall [None req-71640fb3-1dc7-4e86-b69c-ccb8fc35bb99 None None] Dynamic interval looping call 'nova.service.Service.periodic_tasks' sleeping for 60.00 seconds {{(pid=98981) _run_loop /opt/stack/data/venv/lib/python3.12/site-packages/oslo_service/backend/_threading/loopingcall.py:125}}
Jul 24 14:29:34.751015 np0000005840 nova-conductor[98996]: DEBUG oslo.service.backend._threading.loopingcall [None req-e38aa5e9-4df6-49a8-b8a7-c9a814014533 None None] Dynamic interval looping call 'nova.service.Service.periodic_tasks' sleeping for 60.00 seconds {{(pid=98996) _run_loop /opt/stack/data/venv/lib/python3.12/site-packages/oslo_service/backend/_threading/loopingcall.py:125}}
Jul 24 14:29:38.756131 np0000005840 nova-conductor[98989]: DEBUG oslo.service.backend._threading.loopingcall [None req-2bbea962-0dbe-46ef-8ecc-af01e901e47a None None] Dynamic interval looping call 'nova.service.Service.periodic_tasks' sleeping for 60.00 seconds {{(pid=98989) _run_loop /opt/stack/data/venv/lib/python3.12/site-packages/oslo_service/backend/_threading/loopingcall.py:125}}
Jul 24 14:29:45.740090 np0000005840 nova-conductor[98981]: DEBUG oslo.service.backend._threading.loopingcall [-] Fixed interval looping call 'nova.servicegroup.drivers.db.DbDriver._report_state' sleeping for 119.99 seconds {{(pid=98981) _run_loop /opt/stack/data/venv/lib/python3.12/site-packages/oslo_service/backend/_threading/loopingcall.py:125}}
Jul 24 14:29:45.740867 np0000005840 nova-conductor[98968]: DEBUG oslo.service.backend._threading.loopingcall [-] Fixed interval looping call 'nova.servicegroup.drivers.db.DbDriver._report_state' sleeping for 119.99 seconds {{(pid=98968) _run_loop /opt/stack/data/venv/lib/python3.12/site-packages/oslo_service/backend/_threading/loopingcall.py:125}}
Jul 24 14:29:45.755081 np0000005840 nova-conductor[98996]: DEBUG oslo.service.backend._threading.loopingcall [-] Fixed interval looping call 'nova.servicegroup.drivers.db.DbDriver._report_state' sleeping for 120.00 seconds {{(pid=98996) _run_loop /opt/stack/data/venv/lib/python3.12/site-packages/oslo_service/backend/_threading/loopingcall.py:125}}
Jul 24 14:29:45.761179 np0000005840 nova-conductor[98989]: DEBUG oslo.service.backend._threading.loopingcall [-] Fixed interval looping call 'nova.servicegroup.drivers.db.DbDriver._report_state' sleeping for 120.00 seconds {{(pid=98989) _run_loop /opt/stack/data/venv/lib/python3.12/site-packages/oslo_service/backend/_threading/loopingcall.py:125}}
Jul 24 14:29:50.738560 np0000005840 nova-conductor[98968]: DEBUG oslo.service.backend._threading.loopingcall [None req-44405a40-b3b8-41c1-8c57-66eef5fee7bc None None] Dynamic interval looping call 'nova.service.Service.periodic_tasks' sleeping for 60.00 seconds {{(pid=98968) _run_loop /opt/stack/data/venv/lib/python3.12/site-packages/oslo_service/backend/_threading/loopingcall.py:125}}
Jul 24 14:29:55.735796 np0000005840 nova-conductor[98981]: DEBUG dbcounter [-] [98981] Writing DB stats nova_cell0:SELECT=1,nova_cell0:UPDATE=1 {{(pid=98981) stat_writer /opt/stack/data/venv/lib/python3.12/site-packages/dbcounter.py:115}}
Jul 24 14:29:55.737301 np0000005840 nova-conductor[98968]: DEBUG dbcounter [-] [98968] Writing DB stats nova_cell0:SELECT=1,nova_cell0:UPDATE=1 {{(pid=98968) stat_writer /opt/stack/data/venv/lib/python3.12/site-packages/dbcounter.py:115}}
Jul 24 14:29:55.752909 np0000005840 nova-conductor[98996]: DEBUG dbcounter [-] [98996] Writing DB stats nova_cell0:SELECT=1 {{(pid=98996) stat_writer /opt/stack/data/venv/lib/python3.12/site-packages/dbcounter.py:115}}
Jul 24 14:29:55.759489 np0000005840 nova-conductor[98989]: DEBUG dbcounter [-] [98989] Writing DB stats nova_cell0:SELECT=1 {{(pid=98989) stat_writer /opt/stack/data/venv/lib/python3.12/site-packages/dbcounter.py:115}}
Jul 24 14:29:55.800506 np0000005840 nova-conductor[98981]: DEBUG oslo_db.sqlalchemy.engines [None req-2706f193-2c31-4d44-86ba-b2097d607f6e tempest-ServersNegativeTestJSON-67249702 tempest-ServersNegativeTestJSON-67249702-project-member] Parent process 97599 forked (98981) with an open database connection, which is being discarded and recreated. {{(pid=98981) checkout /opt/stack/data/venv/lib/python3.12/site-packages/oslo_db/sqlalchemy/engines.py:402}}
Jul 24 14:29:55.853894 np0000005840 nova-conductor[98981]: DEBUG dbcounter [-] [98981] Writer thread running {{(pid=98981) stat_writer /opt/stack/data/venv/lib/python3.12/site-packages/dbcounter.py:102}}
Jul 24 14:29:56.846708 np0000005840 nova-conductor[98981]: DEBUG nova.conductor.manager [None req-2706f193-2c31-4d44-86ba-b2097d607f6e tempest-ServersNegativeTestJSON-67249702 tempest-ServersNegativeTestJSON-67249702-project-member] Took 0.99 seconds to select destinations for 1 instance(s). {{(pid=98981) _schedule_instances /opt/stack/nova/nova/conductor/manager.py:968}}
Jul 24 14:29:56.885606 np0000005840 nova-conductor[98981]: DEBUG oslo_concurrency.lockutils [None req-2706f193-2c31-4d44-86ba-b2097d607f6e tempest-ServersNegativeTestJSON-67249702 tempest-ServersNegativeTestJSON-67249702-project-member] Acquiring lock "d22428c9-92ce-46f7-a651-a4ee7c5ef39a" by "nova.context.set_target_cell..get_or_set_cached_cell_and_set_connections" {{(pid=98981) inner /opt/stack/data/venv/lib/python3.12/site-packages/oslo_concurrency/lockutils.py:512}}
Jul 24 14:29:56.885867 np0000005840 nova-conductor[98981]: DEBUG oslo_concurrency.lockutils [None req-2706f193-2c31-4d44-86ba-b2097d607f6e tempest-ServersNegativeTestJSON-67249702 tempest-ServersNegativeTestJSON-67249702-project-member] Lock "d22428c9-92ce-46f7-a651-a4ee7c5ef39a" acquired by "nova.context.set_target_cell..get_or_set_cached_cell_and_set_connections" :: waited 0.000s {{(pid=98981) inner /opt/stack/data/venv/lib/python3.12/site-packages/oslo_concurrency/lockutils.py:525}}
Jul 24 14:29:56.887798 np0000005840 nova-conductor[98981]: DEBUG oslo_concurrency.lockutils [None req-2706f193-2c31-4d44-86ba-b2097d607f6e tempest-ServersNegativeTestJSON-67249702 tempest-ServersNegativeTestJSON-67249702-project-member] Lock "d22428c9-92ce-46f7-a651-a4ee7c5ef39a" "released" by "nova.context.set_target_cell..get_or_set_cached_cell_and_set_connections" :: held 0.002s {{(pid=98981) inner /opt/stack/data/venv/lib/python3.12/site-packages/oslo_concurrency/lockutils.py:544}}
Jul 24 14:29:56.890160 np0000005840 nova-conductor[98981]: INFO dbcounter [None req-2706f193-2c31-4d44-86ba-b2097d607f6e tempest-ServersNegativeTestJSON-67249702 tempest-ServersNegativeTestJSON-67249702-project-member] Registered counter for database nova_cell1
Jul 24 14:29:56.940449 np0000005840 nova-conductor[98981]: DEBUG oslo_db.sqlalchemy.engines [None req-2706f193-2c31-4d44-86ba-b2097d607f6e tempest-ServersNegativeTestJSON-67249702 tempest-ServersNegativeTestJSON-67249702-project-member] MySQL server mode set to STRICT_TRANS_TABLES,STRICT_ALL_TABLES,NO_ZERO_IN_DATE,NO_ZERO_DATE,ERROR_FOR_DIVISION_BY_ZERO,TRADITIONAL,NO_ENGINE_SUBSTITUTION {{(pid=98981) _check_effective_sql_mode /opt/stack/data/venv/lib/python3.12/site-packages/oslo_db/sqlalchemy/engines.py:325}}
Jul 24 14:29:56.950821 np0000005840 nova-conductor[98981]: DEBUG dbcounter [-] [98981] Writer thread running {{(pid=98981) stat_writer /opt/stack/data/venv/lib/python3.12/site-packages/dbcounter.py:102}}
Jul 24 14:29:57.008140 np0000005840 nova-conductor[98981]: INFO nova.utils [None req-2706f193-2c31-4d44-86ba-b2097d607f6e tempest-ServersNegativeTestJSON-67249702 tempest-ServersNegativeTestJSON-67249702-project-member] The cell worker thread pool ForkProcess-2.cell_worker is initialized
Jul 24 14:29:57.008434 np0000005840 nova-conductor[98981]: DEBUG oslo_concurrency.lockutils [None req-2706f193-2c31-4d44-86ba-b2097d607f6e tempest-ServersNegativeTestJSON-67249702 tempest-ServersNegativeTestJSON-67249702-project-member] Acquiring lock "00000000-0000-0000-0000-000000000000" by "nova.context.set_target_cell..get_or_set_cached_cell_and_set_connections" {{(pid=98981) inner /opt/stack/data/venv/lib/python3.12/site-packages/oslo_concurrency/lockutils.py:512}}
Jul 24 14:29:57.008577 np0000005840 nova-conductor[98981]: DEBUG oslo_concurrency.lockutils [None req-2706f193-2c31-4d44-86ba-b2097d607f6e tempest-ServersNegativeTestJSON-67249702 tempest-ServersNegativeTestJSON-67249702-project-member] Lock "00000000-0000-0000-0000-000000000000" acquired by "nova.context.set_target_cell..get_or_set_cached_cell_and_set_connections" :: waited 0.000s {{(pid=98981) inner /opt/stack/data/venv/lib/python3.12/site-packages/oslo_concurrency/lockutils.py:525}}
Jul 24 14:29:57.008919 np0000005840 nova-conductor[98981]: DEBUG oslo_concurrency.lockutils [None req-2706f193-2c31-4d44-86ba-b2097d607f6e tempest-ServersNegativeTestJSON-67249702 tempest-ServersNegativeTestJSON-67249702-project-member] Lock "00000000-0000-0000-0000-000000000000" "released" by "nova.context.set_target_cell..get_or_set_cached_cell_and_set_connections" :: held 0.000s {{(pid=98981) inner /opt/stack/data/venv/lib/python3.12/site-packages/oslo_concurrency/lockutils.py:544}}
Jul 24 14:29:57.009827 np0000005840 nova-conductor[98981]: DEBUG oslo_concurrency.lockutils [None req-2706f193-2c31-4d44-86ba-b2097d607f6e tempest-ServersNegativeTestJSON-67249702 tempest-ServersNegativeTestJSON-67249702-project-member] Acquiring lock "d22428c9-92ce-46f7-a651-a4ee7c5ef39a" by "nova.context.set_target_cell..get_or_set_cached_cell_and_set_connections" {{(pid=98981) inner /opt/stack/data/venv/lib/python3.12/site-packages/oslo_concurrency/lockutils.py:512}}
Jul 24 14:29:57.009952 np0000005840 nova-conductor[98981]: DEBUG oslo_concurrency.lockutils [None req-2706f193-2c31-4d44-86ba-b2097d607f6e tempest-ServersNegativeTestJSON-67249702 tempest-ServersNegativeTestJSON-67249702-project-member] Lock "d22428c9-92ce-46f7-a651-a4ee7c5ef39a" acquired by "nova.context.set_target_cell..get_or_set_cached_cell_and_set_connections" :: waited 0.000s {{(pid=98981) inner /opt/stack/data/venv/lib/python3.12/site-packages/oslo_concurrency/lockutils.py:525}}
Jul 24 14:29:57.010049 np0000005840 nova-conductor[98981]: DEBUG oslo_concurrency.lockutils [None req-2706f193-2c31-4d44-86ba-b2097d607f6e tempest-ServersNegativeTestJSON-67249702 tempest-ServersNegativeTestJSON-67249702-project-member] Lock "d22428c9-92ce-46f7-a651-a4ee7c5ef39a" "released" by "nova.context.set_target_cell..get_or_set_cached_cell_and_set_connections" :: held 0.000s {{(pid=98981) inner /opt/stack/data/venv/lib/python3.12/site-packages/oslo_concurrency/lockutils.py:544}}
Jul 24 14:29:57.011722 np0000005840 nova-conductor[98981]: INFO dbcounter [None req-2706f193-2c31-4d44-86ba-b2097d607f6e tempest-ServersNegativeTestJSON-67249702 tempest-ServersNegativeTestJSON-67249702-project-member] Registered counter for database nova_cell0
