Jun 10 18:34:43.465148 np0000002534 devstack@g-api.service[99782]: DEBUG glance.api.middleware.version_negotiation [None req-4f7b2e75-54d6-4a46-9c9e-9f929c8b679d tempest-VolumeImageDependencyTests-1179962646 tempest-VolumeImageDependencyTests-1179962646-project-member] Using url versioning {{(pid=99782) process_request /opt/stack/glance/glance/api/middleware/version_negotiation.py:57}}
Jun 10 18:34:43.465148 np0000002534 devstack@g-api.service[99782]: DEBUG glance.api.middleware.version_negotiation [None req-4f7b2e75-54d6-4a46-9c9e-9f929c8b679d tempest-VolumeImageDependencyTests-1179962646 tempest-VolumeImageDependencyTests-1179962646-project-member] Matched version: v2 {{(pid=99782) process_request /opt/stack/glance/glance/api/middleware/version_negotiation.py:69}}
Jun 10 18:34:43.465148 np0000002534 devstack@g-api.service[99782]: DEBUG glance.api.middleware.version_negotiation [None req-4f7b2e75-54d6-4a46-9c9e-9f929c8b679d tempest-VolumeImageDependencyTests-1179962646 tempest-VolumeImageDependencyTests-1179962646-project-member] new path /v2/images/f2c53e91-df8b-4316-ab43-1ccd780f998f {{(pid=99782) process_request /opt/stack/glance/glance/api/middleware/version_negotiation.py:70}}
Jun 10 18:34:43.475828 np0000002534 devstack@g-api.service[99782]: [pid: 99782|app: 0|req: 261/524] 127.0.0.1 () {40 vars in 838 bytes} [Wed Jun 10 18:34:43 2026] GET /v2/images/f2c53e91-df8b-4316-ab43-1ccd780f998f => generated 818 bytes in 12 msecs (HTTP/1.1 200) 4 headers in 157 bytes (1 switches on core 0)
Jun 10 18:34:43.491404 np0000002534 devstack@g-api.service[99783]: DEBUG glance.api.middleware.version_negotiation [None req-d262c93d-4641-468a-b03d-c1056f1046db tempest-VolumeImageDependencyTests-1179962646 tempest-VolumeImageDependencyTests-1179962646-project-member] Determining version of request: GET /v2/images/f2c53e91-df8b-4316-ab43-1ccd780f998f Accept: */* {{(pid=99783) process_request /opt/stack/glance/glance/api/middleware/version_negotiation.py:44}}
Jun 10 18:34:43.491549 np0000002534 devstack@g-api.service[99783]: DEBUG glance.api.middleware.version_negotiation [None req-d262c93d-4641-468a-b03d-c1056f1046db tempest-VolumeImageDependencyTests-1179962646 tempest-VolumeImageDependencyTests-1179962646-project-member] Using url versioning {{(pid=99783) process_request /opt/stack/glance/glance/api/middleware/version_negotiation.py:57}}
Jun 10 18:34:43.491670 np0000002534 devstack@g-api.service[99783]: DEBUG glance.api.middleware.version_negotiation [None req-d262c93d-4641-468a-b03d-c1056f1046db tempest-VolumeImageDependencyTests-1179962646 tempest-VolumeImageDependencyTests-1179962646-project-member] Matched version: v2 {{(pid=99783) process_request /opt/stack/glance/glance/api/middleware/version_negotiation.py:69}}
Jun 10 18:34:43.491756 np0000002534 devstack@g-api.service[99783]: DEBUG glance.api.middleware.version_negotiation [None req-d262c93d-4641-468a-b03d-c1056f1046db tempest-VolumeImageDependencyTests-1179962646 tempest-VolumeImageDependencyTests-1179962646-project-member] new path /v2/images/f2c53e91-df8b-4316-ab43-1ccd780f998f {{(pid=99783) process_request /opt/stack/glance/glance/api/middleware/version_negotiation.py:70}}
Jun 10 18:34:43.501304 np0000002534 devstack@g-api.service[99783]: [pid: 99783|app: 0|req: 264/525] 127.0.0.1 () {44 vars in 1115 bytes} [Wed Jun 10 18:34:43 2026] GET /v2/images/f2c53e91-df8b-4316-ab43-1ccd780f998f => generated 818 bytes in 10 msecs (HTTP/1.1 200) 4 headers in 157 bytes (1 switches on core 0)
Jun 10 18:34:43.513479 np0000002534 devstack@g-api.service[99782]: DEBUG glance.api.middleware.version_negotiation [None req-e5512e33-5b94-4e5c-8fbd-285c325c8f87 tempest-VolumeImageDependencyTests-1179962646 tempest-VolumeImageDependencyTests-1179962646-project-member] Determining version of request: GET /v2/schemas/image Accept: */* {{(pid=99782) process_request /opt/stack/glance/glance/api/middleware/version_negotiation.py:44}}
Jun 10 18:34:43.513479 np0000002534 devstack@g-api.service[99782]: DEBUG glance.api.middleware.version_negotiation [None req-e5512e33-5b94-4e5c-8fbd-285c325c8f87 tempest-VolumeImageDependencyTests-1179962646 tempest-VolumeImageDependencyTests-1179962646-project-member] Using url versioning {{(pid=99782) process_request /opt/stack/glance/glance/api/middleware/version_negotiation.py:57}}
Jun 10 18:34:43.513479 np0000002534 devstack@g-api.service[99782]: DEBUG glance.api.middleware.version_negotiation [None req-e5512e33-5b94-4e5c-8fbd-285c325c8f87 tempest-VolumeImageDependencyTests-1179962646 tempest-VolumeImageDependencyTests-1179962646-project-member] Matched version: v2 {{(pid=99782) process_request /opt/stack/glance/glance/api/middleware/version_negotiation.py:69}}
Jun 10 18:34:43.513479 np0000002534 devstack@g-api.service[99782]: DEBUG glance.api.middleware.version_negotiation [None req-e5512e33-5b94-4e5c-8fbd-285c325c8f87 tempest-VolumeImageDependencyTests-1179962646 tempest-VolumeImageDependencyTests-1179962646-project-member] new path /v2/schemas/image {{(pid=99782) process_request /opt/stack/glance/glance/api/middleware/version_negotiation.py:70}}
Jun 10 18:34:43.515554 np0000002534 devstack@g-api.service[99782]: [pid: 99782|app: 0|req: 262/526] 127.0.0.1 () {44 vars in 1055 bytes} [Wed Jun 10 18:34:43 2026] GET /v2/schemas/image => generated 6083 bytes in 6 msecs (HTTP/1.1 200) 4 headers in 158 bytes (1 switches on core 0)
Jun 10 18:34:43.524499 np0000002534 devstack@g-api.service[99783]: DEBUG glance.api.middleware.version_negotiation [None req-8f7c750f-5d75-4688-8de8-359f16615d18 tempest-VolumeImageDependencyTests-1179962646 tempest-VolumeImageDependencyTests-1179962646-project-member] Determining version of request: GET /v2/schemas/image Accept: */* {{(pid=99783) process_request /opt/stack/glance/glance/api/middleware/version_negotiation.py:44}}
Jun 10 18:34:43.524635 np0000002534 devstack@g-api.service[99783]: DEBUG glance.api.middleware.version_negotiation [None req-8f7c750f-5d75-4688-8de8-359f16615d18 tempest-VolumeImageDependencyTests-1179962646 tempest-VolumeImageDependencyTests-1179962646-project-member] Using url versioning {{(pid=99783) process_request /opt/stack/glance/glance/api/middleware/version_negotiation.py:57}}
Jun 10 18:34:43.524720 np0000002534 devstack@g-api.service[99783]: DEBUG glance.api.middleware.version_negotiation [None req-8f7c750f-5d75-4688-8de8-359f16615d18 tempest-VolumeImageDependencyTests-1179962646 tempest-VolumeImageDependencyTests-1179962646-project-member] Matched version: v2 {{(pid=99783) process_request /opt/stack/glance/glance/api/middleware/version_negotiation.py:69}}
Jun 10 18:34:43.524895 np0000002534 devstack@g-api.service[99783]: DEBUG glance.api.middleware.version_negotiation [None req-8f7c750f-5d75-4688-8de8-359f16615d18 tempest-VolumeImageDependencyTests-1179962646 tempest-VolumeImageDependencyTests-1179962646-project-member] new path /v2/schemas/image {{(pid=99783) process_request /opt/stack/glance/glance/api/middleware/version_negotiation.py:70}}
Jun 10 18:34:43.527191 np0000002534 devstack@g-api.service[99783]: [pid: 99783|app: 0|req: 265/527] 127.0.0.1 () {44 vars in 1055 bytes} [Wed Jun 10 18:34:43 2026] GET /v2/schemas/image => generated 6083 bytes in 3 msecs (HTTP/1.1 200) 4 headers in 158 bytes (1 switches on core 0)
Jun 10 18:34:43.533904 np0000002534 devstack@g-api.service[99782]: DEBUG glance.api.middleware.version_negotiation [None req-8f7c750f-5d75-4688-8de8-359f16615d18 tempest-VolumeImageDependencyTests-1179962646 tempest-VolumeImageDependencyTests-1179962646-project-member] Determining version of request: GET /v2/images/f2c53e91-df8b-4316-ab43-1ccd780f998f Accept: */* {{(pid=99782) process_request /opt/stack/glance/glance/api/middleware/version_negotiation.py:44}}
Jun 10 18:34:43.534247 np0000002534 devstack@g-api.service[99782]: DEBUG glance.api.middleware.version_negotiation [None req-8f7c750f-5d75-4688-8de8-359f16615d18 tempest-VolumeImageDependencyTests-1179962646 tempest-VolumeImageDependencyTests-1179962646-project-member] Using url versioning {{(pid=99782) process_request /opt/stack/glance/glance/api/middleware/version_negotiation.py:57}}
Jun 10 18:34:43.534534 np0000002534 devstack@g-api.service[99782]: DEBUG glance.api.middleware.version_negotiation [None req-8f7c750f-5d75-4688-8de8-359f16615d18 tempest-VolumeImageDependencyTests-1179962646 tempest-VolumeImageDependencyTests-1179962646-project-member] Matched version: v2 {{(pid=99782) process_request /opt/stack/glance/glance/api/middleware/version_negotiation.py:69}}
Jun 10 18:34:43.534807 np0000002534 devstack@g-api.service[99782]: DEBUG glance.api.middleware.version_negotiation [None req-8f7c750f-5d75-4688-8de8-359f16615d18 tempest-VolumeImageDependencyTests-1179962646 tempest-VolumeImageDependencyTests-1179962646-project-member] new path /v2/images/f2c53e91-df8b-4316-ab43-1ccd780f998f {{(pid=99782) process_request /opt/stack/glance/glance/api/middleware/version_negotiation.py:70}}
Jun 10 18:34:43.542540 np0000002534 devstack@g-api.service[99782]: [pid: 99782|app: 0|req: 263/528] 127.0.0.1 () {44 vars in 1115 bytes} [Wed Jun 10 18:34:43 2026] GET /v2/images/f2c53e91-df8b-4316-ab43-1ccd780f998f => generated 818 bytes in 9 msecs (HTTP/1.1 200) 4 headers in 157 bytes (1 switches on core 0)
Jun 10 18:34:43.549328 np0000002534 devstack@g-api.service[99783]: DEBUG glance.api.middleware.version_negotiation [None req-8f7c750f-5d75-4688-8de8-359f16615d18 tempest-VolumeImageDependencyTests-1179962646 tempest-VolumeImageDependencyTests-1179962646-project-member] Determining version of request: GET /v2/schemas/image Accept: */* {{(pid=99783) process_request /opt/stack/glance/glance/api/middleware/version_negotiation.py:44}}
Jun 10 18:34:43.549529 np0000002534 devstack@g-api.service[99783]: DEBUG glance.api.middleware.version_negotiation [None req-8f7c750f-5d75-4688-8de8-359f16615d18 tempest-VolumeImageDependencyTests-1179962646 tempest-VolumeImageDependencyTests-1179962646-project-member] Using url versioning {{(pid=99783) process_request /opt/stack/glance/glance/api/middleware/version_negotiation.py:57}}
Jun 10 18:34:43.549707 np0000002534 devstack@g-api.service[99783]: DEBUG glance.api.middleware.version_negotiation [None req-8f7c750f-5d75-4688-8de8-359f16615d18 tempest-VolumeImageDependencyTests-1179962646 tempest-VolumeImageDependencyTests-1179962646-project-member] Matched version: v2 {{(pid=99783) process_request /opt/stack/glance/glance/api/middleware/version_negotiation.py:69}}
Jun 10 18:34:43.549795 np0000002534 devstack@g-api.service[99783]: DEBUG glance.api.middleware.version_negotiation [None req-8f7c750f-5d75-4688-8de8-359f16615d18 tempest-VolumeImageDependencyTests-1179962646 tempest-VolumeImageDependencyTests-1179962646-project-member] new path /v2/schemas/image {{(pid=99783) process_request /opt/stack/glance/glance/api/middleware/version_negotiation.py:70}}
Jun 10 18:34:43.552478 np0000002534 devstack@g-api.service[99783]: [pid: 99783|app: 0|req: 266/529] 127.0.0.1 () {44 vars in 1055 bytes} [Wed Jun 10 18:34:43 2026] GET /v2/schemas/image => generated 6083 bytes in 3 msecs (HTTP/1.1 200) 4 headers in 158 bytes (1 switches on core 0)
Jun 10 18:34:43.562267 np0000002534 devstack@g-api.service[99782]: DEBUG glance.api.middleware.version_negotiation [None req-8f7c750f-5d75-4688-8de8-359f16615d18 tempest-VolumeImageDependencyTests-1179962646 tempest-VolumeImageDependencyTests-1179962646-project-member] Determining version of request: GET /v2/schemas/image Accept: */* {{(pid=99782) process_request /opt/stack/glance/glance/api/middleware/version_negotiation.py:44}}
Jun 10 18:34:43.563224 np0000002534 devstack@g-api.service[99782]: DEBUG glance.api.middleware.version_negotiation [None req-8f7c750f-5d75-4688-8de8-359f16615d18 tempest-VolumeImageDependencyTests-1179962646 tempest-VolumeImageDependencyTests-1179962646-project-member] Using url versioning {{(pid=99782) process_request /opt/stack/glance/glance/api/middleware/version_negotiation.py:57}}
Jun 10 18:34:43.563224 np0000002534 devstack@g-api.service[99782]: DEBUG glance.api.middleware.version_negotiation [None req-8f7c750f-5d75-4688-8de8-359f16615d18 tempest-VolumeImageDependencyTests-1179962646 tempest-VolumeImageDependencyTests-1179962646-project-member] Matched version: v2 {{(pid=99782) process_request /opt/stack/glance/glance/api/middleware/version_negotiation.py:69}}
Jun 10 18:34:43.563224 np0000002534 devstack@g-api.service[99782]: DEBUG glance.api.middleware.version_negotiation [None req-8f7c750f-5d75-4688-8de8-359f16615d18 tempest-VolumeImageDependencyTests-1179962646 tempest-VolumeImageDependencyTests-1179962646-project-member] new path /v2/schemas/image {{(pid=99782) process_request /opt/stack/glance/glance/api/middleware/version_negotiation.py:70}}
Jun 10 18:34:43.565288 np0000002534 devstack@g-api.service[99782]: [pid: 99782|app: 0|req: 264/530] 127.0.0.1 () {44 vars in 1055 bytes} [Wed Jun 10 18:34:43 2026] GET /v2/schemas/image => generated 6083 bytes in 4 msecs (HTTP/1.1 200) 4 headers in 158 bytes (1 switches on core 0)
Jun 10 18:34:43.585421 np0000002534 devstack@g-api.service[99783]: DEBUG glance.api.middleware.version_negotiation [None req-8f7c750f-5d75-4688-8de8-359f16615d18 tempest-VolumeImageDependencyTests-1179962646 tempest-VolumeImageDependencyTests-1179962646-project-member] Determining version of request: GET /v2/images/f2c53e91-df8b-4316-ab43-1ccd780f998f Accept: */* {{(pid=99783) process_request /opt/stack/glance/glance/api/middleware/version_negotiation.py:44}}
Jun 10 18:34:43.585616 np0000002534 devstack@g-api.service[99783]: DEBUG glance.api.middleware.version_negotiation [None req-8f7c750f-5d75-4688-8de8-359f16615d18 tempest-VolumeImageDependencyTests-1179962646 tempest-VolumeImageDependencyTests-1179962646-project-member] Using url versioning {{(pid=99783) process_request /opt/stack/glance/glance/api/middleware/version_negotiation.py:57}}
Jun 10 18:34:43.585673 np0000002534 devstack@g-api.service[99783]: DEBUG glance.api.middleware.version_negotiation [None req-8f7c750f-5d75-4688-8de8-359f16615d18 tempest-VolumeImageDependencyTests-1179962646 tempest-VolumeImageDependencyTests-1179962646-project-member] Matched version: v2 {{(pid=99783) process_request /opt/stack/glance/glance/api/middleware/version_negotiation.py:69}}
Jun 10 18:34:43.585734 np0000002534 devstack@g-api.service[99783]: DEBUG glance.api.middleware.version_negotiation [None req-8f7c750f-5d75-4688-8de8-359f16615d18 tempest-VolumeImageDependencyTests-1179962646 tempest-VolumeImageDependencyTests-1179962646-project-member] new path /v2/images/f2c53e91-df8b-4316-ab43-1ccd780f998f {{(pid=99783) process_request /opt/stack/glance/glance/api/middleware/version_negotiation.py:70}}
Jun 10 18:34:43.592531 np0000002534 devstack@g-api.service[99783]: [pid: 99783|app: 0|req: 267/531] 127.0.0.1 () {44 vars in 1115 bytes} [Wed Jun 10 18:34:43 2026] GET /v2/images/f2c53e91-df8b-4316-ab43-1ccd780f998f => generated 818 bytes in 7 msecs (HTTP/1.1 200) 4 headers in 157 bytes (1 switches on core 0)
Jun 10 18:34:43.599711 np0000002534 devstack@g-api.service[99782]: DEBUG glance.api.middleware.version_negotiation [None req-8f7c750f-5d75-4688-8de8-359f16615d18 tempest-VolumeImageDependencyTests-1179962646 tempest-VolumeImageDependencyTests-1179962646-project-member] Determining version of request: GET /v2/schemas/image Accept: */* {{(pid=99782) process_request /opt/stack/glance/glance/api/middleware/version_negotiation.py:44}}
Jun 10 18:34:43.599711 np0000002534 devstack@g-api.service[99782]: DEBUG glance.api.middleware.version_negotiation [None req-8f7c750f-5d75-4688-8de8-359f16615d18 tempest-VolumeImageDependencyTests-1179962646 tempest-VolumeImageDependencyTests-1179962646-project-member] Using url versioning {{(pid=99782) process_request /opt/stack/glance/glance/api/middleware/version_negotiation.py:57}}
Jun 10 18:34:43.599711 np0000002534 devstack@g-api.service[99782]: DEBUG glance.api.middleware.version_negotiation [None req-8f7c750f-5d75-4688-8de8-359f16615d18 tempest-VolumeImageDependencyTests-1179962646 tempest-VolumeImageDependencyTests-1179962646-project-member] Matched version: v2 {{(pid=99782) process_request /opt/stack/glance/glance/api/middleware/version_negotiation.py:69}}
Jun 10 18:34:43.599711 np0000002534 devstack@g-api.service[99782]: DEBUG glance.api.middleware.version_negotiation [None req-8f7c750f-5d75-4688-8de8-359f16615d18 tempest-VolumeImageDependencyTests-1179962646 tempest-VolumeImageDependencyTests-1179962646-project-member] new path /v2/schemas/image {{(pid=99782) process_request /opt/stack/glance/glance/api/middleware/version_negotiation.py:70}}
Jun 10 18:34:43.601759 np0000002534 devstack@g-api.service[99782]: [pid: 99782|app: 0|req: 265/532] 127.0.0.1 () {44 vars in 1055 bytes} [Wed Jun 10 18:34:43 2026] GET /v2/schemas/image => generated 6083 bytes in 3 msecs (HTTP/1.1 200) 4 headers in 158 bytes (1 switches on core 0)
Jun 10 18:34:43.949101 np0000002534 devstack@g-api.service[99783]: DEBUG glance.api.middleware.version_negotiation [None req-8f7c750f-5d75-4688-8de8-359f16615d18 tempest-VolumeImageDependencyTests-1179962646 tempest-VolumeImageDependencyTests-1179962646-project-member] Determining version of request: DELETE /v2/images/ae9d9af6-7629-46bd-be98-8349bc2122ca Accept: application/json {{(pid=99783) process_request /opt/stack/glance/glance/api/middleware/version_negotiation.py:44}}
Jun 10 18:34:43.949317 np0000002534 devstack@g-api.service[99783]: DEBUG glance.api.middleware.version_negotiation [None req-8f7c750f-5d75-4688-8de8-359f16615d18 tempest-VolumeImageDependencyTests-1179962646 tempest-VolumeImageDependencyTests-1179962646-project-member] Using url versioning {{(pid=99783) process_request /opt/stack/glance/glance/api/middleware/version_negotiation.py:57}}
Jun 10 18:34:43.949526 np0000002534 devstack@g-api.service[99783]: DEBUG glance.api.middleware.version_negotiation [None req-8f7c750f-5d75-4688-8de8-359f16615d18 tempest-VolumeImageDependencyTests-1179962646 tempest-VolumeImageDependencyTests-1179962646-project-member] Matched version: v2 {{(pid=99783) process_request /opt/stack/glance/glance/api/middleware/version_negotiation.py:69}}
Jun 10 18:34:43.949673 np0000002534 devstack@g-api.service[99783]: DEBUG glance.api.middleware.version_negotiation [None req-8f7c750f-5d75-4688-8de8-359f16615d18 tempest-VolumeImageDependencyTests-1179962646 tempest-VolumeImageDependencyTests-1179962646-project-member] new path /v2/images/ae9d9af6-7629-46bd-be98-8349bc2122ca {{(pid=99783) process_request /opt/stack/glance/glance/api/middleware/version_negotiation.py:70}}
Jun 10 18:34:43.958610 np0000002534 devstack@g-api.service[99783]: WARNING glance.api.v2.images [None req-7cc8df88-dc19-4492-a3d5-d3232e3158c7 tempest-TestInstancesWithCinderVolumes-580864596 tempest-TestInstancesWithCinderVolumes-580864596-project-member] After upload to backend, deletion of staged image data has failed because it cannot be found at /tmp/staging//ae9d9af6-7629-46bd-be98-8349bc2122ca
Jun 10 18:34:43.959114 np0000002534 devstack@g-api.service[99783]: DEBUG glance_store.backend [None req-7cc8df88-dc19-4492-a3d5-d3232e3158c7 tempest-TestInstancesWithCinderVolumes-580864596 tempest-TestInstancesWithCinderVolumes-580864596-project-member] Attempting to import store swift {{(pid=99783) _load_store /opt/stack/data/venv/lib/python3.12/site-packages/glance_store/backend.py:215}}
Jun 10 18:34:43.960300 np0000002534 devstack@g-api.service[99783]: DEBUG glance_store.capabilities [None req-7cc8df88-dc19-4492-a3d5-d3232e3158c7 tempest-TestInstancesWithCinderVolumes-580864596 tempest-TestInstancesWithCinderVolumes-580864596-project-member] Store glance_store._drivers.swift.store.SingleTenantStore doesn't support updating dynamic storage capabilities. Please overwrite 'update_capabilities' method of the store to implement updating logics if needed. {{(pid=99783) update_capabilities /opt/stack/data/venv/lib/python3.12/site-packages/glance_store/capabilities.py:91}}
Jun 10 18:34:43.960400 np0000002534 devstack@g-api.service[99783]: DEBUG glance_store.driver [None req-7cc8df88-dc19-4492-a3d5-d3232e3158c7 tempest-TestInstancesWithCinderVolumes-580864596 tempest-TestInstancesWithCinderVolumes-580864596-project-member] Late loading location class glance_store._drivers.swift.store.StoreLocation {{(pid=99783) get_store_location_class /opt/stack/data/venv/lib/python3.12/site-packages/glance_store/driver.py:134}}
Jun 10 18:34:43.960514 np0000002534 devstack@g-api.service[99783]: DEBUG glance_store.location [None req-7cc8df88-dc19-4492-a3d5-d3232e3158c7 tempest-TestInstancesWithCinderVolumes-580864596 tempest-TestInstancesWithCinderVolumes-580864596-project-member] Registering scheme swift+https with {'store': , 'location_class': , 'store_entry': 'swift'} {{(pid=99783) register_scheme_map /opt/stack/data/venv/lib/python3.12/site-packages/glance_store/location.py:146}}
Jun 10 18:34:43.960592 np0000002534 devstack@g-api.service[99783]: DEBUG glance_store.location [None req-7cc8df88-dc19-4492-a3d5-d3232e3158c7 tempest-TestInstancesWithCinderVolumes-580864596 tempest-TestInstancesWithCinderVolumes-580864596-project-member] Registering scheme swift+https with {'store': , 'location_class': , 'store_entry': 'swift'} {{(pid=99783) register_scheme_map /opt/stack/data/venv/lib/python3.12/site-packages/glance_store/location.py:146}}
Jun 10 18:34:43.960821 np0000002534 devstack@g-api.service[99783]: DEBUG glance_store.location [None req-7cc8df88-dc19-4492-a3d5-d3232e3158c7 tempest-TestInstancesWithCinderVolumes-580864596 tempest-TestInstancesWithCinderVolumes-580864596-project-member] Registering scheme swift with {'store': , 'location_class': , 'store_entry': 'swift'} {{(pid=99783) register_scheme_map /opt/stack/data/venv/lib/python3.12/site-packages/glance_store/location.py:146}}
Jun 10 18:34:43.960863 np0000002534 devstack@g-api.service[99783]: DEBUG glance_store.location [None req-7cc8df88-dc19-4492-a3d5-d3232e3158c7 tempest-TestInstancesWithCinderVolumes-580864596 tempest-TestInstancesWithCinderVolumes-580864596-project-member] Registering scheme swift+https with {'store': , 'location_class': , 'store_entry': 'swift'} {{(pid=99783) register_scheme_map /opt/stack/data/venv/lib/python3.12/site-packages/glance_store/location.py:146}}
Jun 10 18:34:43.960920 np0000002534 devstack@g-api.service[99783]: DEBUG glance_store.location [None req-7cc8df88-dc19-4492-a3d5-d3232e3158c7 tempest-TestInstancesWithCinderVolumes-580864596 tempest-TestInstancesWithCinderVolumes-580864596-project-member] Registering scheme swift with {'store': , 'location_class': , 'store_entry': 'swift'} {{(pid=99783) register_scheme_map /opt/stack/data/venv/lib/python3.12/site-packages/glance_store/location.py:146}}
Jun 10 18:34:43.961589 np0000002534 devstack@g-api.service[99783]: DEBUG glance_store.location [None req-7cc8df88-dc19-4492-a3d5-d3232e3158c7 tempest-TestInstancesWithCinderVolumes-580864596 tempest-TestInstancesWithCinderVolumes-580864596-project-member] Registering scheme swift+http with {'store': , 'location_class': , 'store_entry': 'swift'} {{(pid=99783) register_scheme_map /opt/stack/data/venv/lib/python3.12/site-packages/glance_store/location.py:146}}
Jun 10 18:34:43.961589 np0000002534 devstack@g-api.service[99783]: DEBUG glance_store.location [None req-7cc8df88-dc19-4492-a3d5-d3232e3158c7 tempest-TestInstancesWithCinderVolumes-580864596 tempest-TestInstancesWithCinderVolumes-580864596-project-member] Registering scheme swift+https with {'store': , 'location_class': , 'store_entry': 'swift'} {{(pid=99783) register_scheme_map /opt/stack/data/venv/lib/python3.12/site-packages/glance_store/location.py:146}}
Jun 10 18:34:43.961589 np0000002534 devstack@g-api.service[99783]: DEBUG glance_store.location [None req-7cc8df88-dc19-4492-a3d5-d3232e3158c7 tempest-TestInstancesWithCinderVolumes-580864596 tempest-TestInstancesWithCinderVolumes-580864596-project-member] Registering scheme swift with {'store': , 'location_class': , 'store_entry': 'swift'} {{(pid=99783) register_scheme_map /opt/stack/data/venv/lib/python3.12/site-packages/glance_store/location.py:146}}
Jun 10 18:34:43.961589 np0000002534 devstack@g-api.service[99783]: DEBUG glance_store.location [None req-7cc8df88-dc19-4492-a3d5-d3232e3158c7 tempest-TestInstancesWithCinderVolumes-580864596 tempest-TestInstancesWithCinderVolumes-580864596-project-member] Registering scheme swift+http with {'store': , 'location_class': , 'store_entry': 'swift'} {{(pid=99783) register_scheme_map /opt/stack/data/venv/lib/python3.12/site-packages/glance_store/location.py:146}}
Jun 10 18:34:43.961589 np0000002534 devstack@g-api.service[99783]: DEBUG glance_store.location [None req-7cc8df88-dc19-4492-a3d5-d3232e3158c7 tempest-TestInstancesWithCinderVolumes-580864596 tempest-TestInstancesWithCinderVolumes-580864596-project-member] Registering scheme swift+config with {'store': , 'location_class': , 'store_entry': 'swift'} {{(pid=99783) register_scheme_map /opt/stack/data/venv/lib/python3.12/site-packages/glance_store/location.py:146}}
Jun 10 18:34:43.961743 np0000002534 devstack@g-api.service[99783]: DEBUG keystoneclient.auth.identity.v3.base [None req-7cc8df88-dc19-4492-a3d5-d3232e3158c7 tempest-TestInstancesWithCinderVolumes-580864596 tempest-TestInstancesWithCinderVolumes-580864596-project-member] Making authentication request to https://10.4.3.227/identity/v3/auth/tokens {{(pid=99783) get_auth_ref /opt/stack/data/venv/lib/python3.12/site-packages/keystoneclient/auth/identity/v3/base.py:185}}
Jun 10 18:34:44.009750 np0000002534 devstack@g-api.service[99783]: DEBUG keystoneclient.auth.identity.v3.base [None req-7cc8df88-dc19-4492-a3d5-d3232e3158c7 tempest-TestInstancesWithCinderVolumes-580864596 tempest-TestInstancesWithCinderVolumes-580864596-project-member] {"token": {"methods": ["password"], "user": {"domain": {"id": "default", "name": "Default"}, "id": "ef0a821e1f61427abceb07693e306827", "name": "glance-swift", "password_expires_at": null}, "audit_ids": ["v9DFxFFYQmKK8gSXquvkdQ"], "expires_at": "2026-06-10T19:34:43.000000Z", "issued_at": "2026-06-10T18:34:43.000000Z", "project": {"domain": {"id": "default", "name": "Default"}, "id": "f87d01284601472c8d5f8357415da86e", "name": "service"}, "is_domain": false, "roles": [{"id": "dc6bfeffc5b74e8089af8eaaf77e0d8b", "name": "ResellerAdmin"}, {"id": "28a10d1a58c54679accde6ac7e8c8610", "name": "service"}], "catalog": [{"endpoints": [{"id": "8097a2e6c5d149bb849986bc83d0138e", "interface": "public", "region_id": "RegionOne", "url": "https://10.4.3.227/identity", "region": "RegionOne"}], "id": "26c0093cd6cf4fb996f623b5321ec71a", "type": "identity", "name": "keystone"}, {"endpoints": [{"id": "022271d17eae452d83e03b0d90a359b5", "interface": "public", "region_id": "RegionOne", "url": "https://10.4.3.227/image", "region": "RegionOne"}], "id": "50e4860396ac42499edeae72c0bbcd50", "type": "image", "name": "glance"}, {"endpoints": [{"id": "f29c0c15bf50418994b40301a25b33d1", "interface": "public", "region_id": "RegionOne", "url": "https://10.4.3.227/compute/v2/f87d01284601472c8d5f8357415da86e", "region": "RegionOne"}], "id": "64119d0c46ea4530925be867aa063bbe", "type": "compute_legacy", "name": "nova_legacy"}, {"endpoints": [{"id": "d318f4dce22a40cabcb35d55a1006b03", "interface": "public", "region_id": "RegionOne", "url": "https://10.4.3.227:8080/v1/AUTH_f87d01284601472c8d5f8357415da86e", "region": "RegionOne"}, {"id": "eaee74f1c1754eb79f74ad14b7c949c1", "interface": "admin", "region_id": "RegionOne", "url": "https://10.4.3.227:8080", "region": "RegionOne"}], "id": "6c15547ea74649ce9730a758443b54f4", "type": "object-store", "name": "swift"}, {"endpoints": [{"id": "f173a1cb12e84a8796f4405732cba4ed", "interface": "public", "region_id": "RegionOne", "url": "https://10.4.3.227/compute/v2.1", "region": "RegionOne"}], "id": "72cbf175845849d6aedecec03020b753", "type": "compute", "name": "nova"}, {"endpoints": [{"id": "84757a0e5e97446c8fd82570055efcec", "interface": "public", "region_id": "RegionOne", "url": "https://10.4.3.227/volume/v3", "region": "RegionOne"}], "id": "91dab02aa45444da9d7777579dcf0961", "type": "block-storage", "name": "cinder"}, {"endpoints": [{"id": "5877bc31cec94f53900fd018ebff68e3", "interface": "public", "region_id": "RegionOne", "url": "https://10.4.3.227/placement", "region": "RegionOne"}], "id": "a66899dc2ab04770a06050af079886bc", "type": "placement", "name": "placement"}, {"endpoints": [{"id": "ad81125eff9f45a58a8e78943200934e", "interface": "public", "region_id": "RegionOne", "url": "https://10.4.3.227/networking", "region": "RegionOne"}], "id": "c8a30d117cf74b4f8c9c61941873173a", "type": "network", "name": "neutron"}]}} {{(pid=99783) get_auth_ref /opt/stack/data/venv/lib/python3.12/site-packages/keystoneclient/auth/identity/v3/base.py:190}}
Jun 10 18:34:44.010142 np0000002534 devstack@g-api.service[99783]: DEBUG keystoneclient.httpclient [None req-7cc8df88-dc19-4492-a3d5-d3232e3158c7 tempest-TestInstancesWithCinderVolumes-580864596 tempest-TestInstancesWithCinderVolumes-580864596-project-member] Failed to find endpoint for management url admin endpoint for identity service not found {{(pid=99783) _process_management_url /opt/stack/data/venv/lib/python3.12/site-packages/keystoneclient/httpclient.py:670}}
Jun 10 18:34:44.073032 np0000002534 devstack@g-api.service[99783]: DEBUG swiftclient [None req-7cc8df88-dc19-4492-a3d5-d3232e3158c7 tempest-TestInstancesWithCinderVolumes-580864596 tempest-TestInstancesWithCinderVolumes-580864596-project-member] REQ: curl -i https://10.4.3.227:8080/v1/AUTH_f87d01284601472c8d5f8357415da86e/glance/ae9d9af6-7629-46bd-be98-8349bc2122ca -I -H "X-Auth-Token: gAAAAABqKa5D9DA6..." {{(pid=99783) http_log /opt/stack/data/venv/lib/python3.12/site-packages/swiftclient/client.py:160}}
Jun 10 18:34:44.073154 np0000002534 devstack@g-api.service[99783]: DEBUG swiftclient [None req-7cc8df88-dc19-4492-a3d5-d3232e3158c7 tempest-TestInstancesWithCinderVolumes-580864596 tempest-TestInstancesWithCinderVolumes-580864596-project-member] RESP STATUS: 200 OK {{(pid=99783) http_log /opt/stack/data/venv/lib/python3.12/site-packages/swiftclient/client.py:161}}
Jun 10 18:34:44.073299 np0000002534 devstack@g-api.service[99783]: DEBUG swiftclient [None req-7cc8df88-dc19-4492-a3d5-d3232e3158c7 tempest-TestInstancesWithCinderVolumes-580864596 tempest-TestInstancesWithCinderVolumes-580864596-project-member] RESP HEADERS: {'Date': 'Wed, 10 Jun 2026 18:34:44 GMT', 'Server': 'Apache/2.4.58 (Ubuntu)', 'Content-Type': 'application/octet-stream', 'Content-Length': '21692416', 'X-Object-Manifest': 'glance/ae9d9af6-7629-46bd-be98-8349bc2122ca-', 'Last-Modified': 'Wed, 10 Jun 2026 18:32:56 GMT', 'X-Timestamp': '1781116375.04023', 'Accept-Ranges': 'bytes', 'Etag': '"737c2a37dd3f91e374c48cad70137398"', 'X-Trans-Id': 'tx6f68a36eabe0474488652-006a29ae44', 'X-Openstack-Request-Id': 'tx6f68a36eabe0474488652-006a29ae44', 'Connection': 'close'} {{(pid=99783) http_log /opt/stack/data/venv/lib/python3.12/site-packages/swiftclient/client.py:162}}
Jun 10 18:34:44.077176 np0000002534 devstack@g-api.service[99782]: DEBUG glance.api.middleware.version_negotiation [None req-8f7c750f-5d75-4688-8de8-359f16615d18 tempest-VolumeImageDependencyTests-1179962646 tempest-VolumeImageDependencyTests-1179962646-project-member] Determining version of request: GET /versions Accept: */* {{(pid=99782) process_request /opt/stack/glance/glance/api/middleware/version_negotiation.py:44}}
Jun 10 18:34:44.078657 np0000002534 devstack@g-api.service[99782]: [pid: 99782|app: 0|req: 266/533] 127.0.0.1 () {44 vars in 1039 bytes} [Wed Jun 10 18:34:44 2026] GET /versions => generated 1407 bytes in 1 msecs (HTTP/1.1 200) 3 headers in 92 bytes (1 switches on core 0)
Jun 10 18:34:44.084593 np0000002534 devstack@g-api.service[99782]: DEBUG glance.api.middleware.version_negotiation [None req-8f7c750f-5d75-4688-8de8-359f16615d18 tempest-VolumeImageDependencyTests-1179962646 tempest-VolumeImageDependencyTests-1179962646-project-member] Determining version of request: GET /v2/images/f2c53e91-df8b-4316-ab43-1ccd780f998f/locations Accept: */* {{(pid=99782) process_request /opt/stack/glance/glance/api/middleware/version_negotiation.py:44}}
Jun 10 18:34:44.084781 np0000002534 devstack@g-api.service[99782]: DEBUG glance.api.middleware.version_negotiation [None req-8f7c750f-5d75-4688-8de8-359f16615d18 tempest-VolumeImageDependencyTests-1179962646 tempest-VolumeImageDependencyTests-1179962646-project-member] Using url versioning {{(pid=99782) process_request /opt/stack/glance/glance/api/middleware/version_negotiation.py:57}}
Jun 10 18:34:44.084902 np0000002534 devstack@g-api.service[99782]: DEBUG glance.api.middleware.version_negotiation [None req-8f7c750f-5d75-4688-8de8-359f16615d18 tempest-VolumeImageDependencyTests-1179962646 tempest-VolumeImageDependencyTests-1179962646-project-member] Matched version: v2 {{(pid=99782) process_request /opt/stack/glance/glance/api/middleware/version_negotiation.py:69}}
Jun 10 18:34:44.084993 np0000002534 devstack@g-api.service[99782]: DEBUG glance.api.middleware.version_negotiation [None req-8f7c750f-5d75-4688-8de8-359f16615d18 tempest-VolumeImageDependencyTests-1179962646 tempest-VolumeImageDependencyTests-1179962646-project-member] new path /v2/images/f2c53e91-df8b-4316-ab43-1ccd780f998f/locations {{(pid=99782) process_request /opt/stack/glance/glance/api/middleware/version_negotiation.py:70}}
Jun 10 18:34:44.091031 np0000002534 devstack@g-api.service[99783]: DEBUG swiftclient [None req-7cc8df88-dc19-4492-a3d5-d3232e3158c7 tempest-TestInstancesWithCinderVolumes-580864596 tempest-TestInstancesWithCinderVolumes-580864596-project-member] REQ: curl -i https://10.4.3.227:8080/v1/AUTH_f87d01284601472c8d5f8357415da86e/glance?format=json&prefix=ae9d9af6-7629-46bd-be98-8349bc2122ca- -X GET -H "X-Auth-Token: gAAAAABqKa5D9DA6..." -H "Accept-Encoding: gzip" {{(pid=99783) http_log /opt/stack/data/venv/lib/python3.12/site-packages/swiftclient/client.py:160}}
Jun 10 18:34:44.091121 np0000002534 devstack@g-api.service[99783]: DEBUG swiftclient [None req-7cc8df88-dc19-4492-a3d5-d3232e3158c7 tempest-TestInstancesWithCinderVolumes-580864596 tempest-TestInstancesWithCinderVolumes-580864596-project-member] RESP STATUS: 200 OK {{(pid=99783) http_log /opt/stack/data/venv/lib/python3.12/site-packages/swiftclient/client.py:161}}
Jun 10 18:34:44.091262 np0000002534 devstack@g-api.service[99783]: DEBUG swiftclient [None req-7cc8df88-dc19-4492-a3d5-d3232e3158c7 tempest-TestInstancesWithCinderVolumes-580864596 tempest-TestInstancesWithCinderVolumes-580864596-project-member] RESP HEADERS: {'Date': 'Wed, 10 Jun 2026 18:34:44 GMT', 'Server': 'Apache/2.4.58 (Ubuntu)', 'Content-Type': 'application/json; charset=utf-8', 'Content-Length': '210', 'X-Container-Object-Count': '6', 'X-Container-Bytes-Used': '86049792', 'X-Timestamp': '1781115913.66141', 'Last-Modified': 'Wed, 10 Jun 2026 18:25:14 GMT', 'Accept-Ranges': 'bytes', 'X-Storage-Policy': 'Policy-0', 'X-Container-Sharding': 'False', 'X-Trans-Id': 'tx3127a08976804941bfbaa-006a29ae44', 'X-Openstack-Request-Id': 'tx3127a08976804941bfbaa-006a29ae44', 'Connection': 'close'} {{(pid=99783) http_log /opt/stack/data/venv/lib/python3.12/site-packages/swiftclient/client.py:162}}
Jun 10 18:34:44.091397 np0000002534 devstack@g-api.service[99783]: DEBUG swiftclient [None req-7cc8df88-dc19-4492-a3d5-d3232e3158c7 tempest-TestInstancesWithCinderVolumes-580864596 tempest-TestInstancesWithCinderVolumes-580864596-project-member] RESP BODY: b'[{"bytes": 21692416, "hash": "87617e24a5e30cb3b87fda8c0764838f", "name": "ae9d9af6-7629-46bd-be98-8349bc2122ca-00001", "content_type": "application/octet-stream", "last_modified": "2026-06-10T18:32:54.711760"}]' {{(pid=99783) http_log /opt/stack/data/venv/lib/python3.12/site-packages/swiftclient/client.py:166}}
Jun 10 18:34:44.112581 np0000002534 devstack@g-api.service[99783]: DEBUG swiftclient [None req-7cc8df88-dc19-4492-a3d5-d3232e3158c7 tempest-TestInstancesWithCinderVolumes-580864596 tempest-TestInstancesWithCinderVolumes-580864596-project-member] REQ: curl -i https://10.4.3.227:8080/v1/AUTH_f87d01284601472c8d5f8357415da86e/glance/ae9d9af6-7629-46bd-be98-8349bc2122ca-00001 DELETE -H "X-Auth-Token: gAAAAABqKa5D9DA6..." {{(pid=99783) http_log /opt/stack/data/venv/lib/python3.12/site-packages/swiftclient/client.py:160}}
Jun 10 18:34:44.112683 np0000002534 devstack@g-api.service[99783]: DEBUG swiftclient [None req-7cc8df88-dc19-4492-a3d5-d3232e3158c7 tempest-TestInstancesWithCinderVolumes-580864596 tempest-TestInstancesWithCinderVolumes-580864596-project-member] RESP STATUS: 204 No Content {{(pid=99783) http_log /opt/stack/data/venv/lib/python3.12/site-packages/swiftclient/client.py:161}}
Jun 10 18:34:44.112831 np0000002534 devstack@g-api.service[99783]: DEBUG swiftclient [None req-7cc8df88-dc19-4492-a3d5-d3232e3158c7 tempest-TestInstancesWithCinderVolumes-580864596 tempest-TestInstancesWithCinderVolumes-580864596-project-member] RESP HEADERS: {'Date': 'Wed, 10 Jun 2026 18:34:44 GMT', 'Server': 'Apache/2.4.58 (Ubuntu)', 'Content-Type': 'text/html; charset=UTF-8', 'X-Trans-Id': 'tx3e62e5b6e61c4535ae008-006a29ae44', 'X-Openstack-Request-Id': 'tx3e62e5b6e61c4535ae008-006a29ae44', 'Connection': 'close'} {{(pid=99783) http_log /opt/stack/data/venv/lib/python3.12/site-packages/swiftclient/client.py:162}}
Jun 10 18:34:44.128250 np0000002534 devstack@g-api.service[99782]: [pid: 99782|app: 0|req: 267/534] 127.0.0.1 () {44 vars in 1135 bytes} [Wed Jun 10 18:34:44 2026] GET /v2/images/f2c53e91-df8b-4316-ab43-1ccd780f998f/locations => generated 92 bytes in 44 msecs (HTTP/1.1 200) 4 headers in 156 bytes (1 switches on core 0)
Jun 10 18:34:44.136287 np0000002534 devstack@g-api.service[99783]: DEBUG swiftclient [None req-7cc8df88-dc19-4492-a3d5-d3232e3158c7 tempest-TestInstancesWithCinderVolumes-580864596 tempest-TestInstancesWithCinderVolumes-580864596-project-member] REQ: curl -i https://10.4.3.227:8080/v1/AUTH_f87d01284601472c8d5f8357415da86e/glance/ae9d9af6-7629-46bd-be98-8349bc2122ca DELETE -H "X-Auth-Token: gAAAAABqKa5D9DA6..." {{(pid=99783) http_log /opt/stack/data/venv/lib/python3.12/site-packages/swiftclient/client.py:160}}
Jun 10 18:34:44.136287 np0000002534 devstack@g-api.service[99783]: DEBUG swiftclient [None req-7cc8df88-dc19-4492-a3d5-d3232e3158c7 tempest-TestInstancesWithCinderVolumes-580864596 tempest-TestInstancesWithCinderVolumes-580864596-project-member] RESP STATUS: 204 No Content {{(pid=99783) http_log /opt/stack/data/venv/lib/python3.12/site-packages/swiftclient/client.py:161}}
Jun 10 18:34:44.136287 np0000002534 devstack@g-api.service[99783]: DEBUG swiftclient [None req-7cc8df88-dc19-4492-a3d5-d3232e3158c7 tempest-TestInstancesWithCinderVolumes-580864596 tempest-TestInstancesWithCinderVolumes-580864596-project-member] RESP HEADERS: {'Date': 'Wed, 10 Jun 2026 18:34:44 GMT', 'Server': 'Apache/2.4.58 (Ubuntu)', 'Content-Type': 'text/html; charset=UTF-8', 'X-Trans-Id': 'tx59b92be72056429d9dcfc-006a29ae44', 'X-Openstack-Request-Id': 'tx59b92be72056429d9dcfc-006a29ae44', 'Connection': 'close'} {{(pid=99783) http_log /opt/stack/data/venv/lib/python3.12/site-packages/swiftclient/client.py:162}}
Jun 10 18:34:44.139268 np0000002534 devstack@g-api.service[99782]: DEBUG glance.api.middleware.version_negotiation [None req-8f7c750f-5d75-4688-8de8-359f16615d18 service glance] Determining version of request: GET /v2/images/f2c53e91-df8b-4316-ab43-1ccd780f998f Accept: */* {{(pid=99782) process_request /opt/stack/glance/glance/api/middleware/version_negotiation.py:44}}
Jun 10 18:34:44.139504 np0000002534 devstack@g-api.service[99782]: DEBUG glance.api.middleware.version_negotiation [None req-8f7c750f-5d75-4688-8de8-359f16615d18 service glance] Using url versioning {{(pid=99782) process_request /opt/stack/glance/glance/api/middleware/version_negotiation.py:57}}
Jun 10 18:34:44.139651 np0000002534 devstack@g-api.service[99782]: DEBUG glance.api.middleware.version_negotiation [None req-8f7c750f-5d75-4688-8de8-359f16615d18 service glance] Matched version: v2 {{(pid=99782) process_request /opt/stack/glance/glance/api/middleware/version_negotiation.py:69}}
Jun 10 18:34:44.139784 np0000002534 devstack@g-api.service[99782]: DEBUG glance.api.middleware.version_negotiation [None req-8f7c750f-5d75-4688-8de8-359f16615d18 service glance] new path /v2/images/f2c53e91-df8b-4316-ab43-1ccd780f998f {{(pid=99782) process_request /opt/stack/glance/glance/api/middleware/version_negotiation.py:70}}
Jun 10 18:34:44.149759 np0000002534 devstack@g-api.service[99782]: [pid: 99782|app: 0|req: 268/535] 127.0.0.1 () {44 vars in 1115 bytes} [Wed Jun 10 18:34:44 2026] GET /v2/images/f2c53e91-df8b-4316-ab43-1ccd780f998f => generated 818 bytes in 10 msecs (HTTP/1.1 200) 4 headers in 157 bytes (1 switches on core 0)
Jun 10 18:34:44.156604 np0000002534 devstack@g-api.service[99782]: DEBUG glance.api.middleware.version_negotiation [None req-8f7c750f-5d75-4688-8de8-359f16615d18 tempest-VolumeImageDependencyTests-1179962646 tempest-VolumeImageDependencyTests-1179962646-project-member] Determining version of request: GET /v2/schemas/image Accept: */* {{(pid=99782) process_request /opt/stack/glance/glance/api/middleware/version_negotiation.py:44}}
Jun 10 18:34:44.156895 np0000002534 devstack@g-api.service[99782]: DEBUG glance.api.middleware.version_negotiation [None req-8f7c750f-5d75-4688-8de8-359f16615d18 tempest-VolumeImageDependencyTests-1179962646 tempest-VolumeImageDependencyTests-1179962646-project-member] Using url versioning {{(pid=99782) process_request /opt/stack/glance/glance/api/middleware/version_negotiation.py:57}}
Jun 10 18:34:44.157179 np0000002534 devstack@g-api.service[99782]: DEBUG glance.api.middleware.version_negotiation [None req-8f7c750f-5d75-4688-8de8-359f16615d18 tempest-VolumeImageDependencyTests-1179962646 tempest-VolumeImageDependencyTests-1179962646-project-member] Matched version: v2 {{(pid=99782) process_request /opt/stack/glance/glance/api/middleware/version_negotiation.py:69}}
Jun 10 18:34:44.157428 np0000002534 devstack@g-api.service[99782]: DEBUG glance.api.middleware.version_negotiation [None req-8f7c750f-5d75-4688-8de8-359f16615d18 tempest-VolumeImageDependencyTests-1179962646 tempest-VolumeImageDependencyTests-1179962646-project-member] new path /v2/schemas/image {{(pid=99782) process_request /opt/stack/glance/glance/api/middleware/version_negotiation.py:70}}
Jun 10 18:34:44.160144 np0000002534 devstack@g-api.service[99782]: [pid: 99782|app: 0|req: 269/536] 127.0.0.1 () {44 vars in 1055 bytes} [Wed Jun 10 18:34:44 2026] GET /v2/schemas/image => generated 6083 bytes in 4 msecs (HTTP/1.1 200) 4 headers in 158 bytes (1 switches on core 0)
Jun 10 18:34:44.168478 np0000002534 devstack@g-api.service[99783]: DEBUG glance.api.middleware.cache [None req-7cc8df88-dc19-4492-a3d5-d3232e3158c7 tempest-TestInstancesWithCinderVolumes-580864596 tempest-TestInstancesWithCinderVolumes-580864596-project-member] Removing image ae9d9af6-7629-46bd-be98-8349bc2122ca from cache {{(pid=99783) _process_DELETE_response /opt/stack/glance/glance/api/middleware/cache.py:264}}
Jun 10 18:34:44.168738 np0000002534 devstack@g-api.service[99783]: DEBUG glance.image_cache.drivers.centralized_db [None req-7cc8df88-dc19-4492-a3d5-d3232e3158c7 tempest-TestInstancesWithCinderVolumes-580864596 tempest-TestInstancesWithCinderVolumes-580864596-project-member] Deleting image cache file '/opt/stack/data/glance/cache/ae9d9af6-7629-46bd-be98-8349bc2122ca' {{(pid=99783) delete_cached_file /opt/stack/glance/glance/image_cache/drivers/centralized_db.py:395}}
Jun 10 18:34:44.172643 np0000002534 devstack@g-api.service[99782]: DEBUG glance.api.middleware.version_negotiation [None req-8f7c750f-5d75-4688-8de8-359f16615d18 tempest-VolumeImageDependencyTests-1179962646 tempest-VolumeImageDependencyTests-1179962646-project-member] Determining version of request: GET /v2/schemas/image Accept: */* {{(pid=99782) process_request /opt/stack/glance/glance/api/middleware/version_negotiation.py:44}}
Jun 10 18:34:44.172945 np0000002534 devstack@g-api.service[99782]: DEBUG glance.api.middleware.version_negotiation [None req-8f7c750f-5d75-4688-8de8-359f16615d18 tempest-VolumeImageDependencyTests-1179962646 tempest-VolumeImageDependencyTests-1179962646-project-member] Using url versioning {{(pid=99782) process_request /opt/stack/glance/glance/api/middleware/version_negotiation.py:57}}
Jun 10 18:34:44.173270 np0000002534 devstack@g-api.service[99782]: DEBUG glance.api.middleware.version_negotiation [None req-8f7c750f-5d75-4688-8de8-359f16615d18 tempest-VolumeImageDependencyTests-1179962646 tempest-VolumeImageDependencyTests-1179962646-project-member] Matched version: v2 {{(pid=99782) process_request /opt/stack/glance/glance/api/middleware/version_negotiation.py:69}}
Jun 10 18:34:44.173482 np0000002534 devstack@g-api.service[99782]: DEBUG glance.api.middleware.version_negotiation [None req-8f7c750f-5d75-4688-8de8-359f16615d18 tempest-VolumeImageDependencyTests-1179962646 tempest-VolumeImageDependencyTests-1179962646-project-member] new path /v2/schemas/image {{(pid=99782) process_request /opt/stack/glance/glance/api/middleware/version_negotiation.py:70}}
Jun 10 18:34:44.175929 np0000002534 devstack@g-api.service[99782]: [pid: 99782|app: 0|req: 270/537] 127.0.0.1 () {44 vars in 1055 bytes} [Wed Jun 10 18:34:44 2026] GET /v2/schemas/image => generated 6083 bytes in 3 msecs (HTTP/1.1 200) 4 headers in 158 bytes (1 switches on core 0)
Jun 10 18:34:44.178707 np0000002534 devstack@g-api.service[99783]: [pid: 99783|app: 0|req: 268/538] 127.0.0.1 () {40 vars in 841 bytes} [Wed Jun 10 18:34:43 2026] DELETE /v2/images/ae9d9af6-7629-46bd-be98-8349bc2122ca => generated 0 bytes in 230 msecs (HTTP/1.1 204) 4 headers in 171 bytes (1 switches on core 0)
Jun 10 18:34:44.200753 np0000002534 devstack@g-api.service[99782]: DEBUG glance.api.middleware.version_negotiation [None req-8f7c750f-5d75-4688-8de8-359f16615d18 tempest-VolumeImageDependencyTests-1179962646 tempest-VolumeImageDependencyTests-1179962646-project-member] Determining version of request: GET /v2/images/f2c53e91-df8b-4316-ab43-1ccd780f998f Accept: */* {{(pid=99782) process_request /opt/stack/glance/glance/api/middleware/version_negotiation.py:44}}
Jun 10 18:34:44.201084 np0000002534 devstack@g-api.service[99782]: DEBUG glance.api.middleware.version_negotiation [None req-8f7c750f-5d75-4688-8de8-359f16615d18 tempest-VolumeImageDependencyTests-1179962646 tempest-VolumeImageDependencyTests-1179962646-project-member] Using url versioning {{(pid=99782) process_request /opt/stack/glance/glance/api/middleware/version_negotiation.py:57}}
Jun 10 18:34:44.201382 np0000002534 devstack@g-api.service[99782]: DEBUG glance.api.middleware.version_negotiation [None req-8f7c750f-5d75-4688-8de8-359f16615d18 tempest-VolumeImageDependencyTests-1179962646 tempest-VolumeImageDependencyTests-1179962646-project-member] Matched version: v2 {{(pid=99782) process_request /opt/stack/glance/glance/api/middleware/version_negotiation.py:69}}
Jun 10 18:34:44.201608 np0000002534 devstack@g-api.service[99782]: DEBUG glance.api.middleware.version_negotiation [None req-8f7c750f-5d75-4688-8de8-359f16615d18 tempest-VolumeImageDependencyTests-1179962646 tempest-VolumeImageDependencyTests-1179962646-project-member] new path /v2/images/f2c53e91-df8b-4316-ab43-1ccd780f998f {{(pid=99782) process_request /opt/stack/glance/glance/api/middleware/version_negotiation.py:70}}
Jun 10 18:34:44.210214 np0000002534 devstack@g-api.service[99782]: [pid: 99782|app: 0|req: 271/539] 127.0.0.1 () {44 vars in 1115 bytes} [Wed Jun 10 18:34:44 2026] GET /v2/images/f2c53e91-df8b-4316-ab43-1ccd780f998f => generated 818 bytes in 9 msecs (HTTP/1.1 200) 4 headers in 157 bytes (1 switches on core 0)
Jun 10 18:34:44.217040 np0000002534 devstack@g-api.service[99783]: DEBUG glance.api.middleware.version_negotiation [None req-7cc8df88-dc19-4492-a3d5-d3232e3158c7 tempest-TestInstancesWithCinderVolumes-580864596 tempest-TestInstancesWithCinderVolumes-580864596-project-member] Determining version of request: GET /v2/images/f2c53e91-df8b-4316-ab43-1ccd780f998f/file Accept: */* {{(pid=99783) process_request /opt/stack/glance/glance/api/middleware/version_negotiation.py:44}}
Jun 10 18:34:44.217213 np0000002534 devstack@g-api.service[99783]: DEBUG glance.api.middleware.version_negotiation [None req-7cc8df88-dc19-4492-a3d5-d3232e3158c7 tempest-TestInstancesWithCinderVolumes-580864596 tempest-TestInstancesWithCinderVolumes-580864596-project-member] Using url versioning {{(pid=99783) process_request /opt/stack/glance/glance/api/middleware/version_negotiation.py:57}}
Jun 10 18:34:44.217335 np0000002534 devstack@g-api.service[99783]: DEBUG glance.api.middleware.version_negotiation [None req-7cc8df88-dc19-4492-a3d5-d3232e3158c7 tempest-TestInstancesWithCinderVolumes-580864596 tempest-TestInstancesWithCinderVolumes-580864596-project-member] Matched version: v2 {{(pid=99783) process_request /opt/stack/glance/glance/api/middleware/version_negotiation.py:69}}
Jun 10 18:34:44.217424 np0000002534 devstack@g-api.service[99783]: DEBUG glance.api.middleware.version_negotiation [None req-7cc8df88-dc19-4492-a3d5-d3232e3158c7 tempest-TestInstancesWithCinderVolumes-580864596 tempest-TestInstancesWithCinderVolumes-580864596-project-member] new path /v2/images/f2c53e91-df8b-4316-ab43-1ccd780f998f/file {{(pid=99783) process_request /opt/stack/glance/glance/api/middleware/version_negotiation.py:70}}
Jun 10 18:34:44.225881 np0000002534 devstack@g-api.service[99783]: DEBUG glance_store.backend [None req-8f7c750f-5d75-4688-8de8-359f16615d18 tempest-VolumeImageDependencyTests-1179962646 tempest-VolumeImageDependencyTests-1179962646-project-member] Attempting to import store swift {{(pid=99783) _load_store /opt/stack/data/venv/lib/python3.12/site-packages/glance_store/backend.py:215}}
