Jul 10 04:19:01.788747 np0000004952 nova-scheduler[96453]: DEBUG cotyledon.oslo_config_glue [-] zvm.image_tmp_path = /opt/stack/data/nova/images {{(pid=96453) log_opt_values /opt/stack/data/venv/lib/python3.12/site-packages/oslo_config/cfg.py:3253}}
Jul 10 04:19:01.790348 np0000004952 nova-scheduler[96453]: DEBUG cotyledon.oslo_config_glue [-] zvm.reachable_timeout = 300 {{(pid=96453) log_opt_values /opt/stack/data/venv/lib/python3.12/site-packages/oslo_config/cfg.py:3253}}
Jul 10 04:19:01.790348 np0000004952 nova-scheduler[96453]: DEBUG cotyledon.oslo_config_glue [-] oslo_versionedobjects.fatal_exception_format_errors = False {{(pid=96453) log_opt_values /opt/stack/data/venv/lib/python3.12/site-packages/oslo_config/cfg.py:3253}}
Jul 10 04:19:01.790348 np0000004952 nova-scheduler[96453]: DEBUG cotyledon.oslo_config_glue [-] oslo_middleware.http_basic_auth_user_file = /etc/htpasswd {{(pid=96453) log_opt_values /opt/stack/data/venv/lib/python3.12/site-packages/oslo_config/cfg.py:3253}}
Jul 10 04:19:01.790348 np0000004952 nova-scheduler[96453]: DEBUG cotyledon.oslo_config_glue [-] oslo_messaging_metrics.metrics_buffer_size = 1000 {{(pid=96453) log_opt_values /opt/stack/data/venv/lib/python3.12/site-packages/oslo_config/cfg.py:3253}}
Jul 10 04:19:01.790348 np0000004952 nova-scheduler[96453]: DEBUG cotyledon.oslo_config_glue [-] oslo_messaging_metrics.metrics_enabled = False {{(pid=96453) log_opt_values /opt/stack/data/venv/lib/python3.12/site-packages/oslo_config/cfg.py:3253}}
Jul 10 04:19:01.790348 np0000004952 nova-scheduler[96453]: DEBUG cotyledon.oslo_config_glue [-] oslo_messaging_metrics.metrics_process_name = {{(pid=96453) log_opt_values /opt/stack/data/venv/lib/python3.12/site-packages/oslo_config/cfg.py:3253}}
Jul 10 04:19:01.790348 np0000004952 nova-scheduler[96453]: DEBUG cotyledon.oslo_config_glue [-] oslo_messaging_metrics.metrics_socket_file = /var/tmp/metrics_collector.sock {{(pid=96453) log_opt_values /opt/stack/data/venv/lib/python3.12/site-packages/oslo_config/cfg.py:3253}}
Jul 10 04:19:01.790348 np0000004952 nova-scheduler[96453]: DEBUG cotyledon.oslo_config_glue [-] oslo_messaging_metrics.metrics_thread_stop_timeout = 10 {{(pid=96453) log_opt_values /opt/stack/data/venv/lib/python3.12/site-packages/oslo_config/cfg.py:3253}}
Jul 10 04:19:01.790622 np0000004952 nova-scheduler[96453]: DEBUG cotyledon.oslo_config_glue [-] profiler.connection_string = messaging:// {{(pid=96453) log_opt_values /opt/stack/data/venv/lib/python3.12/site-packages/oslo_config/cfg.py:3253}}
Jul 10 04:19:01.790622 np0000004952 nova-scheduler[96453]: DEBUG cotyledon.oslo_config_glue [-] profiler.enabled = False {{(pid=96453) log_opt_values /opt/stack/data/venv/lib/python3.12/site-packages/oslo_config/cfg.py:3253}}
Jul 10 04:19:01.790622 np0000004952 nova-scheduler[96453]: DEBUG cotyledon.oslo_config_glue [-] profiler.es_doc_type = notification {{(pid=96453) log_opt_values /opt/stack/data/venv/lib/python3.12/site-packages/oslo_config/cfg.py:3253}}
Jul 10 04:19:01.790622 np0000004952 nova-scheduler[96453]: DEBUG cotyledon.oslo_config_glue [-] profiler.es_scroll_size = 10000 {{(pid=96453) log_opt_values /opt/stack/data/venv/lib/python3.12/site-packages/oslo_config/cfg.py:3253}}
Jul 10 04:19:01.790622 np0000004952 nova-scheduler[96453]: DEBUG cotyledon.oslo_config_glue [-] profiler.es_scroll_time = 2m {{(pid=96453) log_opt_values /opt/stack/data/venv/lib/python3.12/site-packages/oslo_config/cfg.py:3253}}
Jul 10 04:19:01.790622 np0000004952 nova-scheduler[96453]: DEBUG cotyledon.oslo_config_glue [-] profiler.filter_error_trace = False {{(pid=96453) log_opt_values /opt/stack/data/venv/lib/python3.12/site-packages/oslo_config/cfg.py:3253}}
Jul 10 04:19:01.790622 np0000004952 nova-scheduler[96453]: DEBUG cotyledon.oslo_config_glue [-] profiler.hmac_keys = **** {{(pid=96453) log_opt_values /opt/stack/data/venv/lib/python3.12/site-packages/oslo_config/cfg.py:3253}}
Jul 10 04:19:01.790622 np0000004952 nova-scheduler[96453]: DEBUG cotyledon.oslo_config_glue [-] profiler.sentinel_service_name = mymaster {{(pid=96453) log_opt_values /opt/stack/data/venv/lib/python3.12/site-packages/oslo_config/cfg.py:3253}}
Jul 10 04:19:01.790622 np0000004952 nova-scheduler[96453]: DEBUG cotyledon.oslo_config_glue [-] profiler.socket_timeout = 0.1 {{(pid=96453) log_opt_values /opt/stack/data/venv/lib/python3.12/site-packages/oslo_config/cfg.py:3253}}
Jul 10 04:19:01.790912 np0000004952 nova-scheduler[96453]: DEBUG cotyledon.oslo_config_glue [-] profiler.trace_requests = False {{(pid=96453) log_opt_values /opt/stack/data/venv/lib/python3.12/site-packages/oslo_config/cfg.py:3253}}
Jul 10 04:19:01.790912 np0000004952 nova-scheduler[96453]: DEBUG cotyledon.oslo_config_glue [-] profiler.trace_sqlalchemy = False {{(pid=96453) log_opt_values /opt/stack/data/venv/lib/python3.12/site-packages/oslo_config/cfg.py:3253}}
Jul 10 04:19:01.790912 np0000004952 nova-scheduler[96453]: DEBUG cotyledon.oslo_config_glue [-] profiler_jaeger.process_tags = {} {{(pid=96453) log_opt_values /opt/stack/data/venv/lib/python3.12/site-packages/oslo_config/cfg.py:3253}}
Jul 10 04:19:01.790912 np0000004952 nova-scheduler[96453]: DEBUG cotyledon.oslo_config_glue [-] profiler_jaeger.service_name_prefix = None {{(pid=96453) log_opt_values /opt/stack/data/venv/lib/python3.12/site-packages/oslo_config/cfg.py:3253}}
Jul 10 04:19:01.790912 np0000004952 nova-scheduler[96453]: DEBUG cotyledon.oslo_config_glue [-] profiler_otlp.service_name_prefix = None {{(pid=96453) log_opt_values /opt/stack/data/venv/lib/python3.12/site-packages/oslo_config/cfg.py:3253}}
Jul 10 04:19:01.790912 np0000004952 nova-scheduler[96453]: DEBUG cotyledon.oslo_config_glue [-] oslo_messaging_rabbit.amqp_auto_delete = False {{(pid=96453) log_opt_values /opt/stack/data/venv/lib/python3.12/site-packages/oslo_config/cfg.py:3253}}
Jul 10 04:19:01.790912 np0000004952 nova-scheduler[96453]: DEBUG cotyledon.oslo_config_glue [-] oslo_messaging_rabbit.amqp_durable_queues = False {{(pid=96453) log_opt_values /opt/stack/data/venv/lib/python3.12/site-packages/oslo_config/cfg.py:3253}}
Jul 10 04:19:01.790912 np0000004952 nova-scheduler[96453]: DEBUG cotyledon.oslo_config_glue [-] oslo_messaging_rabbit.conn_pool_min_size = 2 {{(pid=96453) log_opt_values /opt/stack/data/venv/lib/python3.12/site-packages/oslo_config/cfg.py:3253}}
Jul 10 04:19:01.790912 np0000004952 nova-scheduler[96453]: DEBUG cotyledon.oslo_config_glue [-] oslo_messaging_rabbit.conn_pool_ttl = 1200 {{(pid=96453) log_opt_values /opt/stack/data/venv/lib/python3.12/site-packages/oslo_config/cfg.py:3253}}
Jul 10 04:19:01.791191 np0000004952 nova-scheduler[96453]: DEBUG cotyledon.oslo_config_glue [-] oslo_messaging_rabbit.direct_mandatory_flag = True {{(pid=96453) log_opt_values /opt/stack/data/venv/lib/python3.12/site-packages/oslo_config/cfg.py:3253}}
Jul 10 04:19:01.791191 np0000004952 nova-scheduler[96453]: DEBUG cotyledon.oslo_config_glue [-] oslo_messaging_rabbit.enable_cancel_on_failover = False {{(pid=96453) log_opt_values /opt/stack/data/venv/lib/python3.12/site-packages/oslo_config/cfg.py:3253}}
Jul 10 04:19:01.791191 np0000004952 nova-scheduler[96453]: DEBUG cotyledon.oslo_config_glue [-] oslo_messaging_rabbit.heartbeat_rate = 3 {{(pid=96453) log_opt_values /opt/stack/data/venv/lib/python3.12/site-packages/oslo_config/cfg.py:3253}}
Jul 10 04:19:01.791191 np0000004952 nova-scheduler[96453]: DEBUG cotyledon.oslo_config_glue [-] oslo_messaging_rabbit.heartbeat_timeout_threshold = 60 {{(pid=96453) log_opt_values /opt/stack/data/venv/lib/python3.12/site-packages/oslo_config/cfg.py:3253}}
Jul 10 04:19:01.791191 np0000004952 nova-scheduler[96453]: DEBUG cotyledon.oslo_config_glue [-] oslo_messaging_rabbit.hostname = np0000004952 {{(pid=96453) log_opt_values /opt/stack/data/venv/lib/python3.12/site-packages/oslo_config/cfg.py:3253}}
Jul 10 04:19:01.791191 np0000004952 nova-scheduler[96453]: DEBUG cotyledon.oslo_config_glue [-] oslo_messaging_rabbit.kombu_compression = None {{(pid=96453) log_opt_values /opt/stack/data/venv/lib/python3.12/site-packages/oslo_config/cfg.py:3253}}
Jul 10 04:19:01.791191 np0000004952 nova-scheduler[96453]: DEBUG cotyledon.oslo_config_glue [-] oslo_messaging_rabbit.kombu_failover_strategy = round-robin {{(pid=96453) log_opt_values /opt/stack/data/venv/lib/python3.12/site-packages/oslo_config/cfg.py:3253}}
Jul 10 04:19:01.791191 np0000004952 nova-scheduler[96453]: DEBUG cotyledon.oslo_config_glue [-] oslo_messaging_rabbit.kombu_missing_consumer_retry_timeout = 60 {{(pid=96453) log_opt_values /opt/stack/data/venv/lib/python3.12/site-packages/oslo_config/cfg.py:3253}}
Jul 10 04:19:01.791191 np0000004952 nova-scheduler[96453]: DEBUG cotyledon.oslo_config_glue [-] oslo_messaging_rabbit.kombu_reconnect_delay = 1.0 {{(pid=96453) log_opt_values /opt/stack/data/venv/lib/python3.12/site-packages/oslo_config/cfg.py:3253}}
Jul 10 04:19:01.791804 np0000004952 nova-scheduler[96453]: DEBUG cotyledon.oslo_config_glue [-] oslo_messaging_rabbit.kombu_reconnect_splay = 0.0 {{(pid=96453) log_opt_values /opt/stack/data/venv/lib/python3.12/site-packages/oslo_config/cfg.py:3253}}
Jul 10 04:19:01.791804 np0000004952 nova-scheduler[96453]: DEBUG cotyledon.oslo_config_glue [-] oslo_messaging_rabbit.processname = nova-scheduler {{(pid=96453) log_opt_values /opt/stack/data/venv/lib/python3.12/site-packages/oslo_config/cfg.py:3253}}
Jul 10 04:19:01.791804 np0000004952 nova-scheduler[96453]: DEBUG cotyledon.oslo_config_glue [-] oslo_messaging_rabbit.rabbit_ha_queues = False {{(pid=96453) log_opt_values /opt/stack/data/venv/lib/python3.12/site-packages/oslo_config/cfg.py:3253}}
Jul 10 04:19:01.791804 np0000004952 nova-scheduler[96453]: DEBUG cotyledon.oslo_config_glue [-] oslo_messaging_rabbit.rabbit_interval_max = 30 {{(pid=96453) log_opt_values /opt/stack/data/venv/lib/python3.12/site-packages/oslo_config/cfg.py:3253}}
Jul 10 04:19:01.791804 np0000004952 nova-scheduler[96453]: DEBUG cotyledon.oslo_config_glue [-] oslo_messaging_rabbit.rabbit_login_method = AMQPLAIN {{(pid=96453) log_opt_values /opt/stack/data/venv/lib/python3.12/site-packages/oslo_config/cfg.py:3253}}
Jul 10 04:19:01.791804 np0000004952 nova-scheduler[96453]: DEBUG cotyledon.oslo_config_glue [-] oslo_messaging_rabbit.rabbit_qos_prefetch_count = 0 {{(pid=96453) log_opt_values /opt/stack/data/venv/lib/python3.12/site-packages/oslo_config/cfg.py:3253}}
Jul 10 04:19:01.791804 np0000004952 nova-scheduler[96453]: DEBUG cotyledon.oslo_config_glue [-] oslo_messaging_rabbit.rabbit_quorum_delivery_limit = 0 {{(pid=96453) log_opt_values /opt/stack/data/venv/lib/python3.12/site-packages/oslo_config/cfg.py:3253}}
Jul 10 04:19:01.791804 np0000004952 nova-scheduler[96453]: DEBUG cotyledon.oslo_config_glue [-] oslo_messaging_rabbit.rabbit_quorum_max_memory_bytes = 0 {{(pid=96453) log_opt_values /opt/stack/data/venv/lib/python3.12/site-packages/oslo_config/cfg.py:3253}}
Jul 10 04:19:01.791804 np0000004952 nova-scheduler[96453]: DEBUG cotyledon.oslo_config_glue [-] oslo_messaging_rabbit.rabbit_quorum_max_memory_length = 0 {{(pid=96453) log_opt_values /opt/stack/data/venv/lib/python3.12/site-packages/oslo_config/cfg.py:3253}}
Jul 10 04:19:01.792073 np0000004952 nova-scheduler[96453]: DEBUG cotyledon.oslo_config_glue [-] oslo_messaging_rabbit.rabbit_quorum_queue = False {{(pid=96453) log_opt_values /opt/stack/data/venv/lib/python3.12/site-packages/oslo_config/cfg.py:3253}}
Jul 10 04:19:01.792073 np0000004952 nova-scheduler[96453]: DEBUG cotyledon.oslo_config_glue [-] oslo_messaging_rabbit.rabbit_retry_backoff = 2 {{(pid=96453) log_opt_values /opt/stack/data/venv/lib/python3.12/site-packages/oslo_config/cfg.py:3253}}
Jul 10 04:19:01.792073 np0000004952 nova-scheduler[96453]: DEBUG cotyledon.oslo_config_glue [-] oslo_messaging_rabbit.rabbit_retry_interval = 1 {{(pid=96453) log_opt_values /opt/stack/data/venv/lib/python3.12/site-packages/oslo_config/cfg.py:3253}}
Jul 10 04:19:01.792073 np0000004952 nova-scheduler[96453]: DEBUG cotyledon.oslo_config_glue [-] oslo_messaging_rabbit.rabbit_stream_fanout = False {{(pid=96453) log_opt_values /opt/stack/data/venv/lib/python3.12/site-packages/oslo_config/cfg.py:3253}}
Jul 10 04:19:01.792073 np0000004952 nova-scheduler[96453]: DEBUG cotyledon.oslo_config_glue [-] oslo_messaging_rabbit.rabbit_transient_queues_ttl = 1800 {{(pid=96453) log_opt_values /opt/stack/data/venv/lib/python3.12/site-packages/oslo_config/cfg.py:3253}}
Jul 10 04:19:01.792073 np0000004952 nova-scheduler[96453]: DEBUG cotyledon.oslo_config_glue [-] oslo_messaging_rabbit.rabbit_transient_quorum_queue = False {{(pid=96453) log_opt_values /opt/stack/data/venv/lib/python3.12/site-packages/oslo_config/cfg.py:3253}}
Jul 10 04:19:01.792073 np0000004952 nova-scheduler[96453]: DEBUG cotyledon.oslo_config_glue [-] oslo_messaging_rabbit.rpc_conn_pool_size = 30 {{(pid=96453) log_opt_values /opt/stack/data/venv/lib/python3.12/site-packages/oslo_config/cfg.py:3253}}
Jul 10 04:19:01.792073 np0000004952 nova-scheduler[96453]: DEBUG cotyledon.oslo_config_glue [-] oslo_messaging_rabbit.ssl = False {{(pid=96453) log_opt_values /opt/stack/data/venv/lib/python3.12/site-packages/oslo_config/cfg.py:3253}}
Jul 10 04:19:01.792073 np0000004952 nova-scheduler[96453]: DEBUG cotyledon.oslo_config_glue [-] oslo_messaging_rabbit.ssl_ca_file = {{(pid=96453) log_opt_values /opt/stack/data/venv/lib/python3.12/site-packages/oslo_config/cfg.py:3253}}
Jul 10 04:19:01.792766 np0000004952 nova-scheduler[96453]: DEBUG cotyledon.oslo_config_glue [-] oslo_messaging_rabbit.ssl_cert_file = {{(pid=96453) log_opt_values /opt/stack/data/venv/lib/python3.12/site-packages/oslo_config/cfg.py:3253}}
Jul 10 04:19:01.792766 np0000004952 nova-scheduler[96453]: DEBUG cotyledon.oslo_config_glue [-] oslo_messaging_rabbit.ssl_enforce_fips_mode = False {{(pid=96453) log_opt_values /opt/stack/data/venv/lib/python3.12/site-packages/oslo_config/cfg.py:3253}}
Jul 10 04:19:01.792766 np0000004952 nova-scheduler[96453]: DEBUG cotyledon.oslo_config_glue [-] oslo_messaging_rabbit.ssl_enforce_hostname_verification = True {{(pid=96453) log_opt_values /opt/stack/data/venv/lib/python3.12/site-packages/oslo_config/cfg.py:3253}}
Jul 10 04:19:01.792766 np0000004952 nova-scheduler[96453]: DEBUG cotyledon.oslo_config_glue [-] oslo_messaging_rabbit.ssl_key_file = {{(pid=96453) log_opt_values /opt/stack/data/venv/lib/python3.12/site-packages/oslo_config/cfg.py:3253}}
Jul 10 04:19:01.792766 np0000004952 nova-scheduler[96453]: DEBUG cotyledon.oslo_config_glue [-] oslo_messaging_rabbit.ssl_version = {{(pid=96453) log_opt_values /opt/stack/data/venv/lib/python3.12/site-packages/oslo_config/cfg.py:3253}}
Jul 10 04:19:01.792766 np0000004952 nova-scheduler[96453]: DEBUG cotyledon.oslo_config_glue [-] oslo_messaging_rabbit.use_queue_manager = False {{(pid=96453) log_opt_values /opt/stack/data/venv/lib/python3.12/site-packages/oslo_config/cfg.py:3253}}
Jul 10 04:19:01.792766 np0000004952 nova-scheduler[96453]: DEBUG cotyledon.oslo_config_glue [-] oslo_messaging_notifications.driver = ['messagingv2'] {{(pid=96453) log_opt_values /opt/stack/data/venv/lib/python3.12/site-packages/oslo_config/cfg.py:3253}}
Jul 10 04:19:01.792766 np0000004952 nova-scheduler[96453]: DEBUG cotyledon.oslo_config_glue [-] oslo_messaging_notifications.retry = -1 {{(pid=96453) log_opt_values /opt/stack/data/venv/lib/python3.12/site-packages/oslo_config/cfg.py:3253}}
Jul 10 04:19:01.792766 np0000004952 nova-scheduler[96453]: DEBUG cotyledon.oslo_config_glue [-] oslo_messaging_notifications.topics = ['notifications'] {{(pid=96453) log_opt_values /opt/stack/data/venv/lib/python3.12/site-packages/oslo_config/cfg.py:3253}}
Jul 10 04:19:01.793632 np0000004952 nova-scheduler[96453]: DEBUG cotyledon.oslo_config_glue [-] oslo_messaging_notifications.transport_url = **** {{(pid=96453) log_opt_values /opt/stack/data/venv/lib/python3.12/site-packages/oslo_config/cfg.py:3253}}
Jul 10 04:19:01.793632 np0000004952 nova-scheduler[96453]: DEBUG cotyledon.oslo_config_glue [-] oslo_limit.auth_section = None {{(pid=96453) log_opt_values /opt/stack/data/venv/lib/python3.12/site-packages/oslo_config/cfg.py:3253}}
Jul 10 04:19:01.793632 np0000004952 nova-scheduler[96453]: DEBUG cotyledon.oslo_config_glue [-] oslo_limit.auth_type = None {{(pid=96453) log_opt_values /opt/stack/data/venv/lib/python3.12/site-packages/oslo_config/cfg.py:3253}}
Jul 10 04:19:01.793632 np0000004952 nova-scheduler[96453]: DEBUG cotyledon.oslo_config_glue [-] oslo_limit.cafile = None {{(pid=96453) log_opt_values /opt/stack/data/venv/lib/python3.12/site-packages/oslo_config/cfg.py:3253}}
Jul 10 04:19:01.793632 np0000004952 nova-scheduler[96453]: DEBUG cotyledon.oslo_config_glue [-] oslo_limit.certfile = None {{(pid=96453) log_opt_values /opt/stack/data/venv/lib/python3.12/site-packages/oslo_config/cfg.py:3253}}
Jul 10 04:19:01.793632 np0000004952 nova-scheduler[96453]: DEBUG cotyledon.oslo_config_glue [-] oslo_limit.collect_timing = False {{(pid=96453) log_opt_values /opt/stack/data/venv/lib/python3.12/site-packages/oslo_config/cfg.py:3253}}
Jul 10 04:19:01.793632 np0000004952 nova-scheduler[96453]: DEBUG cotyledon.oslo_config_glue [-] oslo_limit.connect_retries = None {{(pid=96453) log_opt_values /opt/stack/data/venv/lib/python3.12/site-packages/oslo_config/cfg.py:3253}}
Jul 10 04:19:01.794913 np0000004952 nova-scheduler[96405]: DEBUG oslo_db.sqlalchemy.engines [None req-4e923c04-d582-452f-a03c-163654f7e8c1 None None] MySQL server mode set to STRICT_TRANS_TABLES,STRICT_ALL_TABLES,NO_ZERO_IN_DATE,NO_ZERO_DATE,ERROR_FOR_DIVISION_BY_ZERO,TRADITIONAL,NO_ENGINE_SUBSTITUTION {{(pid=96405) _check_effective_sql_mode /opt/stack/data/venv/lib/python3.12/site-packages/oslo_db/sqlalchemy/engines.py:325}}
Jul 10 04:19:01.795059 np0000004952 nova-scheduler[96453]: DEBUG cotyledon.oslo_config_glue [-] oslo_limit.connect_retry_delay = None {{(pid=96453) log_opt_values /opt/stack/data/venv/lib/python3.12/site-packages/oslo_config/cfg.py:3253}}
Jul 10 04:19:01.795059 np0000004952 nova-scheduler[96453]: DEBUG cotyledon.oslo_config_glue [-] oslo_limit.endpoint_id = None {{(pid=96453) log_opt_values /opt/stack/data/venv/lib/python3.12/site-packages/oslo_config/cfg.py:3253}}
Jul 10 04:19:01.795059 np0000004952 nova-scheduler[96453]: DEBUG cotyledon.oslo_config_glue [-] oslo_limit.endpoint_interface = public {{(pid=96453) log_opt_values /opt/stack/data/venv/lib/python3.12/site-packages/oslo_config/cfg.py:3253}}
Jul 10 04:19:01.795059 np0000004952 nova-scheduler[96453]: DEBUG cotyledon.oslo_config_glue [-] oslo_limit.endpoint_override = None {{(pid=96453) log_opt_values /opt/stack/data/venv/lib/python3.12/site-packages/oslo_config/cfg.py:3253}}
Jul 10 04:19:01.795059 np0000004952 nova-scheduler[96453]: DEBUG cotyledon.oslo_config_glue [-] oslo_limit.endpoint_region_name = None {{(pid=96453) log_opt_values /opt/stack/data/venv/lib/python3.12/site-packages/oslo_config/cfg.py:3253}}
Jul 10 04:19:01.795059 np0000004952 nova-scheduler[96453]: DEBUG cotyledon.oslo_config_glue [-] oslo_limit.endpoint_service_name = None {{(pid=96453) log_opt_values /opt/stack/data/venv/lib/python3.12/site-packages/oslo_config/cfg.py:3253}}
Jul 10 04:19:01.795059 np0000004952 nova-scheduler[96453]: DEBUG cotyledon.oslo_config_glue [-] oslo_limit.endpoint_service_type = None {{(pid=96453) log_opt_values /opt/stack/data/venv/lib/python3.12/site-packages/oslo_config/cfg.py:3253}}
Jul 10 04:19:01.795059 np0000004952 nova-scheduler[96453]: DEBUG cotyledon.oslo_config_glue [-] oslo_limit.insecure = False {{(pid=96453) log_opt_values /opt/stack/data/venv/lib/python3.12/site-packages/oslo_config/cfg.py:3253}}
Jul 10 04:19:01.795059 np0000004952 nova-scheduler[96453]: DEBUG cotyledon.oslo_config_glue [-] oslo_limit.keyfile = None {{(pid=96453) log_opt_values /opt/stack/data/venv/lib/python3.12/site-packages/oslo_config/cfg.py:3253}}
Jul 10 04:19:01.795718 np0000004952 nova-scheduler[96453]: DEBUG cotyledon.oslo_config_glue [-] oslo_limit.max_version = None {{(pid=96453) log_opt_values /opt/stack/data/venv/lib/python3.12/site-packages/oslo_config/cfg.py:3253}}
Jul 10 04:19:01.795718 np0000004952 nova-scheduler[96453]: DEBUG cotyledon.oslo_config_glue [-] oslo_limit.min_version = None {{(pid=96453) log_opt_values /opt/stack/data/venv/lib/python3.12/site-packages/oslo_config/cfg.py:3253}}
Jul 10 04:19:01.795718 np0000004952 nova-scheduler[96453]: DEBUG cotyledon.oslo_config_glue [-] oslo_limit.region_name = None {{(pid=96453) log_opt_values /opt/stack/data/venv/lib/python3.12/site-packages/oslo_config/cfg.py:3253}}
Jul 10 04:19:01.795718 np0000004952 nova-scheduler[96453]: DEBUG cotyledon.oslo_config_glue [-] oslo_limit.retriable_status_codes = None {{(pid=96453) log_opt_values /opt/stack/data/venv/lib/python3.12/site-packages/oslo_config/cfg.py:3253}}
Jul 10 04:19:01.795718 np0000004952 nova-scheduler[96453]: DEBUG cotyledon.oslo_config_glue [-] oslo_limit.service_name = None {{(pid=96453) log_opt_values /opt/stack/data/venv/lib/python3.12/site-packages/oslo_config/cfg.py:3253}}
Jul 10 04:19:01.795718 np0000004952 nova-scheduler[96453]: DEBUG cotyledon.oslo_config_glue [-] oslo_limit.service_type = None {{(pid=96453) log_opt_values /opt/stack/data/venv/lib/python3.12/site-packages/oslo_config/cfg.py:3253}}
Jul 10 04:19:01.795718 np0000004952 nova-scheduler[96453]: DEBUG cotyledon.oslo_config_glue [-] oslo_limit.split_loggers = False {{(pid=96453) log_opt_values /opt/stack/data/venv/lib/python3.12/site-packages/oslo_config/cfg.py:3253}}
Jul 10 04:19:01.795718 np0000004952 nova-scheduler[96453]: DEBUG cotyledon.oslo_config_glue [-] oslo_limit.status_code_retries = None {{(pid=96453) log_opt_values /opt/stack/data/venv/lib/python3.12/site-packages/oslo_config/cfg.py:3253}}
Jul 10 04:19:01.795718 np0000004952 nova-scheduler[96453]: DEBUG cotyledon.oslo_config_glue [-] oslo_limit.status_code_retry_delay = None {{(pid=96453) log_opt_values /opt/stack/data/venv/lib/python3.12/site-packages/oslo_config/cfg.py:3253}}
Jul 10 04:19:01.796066 np0000004952 nova-scheduler[96453]: DEBUG cotyledon.oslo_config_glue [-] oslo_limit.timeout = None {{(pid=96453) log_opt_values /opt/stack/data/venv/lib/python3.12/site-packages/oslo_config/cfg.py:3253}}
Jul 10 04:19:01.796066 np0000004952 nova-scheduler[96453]: DEBUG cotyledon.oslo_config_glue [-] oslo_limit.valid_interfaces = None {{(pid=96453) log_opt_values /opt/stack/data/venv/lib/python3.12/site-packages/oslo_config/cfg.py:3253}}
Jul 10 04:19:01.796066 np0000004952 nova-scheduler[96453]: DEBUG cotyledon.oslo_config_glue [-] oslo_limit.version = None {{(pid=96453) log_opt_values /opt/stack/data/venv/lib/python3.12/site-packages/oslo_config/cfg.py:3253}}
Jul 10 04:19:01.796066 np0000004952 nova-scheduler[96453]: DEBUG cotyledon.oslo_config_glue [-] oslo_reports.file_event_handler = None {{(pid=96453) log_opt_values /opt/stack/data/venv/lib/python3.12/site-packages/oslo_config/cfg.py:3253}}
Jul 10 04:19:01.796066 np0000004952 nova-scheduler[96453]: DEBUG cotyledon.oslo_config_glue [-] oslo_reports.file_event_handler_interval = 1 {{(pid=96453) log_opt_values /opt/stack/data/venv/lib/python3.12/site-packages/oslo_config/cfg.py:3253}}
Jul 10 04:19:01.796066 np0000004952 nova-scheduler[96453]: DEBUG cotyledon.oslo_config_glue [-] oslo_reports.log_dir = None {{(pid=96453) log_opt_values /opt/stack/data/venv/lib/python3.12/site-packages/oslo_config/cfg.py:3253}}
Jul 10 04:19:01.796066 np0000004952 nova-scheduler[96453]: DEBUG cotyledon.oslo_config_glue [-] ******************************************************************************** {{(pid=96453) log_opt_values /opt/stack/data/venv/lib/python3.12/site-packages/oslo_config/cfg.py:3260}}
Jul 10 04:19:01.796066 np0000004952 nova-scheduler[96453]: DEBUG cotyledon._service_worker [-] Run service ServiceWrapper(3) [96453] {{(pid=96453) wait_forever /opt/stack/data/venv/lib/python3.12/site-packages/cotyledon/_service_worker.py:218}}
Jul 10 04:19:01.796066 np0000004952 nova-scheduler[96453]: INFO nova.service [-] Starting scheduler node (version 33.1.0)
Jul 10 04:19:01.796066 np0000004952 nova-scheduler[96453]: INFO dbcounter [None req-3a0df796-9121-4b07-8a15-de152ceed01d None None] Registered counter for database nova_cell0
Jul 10 04:19:01.796408 np0000004952 nova-scheduler[96405]: DEBUG dbcounter [-] [96405] Writer thread running {{(pid=96405) stat_writer /opt/stack/data/venv/lib/python3.12/site-packages/dbcounter.py:102}}
Jul 10 04:19:01.796466 np0000004952 nova-scheduler[96414]: DEBUG oslo_db.sqlalchemy.engines [None req-7f12e628-a365-4f47-9668-e9f8115fefce None None] MySQL server mode set to STRICT_TRANS_TABLES,STRICT_ALL_TABLES,NO_ZERO_IN_DATE,NO_ZERO_DATE,ERROR_FOR_DIVISION_BY_ZERO,TRADITIONAL,NO_ENGINE_SUBSTITUTION {{(pid=96414) _check_effective_sql_mode /opt/stack/data/venv/lib/python3.12/site-packages/oslo_db/sqlalchemy/engines.py:325}}
Jul 10 04:19:01.796519 np0000004952 nova-scheduler[96441]: DEBUG oslo_db.sqlalchemy.engines [None req-e4299eb7-040e-4627-919b-44c8058f3867 None None] MySQL server mode set to STRICT_TRANS_TABLES,STRICT_ALL_TABLES,NO_ZERO_IN_DATE,NO_ZERO_DATE,ERROR_FOR_DIVISION_BY_ZERO,TRADITIONAL,NO_ENGINE_SUBSTITUTION {{(pid=96441) _check_effective_sql_mode /opt/stack/data/venv/lib/python3.12/site-packages/oslo_db/sqlalchemy/engines.py:325}}
Jul 10 04:19:01.796571 np0000004952 nova-scheduler[96405]: DEBUG nova.service [None req-4e923c04-d582-452f-a03c-163654f7e8c1 None None] Creating RPC server for service: nova-scheduler on topic: scheduler {{(pid=96405) start /opt/stack/nova/nova/service.py:196}}
Jul 10 04:19:01.796618 np0000004952 nova-scheduler[96414]: DEBUG dbcounter [-] [96414] Writer thread running {{(pid=96414) stat_writer /opt/stack/data/venv/lib/python3.12/site-packages/dbcounter.py:102}}
Jul 10 04:19:01.796668 np0000004952 nova-scheduler[96441]: DEBUG dbcounter [-] [96441] Writer thread running {{(pid=96441) stat_writer /opt/stack/data/venv/lib/python3.12/site-packages/dbcounter.py:102}}
Jul 10 04:19:01.797075 np0000004952 nova-scheduler[96414]: DEBUG nova.service [None req-7f12e628-a365-4f47-9668-e9f8115fefce None None] Creating RPC server for service: nova-scheduler on topic: scheduler {{(pid=96414) start /opt/stack/nova/nova/service.py:196}}
Jul 10 04:19:01.797133 np0000004952 nova-scheduler[96441]: DEBUG nova.service [None req-e4299eb7-040e-4627-919b-44c8058f3867 None None] Creating RPC server for service: nova-scheduler on topic: scheduler {{(pid=96441) start /opt/stack/nova/nova/service.py:196}}
Jul 10 04:19:01.799323 np0000004952 nova-scheduler[96414]: DEBUG nova.service [None req-7f12e628-a365-4f47-9668-e9f8115fefce None None] Join ServiceGroup membership for this service scheduler {{(pid=96414) start /opt/stack/nova/nova/service.py:222}}
Jul 10 04:19:01.799405 np0000004952 nova-scheduler[96405]: DEBUG nova.service [None req-4e923c04-d582-452f-a03c-163654f7e8c1 None None] Join ServiceGroup membership for this service scheduler {{(pid=96405) start /opt/stack/nova/nova/service.py:222}}
Jul 10 04:19:01.799568 np0000004952 nova-scheduler[96405]: DEBUG nova.servicegroup.drivers.db [None req-4e923c04-d582-452f-a03c-163654f7e8c1 None None] DB_Driver: join new ServiceGroup member np0000004952 to the scheduler group, service = {{(pid=96405) join /opt/stack/nova/nova/servicegroup/drivers/db.py:44}}
Jul 10 04:19:01.799641 np0000004952 nova-scheduler[96414]: DEBUG nova.servicegroup.drivers.db [None req-7f12e628-a365-4f47-9668-e9f8115fefce None None] DB_Driver: join new ServiceGroup member np0000004952 to the scheduler group, service = {{(pid=96414) join /opt/stack/nova/nova/servicegroup/drivers/db.py:44}}
Jul 10 04:19:01.800365 np0000004952 nova-scheduler[96453]: DEBUG oslo_db.sqlalchemy.engines [None req-3a0df796-9121-4b07-8a15-de152ceed01d None None] MySQL server mode set to STRICT_TRANS_TABLES,STRICT_ALL_TABLES,NO_ZERO_IN_DATE,NO_ZERO_DATE,ERROR_FOR_DIVISION_BY_ZERO,TRADITIONAL,NO_ENGINE_SUBSTITUTION {{(pid=96453) _check_effective_sql_mode /opt/stack/data/venv/lib/python3.12/site-packages/oslo_db/sqlalchemy/engines.py:325}}
Jul 10 04:19:01.803288 np0000004952 nova-scheduler[96441]: DEBUG nova.service [None req-e4299eb7-040e-4627-919b-44c8058f3867 None None] Join ServiceGroup membership for this service scheduler {{(pid=96441) start /opt/stack/nova/nova/service.py:222}}
Jul 10 04:19:01.803550 np0000004952 nova-scheduler[96441]: DEBUG nova.servicegroup.drivers.db [None req-e4299eb7-040e-4627-919b-44c8058f3867 None None] DB_Driver: join new ServiceGroup member np0000004952 to the scheduler group, service = {{(pid=96441) join /opt/stack/nova/nova/servicegroup/drivers/db.py:44}}
Jul 10 04:19:01.811907 np0000004952 nova-scheduler[96453]: DEBUG dbcounter [-] [96453] Writer thread running {{(pid=96453) stat_writer /opt/stack/data/venv/lib/python3.12/site-packages/dbcounter.py:102}}
Jul 10 04:19:01.814883 np0000004952 nova-scheduler[96453]: DEBUG nova.service [None req-3a0df796-9121-4b07-8a15-de152ceed01d None None] Creating RPC server for service: nova-scheduler on topic: scheduler {{(pid=96453) start /opt/stack/nova/nova/service.py:196}}
Jul 10 04:19:01.834631 np0000004952 nova-scheduler[96453]: DEBUG nova.service [None req-3a0df796-9121-4b07-8a15-de152ceed01d None None] Join ServiceGroup membership for this service scheduler {{(pid=96453) start /opt/stack/nova/nova/service.py:222}}
Jul 10 04:19:01.834850 np0000004952 nova-scheduler[96453]: DEBUG nova.servicegroup.drivers.db [None req-3a0df796-9121-4b07-8a15-de152ceed01d None None] DB_Driver: join new ServiceGroup member np0000004952 to the scheduler group, service = {{(pid=96453) join /opt/stack/nova/nova/servicegroup/drivers/db.py:44}}
Jul 10 04:19:06.816656 np0000004952 nova-scheduler[96405]: DEBUG oslo.service.backend._threading.loopingcall [-] Fixed interval looping call 'nova.servicegroup.drivers.db.DbDriver._report_state' sleeping for 119.98 seconds {{(pid=96405) _run_loop /opt/stack/data/venv/lib/python3.12/site-packages/oslo_service/backend/_threading/loopingcall.py:125}}
Jul 10 04:19:06.817936 np0000004952 nova-scheduler[96414]: DEBUG oslo.service.backend._threading.loopingcall [-] Fixed interval looping call 'nova.servicegroup.drivers.db.DbDriver._report_state' sleeping for 119.98 seconds {{(pid=96414) _run_loop /opt/stack/data/venv/lib/python3.12/site-packages/oslo_service/backend/_threading/loopingcall.py:125}}
Jul 10 04:19:06.818250 np0000004952 nova-scheduler[96441]: DEBUG oslo.service.backend._threading.loopingcall [-] Fixed interval looping call 'nova.servicegroup.drivers.db.DbDriver._report_state' sleeping for 119.99 seconds {{(pid=96441) _run_loop /opt/stack/data/venv/lib/python3.12/site-packages/oslo_service/backend/_threading/loopingcall.py:125}}
Jul 10 04:19:06.847676 np0000004952 nova-scheduler[96453]: DEBUG oslo.service.backend._threading.loopingcall [-] Fixed interval looping call 'nova.servicegroup.drivers.db.DbDriver._report_state' sleeping for 119.99 seconds {{(pid=96453) _run_loop /opt/stack/data/venv/lib/python3.12/site-packages/oslo_service/backend/_threading/loopingcall.py:125}}
Jul 10 04:19:08.802416 np0000004952 nova-scheduler[96414]: DEBUG oslo.service.backend._threading.loopingcall [None req-eb7e23ce-a42f-4bd9-a4df-47fb7ef188a3 None None] Dynamic interval looping call 'nova.service.Service.periodic_tasks' sleeping for 60.00 seconds {{(pid=96414) _run_loop /opt/stack/data/venv/lib/python3.12/site-packages/oslo_service/backend/_threading/loopingcall.py:125}}
Jul 10 04:19:10.306454 np0000004952 nova-scheduler[95207]: DEBUG dbcounter [-] [95207] Writing DB stats nova_api:SELECT=3 {{(pid=95207) stat_writer /opt/stack/data/venv/lib/python3.12/site-packages/dbcounter.py:115}}
Jul 10 04:19:10.472784 np0000004952 nova-scheduler[95207]: DEBUG dbcounter [-] [95207] Writing DB stats nova_cell0:SELECT=1 {{(pid=95207) stat_writer /opt/stack/data/venv/lib/python3.12/site-packages/dbcounter.py:115}}
Jul 10 04:19:10.483159 np0000004952 nova-scheduler[95207]: DEBUG dbcounter [-] [95207] Writing DB stats nova_cell1:SELECT=1 {{(pid=95207) stat_writer /opt/stack/data/venv/lib/python3.12/site-packages/dbcounter.py:115}}
Jul 10 04:19:16.808912 np0000004952 nova-scheduler[96405]: DEBUG dbcounter [-] [96405] Writing DB stats nova_cell0:SELECT=4,nova_cell0:INSERT=1,nova_cell0:UPDATE=1 {{(pid=96405) stat_writer /opt/stack/data/venv/lib/python3.12/site-packages/dbcounter.py:115}}
Jul 10 04:19:16.814590 np0000004952 nova-scheduler[96414]: DEBUG dbcounter [-] [96414] Writing DB stats nova_cell0:SELECT=3,nova_cell0:UPDATE=1 {{(pid=96414) stat_writer /opt/stack/data/venv/lib/python3.12/site-packages/dbcounter.py:115}}
Jul 10 04:19:16.816751 np0000004952 nova-scheduler[96441]: DEBUG dbcounter [-] [96441] Writing DB stats nova_cell0:SELECT=3,nova_cell0:UPDATE=1 {{(pid=96441) stat_writer /opt/stack/data/venv/lib/python3.12/site-packages/dbcounter.py:115}}
Jul 10 04:19:16.844244 np0000004952 nova-scheduler[96453]: DEBUG dbcounter [-] [96453] Writing DB stats nova_cell0:SELECT=3 {{(pid=96453) stat_writer /opt/stack/data/venv/lib/python3.12/site-packages/dbcounter.py:115}}
Jul 10 04:19:21.837237 np0000004952 nova-scheduler[96453]: DEBUG oslo.service.backend._threading.loopingcall [None req-521bf67a-2964-4164-8603-2f754db84d4e None None] Dynamic interval looping call 'nova.service.Service.periodic_tasks' sleeping for 60.00 seconds {{(pid=96453) _run_loop /opt/stack/data/venv/lib/python3.12/site-packages/oslo_service/backend/_threading/loopingcall.py:125}}
Jul 10 04:20:01.802758 np0000004952 nova-scheduler[96405]: DEBUG oslo.service.backend._threading.loopingcall [None req-2893f186-a4c4-4b8b-84d2-531a21d2aa22 None None] Dynamic interval looping call 'nova.service.Service.periodic_tasks' sleeping for 60.00 seconds {{(pid=96405) _run_loop /opt/stack/data/venv/lib/python3.12/site-packages/oslo_service/backend/_threading/loopingcall.py:125}}
Jul 10 04:20:01.806504 np0000004952 nova-scheduler[96441]: DEBUG oslo.service.backend._threading.loopingcall [None req-aa1982fc-20bb-44fc-b70e-a5f6cd3d41c7 None None] Dynamic interval looping call 'nova.service.Service.periodic_tasks' sleeping for 60.00 seconds {{(pid=96441) _run_loop /opt/stack/data/venv/lib/python3.12/site-packages/oslo_service/backend/_threading/loopingcall.py:125}}
Jul 10 04:20:08.803043 np0000004952 nova-scheduler[96414]: DEBUG oslo.service.backend._threading.loopingcall [None req-eb7e23ce-a42f-4bd9-a4df-47fb7ef188a3 None None] Dynamic interval looping call 'nova.service.Service.periodic_tasks' sleeping for 60.00 seconds {{(pid=96414) _run_loop /opt/stack/data/venv/lib/python3.12/site-packages/oslo_service/backend/_threading/loopingcall.py:125}}
Jul 10 04:20:21.837709 np0000004952 nova-scheduler[96453]: DEBUG oslo.service.backend._threading.loopingcall [None req-521bf67a-2964-4164-8603-2f754db84d4e None None] Dynamic interval looping call 'nova.service.Service.periodic_tasks' sleeping for 60.00 seconds {{(pid=96453) _run_loop /opt/stack/data/venv/lib/python3.12/site-packages/oslo_service/backend/_threading/loopingcall.py:125}}
Jul 10 04:21:01.803150 np0000004952 nova-scheduler[96405]: DEBUG oslo.service.backend._threading.loopingcall [None req-2893f186-a4c4-4b8b-84d2-531a21d2aa22 None None] Dynamic interval looping call 'nova.service.Service.periodic_tasks' sleeping for 60.00 seconds {{(pid=96405) _run_loop /opt/stack/data/venv/lib/python3.12/site-packages/oslo_service/backend/_threading/loopingcall.py:125}}
Jul 10 04:21:01.807094 np0000004952 nova-scheduler[96441]: DEBUG oslo.service.backend._threading.loopingcall [None req-aa1982fc-20bb-44fc-b70e-a5f6cd3d41c7 None None] Dynamic interval looping call 'nova.service.Service.periodic_tasks' sleeping for 60.00 seconds {{(pid=96441) _run_loop /opt/stack/data/venv/lib/python3.12/site-packages/oslo_service/backend/_threading/loopingcall.py:125}}
Jul 10 04:21:06.808084 np0000004952 nova-scheduler[96405]: DEBUG oslo.service.backend._threading.loopingcall [-] Fixed interval looping call 'nova.servicegroup.drivers.db.DbDriver._report_state' sleeping for 119.99 seconds {{(pid=96405) _run_loop /opt/stack/data/venv/lib/python3.12/site-packages/oslo_service/backend/_threading/loopingcall.py:125}}
Jul 10 04:21:06.808779 np0000004952 nova-scheduler[96414]: DEBUG oslo.service.backend._threading.loopingcall [-] Fixed interval looping call 'nova.servicegroup.drivers.db.DbDriver._report_state' sleeping for 119.99 seconds {{(pid=96414) _run_loop /opt/stack/data/venv/lib/python3.12/site-packages/oslo_service/backend/_threading/loopingcall.py:125}}
Jul 10 04:21:06.812350 np0000004952 nova-scheduler[96441]: DEBUG oslo.service.backend._threading.loopingcall [-] Fixed interval looping call 'nova.servicegroup.drivers.db.DbDriver._report_state' sleeping for 120.00 seconds {{(pid=96441) _run_loop /opt/stack/data/venv/lib/python3.12/site-packages/oslo_service/backend/_threading/loopingcall.py:125}}
Jul 10 04:21:06.841418 np0000004952 nova-scheduler[96453]: DEBUG oslo.service.backend._threading.loopingcall [-] Fixed interval looping call 'nova.servicegroup.drivers.db.DbDriver._report_state' sleeping for 120.00 seconds {{(pid=96453) _run_loop /opt/stack/data/venv/lib/python3.12/site-packages/oslo_service/backend/_threading/loopingcall.py:125}}
Jul 10 04:21:08.803594 np0000004952 nova-scheduler[96414]: DEBUG oslo.service.backend._threading.loopingcall [None req-eb7e23ce-a42f-4bd9-a4df-47fb7ef188a3 None None] Dynamic interval looping call 'nova.service.Service.periodic_tasks' sleeping for 60.00 seconds {{(pid=96414) _run_loop /opt/stack/data/venv/lib/python3.12/site-packages/oslo_service/backend/_threading/loopingcall.py:125}}
Jul 10 04:21:16.800783 np0000004952 nova-scheduler[96405]: DEBUG dbcounter [-] [96405] Writing DB stats nova_cell0:SELECT=1,nova_cell0:UPDATE=1 {{(pid=96405) stat_writer /opt/stack/data/venv/lib/python3.12/site-packages/dbcounter.py:115}}
Jul 10 04:21:16.801979 np0000004952 nova-scheduler[96414]: DEBUG dbcounter [-] [96414] Writing DB stats nova_cell0:SELECT=1,nova_cell0:UPDATE=1 {{(pid=96414) stat_writer /opt/stack/data/venv/lib/python3.12/site-packages/dbcounter.py:115}}
Jul 10 04:21:16.810768 np0000004952 nova-scheduler[96441]: DEBUG dbcounter [-] [96441] Writing DB stats nova_cell0:SELECT=1 {{(pid=96441) stat_writer /opt/stack/data/venv/lib/python3.12/site-packages/dbcounter.py:115}}
Jul 10 04:21:16.840616 np0000004952 nova-scheduler[96453]: DEBUG dbcounter [-] [96453] Writing DB stats nova_cell0:SELECT=1 {{(pid=96453) stat_writer /opt/stack/data/venv/lib/python3.12/site-packages/dbcounter.py:115}}
Jul 10 04:21:21.838362 np0000004952 nova-scheduler[96453]: DEBUG oslo.service.backend._threading.loopingcall [None req-521bf67a-2964-4164-8603-2f754db84d4e None None] Dynamic interval looping call 'nova.service.Service.periodic_tasks' sleeping for 60.00 seconds {{(pid=96453) _run_loop /opt/stack/data/venv/lib/python3.12/site-packages/oslo_service/backend/_threading/loopingcall.py:125}}
Jul 10 04:21:36.198339 np0000004952 nova-scheduler[96405]: DEBUG nova.scheduler.manager [None req-d8a1e518-bf93-4a1b-b1f0-694c7bdcd1f4 tempest-ServerBootFromVolumeStableRescueTest-99028934 tempest-ServerBootFromVolumeStableRescueTest-99028934-project-member] Starting to schedule for instances: ['30e4e643-7e74-428f-8695-22ae62081160'] {{(pid=96405) select_destinations /opt/stack/nova/nova/scheduler/manager.py:209}}
Jul 10 04:21:36.199192 np0000004952 nova-scheduler[96405]: DEBUG nova.scheduler.request_filter [None req-d8a1e518-bf93-4a1b-b1f0-694c7bdcd1f4 tempest-ServerBootFromVolumeStableRescueTest-99028934 tempest-ServerBootFromVolumeStableRescueTest-99028934-project-member] compute_status_filter request filter added forbidden trait COMPUTE_STATUS_DISABLED {{(pid=96405) compute_status_filter /opt/stack/nova/nova/scheduler/request_filter.py:253}}
Jul 10 04:21:36.199355 np0000004952 nova-scheduler[96405]: DEBUG nova.scheduler.request_filter [None req-d8a1e518-bf93-4a1b-b1f0-694c7bdcd1f4 tempest-ServerBootFromVolumeStableRescueTest-99028934 tempest-ServerBootFromVolumeStableRescueTest-99028934-project-member] Request filter 'compute_status_filter' took 0.0 seconds {{(pid=96405) wrapper /opt/stack/nova/nova/scheduler/request_filter.py:46}}
Jul 10 04:21:36.199596 np0000004952 nova-scheduler[96405]: DEBUG nova.scheduler.request_filter [None req-d8a1e518-bf93-4a1b-b1f0-694c7bdcd1f4 tempest-ServerBootFromVolumeStableRescueTest-99028934 tempest-ServerBootFromVolumeStableRescueTest-99028934-project-member] Request filter 'accelerators_filter' took 0.0 seconds {{(pid=96405) wrapper /opt/stack/nova/nova/scheduler/request_filter.py:46}}
Jul 10 04:21:36.200254 np0000004952 nova-scheduler[96405]: DEBUG nova.scheduler.request_filter [None req-d8a1e518-bf93-4a1b-b1f0-694c7bdcd1f4 tempest-ServerBootFromVolumeStableRescueTest-99028934 tempest-ServerBootFromVolumeStableRescueTest-99028934-project-member] Request filter 'packed_virtqueue_filter' took 0.0 seconds {{(pid=96405) wrapper /opt/stack/nova/nova/scheduler/request_filter.py:46}}
Jul 10 04:21:36.200569 np0000004952 nova-scheduler[96405]: DEBUG nova.scheduler.request_filter [None req-d8a1e518-bf93-4a1b-b1f0-694c7bdcd1f4 tempest-ServerBootFromVolumeStableRescueTest-99028934 tempest-ServerBootFromVolumeStableRescueTest-99028934-project-member] Request filter 'remote_managed_ports_filter' took 0.0 seconds {{(pid=96405) wrapper /opt/stack/nova/nova/scheduler/request_filter.py:46}}
Jul 10 04:21:36.200731 np0000004952 nova-scheduler[96405]: DEBUG nova.scheduler.request_filter [None req-d8a1e518-bf93-4a1b-b1f0-694c7bdcd1f4 tempest-ServerBootFromVolumeStableRescueTest-99028934 tempest-ServerBootFromVolumeStableRescueTest-99028934-project-member] ephemeral_encryption_filter skipped {{(pid=96405) ephemeral_encryption_filter /opt/stack/nova/nova/scheduler/request_filter.py:426}}
Jul 10 04:21:36.200905 np0000004952 nova-scheduler[96405]: DEBUG nova.scheduler.request_filter [None req-d8a1e518-bf93-4a1b-b1f0-694c7bdcd1f4 tempest-ServerBootFromVolumeStableRescueTest-99028934 tempest-ServerBootFromVolumeStableRescueTest-99028934-project-member] virtio_sound_filter skipped {{(pid=96405) virtio_sound_filter /opt/stack/nova/nova/scheduler/request_filter.py:460}}
Jul 10 04:21:36.201036 np0000004952 nova-scheduler[96405]: DEBUG nova.scheduler.request_filter [None req-d8a1e518-bf93-4a1b-b1f0-694c7bdcd1f4 tempest-ServerBootFromVolumeStableRescueTest-99028934 tempest-ServerBootFromVolumeStableRescueTest-99028934-project-member] tpm_secret_security_filter skipped {{(pid=96405) tpm_secret_security_filter /opt/stack/nova/nova/scheduler/request_filter.py:477}}
Jul 10 04:21:37.085865 np0000004952 nova-scheduler[96405]: INFO nova.utils [None req-d8a1e518-bf93-4a1b-b1f0-694c7bdcd1f4 tempest-ServerBootFromVolumeStableRescueTest-99028934 tempest-ServerBootFromVolumeStableRescueTest-99028934-project-member] The cell worker thread pool ForkProcess-1.cell_worker is initialized
Jul 10 04:21:37.086695 np0000004952 nova-scheduler[96405]: DEBUG oslo_concurrency.lockutils [None req-d8a1e518-bf93-4a1b-b1f0-694c7bdcd1f4 tempest-ServerBootFromVolumeStableRescueTest-99028934 tempest-ServerBootFromVolumeStableRescueTest-99028934-project-member] Acquiring lock "ad0d4287-3d2e-4337-aa9f-8b881e825c99" by "nova.context.set_target_cell..get_or_set_cached_cell_and_set_connections" {{(pid=96405) inner /opt/stack/data/venv/lib/python3.12/site-packages/oslo_concurrency/lockutils.py:511}}
Jul 10 04:21:37.086790 np0000004952 nova-scheduler[96405]: DEBUG oslo_concurrency.lockutils [None req-d8a1e518-bf93-4a1b-b1f0-694c7bdcd1f4 tempest-ServerBootFromVolumeStableRescueTest-99028934 tempest-ServerBootFromVolumeStableRescueTest-99028934-project-member] Lock "ad0d4287-3d2e-4337-aa9f-8b881e825c99" acquired by "nova.context.set_target_cell..get_or_set_cached_cell_and_set_connections" :: waited 0.000s {{(pid=96405) inner /opt/stack/data/venv/lib/python3.12/site-packages/oslo_concurrency/lockutils.py:524}}
Jul 10 04:21:37.089015 np0000004952 nova-scheduler[96405]: DEBUG oslo_concurrency.lockutils [None req-d8a1e518-bf93-4a1b-b1f0-694c7bdcd1f4 tempest-ServerBootFromVolumeStableRescueTest-99028934 tempest-ServerBootFromVolumeStableRescueTest-99028934-project-member] Lock "ad0d4287-3d2e-4337-aa9f-8b881e825c99" "released" by "nova.context.set_target_cell..get_or_set_cached_cell_and_set_connections" :: held 0.002s {{(pid=96405) inner /opt/stack/data/venv/lib/python3.12/site-packages/oslo_concurrency/lockutils.py:543}}
Jul 10 04:21:37.090892 np0000004952 nova-scheduler[96405]: INFO dbcounter [None req-d8a1e518-bf93-4a1b-b1f0-694c7bdcd1f4 tempest-ServerBootFromVolumeStableRescueTest-99028934 tempest-ServerBootFromVolumeStableRescueTest-99028934-project-member] Registered counter for database nova_cell1
Jul 10 04:21:37.136234 np0000004952 nova-scheduler[96405]: DEBUG oslo_db.sqlalchemy.engines [None req-d8a1e518-bf93-4a1b-b1f0-694c7bdcd1f4 tempest-ServerBootFromVolumeStableRescueTest-99028934 tempest-ServerBootFromVolumeStableRescueTest-99028934-project-member] MySQL server mode set to STRICT_TRANS_TABLES,STRICT_ALL_TABLES,NO_ZERO_IN_DATE,NO_ZERO_DATE,ERROR_FOR_DIVISION_BY_ZERO,TRADITIONAL,NO_ENGINE_SUBSTITUTION {{(pid=96405) _check_effective_sql_mode /opt/stack/data/venv/lib/python3.12/site-packages/oslo_db/sqlalchemy/engines.py:325}}
Jul 10 04:21:37.143387 np0000004952 nova-scheduler[96405]: DEBUG dbcounter [-] [96405] Writer thread running {{(pid=96405) stat_writer /opt/stack/data/venv/lib/python3.12/site-packages/dbcounter.py:102}}
Jul 10 04:21:37.165676 np0000004952 nova-scheduler[96405]: DEBUG oslo_db.sqlalchemy.engines [None req-d8a1e518-bf93-4a1b-b1f0-694c7bdcd1f4 tempest-ServerBootFromVolumeStableRescueTest-99028934 tempest-ServerBootFromVolumeStableRescueTest-99028934-project-member] Parent process 95207 forked (96405) with an open database connection, which is being discarded and recreated. {{(pid=96405) checkout /opt/stack/data/venv/lib/python3.12/site-packages/oslo_db/sqlalchemy/engines.py:402}}
Jul 10 04:21:37.233742 np0000004952 nova-scheduler[96405]: DEBUG dbcounter [-] [96405] Writer thread running {{(pid=96405) stat_writer /opt/stack/data/venv/lib/python3.12/site-packages/dbcounter.py:102}}
Jul 10 04:21:37.238651 np0000004952 nova-scheduler[96405]: DEBUG oslo_concurrency.lockutils [None req-d8a1e518-bf93-4a1b-b1f0-694c7bdcd1f4 tempest-ServerBootFromVolumeStableRescueTest-99028934 tempest-ServerBootFromVolumeStableRescueTest-99028934-project-member] Acquiring lock "ad0d4287-3d2e-4337-aa9f-8b881e825c99" by "nova.context.set_target_cell..get_or_set_cached_cell_and_set_connections" {{(pid=96405) inner /opt/stack/data/venv/lib/python3.12/site-packages/oslo_concurrency/lockutils.py:511}}
Jul 10 04:21:37.239056 np0000004952 nova-scheduler[96405]: DEBUG oslo_concurrency.lockutils [None req-d8a1e518-bf93-4a1b-b1f0-694c7bdcd1f4 tempest-ServerBootFromVolumeStableRescueTest-99028934 tempest-ServerBootFromVolumeStableRescueTest-99028934-project-member] Lock "ad0d4287-3d2e-4337-aa9f-8b881e825c99" acquired by "nova.context.set_target_cell..get_or_set_cached_cell_and_set_connections" :: waited 0.000s {{(pid=96405) inner /opt/stack/data/venv/lib/python3.12/site-packages/oslo_concurrency/lockutils.py:524}}
Jul 10 04:21:37.239304 np0000004952 nova-scheduler[96405]: DEBUG oslo_concurrency.lockutils [None req-d8a1e518-bf93-4a1b-b1f0-694c7bdcd1f4 tempest-ServerBootFromVolumeStableRescueTest-99028934 tempest-ServerBootFromVolumeStableRescueTest-99028934-project-member] Lock "ad0d4287-3d2e-4337-aa9f-8b881e825c99" "released" by "nova.context.set_target_cell..get_or_set_cached_cell_and_set_connections" :: held 0.000s {{(pid=96405) inner /opt/stack/data/venv/lib/python3.12/site-packages/oslo_concurrency/lockutils.py:543}}
Jul 10 04:21:37.245184 np0000004952 nova-scheduler[96405]: DEBUG oslo_concurrency.lockutils [None req-d8a1e518-bf93-4a1b-b1f0-694c7bdcd1f4 tempest-ServerBootFromVolumeStableRescueTest-99028934 tempest-ServerBootFromVolumeStableRescueTest-99028934-project-member] Acquiring lock "np0000004952-np0000004952" by "nova.scheduler.host_manager.HostState.update.._locked_update" {{(pid=96405) inner /opt/stack/data/venv/lib/python3.12/site-packages/oslo_concurrency/lockutils.py:511}}
Jul 10 04:21:37.245184 np0000004952 nova-scheduler[96405]: DEBUG oslo_concurrency.lockutils [None req-d8a1e518-bf93-4a1b-b1f0-694c7bdcd1f4 tempest-ServerBootFromVolumeStableRescueTest-99028934 tempest-ServerBootFromVolumeStableRescueTest-99028934-project-member] Lock "np0000004952-np0000004952" acquired by "nova.scheduler.host_manager.HostState.update.._locked_update" :: waited 0.000s {{(pid=96405) inner /opt/stack/data/venv/lib/python3.12/site-packages/oslo_concurrency/lockutils.py:524}}
