Jul 10 04:19:07.525549 np0000004952 nova-conductor[98839]: DEBUG cotyledon.oslo_config_glue [-] workarounds.skip_reserve_in_use_ironic_nodes = False {{(pid=98839) log_opt_values /opt/stack/data/venv/lib/python3.12/site-packages/oslo_config/cfg.py:3253}}
Jul 10 04:19:07.525549 np0000004952 nova-conductor[98839]: DEBUG cotyledon.oslo_config_glue [-] workarounds.unified_limits_count_pcpu_as_vcpu = False {{(pid=98839) log_opt_values /opt/stack/data/venv/lib/python3.12/site-packages/oslo_config/cfg.py:3253}}
Jul 10 04:19:07.525549 np0000004952 nova-conductor[98839]: DEBUG cotyledon.oslo_config_glue [-] workarounds.wait_for_vif_plugged_event_during_hard_reboot = [] {{(pid=98839) log_opt_values /opt/stack/data/venv/lib/python3.12/site-packages/oslo_config/cfg.py:3253}}
Jul 10 04:19:07.525549 np0000004952 nova-conductor[98839]: DEBUG cotyledon.oslo_config_glue [-] wsgi.api_paste_config = /etc/nova/api-paste.ini {{(pid=98839) log_opt_values /opt/stack/data/venv/lib/python3.12/site-packages/oslo_config/cfg.py:3253}}
Jul 10 04:19:07.525549 np0000004952 nova-conductor[98839]: DEBUG cotyledon.oslo_config_glue [-] wsgi.secure_proxy_ssl_header = None {{(pid=98839) log_opt_values /opt/stack/data/venv/lib/python3.12/site-packages/oslo_config/cfg.py:3253}}
Jul 10 04:19:07.525549 np0000004952 nova-conductor[98839]: DEBUG cotyledon.oslo_config_glue [-] zvm.ca_file = None {{(pid=98839) log_opt_values /opt/stack/data/venv/lib/python3.12/site-packages/oslo_config/cfg.py:3253}}
Jul 10 04:19:07.525549 np0000004952 nova-conductor[98839]: DEBUG cotyledon.oslo_config_glue [-] zvm.cloud_connector_url = None {{(pid=98839) log_opt_values /opt/stack/data/venv/lib/python3.12/site-packages/oslo_config/cfg.py:3253}}
Jul 10 04:19:07.525859 np0000004952 nova-conductor[98839]: DEBUG cotyledon.oslo_config_glue [-] zvm.image_tmp_path = /opt/stack/data/nova/images {{(pid=98839) log_opt_values /opt/stack/data/venv/lib/python3.12/site-packages/oslo_config/cfg.py:3253}}
Jul 10 04:19:07.525859 np0000004952 nova-conductor[98839]: DEBUG cotyledon.oslo_config_glue [-] zvm.reachable_timeout = 300 {{(pid=98839) log_opt_values /opt/stack/data/venv/lib/python3.12/site-packages/oslo_config/cfg.py:3253}}
Jul 10 04:19:07.525859 np0000004952 nova-conductor[98839]: DEBUG cotyledon.oslo_config_glue [-] oslo_versionedobjects.fatal_exception_format_errors = False {{(pid=98839) log_opt_values /opt/stack/data/venv/lib/python3.12/site-packages/oslo_config/cfg.py:3253}}
Jul 10 04:19:07.525859 np0000004952 nova-conductor[98839]: DEBUG cotyledon.oslo_config_glue [-] oslo_middleware.http_basic_auth_user_file = /etc/htpasswd {{(pid=98839) log_opt_values /opt/stack/data/venv/lib/python3.12/site-packages/oslo_config/cfg.py:3253}}
Jul 10 04:19:07.525955 np0000004952 nova-conductor[98833]: INFO dbcounter [None req-614e7b01-e9ce-449e-bc17-45c00aa92564 None None] Registered counter for database nova_cell0
Jul 10 04:19:07.525988 np0000004952 nova-conductor[98839]: DEBUG cotyledon.oslo_config_glue [-] profiler.connection_string = messaging:// {{(pid=98839) log_opt_values /opt/stack/data/venv/lib/python3.12/site-packages/oslo_config/cfg.py:3253}}
Jul 10 04:19:07.525988 np0000004952 nova-conductor[98839]: DEBUG cotyledon.oslo_config_glue [-] profiler.enabled = False {{(pid=98839) log_opt_values /opt/stack/data/venv/lib/python3.12/site-packages/oslo_config/cfg.py:3253}}
Jul 10 04:19:07.525988 np0000004952 nova-conductor[98839]: DEBUG cotyledon.oslo_config_glue [-] profiler.es_doc_type = notification {{(pid=98839) log_opt_values /opt/stack/data/venv/lib/python3.12/site-packages/oslo_config/cfg.py:3253}}
Jul 10 04:19:07.525988 np0000004952 nova-conductor[98839]: DEBUG cotyledon.oslo_config_glue [-] profiler.es_scroll_size = 10000 {{(pid=98839) log_opt_values /opt/stack/data/venv/lib/python3.12/site-packages/oslo_config/cfg.py:3253}}
Jul 10 04:19:07.525988 np0000004952 nova-conductor[98839]: DEBUG cotyledon.oslo_config_glue [-] profiler.es_scroll_time = 2m {{(pid=98839) log_opt_values /opt/stack/data/venv/lib/python3.12/site-packages/oslo_config/cfg.py:3253}}
Jul 10 04:19:07.525988 np0000004952 nova-conductor[98839]: DEBUG cotyledon.oslo_config_glue [-] profiler.filter_error_trace = False {{(pid=98839) log_opt_values /opt/stack/data/venv/lib/python3.12/site-packages/oslo_config/cfg.py:3253}}
Jul 10 04:19:07.525988 np0000004952 nova-conductor[98839]: DEBUG cotyledon.oslo_config_glue [-] profiler.hmac_keys = **** {{(pid=98839) log_opt_values /opt/stack/data/venv/lib/python3.12/site-packages/oslo_config/cfg.py:3253}}
Jul 10 04:19:07.525988 np0000004952 nova-conductor[98839]: DEBUG cotyledon.oslo_config_glue [-] profiler.sentinel_service_name = mymaster {{(pid=98839) log_opt_values /opt/stack/data/venv/lib/python3.12/site-packages/oslo_config/cfg.py:3253}}
Jul 10 04:19:07.525988 np0000004952 nova-conductor[98839]: DEBUG cotyledon.oslo_config_glue [-] profiler.socket_timeout = 0.1 {{(pid=98839) log_opt_values /opt/stack/data/venv/lib/python3.12/site-packages/oslo_config/cfg.py:3253}}
Jul 10 04:19:07.526309 np0000004952 nova-conductor[98839]: DEBUG cotyledon.oslo_config_glue [-] profiler.trace_requests = False {{(pid=98839) log_opt_values /opt/stack/data/venv/lib/python3.12/site-packages/oslo_config/cfg.py:3253}}
Jul 10 04:19:07.526309 np0000004952 nova-conductor[98839]: DEBUG cotyledon.oslo_config_glue [-] profiler.trace_sqlalchemy = False {{(pid=98839) log_opt_values /opt/stack/data/venv/lib/python3.12/site-packages/oslo_config/cfg.py:3253}}
Jul 10 04:19:07.526309 np0000004952 nova-conductor[98839]: DEBUG cotyledon.oslo_config_glue [-] profiler_jaeger.process_tags = {} {{(pid=98839) log_opt_values /opt/stack/data/venv/lib/python3.12/site-packages/oslo_config/cfg.py:3253}}
Jul 10 04:19:07.526309 np0000004952 nova-conductor[98839]: DEBUG cotyledon.oslo_config_glue [-] profiler_jaeger.service_name_prefix = None {{(pid=98839) log_opt_values /opt/stack/data/venv/lib/python3.12/site-packages/oslo_config/cfg.py:3253}}
Jul 10 04:19:07.526309 np0000004952 nova-conductor[98839]: DEBUG cotyledon.oslo_config_glue [-] profiler_otlp.service_name_prefix = None {{(pid=98839) log_opt_values /opt/stack/data/venv/lib/python3.12/site-packages/oslo_config/cfg.py:3253}}
Jul 10 04:19:07.526309 np0000004952 nova-conductor[98839]: DEBUG cotyledon.oslo_config_glue [-] oslo_messaging_rabbit.amqp_auto_delete = False {{(pid=98839) log_opt_values /opt/stack/data/venv/lib/python3.12/site-packages/oslo_config/cfg.py:3253}}
Jul 10 04:19:07.526309 np0000004952 nova-conductor[98839]: DEBUG cotyledon.oslo_config_glue [-] oslo_messaging_rabbit.amqp_durable_queues = False {{(pid=98839) log_opt_values /opt/stack/data/venv/lib/python3.12/site-packages/oslo_config/cfg.py:3253}}
Jul 10 04:19:07.526309 np0000004952 nova-conductor[98839]: DEBUG cotyledon.oslo_config_glue [-] oslo_messaging_rabbit.conn_pool_min_size = 2 {{(pid=98839) log_opt_values /opt/stack/data/venv/lib/python3.12/site-packages/oslo_config/cfg.py:3253}}
Jul 10 04:19:07.526309 np0000004952 nova-conductor[98839]: DEBUG cotyledon.oslo_config_glue [-] oslo_messaging_rabbit.conn_pool_ttl = 1200 {{(pid=98839) log_opt_values /opt/stack/data/venv/lib/python3.12/site-packages/oslo_config/cfg.py:3253}}
Jul 10 04:19:07.526643 np0000004952 nova-conductor[98839]: DEBUG cotyledon.oslo_config_glue [-] oslo_messaging_rabbit.direct_mandatory_flag = True {{(pid=98839) log_opt_values /opt/stack/data/venv/lib/python3.12/site-packages/oslo_config/cfg.py:3253}}
Jul 10 04:19:07.526643 np0000004952 nova-conductor[98839]: DEBUG cotyledon.oslo_config_glue [-] oslo_messaging_rabbit.enable_cancel_on_failover = False {{(pid=98839) log_opt_values /opt/stack/data/venv/lib/python3.12/site-packages/oslo_config/cfg.py:3253}}
Jul 10 04:19:07.526643 np0000004952 nova-conductor[98839]: DEBUG cotyledon.oslo_config_glue [-] oslo_messaging_rabbit.heartbeat_rate = 3 {{(pid=98839) log_opt_values /opt/stack/data/venv/lib/python3.12/site-packages/oslo_config/cfg.py:3253}}
Jul 10 04:19:07.526643 np0000004952 nova-conductor[98839]: DEBUG cotyledon.oslo_config_glue [-] oslo_messaging_rabbit.heartbeat_timeout_threshold = 60 {{(pid=98839) log_opt_values /opt/stack/data/venv/lib/python3.12/site-packages/oslo_config/cfg.py:3253}}
Jul 10 04:19:07.526643 np0000004952 nova-conductor[98839]: DEBUG cotyledon.oslo_config_glue [-] oslo_messaging_rabbit.hostname = np0000004952 {{(pid=98839) log_opt_values /opt/stack/data/venv/lib/python3.12/site-packages/oslo_config/cfg.py:3253}}
Jul 10 04:19:07.526643 np0000004952 nova-conductor[98839]: DEBUG cotyledon.oslo_config_glue [-] oslo_messaging_rabbit.kombu_compression = None {{(pid=98839) log_opt_values /opt/stack/data/venv/lib/python3.12/site-packages/oslo_config/cfg.py:3253}}
Jul 10 04:19:07.526643 np0000004952 nova-conductor[98839]: DEBUG cotyledon.oslo_config_glue [-] oslo_messaging_rabbit.kombu_failover_strategy = round-robin {{(pid=98839) log_opt_values /opt/stack/data/venv/lib/python3.12/site-packages/oslo_config/cfg.py:3253}}
Jul 10 04:19:07.526643 np0000004952 nova-conductor[98839]: DEBUG cotyledon.oslo_config_glue [-] oslo_messaging_rabbit.kombu_missing_consumer_retry_timeout = 60 {{(pid=98839) log_opt_values /opt/stack/data/venv/lib/python3.12/site-packages/oslo_config/cfg.py:3253}}
Jul 10 04:19:07.526643 np0000004952 nova-conductor[98839]: DEBUG cotyledon.oslo_config_glue [-] oslo_messaging_rabbit.kombu_reconnect_delay = 1.0 {{(pid=98839) log_opt_values /opt/stack/data/venv/lib/python3.12/site-packages/oslo_config/cfg.py:3253}}
Jul 10 04:19:07.526930 np0000004952 nova-conductor[98839]: DEBUG cotyledon.oslo_config_glue [-] oslo_messaging_rabbit.kombu_reconnect_splay = 0.0 {{(pid=98839) log_opt_values /opt/stack/data/venv/lib/python3.12/site-packages/oslo_config/cfg.py:3253}}
Jul 10 04:19:07.526930 np0000004952 nova-conductor[98839]: DEBUG cotyledon.oslo_config_glue [-] oslo_messaging_rabbit.processname = nova-conductor {{(pid=98839) log_opt_values /opt/stack/data/venv/lib/python3.12/site-packages/oslo_config/cfg.py:3253}}
Jul 10 04:19:07.526930 np0000004952 nova-conductor[98839]: DEBUG cotyledon.oslo_config_glue [-] oslo_messaging_rabbit.rabbit_ha_queues = False {{(pid=98839) log_opt_values /opt/stack/data/venv/lib/python3.12/site-packages/oslo_config/cfg.py:3253}}
Jul 10 04:19:07.526930 np0000004952 nova-conductor[98839]: DEBUG cotyledon.oslo_config_glue [-] oslo_messaging_rabbit.rabbit_interval_max = 30 {{(pid=98839) log_opt_values /opt/stack/data/venv/lib/python3.12/site-packages/oslo_config/cfg.py:3253}}
Jul 10 04:19:07.526930 np0000004952 nova-conductor[98839]: DEBUG cotyledon.oslo_config_glue [-] oslo_messaging_rabbit.rabbit_login_method = AMQPLAIN {{(pid=98839) log_opt_values /opt/stack/data/venv/lib/python3.12/site-packages/oslo_config/cfg.py:3253}}
Jul 10 04:19:07.526930 np0000004952 nova-conductor[98839]: DEBUG cotyledon.oslo_config_glue [-] oslo_messaging_rabbit.rabbit_qos_prefetch_count = 0 {{(pid=98839) log_opt_values /opt/stack/data/venv/lib/python3.12/site-packages/oslo_config/cfg.py:3253}}
Jul 10 04:19:07.526930 np0000004952 nova-conductor[98839]: DEBUG cotyledon.oslo_config_glue [-] oslo_messaging_rabbit.rabbit_quorum_delivery_limit = 0 {{(pid=98839) log_opt_values /opt/stack/data/venv/lib/python3.12/site-packages/oslo_config/cfg.py:3253}}
Jul 10 04:19:07.526930 np0000004952 nova-conductor[98839]: DEBUG cotyledon.oslo_config_glue [-] oslo_messaging_rabbit.rabbit_quorum_max_memory_bytes = 0 {{(pid=98839) log_opt_values /opt/stack/data/venv/lib/python3.12/site-packages/oslo_config/cfg.py:3253}}
Jul 10 04:19:07.526930 np0000004952 nova-conductor[98839]: DEBUG cotyledon.oslo_config_glue [-] oslo_messaging_rabbit.rabbit_quorum_max_memory_length = 0 {{(pid=98839) log_opt_values /opt/stack/data/venv/lib/python3.12/site-packages/oslo_config/cfg.py:3253}}
Jul 10 04:19:07.527229 np0000004952 nova-conductor[98839]: DEBUG cotyledon.oslo_config_glue [-] oslo_messaging_rabbit.rabbit_quorum_queue = False {{(pid=98839) log_opt_values /opt/stack/data/venv/lib/python3.12/site-packages/oslo_config/cfg.py:3253}}
Jul 10 04:19:07.527229 np0000004952 nova-conductor[98839]: DEBUG cotyledon.oslo_config_glue [-] oslo_messaging_rabbit.rabbit_retry_backoff = 2 {{(pid=98839) log_opt_values /opt/stack/data/venv/lib/python3.12/site-packages/oslo_config/cfg.py:3253}}
Jul 10 04:19:07.527229 np0000004952 nova-conductor[98839]: DEBUG cotyledon.oslo_config_glue [-] oslo_messaging_rabbit.rabbit_retry_interval = 1 {{(pid=98839) log_opt_values /opt/stack/data/venv/lib/python3.12/site-packages/oslo_config/cfg.py:3253}}
Jul 10 04:19:07.527229 np0000004952 nova-conductor[98839]: DEBUG cotyledon.oslo_config_glue [-] oslo_messaging_rabbit.rabbit_stream_fanout = False {{(pid=98839) log_opt_values /opt/stack/data/venv/lib/python3.12/site-packages/oslo_config/cfg.py:3253}}
Jul 10 04:19:07.527229 np0000004952 nova-conductor[98839]: DEBUG cotyledon.oslo_config_glue [-] oslo_messaging_rabbit.rabbit_transient_queues_ttl = 1800 {{(pid=98839) log_opt_values /opt/stack/data/venv/lib/python3.12/site-packages/oslo_config/cfg.py:3253}}
Jul 10 04:19:07.527229 np0000004952 nova-conductor[98839]: DEBUG cotyledon.oslo_config_glue [-] oslo_messaging_rabbit.rabbit_transient_quorum_queue = False {{(pid=98839) log_opt_values /opt/stack/data/venv/lib/python3.12/site-packages/oslo_config/cfg.py:3253}}
Jul 10 04:19:07.527229 np0000004952 nova-conductor[98839]: DEBUG cotyledon.oslo_config_glue [-] oslo_messaging_rabbit.rpc_conn_pool_size = 30 {{(pid=98839) log_opt_values /opt/stack/data/venv/lib/python3.12/site-packages/oslo_config/cfg.py:3253}}
Jul 10 04:19:07.527229 np0000004952 nova-conductor[98839]: DEBUG cotyledon.oslo_config_glue [-] oslo_messaging_rabbit.ssl = False {{(pid=98839) log_opt_values /opt/stack/data/venv/lib/python3.12/site-packages/oslo_config/cfg.py:3253}}
Jul 10 04:19:07.527229 np0000004952 nova-conductor[98839]: DEBUG cotyledon.oslo_config_glue [-] oslo_messaging_rabbit.ssl_ca_file = {{(pid=98839) log_opt_values /opt/stack/data/venv/lib/python3.12/site-packages/oslo_config/cfg.py:3253}}
Jul 10 04:19:07.527533 np0000004952 nova-conductor[98839]: DEBUG cotyledon.oslo_config_glue [-] oslo_messaging_rabbit.ssl_cert_file = {{(pid=98839) log_opt_values /opt/stack/data/venv/lib/python3.12/site-packages/oslo_config/cfg.py:3253}}
Jul 10 04:19:07.527533 np0000004952 nova-conductor[98839]: DEBUG cotyledon.oslo_config_glue [-] oslo_messaging_rabbit.ssl_enforce_fips_mode = False {{(pid=98839) log_opt_values /opt/stack/data/venv/lib/python3.12/site-packages/oslo_config/cfg.py:3253}}
Jul 10 04:19:07.527533 np0000004952 nova-conductor[98839]: DEBUG cotyledon.oslo_config_glue [-] oslo_messaging_rabbit.ssl_enforce_hostname_verification = True {{(pid=98839) log_opt_values /opt/stack/data/venv/lib/python3.12/site-packages/oslo_config/cfg.py:3253}}
Jul 10 04:19:07.527533 np0000004952 nova-conductor[98839]: DEBUG cotyledon.oslo_config_glue [-] oslo_messaging_rabbit.ssl_key_file = {{(pid=98839) log_opt_values /opt/stack/data/venv/lib/python3.12/site-packages/oslo_config/cfg.py:3253}}
Jul 10 04:19:07.527533 np0000004952 nova-conductor[98839]: DEBUG cotyledon.oslo_config_glue [-] oslo_messaging_rabbit.ssl_version = {{(pid=98839) log_opt_values /opt/stack/data/venv/lib/python3.12/site-packages/oslo_config/cfg.py:3253}}
Jul 10 04:19:07.527533 np0000004952 nova-conductor[98839]: DEBUG cotyledon.oslo_config_glue [-] oslo_messaging_rabbit.use_queue_manager = False {{(pid=98839) log_opt_values /opt/stack/data/venv/lib/python3.12/site-packages/oslo_config/cfg.py:3253}}
Jul 10 04:19:07.527533 np0000004952 nova-conductor[98839]: DEBUG cotyledon.oslo_config_glue [-] oslo_messaging_notifications.driver = ['messagingv2'] {{(pid=98839) log_opt_values /opt/stack/data/venv/lib/python3.12/site-packages/oslo_config/cfg.py:3253}}
Jul 10 04:19:07.527533 np0000004952 nova-conductor[98839]: DEBUG cotyledon.oslo_config_glue [-] oslo_messaging_notifications.retry = -1 {{(pid=98839) log_opt_values /opt/stack/data/venv/lib/python3.12/site-packages/oslo_config/cfg.py:3253}}
Jul 10 04:19:07.527533 np0000004952 nova-conductor[98839]: DEBUG cotyledon.oslo_config_glue [-] oslo_messaging_notifications.topics = ['notifications'] {{(pid=98839) log_opt_values /opt/stack/data/venv/lib/python3.12/site-packages/oslo_config/cfg.py:3253}}
Jul 10 04:19:07.527865 np0000004952 nova-conductor[98839]: DEBUG cotyledon.oslo_config_glue [-] oslo_messaging_notifications.transport_url = **** {{(pid=98839) log_opt_values /opt/stack/data/venv/lib/python3.12/site-packages/oslo_config/cfg.py:3253}}
Jul 10 04:19:07.527865 np0000004952 nova-conductor[98839]: DEBUG cotyledon.oslo_config_glue [-] oslo_limit.auth_section = None {{(pid=98839) log_opt_values /opt/stack/data/venv/lib/python3.12/site-packages/oslo_config/cfg.py:3253}}
Jul 10 04:19:07.527865 np0000004952 nova-conductor[98839]: DEBUG cotyledon.oslo_config_glue [-] oslo_limit.auth_type = None {{(pid=98839) log_opt_values /opt/stack/data/venv/lib/python3.12/site-packages/oslo_config/cfg.py:3253}}
Jul 10 04:19:07.527865 np0000004952 nova-conductor[98839]: DEBUG cotyledon.oslo_config_glue [-] oslo_limit.cafile = None {{(pid=98839) log_opt_values /opt/stack/data/venv/lib/python3.12/site-packages/oslo_config/cfg.py:3253}}
Jul 10 04:19:07.527865 np0000004952 nova-conductor[98839]: DEBUG cotyledon.oslo_config_glue [-] oslo_limit.certfile = None {{(pid=98839) log_opt_values /opt/stack/data/venv/lib/python3.12/site-packages/oslo_config/cfg.py:3253}}
Jul 10 04:19:07.527865 np0000004952 nova-conductor[98839]: DEBUG cotyledon.oslo_config_glue [-] oslo_limit.collect_timing = False {{(pid=98839) log_opt_values /opt/stack/data/venv/lib/python3.12/site-packages/oslo_config/cfg.py:3253}}
Jul 10 04:19:07.527865 np0000004952 nova-conductor[98839]: DEBUG cotyledon.oslo_config_glue [-] oslo_limit.connect_retries = None {{(pid=98839) log_opt_values /opt/stack/data/venv/lib/python3.12/site-packages/oslo_config/cfg.py:3253}}
Jul 10 04:19:07.527865 np0000004952 nova-conductor[98839]: DEBUG cotyledon.oslo_config_glue [-] oslo_limit.connect_retry_delay = None {{(pid=98839) log_opt_values /opt/stack/data/venv/lib/python3.12/site-packages/oslo_config/cfg.py:3253}}
Jul 10 04:19:07.527865 np0000004952 nova-conductor[98839]: DEBUG cotyledon.oslo_config_glue [-] oslo_limit.endpoint_id = None {{(pid=98839) log_opt_values /opt/stack/data/venv/lib/python3.12/site-packages/oslo_config/cfg.py:3253}}
Jul 10 04:19:07.528289 np0000004952 nova-conductor[98839]: DEBUG cotyledon.oslo_config_glue [-] oslo_limit.endpoint_interface = public {{(pid=98839) log_opt_values /opt/stack/data/venv/lib/python3.12/site-packages/oslo_config/cfg.py:3253}}
Jul 10 04:19:07.528289 np0000004952 nova-conductor[98839]: DEBUG cotyledon.oslo_config_glue [-] oslo_limit.endpoint_override = None {{(pid=98839) log_opt_values /opt/stack/data/venv/lib/python3.12/site-packages/oslo_config/cfg.py:3253}}
Jul 10 04:19:07.528289 np0000004952 nova-conductor[98839]: DEBUG cotyledon.oslo_config_glue [-] oslo_limit.endpoint_region_name = None {{(pid=98839) log_opt_values /opt/stack/data/venv/lib/python3.12/site-packages/oslo_config/cfg.py:3253}}
Jul 10 04:19:07.528289 np0000004952 nova-conductor[98839]: DEBUG cotyledon.oslo_config_glue [-] oslo_limit.endpoint_service_name = None {{(pid=98839) log_opt_values /opt/stack/data/venv/lib/python3.12/site-packages/oslo_config/cfg.py:3253}}
Jul 10 04:19:07.528289 np0000004952 nova-conductor[98839]: DEBUG cotyledon.oslo_config_glue [-] oslo_limit.endpoint_service_type = None {{(pid=98839) log_opt_values /opt/stack/data/venv/lib/python3.12/site-packages/oslo_config/cfg.py:3253}}
Jul 10 04:19:07.528289 np0000004952 nova-conductor[98839]: DEBUG cotyledon.oslo_config_glue [-] oslo_limit.insecure = False {{(pid=98839) log_opt_values /opt/stack/data/venv/lib/python3.12/site-packages/oslo_config/cfg.py:3253}}
Jul 10 04:19:07.528289 np0000004952 nova-conductor[98839]: DEBUG cotyledon.oslo_config_glue [-] oslo_limit.keyfile = None {{(pid=98839) log_opt_values /opt/stack/data/venv/lib/python3.12/site-packages/oslo_config/cfg.py:3253}}
Jul 10 04:19:07.528289 np0000004952 nova-conductor[98839]: DEBUG cotyledon.oslo_config_glue [-] oslo_limit.max_version = None {{(pid=98839) log_opt_values /opt/stack/data/venv/lib/python3.12/site-packages/oslo_config/cfg.py:3253}}
Jul 10 04:19:07.528289 np0000004952 nova-conductor[98839]: DEBUG cotyledon.oslo_config_glue [-] oslo_limit.min_version = None {{(pid=98839) log_opt_values /opt/stack/data/venv/lib/python3.12/site-packages/oslo_config/cfg.py:3253}}
Jul 10 04:19:07.528626 np0000004952 nova-conductor[98839]: DEBUG cotyledon.oslo_config_glue [-] oslo_limit.region_name = None {{(pid=98839) log_opt_values /opt/stack/data/venv/lib/python3.12/site-packages/oslo_config/cfg.py:3253}}
Jul 10 04:19:07.528626 np0000004952 nova-conductor[98839]: DEBUG cotyledon.oslo_config_glue [-] oslo_limit.retriable_status_codes = None {{(pid=98839) log_opt_values /opt/stack/data/venv/lib/python3.12/site-packages/oslo_config/cfg.py:3253}}
Jul 10 04:19:07.528626 np0000004952 nova-conductor[98839]: DEBUG cotyledon.oslo_config_glue [-] oslo_limit.service_name = None {{(pid=98839) log_opt_values /opt/stack/data/venv/lib/python3.12/site-packages/oslo_config/cfg.py:3253}}
Jul 10 04:19:07.528626 np0000004952 nova-conductor[98839]: DEBUG cotyledon.oslo_config_glue [-] oslo_limit.service_type = None {{(pid=98839) log_opt_values /opt/stack/data/venv/lib/python3.12/site-packages/oslo_config/cfg.py:3253}}
Jul 10 04:19:07.528626 np0000004952 nova-conductor[98839]: DEBUG cotyledon.oslo_config_glue [-] oslo_limit.split_loggers = False {{(pid=98839) log_opt_values /opt/stack/data/venv/lib/python3.12/site-packages/oslo_config/cfg.py:3253}}
Jul 10 04:19:07.528626 np0000004952 nova-conductor[98839]: DEBUG cotyledon.oslo_config_glue [-] oslo_limit.status_code_retries = None {{(pid=98839) log_opt_values /opt/stack/data/venv/lib/python3.12/site-packages/oslo_config/cfg.py:3253}}
Jul 10 04:19:07.528626 np0000004952 nova-conductor[98839]: DEBUG cotyledon.oslo_config_glue [-] oslo_limit.status_code_retry_delay = None {{(pid=98839) log_opt_values /opt/stack/data/venv/lib/python3.12/site-packages/oslo_config/cfg.py:3253}}
Jul 10 04:19:07.528626 np0000004952 nova-conductor[98839]: DEBUG cotyledon.oslo_config_glue [-] oslo_limit.timeout = None {{(pid=98839) log_opt_values /opt/stack/data/venv/lib/python3.12/site-packages/oslo_config/cfg.py:3253}}
Jul 10 04:19:07.528626 np0000004952 nova-conductor[98839]: DEBUG cotyledon.oslo_config_glue [-] oslo_limit.valid_interfaces = None {{(pid=98839) log_opt_values /opt/stack/data/venv/lib/python3.12/site-packages/oslo_config/cfg.py:3253}}
Jul 10 04:19:07.528933 np0000004952 nova-conductor[98839]: DEBUG cotyledon.oslo_config_glue [-] oslo_limit.version = None {{(pid=98839) log_opt_values /opt/stack/data/venv/lib/python3.12/site-packages/oslo_config/cfg.py:3253}}
Jul 10 04:19:07.528933 np0000004952 nova-conductor[98839]: DEBUG cotyledon.oslo_config_glue [-] oslo_reports.file_event_handler = None {{(pid=98839) log_opt_values /opt/stack/data/venv/lib/python3.12/site-packages/oslo_config/cfg.py:3253}}
Jul 10 04:19:07.528933 np0000004952 nova-conductor[98839]: DEBUG cotyledon.oslo_config_glue [-] oslo_reports.file_event_handler_interval = 1 {{(pid=98839) log_opt_values /opt/stack/data/venv/lib/python3.12/site-packages/oslo_config/cfg.py:3253}}
Jul 10 04:19:07.528933 np0000004952 nova-conductor[98839]: DEBUG cotyledon.oslo_config_glue [-] oslo_reports.log_dir = None {{(pid=98839) log_opt_values /opt/stack/data/venv/lib/python3.12/site-packages/oslo_config/cfg.py:3253}}
Jul 10 04:19:07.528933 np0000004952 nova-conductor[98839]: DEBUG cotyledon.oslo_config_glue [-] ******************************************************************************** {{(pid=98839) log_opt_values /opt/stack/data/venv/lib/python3.12/site-packages/oslo_config/cfg.py:3260}}
Jul 10 04:19:07.528933 np0000004952 nova-conductor[98839]: DEBUG cotyledon._service_worker [-] Run service ServiceWrapper(3) [98839] {{(pid=98839) wait_forever /opt/stack/data/venv/lib/python3.12/site-packages/cotyledon/_service_worker.py:218}}
Jul 10 04:19:07.528933 np0000004952 nova-conductor[98839]: INFO nova.service [-] Starting conductor node (version 33.1.0)
Jul 10 04:19:07.528933 np0000004952 nova-conductor[98839]: INFO dbcounter [None req-07099323-c5f8-46e6-8e1a-aee6fe7ebdf5 None None] Registered counter for database nova_cell0
Jul 10 04:19:07.529240 np0000004952 nova-conductor[98808]: DEBUG oslo_db.sqlalchemy.engines [None req-af07410f-4c48-4479-bdf8-c9a79e47f5ec None None] MySQL server mode set to STRICT_TRANS_TABLES,STRICT_ALL_TABLES,NO_ZERO_IN_DATE,NO_ZERO_DATE,ERROR_FOR_DIVISION_BY_ZERO,TRADITIONAL,NO_ENGINE_SUBSTITUTION {{(pid=98808) _check_effective_sql_mode /opt/stack/data/venv/lib/python3.12/site-packages/oslo_db/sqlalchemy/engines.py:325}}
Jul 10 04:19:07.529240 np0000004952 nova-conductor[98808]: DEBUG dbcounter [-] [98808] Writer thread running {{(pid=98808) stat_writer /opt/stack/data/venv/lib/python3.12/site-packages/dbcounter.py:102}}
Jul 10 04:19:07.529351 np0000004952 nova-conductor[98823]: DEBUG oslo_db.sqlalchemy.engines [None req-351230c6-948c-47a6-a307-1865e2cd2f75 None None] MySQL server mode set to STRICT_TRANS_TABLES,STRICT_ALL_TABLES,NO_ZERO_IN_DATE,NO_ZERO_DATE,ERROR_FOR_DIVISION_BY_ZERO,TRADITIONAL,NO_ENGINE_SUBSTITUTION {{(pid=98823) _check_effective_sql_mode /opt/stack/data/venv/lib/python3.12/site-packages/oslo_db/sqlalchemy/engines.py:325}}
Jul 10 04:19:07.529351 np0000004952 nova-conductor[98823]: DEBUG dbcounter [-] [98823] Writer thread running {{(pid=98823) stat_writer /opt/stack/data/venv/lib/python3.12/site-packages/dbcounter.py:102}}
Jul 10 04:19:07.529444 np0000004952 nova-conductor[98833]: DEBUG oslo_db.sqlalchemy.engines [None req-614e7b01-e9ce-449e-bc17-45c00aa92564 None None] MySQL server mode set to STRICT_TRANS_TABLES,STRICT_ALL_TABLES,NO_ZERO_IN_DATE,NO_ZERO_DATE,ERROR_FOR_DIVISION_BY_ZERO,TRADITIONAL,NO_ENGINE_SUBSTITUTION {{(pid=98833) _check_effective_sql_mode /opt/stack/data/venv/lib/python3.12/site-packages/oslo_db/sqlalchemy/engines.py:325}}
Jul 10 04:19:07.529495 np0000004952 nova-conductor[98808]: DEBUG nova.service [None req-af07410f-4c48-4479-bdf8-c9a79e47f5ec None None] Creating RPC server for service: nova-conductor on topic: conductor {{(pid=98808) start /opt/stack/nova/nova/service.py:196}}
Jul 10 04:19:07.529540 np0000004952 nova-conductor[98823]: DEBUG nova.service [None req-351230c6-948c-47a6-a307-1865e2cd2f75 None None] Creating RPC server for service: nova-conductor on topic: conductor {{(pid=98823) start /opt/stack/nova/nova/service.py:196}}
Jul 10 04:19:07.537407 np0000004952 nova-conductor[98839]: DEBUG oslo_db.sqlalchemy.engines [None req-07099323-c5f8-46e6-8e1a-aee6fe7ebdf5 None None] MySQL server mode set to STRICT_TRANS_TABLES,STRICT_ALL_TABLES,NO_ZERO_IN_DATE,NO_ZERO_DATE,ERROR_FOR_DIVISION_BY_ZERO,TRADITIONAL,NO_ENGINE_SUBSTITUTION {{(pid=98839) _check_effective_sql_mode /opt/stack/data/venv/lib/python3.12/site-packages/oslo_db/sqlalchemy/engines.py:325}}
Jul 10 04:19:07.537566 np0000004952 nova-conductor[98833]: DEBUG dbcounter [-] [98833] Writer thread running {{(pid=98833) stat_writer /opt/stack/data/venv/lib/python3.12/site-packages/dbcounter.py:102}}
Jul 10 04:19:07.542022 np0000004952 nova-conductor[98833]: DEBUG nova.service [None req-614e7b01-e9ce-449e-bc17-45c00aa92564 None None] Creating RPC server for service: nova-conductor on topic: conductor {{(pid=98833) start /opt/stack/nova/nova/service.py:196}}
Jul 10 04:19:07.552741 np0000004952 nova-conductor[98839]: DEBUG dbcounter [-] [98839] Writer thread running {{(pid=98839) stat_writer /opt/stack/data/venv/lib/python3.12/site-packages/dbcounter.py:102}}
Jul 10 04:19:07.558299 np0000004952 nova-conductor[98839]: DEBUG nova.service [None req-07099323-c5f8-46e6-8e1a-aee6fe7ebdf5 None None] Creating RPC server for service: nova-conductor on topic: conductor {{(pid=98839) start /opt/stack/nova/nova/service.py:196}}
Jul 10 04:19:07.567354 np0000004952 nova-conductor[98823]: DEBUG nova.service [None req-351230c6-948c-47a6-a307-1865e2cd2f75 None None] Join ServiceGroup membership for this service conductor {{(pid=98823) start /opt/stack/nova/nova/service.py:222}}
Jul 10 04:19:07.567502 np0000004952 nova-conductor[98823]: DEBUG nova.servicegroup.drivers.db [None req-351230c6-948c-47a6-a307-1865e2cd2f75 None None] DB_Driver: join new ServiceGroup member np0000004952 to the conductor group, service = {{(pid=98823) join /opt/stack/nova/nova/servicegroup/drivers/db.py:44}}
Jul 10 04:19:07.567583 np0000004952 nova-conductor[98833]: DEBUG nova.service [None req-614e7b01-e9ce-449e-bc17-45c00aa92564 None None] Join ServiceGroup membership for this service conductor {{(pid=98833) start /opt/stack/nova/nova/service.py:222}}
Jul 10 04:19:07.567872 np0000004952 nova-conductor[98833]: DEBUG nova.servicegroup.drivers.db [None req-614e7b01-e9ce-449e-bc17-45c00aa92564 None None] DB_Driver: join new ServiceGroup member np0000004952 to the conductor group, service = {{(pid=98833) join /opt/stack/nova/nova/servicegroup/drivers/db.py:44}}
Jul 10 04:19:07.572201 np0000004952 nova-conductor[98808]: DEBUG nova.service [None req-af07410f-4c48-4479-bdf8-c9a79e47f5ec None None] Join ServiceGroup membership for this service conductor {{(pid=98808) start /opt/stack/nova/nova/service.py:222}}
Jul 10 04:19:07.572613 np0000004952 nova-conductor[98808]: DEBUG nova.servicegroup.drivers.db [None req-af07410f-4c48-4479-bdf8-c9a79e47f5ec None None] DB_Driver: join new ServiceGroup member np0000004952 to the conductor group, service = {{(pid=98808) join /opt/stack/nova/nova/servicegroup/drivers/db.py:44}}
Jul 10 04:19:07.585338 np0000004952 nova-conductor[98839]: DEBUG nova.service [None req-07099323-c5f8-46e6-8e1a-aee6fe7ebdf5 None None] Join ServiceGroup membership for this service conductor {{(pid=98839) start /opt/stack/nova/nova/service.py:222}}
Jul 10 04:19:07.585858 np0000004952 nova-conductor[98839]: DEBUG nova.servicegroup.drivers.db [None req-07099323-c5f8-46e6-8e1a-aee6fe7ebdf5 None None] DB_Driver: join new ServiceGroup member np0000004952 to the conductor group, service = {{(pid=98839) join /opt/stack/nova/nova/servicegroup/drivers/db.py:44}}
Jul 10 04:19:12.588722 np0000004952 nova-conductor[98833]: DEBUG oslo.service.backend._threading.loopingcall [-] Fixed interval looping call 'nova.servicegroup.drivers.db.DbDriver._report_state' sleeping for 119.98 seconds {{(pid=98833) _run_loop /opt/stack/data/venv/lib/python3.12/site-packages/oslo_service/backend/_threading/loopingcall.py:125}}
Jul 10 04:19:12.589204 np0000004952 nova-conductor[98823]: DEBUG oslo.service.backend._threading.loopingcall [-] Fixed interval looping call 'nova.servicegroup.drivers.db.DbDriver._report_state' sleeping for 119.98 seconds {{(pid=98823) _run_loop /opt/stack/data/venv/lib/python3.12/site-packages/oslo_service/backend/_threading/loopingcall.py:125}}
Jul 10 04:19:12.589986 np0000004952 nova-conductor[98808]: DEBUG oslo.service.backend._threading.loopingcall [-] Fixed interval looping call 'nova.servicegroup.drivers.db.DbDriver._report_state' sleeping for 119.98 seconds {{(pid=98808) _run_loop /opt/stack/data/venv/lib/python3.12/site-packages/oslo_service/backend/_threading/loopingcall.py:125}}
Jul 10 04:19:12.599406 np0000004952 nova-conductor[98839]: DEBUG oslo.service.backend._threading.loopingcall [-] Fixed interval looping call 'nova.servicegroup.drivers.db.DbDriver._report_state' sleeping for 119.99 seconds {{(pid=98839) _run_loop /opt/stack/data/venv/lib/python3.12/site-packages/oslo_service/backend/_threading/loopingcall.py:125}}
Jul 10 04:19:16.060019 np0000004952 nova-conductor[97348]: DEBUG dbcounter [-] [97348] Writing DB stats nova_api:SELECT=1 {{(pid=97348) stat_writer /opt/stack/data/venv/lib/python3.12/site-packages/dbcounter.py:115}}
Jul 10 04:19:16.196771 np0000004952 nova-conductor[97348]: DEBUG dbcounter [-] [97348] Writing DB stats nova_cell0:SELECT=1 {{(pid=97348) stat_writer /opt/stack/data/venv/lib/python3.12/site-packages/dbcounter.py:115}}
Jul 10 04:19:16.200492 np0000004952 nova-conductor[97348]: DEBUG dbcounter [-] [97348] Writing DB stats nova_cell1:SELECT=1 {{(pid=97348) stat_writer /opt/stack/data/venv/lib/python3.12/site-packages/dbcounter.py:115}}
Jul 10 04:19:17.571253 np0000004952 nova-conductor[98833]: DEBUG oslo.service.backend._threading.loopingcall [None req-59a10480-e4bc-40ac-ba44-d6e9520cda59 None None] Dynamic interval looping call 'nova.service.Service.periodic_tasks' sleeping for 60.00 seconds {{(pid=98833) _run_loop /opt/stack/data/venv/lib/python3.12/site-packages/oslo_service/backend/_threading/loopingcall.py:125}}
Jul 10 04:19:22.582740 np0000004952 nova-conductor[98833]: DEBUG dbcounter [-] [98833] Writing DB stats nova_cell0:SELECT=3,nova_cell0:UPDATE=1 {{(pid=98833) stat_writer /opt/stack/data/venv/lib/python3.12/site-packages/dbcounter.py:115}}
Jul 10 04:19:22.585453 np0000004952 nova-conductor[98808]: DEBUG dbcounter [-] [98808] Writing DB stats nova_cell0:SELECT=4,nova_cell0:INSERT=1,nova_cell0:UPDATE=1 {{(pid=98808) stat_writer /opt/stack/data/venv/lib/python3.12/site-packages/dbcounter.py:115}}
Jul 10 04:19:22.586489 np0000004952 nova-conductor[98823]: DEBUG dbcounter [-] [98823] Writing DB stats nova_cell0:SELECT=3,nova_cell0:UPDATE=1 {{(pid=98823) stat_writer /opt/stack/data/venv/lib/python3.12/site-packages/dbcounter.py:115}}
Jul 10 04:19:22.597501 np0000004952 nova-conductor[98839]: DEBUG dbcounter [-] [98839] Writing DB stats nova_cell0:SELECT=3 {{(pid=98839) stat_writer /opt/stack/data/venv/lib/python3.12/site-packages/dbcounter.py:115}}
Jul 10 04:19:33.588053 np0000004952 nova-conductor[98839]: DEBUG oslo.service.backend._threading.loopingcall [None req-9407fd45-bb3e-4c85-a4a2-7c588c206e9c None None] Dynamic interval looping call 'nova.service.Service.periodic_tasks' sleeping for 60.00 seconds {{(pid=98839) _run_loop /opt/stack/data/venv/lib/python3.12/site-packages/oslo_service/backend/_threading/loopingcall.py:125}}
Jul 10 04:19:34.570511 np0000004952 nova-conductor[98823]: DEBUG oslo.service.backend._threading.loopingcall [None req-066dd67c-1b84-481e-bfc7-bf1b7815f016 None None] Dynamic interval looping call 'nova.service.Service.periodic_tasks' sleeping for 60.00 seconds {{(pid=98823) _run_loop /opt/stack/data/venv/lib/python3.12/site-packages/oslo_service/backend/_threading/loopingcall.py:125}}
Jul 10 04:19:58.574962 np0000004952 nova-conductor[98808]: DEBUG oslo.service.backend._threading.loopingcall [None req-1c288bac-fbfa-4d2b-aa7a-e32f0eb47082 None None] Dynamic interval looping call 'nova.service.Service.periodic_tasks' sleeping for 60.00 seconds {{(pid=98808) _run_loop /opt/stack/data/venv/lib/python3.12/site-packages/oslo_service/backend/_threading/loopingcall.py:125}}
Jul 10 04:20:17.571687 np0000004952 nova-conductor[98833]: DEBUG oslo.service.backend._threading.loopingcall [None req-59a10480-e4bc-40ac-ba44-d6e9520cda59 None None] Dynamic interval looping call 'nova.service.Service.periodic_tasks' sleeping for 60.00 seconds {{(pid=98833) _run_loop /opt/stack/data/venv/lib/python3.12/site-packages/oslo_service/backend/_threading/loopingcall.py:125}}
Jul 10 04:20:33.588527 np0000004952 nova-conductor[98839]: DEBUG oslo.service.backend._threading.loopingcall [None req-9407fd45-bb3e-4c85-a4a2-7c588c206e9c None None] Dynamic interval looping call 'nova.service.Service.periodic_tasks' sleeping for 60.00 seconds {{(pid=98839) _run_loop /opt/stack/data/venv/lib/python3.12/site-packages/oslo_service/backend/_threading/loopingcall.py:125}}
Jul 10 04:20:34.571066 np0000004952 nova-conductor[98823]: DEBUG oslo.service.backend._threading.loopingcall [None req-066dd67c-1b84-481e-bfc7-bf1b7815f016 None None] Dynamic interval looping call 'nova.service.Service.periodic_tasks' sleeping for 60.00 seconds {{(pid=98823) _run_loop /opt/stack/data/venv/lib/python3.12/site-packages/oslo_service/backend/_threading/loopingcall.py:125}}
Jul 10 04:20:58.575459 np0000004952 nova-conductor[98808]: DEBUG oslo.service.backend._threading.loopingcall [None req-1c288bac-fbfa-4d2b-aa7a-e32f0eb47082 None None] Dynamic interval looping call 'nova.service.Service.periodic_tasks' sleeping for 60.00 seconds {{(pid=98808) _run_loop /opt/stack/data/venv/lib/python3.12/site-packages/oslo_service/backend/_threading/loopingcall.py:125}}
Jul 10 04:21:12.576419 np0000004952 nova-conductor[98833]: DEBUG oslo.service.backend._threading.loopingcall [-] Fixed interval looping call 'nova.servicegroup.drivers.db.DbDriver._report_state' sleeping for 119.99 seconds {{(pid=98833) _run_loop /opt/stack/data/venv/lib/python3.12/site-packages/oslo_service/backend/_threading/loopingcall.py:125}}
Jul 10 04:21:12.577108 np0000004952 nova-conductor[98823]: DEBUG oslo.service.backend._threading.loopingcall [-] Fixed interval looping call 'nova.servicegroup.drivers.db.DbDriver._report_state' sleeping for 119.99 seconds {{(pid=98823) _run_loop /opt/stack/data/venv/lib/python3.12/site-packages/oslo_service/backend/_threading/loopingcall.py:125}}
Jul 10 04:21:12.578772 np0000004952 nova-conductor[98808]: DEBUG oslo.service.backend._threading.loopingcall [-] Fixed interval looping call 'nova.servicegroup.drivers.db.DbDriver._report_state' sleeping for 119.99 seconds {{(pid=98808) _run_loop /opt/stack/data/venv/lib/python3.12/site-packages/oslo_service/backend/_threading/loopingcall.py:125}}
Jul 10 04:21:12.593058 np0000004952 nova-conductor[98839]: DEBUG oslo.service.backend._threading.loopingcall [-] Fixed interval looping call 'nova.servicegroup.drivers.db.DbDriver._report_state' sleeping for 120.00 seconds {{(pid=98839) _run_loop /opt/stack/data/venv/lib/python3.12/site-packages/oslo_service/backend/_threading/loopingcall.py:125}}
Jul 10 04:21:17.572463 np0000004952 nova-conductor[98833]: DEBUG oslo.service.backend._threading.loopingcall [None req-59a10480-e4bc-40ac-ba44-d6e9520cda59 None None] Dynamic interval looping call 'nova.service.Service.periodic_tasks' sleeping for 60.00 seconds {{(pid=98833) _run_loop /opt/stack/data/venv/lib/python3.12/site-packages/oslo_service/backend/_threading/loopingcall.py:125}}
Jul 10 04:21:22.636394 np0000004952 nova-conductor[98823]: DEBUG dbcounter [-] [98823] Writing DB stats nova_cell0:SELECT=1,nova_cell0:UPDATE=1 {{(pid=98823) stat_writer /opt/stack/data/venv/lib/python3.12/site-packages/dbcounter.py:115}}
Jul 10 04:21:22.637106 np0000004952 nova-conductor[98833]: DEBUG dbcounter [-] [98833] Writing DB stats nova_cell0:SELECT=1,nova_cell0:UPDATE=1 {{(pid=98833) stat_writer /opt/stack/data/venv/lib/python3.12/site-packages/dbcounter.py:115}}
Jul 10 04:21:22.637783 np0000004952 nova-conductor[98808]: DEBUG dbcounter [-] [98808] Writing DB stats nova_cell0:SELECT=1,nova_cell0:UPDATE=1 {{(pid=98808) stat_writer /opt/stack/data/venv/lib/python3.12/site-packages/dbcounter.py:115}}
Jul 10 04:21:22.638208 np0000004952 nova-conductor[98839]: DEBUG dbcounter [-] [98839] Writing DB stats nova_cell0:SELECT=1 {{(pid=98839) stat_writer /opt/stack/data/venv/lib/python3.12/site-packages/dbcounter.py:115}}
Jul 10 04:21:33.589030 np0000004952 nova-conductor[98839]: DEBUG oslo.service.backend._threading.loopingcall [None req-9407fd45-bb3e-4c85-a4a2-7c588c206e9c None None] Dynamic interval looping call 'nova.service.Service.periodic_tasks' sleeping for 60.00 seconds {{(pid=98839) _run_loop /opt/stack/data/venv/lib/python3.12/site-packages/oslo_service/backend/_threading/loopingcall.py:125}}
Jul 10 04:21:34.577547 np0000004952 nova-conductor[98823]: DEBUG oslo.service.backend._threading.loopingcall [None req-066dd67c-1b84-481e-bfc7-bf1b7815f016 None None] Dynamic interval looping call 'nova.service.Service.periodic_tasks' sleeping for 60.00 seconds {{(pid=98823) _run_loop /opt/stack/data/venv/lib/python3.12/site-packages/oslo_service/backend/_threading/loopingcall.py:125}}
Jul 10 04:21:36.079067 np0000004952 nova-conductor[98833]: DEBUG oslo_db.sqlalchemy.engines [None req-d8a1e518-bf93-4a1b-b1f0-694c7bdcd1f4 tempest-ServerBootFromVolumeStableRescueTest-99028934 tempest-ServerBootFromVolumeStableRescueTest-99028934-project-member] Parent process 97348 forked (98833) with an open database connection, which is being discarded and recreated. {{(pid=98833) checkout /opt/stack/data/venv/lib/python3.12/site-packages/oslo_db/sqlalchemy/engines.py:402}}
Jul 10 04:21:36.140953 np0000004952 nova-conductor[98833]: DEBUG dbcounter [-] [98833] Writer thread running {{(pid=98833) stat_writer /opt/stack/data/venv/lib/python3.12/site-packages/dbcounter.py:102}}
Jul 10 04:21:37.693198 np0000004952 nova-conductor[98833]: DEBUG nova.conductor.manager [None req-d8a1e518-bf93-4a1b-b1f0-694c7bdcd1f4 tempest-ServerBootFromVolumeStableRescueTest-99028934 tempest-ServerBootFromVolumeStableRescueTest-99028934-project-member] Took 1.54 seconds to select destinations for 1 instance(s). {{(pid=98833) _schedule_instances /opt/stack/nova/nova/conductor/manager.py:968}}
Jul 10 04:21:37.734744 np0000004952 nova-conductor[98833]: DEBUG oslo_concurrency.lockutils [None req-d8a1e518-bf93-4a1b-b1f0-694c7bdcd1f4 tempest-ServerBootFromVolumeStableRescueTest-99028934 tempest-ServerBootFromVolumeStableRescueTest-99028934-project-member] Acquiring lock "ad0d4287-3d2e-4337-aa9f-8b881e825c99" by "nova.context.set_target_cell..get_or_set_cached_cell_and_set_connections" {{(pid=98833) inner /opt/stack/data/venv/lib/python3.12/site-packages/oslo_concurrency/lockutils.py:511}}
Jul 10 04:21:37.735040 np0000004952 nova-conductor[98833]: DEBUG oslo_concurrency.lockutils [None req-d8a1e518-bf93-4a1b-b1f0-694c7bdcd1f4 tempest-ServerBootFromVolumeStableRescueTest-99028934 tempest-ServerBootFromVolumeStableRescueTest-99028934-project-member] Lock "ad0d4287-3d2e-4337-aa9f-8b881e825c99" acquired by "nova.context.set_target_cell..get_or_set_cached_cell_and_set_connections" :: waited 0.001s {{(pid=98833) inner /opt/stack/data/venv/lib/python3.12/site-packages/oslo_concurrency/lockutils.py:524}}
Jul 10 04:21:37.737560 np0000004952 nova-conductor[98833]: DEBUG oslo_concurrency.lockutils [None req-d8a1e518-bf93-4a1b-b1f0-694c7bdcd1f4 tempest-ServerBootFromVolumeStableRescueTest-99028934 tempest-ServerBootFromVolumeStableRescueTest-99028934-project-member] Lock "ad0d4287-3d2e-4337-aa9f-8b881e825c99" "released" by "nova.context.set_target_cell..get_or_set_cached_cell_and_set_connections" :: held 0.002s {{(pid=98833) inner /opt/stack/data/venv/lib/python3.12/site-packages/oslo_concurrency/lockutils.py:543}}
Jul 10 04:21:37.739489 np0000004952 nova-conductor[98833]: INFO dbcounter [None req-d8a1e518-bf93-4a1b-b1f0-694c7bdcd1f4 tempest-ServerBootFromVolumeStableRescueTest-99028934 tempest-ServerBootFromVolumeStableRescueTest-99028934-project-member] Registered counter for database nova_cell1
Jul 10 04:21:37.798788 np0000004952 nova-conductor[98833]: DEBUG oslo_db.sqlalchemy.engines [None req-d8a1e518-bf93-4a1b-b1f0-694c7bdcd1f4 tempest-ServerBootFromVolumeStableRescueTest-99028934 tempest-ServerBootFromVolumeStableRescueTest-99028934-project-member] MySQL server mode set to STRICT_TRANS_TABLES,STRICT_ALL_TABLES,NO_ZERO_IN_DATE,NO_ZERO_DATE,ERROR_FOR_DIVISION_BY_ZERO,TRADITIONAL,NO_ENGINE_SUBSTITUTION {{(pid=98833) _check_effective_sql_mode /opt/stack/data/venv/lib/python3.12/site-packages/oslo_db/sqlalchemy/engines.py:325}}
Jul 10 04:21:37.812353 np0000004952 nova-conductor[98833]: DEBUG dbcounter [-] [98833] Writer thread running {{(pid=98833) stat_writer /opt/stack/data/venv/lib/python3.12/site-packages/dbcounter.py:102}}
Jul 10 04:21:37.899184 np0000004952 nova-conductor[98833]: INFO nova.utils [None req-d8a1e518-bf93-4a1b-b1f0-694c7bdcd1f4 tempest-ServerBootFromVolumeStableRescueTest-99028934 tempest-ServerBootFromVolumeStableRescueTest-99028934-project-member] The cell worker thread pool ForkProcess-3.cell_worker is initialized
Jul 10 04:21:37.899473 np0000004952 nova-conductor[98833]: DEBUG oslo_concurrency.lockutils [None req-d8a1e518-bf93-4a1b-b1f0-694c7bdcd1f4 tempest-ServerBootFromVolumeStableRescueTest-99028934 tempest-ServerBootFromVolumeStableRescueTest-99028934-project-member] Acquiring lock "00000000-0000-0000-0000-000000000000" by "nova.context.set_target_cell..get_or_set_cached_cell_and_set_connections" {{(pid=98833) inner /opt/stack/data/venv/lib/python3.12/site-packages/oslo_concurrency/lockutils.py:511}}
Jul 10 04:21:37.899712 np0000004952 nova-conductor[98833]: DEBUG oslo_concurrency.lockutils [None req-d8a1e518-bf93-4a1b-b1f0-694c7bdcd1f4 tempest-ServerBootFromVolumeStableRescueTest-99028934 tempest-ServerBootFromVolumeStableRescueTest-99028934-project-member] Lock "00000000-0000-0000-0000-000000000000" acquired by "nova.context.set_target_cell..get_or_set_cached_cell_and_set_connections" :: waited 0.000s {{(pid=98833) inner /opt/stack/data/venv/lib/python3.12/site-packages/oslo_concurrency/lockutils.py:524}}
Jul 10 04:21:37.900043 np0000004952 nova-conductor[98833]: DEBUG oslo_concurrency.lockutils [None req-d8a1e518-bf93-4a1b-b1f0-694c7bdcd1f4 tempest-ServerBootFromVolumeStableRescueTest-99028934 tempest-ServerBootFromVolumeStableRescueTest-99028934-project-member] Lock "00000000-0000-0000-0000-000000000000" "released" by "nova.context.set_target_cell..get_or_set_cached_cell_and_set_connections" :: held 0.000s {{(pid=98833) inner /opt/stack/data/venv/lib/python3.12/site-packages/oslo_concurrency/lockutils.py:543}}
Jul 10 04:21:37.901744 np0000004952 nova-conductor[98833]: DEBUG oslo_concurrency.lockutils [None req-d8a1e518-bf93-4a1b-b1f0-694c7bdcd1f4 tempest-ServerBootFromVolumeStableRescueTest-99028934 tempest-ServerBootFromVolumeStableRescueTest-99028934-project-member] Acquiring lock "ad0d4287-3d2e-4337-aa9f-8b881e825c99" by "nova.context.set_target_cell..get_or_set_cached_cell_and_set_connections" {{(pid=98833) inner /opt/stack/data/venv/lib/python3.12/site-packages/oslo_concurrency/lockutils.py:511}}
Jul 10 04:21:37.903414 np0000004952 nova-conductor[98833]: INFO dbcounter [None req-d8a1e518-bf93-4a1b-b1f0-694c7bdcd1f4 tempest-ServerBootFromVolumeStableRescueTest-99028934 tempest-ServerBootFromVolumeStableRescueTest-99028934-project-member] Registered counter for database nova_cell0
Jul 10 04:21:37.904932 np0000004952 nova-conductor[98833]: DEBUG oslo_concurrency.lockutils [None req-d8a1e518-bf93-4a1b-b1f0-694c7bdcd1f4 tempest-ServerBootFromVolumeStableRescueTest-99028934 tempest-ServerBootFromVolumeStableRescueTest-99028934-project-member] Lock "ad0d4287-3d2e-4337-aa9f-8b881e825c99" acquired by "nova.context.set_target_cell..get_or_set_cached_cell_and_set_connections" :: waited 0.001s {{(pid=98833) inner /opt/stack/data/venv/lib/python3.12/site-packages/oslo_concurrency/lockutils.py:524}}
Jul 10 04:21:37.904932 np0000004952 nova-conductor[98833]: DEBUG oslo_concurrency.lockutils [None req-d8a1e518-bf93-4a1b-b1f0-694c7bdcd1f4 tempest-ServerBootFromVolumeStableRescueTest-99028934 tempest-ServerBootFromVolumeStableRescueTest-99028934-project-member] Lock "ad0d4287-3d2e-4337-aa9f-8b881e825c99" "released" by "nova.context.set_target_cell..get_or_set_cached_cell_and_set_connections" :: held 0.002s {{(pid=98833) inner /opt/stack/data/venv/lib/python3.12/site-packages/oslo_concurrency/lockutils.py:543}}
Jul 10 04:21:37.957965 np0000004952 nova-conductor[98833]: DEBUG oslo_db.sqlalchemy.engines [None req-d8a1e518-bf93-4a1b-b1f0-694c7bdcd1f4 tempest-ServerBootFromVolumeStableRescueTest-99028934 tempest-ServerBootFromVolumeStableRescueTest-99028934-project-member] MySQL server mode set to STRICT_TRANS_TABLES,STRICT_ALL_TABLES,NO_ZERO_IN_DATE,NO_ZERO_DATE,ERROR_FOR_DIVISION_BY_ZERO,TRADITIONAL,NO_ENGINE_SUBSTITUTION {{(pid=98833) _check_effective_sql_mode /opt/stack/data/venv/lib/python3.12/site-packages/oslo_db/sqlalchemy/engines.py:325}}
Jul 10 04:21:37.973648 np0000004952 nova-conductor[98833]: DEBUG dbcounter [-] [98833] Writer thread running {{(pid=98833) stat_writer /opt/stack/data/venv/lib/python3.12/site-packages/dbcounter.py:102}}
Jul 10 04:21:37.991770 np0000004952 nova-conductor[98833]: DEBUG nova.quota [None req-d8a1e518-bf93-4a1b-b1f0-694c7bdcd1f4 tempest-ServerBootFromVolumeStableRescueTest-99028934 tempest-ServerBootFromVolumeStableRescueTest-99028934-project-member] Getting quotas for project b0fe384143134755a9413818a0020c48. Resources: {'instances', 'cores', 'ram'} {{(pid=98833) _get_quotas /opt/stack/nova/nova/quota.py:389}}
Jul 10 04:21:37.999362 np0000004952 nova-conductor[98833]: DEBUG nova.quota [None req-d8a1e518-bf93-4a1b-b1f0-694c7bdcd1f4 tempest-ServerBootFromVolumeStableRescueTest-99028934 tempest-ServerBootFromVolumeStableRescueTest-99028934-project-member] Getting quotas for user 13c82453dc2d4e458b72c4017ef822db and project b0fe384143134755a9413818a0020c48. Resources: {'instances', 'cores', 'ram'} {{(pid=98833) _get_quotas /opt/stack/nova/nova/quota.py:379}}
Jul 10 04:21:38.008646 np0000004952 nova-conductor[98833]: DEBUG nova.conductor.manager [None req-d8a1e518-bf93-4a1b-b1f0-694c7bdcd1f4 tempest-ServerBootFromVolumeStableRescueTest-99028934 tempest-ServerBootFromVolumeStableRescueTest-99028934-project-member] [instance: 30e4e643-7e74-428f-8695-22ae62081160] Selected host: np0000004952; Selected node: np0000004952; Alternates: [] {{(pid=98833) schedule_and_build_instances /opt/stack/nova/nova/conductor/manager.py:1784}}
Jul 10 04:21:38.008969 np0000004952 nova-conductor[98833]: DEBUG oslo_concurrency.lockutils [None req-d8a1e518-bf93-4a1b-b1f0-694c7bdcd1f4 tempest-ServerBootFromVolumeStableRescueTest-99028934 tempest-ServerBootFromVolumeStableRescueTest-99028934-project-member] Acquiring lock "ad0d4287-3d2e-4337-aa9f-8b881e825c99" by "nova.context.set_target_cell..get_or_set_cached_cell_and_set_connections" {{(pid=98833) inner /opt/stack/data/venv/lib/python3.12/site-packages/oslo_concurrency/lockutils.py:511}}
