May 13 12:27:32.878444 np0000000693 devstack@g-api.service[101647]: [pid: 101647|app: 0|req: 114/373] 127.0.0.1 () {44 vars in 1115 bytes} [Wed May 13 12:27:32 2026] GET /v2/images/6bea592d-7a07-4f6c-969c-9b3b41da71de => generated 1335 bytes in 14 msecs (HTTP/1.1 200) 4 headers in 158 bytes (1 switches on core 0)
May 13 12:27:32.917374 np0000000693 devstack@g-api.service[101648]: DEBUG glance.api.middleware.version_negotiation [None req-25a49e43-43b8-4034-aa04-b13e154aa5d8 tempest-ServerStableDeviceRescueTest-2118063111 tempest-ServerStableDeviceRescueTest-2118063111-project-member] Determining version of request: GET /v2/schemas/image Accept: */* {{(pid=101648) process_request /opt/stack/glance/glance/api/middleware/version_negotiation.py:44}}
May 13 12:27:32.917726 np0000000693 devstack@g-api.service[101648]: DEBUG glance.api.middleware.version_negotiation [None req-25a49e43-43b8-4034-aa04-b13e154aa5d8 tempest-ServerStableDeviceRescueTest-2118063111 tempest-ServerStableDeviceRescueTest-2118063111-project-member] Using url versioning {{(pid=101648) process_request /opt/stack/glance/glance/api/middleware/version_negotiation.py:57}}
May 13 12:27:32.917726 np0000000693 devstack@g-api.service[101648]: DEBUG glance.api.middleware.version_negotiation [None req-25a49e43-43b8-4034-aa04-b13e154aa5d8 tempest-ServerStableDeviceRescueTest-2118063111 tempest-ServerStableDeviceRescueTest-2118063111-project-member] Matched version: v2 {{(pid=101648) process_request /opt/stack/glance/glance/api/middleware/version_negotiation.py:69}}
May 13 12:27:32.917726 np0000000693 devstack@g-api.service[101648]: DEBUG glance.api.middleware.version_negotiation [None req-25a49e43-43b8-4034-aa04-b13e154aa5d8 tempest-ServerStableDeviceRescueTest-2118063111 tempest-ServerStableDeviceRescueTest-2118063111-project-member] new path /v2/schemas/image {{(pid=101648) process_request /opt/stack/glance/glance/api/middleware/version_negotiation.py:70}}
May 13 12:27:32.926090 np0000000693 devstack@g-api.service[101648]: [pid: 101648|app: 0|req: 132/374] 127.0.0.1 () {44 vars in 1055 bytes} [Wed May 13 12:27:32 2026] GET /v2/schemas/image => generated 6083 bytes in 9 msecs (HTTP/1.1 200) 4 headers in 158 bytes (1 switches on core 0)
May 13 12:27:33.630589 np0000000693 devstack@g-api.service[101646]: DEBUG glance.api.middleware.version_negotiation [None req-25a49e43-43b8-4034-aa04-b13e154aa5d8 tempest-ServerStableDeviceRescueTest-2118063111 tempest-ServerStableDeviceRescueTest-2118063111-project-member] Determining version of request: GET /v2/images/88f7b47e-0107-49b7-b647-184347bbaf6a Accept: */* {{(pid=101646) process_request /opt/stack/glance/glance/api/middleware/version_negotiation.py:44}}
May 13 12:27:33.630589 np0000000693 devstack@g-api.service[101646]: DEBUG glance.api.middleware.version_negotiation [None req-25a49e43-43b8-4034-aa04-b13e154aa5d8 tempest-ServerStableDeviceRescueTest-2118063111 tempest-ServerStableDeviceRescueTest-2118063111-project-member] Using url versioning {{(pid=101646) process_request /opt/stack/glance/glance/api/middleware/version_negotiation.py:57}}
May 13 12:27:33.631150 np0000000693 devstack@g-api.service[101646]: DEBUG glance.api.middleware.version_negotiation [None req-25a49e43-43b8-4034-aa04-b13e154aa5d8 tempest-ServerStableDeviceRescueTest-2118063111 tempest-ServerStableDeviceRescueTest-2118063111-project-member] Matched version: v2 {{(pid=101646) process_request /opt/stack/glance/glance/api/middleware/version_negotiation.py:69}}
May 13 12:27:33.631150 np0000000693 devstack@g-api.service[101646]: DEBUG glance.api.middleware.version_negotiation [None req-25a49e43-43b8-4034-aa04-b13e154aa5d8 tempest-ServerStableDeviceRescueTest-2118063111 tempest-ServerStableDeviceRescueTest-2118063111-project-member] new path /v2/images/88f7b47e-0107-49b7-b647-184347bbaf6a {{(pid=101646) process_request /opt/stack/glance/glance/api/middleware/version_negotiation.py:70}}
May 13 12:27:33.645299 np0000000693 devstack@g-api.service[101646]: [pid: 101646|app: 0|req: 129/375] 127.0.0.1 () {44 vars in 1115 bytes} [Wed May 13 12:27:33 2026] GET /v2/images/88f7b47e-0107-49b7-b647-184347bbaf6a => generated 1338 bytes in 15 msecs (HTTP/1.1 200) 4 headers in 158 bytes (1 switches on core 0)
May 13 12:27:33.697784 np0000000693 devstack@g-api.service[101647]: DEBUG glance.api.middleware.version_negotiation [None req-f35e88a7-90cc-4482-b4a0-a087516de96c tempest-ServerStableDeviceRescueTest-2118063111 tempest-ServerStableDeviceRescueTest-2118063111-project-member] Determining version of request: GET /v2/schemas/image Accept: */* {{(pid=101647) process_request /opt/stack/glance/glance/api/middleware/version_negotiation.py:44}}
May 13 12:27:33.698039 np0000000693 devstack@g-api.service[101647]: DEBUG glance.api.middleware.version_negotiation [None req-f35e88a7-90cc-4482-b4a0-a087516de96c tempest-ServerStableDeviceRescueTest-2118063111 tempest-ServerStableDeviceRescueTest-2118063111-project-member] Using url versioning {{(pid=101647) process_request /opt/stack/glance/glance/api/middleware/version_negotiation.py:57}}
May 13 12:27:33.698210 np0000000693 devstack@g-api.service[101647]: DEBUG glance.api.middleware.version_negotiation [None req-f35e88a7-90cc-4482-b4a0-a087516de96c tempest-ServerStableDeviceRescueTest-2118063111 tempest-ServerStableDeviceRescueTest-2118063111-project-member] Matched version: v2 {{(pid=101647) process_request /opt/stack/glance/glance/api/middleware/version_negotiation.py:69}}
May 13 12:27:33.698379 np0000000693 devstack@g-api.service[101647]: DEBUG glance.api.middleware.version_negotiation [None req-f35e88a7-90cc-4482-b4a0-a087516de96c tempest-ServerStableDeviceRescueTest-2118063111 tempest-ServerStableDeviceRescueTest-2118063111-project-member] new path /v2/schemas/image {{(pid=101647) process_request /opt/stack/glance/glance/api/middleware/version_negotiation.py:70}}
May 13 12:27:33.701588 np0000000693 devstack@g-api.service[101647]: [pid: 101647|app: 0|req: 115/376] 127.0.0.1 () {44 vars in 1055 bytes} [Wed May 13 12:27:33 2026] GET /v2/schemas/image => generated 6083 bytes in 4 msecs (HTTP/1.1 200) 4 headers in 158 bytes (1 switches on core 0)
May 13 12:27:33.742767 np0000000693 devstack@g-api.service[101648]: DEBUG glance.api.middleware.version_negotiation [None req-f35e88a7-90cc-4482-b4a0-a087516de96c tempest-ServerStableDeviceRescueTest-2118063111 tempest-ServerStableDeviceRescueTest-2118063111-project-member] Determining version of request: GET /v2/schemas/image Accept: */* {{(pid=101648) process_request /opt/stack/glance/glance/api/middleware/version_negotiation.py:44}}
May 13 12:27:33.742968 np0000000693 devstack@g-api.service[101648]: DEBUG glance.api.middleware.version_negotiation [None req-f35e88a7-90cc-4482-b4a0-a087516de96c tempest-ServerStableDeviceRescueTest-2118063111 tempest-ServerStableDeviceRescueTest-2118063111-project-member] Using url versioning {{(pid=101648) process_request /opt/stack/glance/glance/api/middleware/version_negotiation.py:57}}
May 13 12:27:33.743021 np0000000693 devstack@g-api.service[101648]: DEBUG glance.api.middleware.version_negotiation [None req-f35e88a7-90cc-4482-b4a0-a087516de96c tempest-ServerStableDeviceRescueTest-2118063111 tempest-ServerStableDeviceRescueTest-2118063111-project-member] Matched version: v2 {{(pid=101648) process_request /opt/stack/glance/glance/api/middleware/version_negotiation.py:69}}
May 13 12:27:33.745916 np0000000693 devstack@g-api.service[101648]: DEBUG glance.api.middleware.version_negotiation [None req-f35e88a7-90cc-4482-b4a0-a087516de96c tempest-ServerStableDeviceRescueTest-2118063111 tempest-ServerStableDeviceRescueTest-2118063111-project-member] new path /v2/schemas/image {{(pid=101648) process_request /opt/stack/glance/glance/api/middleware/version_negotiation.py:70}}
May 13 12:27:33.745916 np0000000693 devstack@g-api.service[101648]: [pid: 101648|app: 0|req: 133/377] 127.0.0.1 () {44 vars in 1055 bytes} [Wed May 13 12:27:33 2026] GET /v2/schemas/image => generated 6083 bytes in 2 msecs (HTTP/1.1 200) 4 headers in 158 bytes (1 switches on core 0)
May 13 12:27:33.783496 np0000000693 devstack@g-api.service[101646]: DEBUG glance.api.middleware.version_negotiation [None req-e2018aba-663a-4f06-97cf-076c4525ac94 tempest-AttachVolumeShelveTestJSON-1776660656 tempest-AttachVolumeShelveTestJSON-1776660656-project-member] Determining version of request: PATCH /v2/images/88f7b47e-0107-49b7-b647-184347bbaf6a Accept: */* {{(pid=101646) process_request /opt/stack/glance/glance/api/middleware/version_negotiation.py:44}}
May 13 12:27:33.783775 np0000000693 devstack@g-api.service[101646]: DEBUG glance.api.middleware.version_negotiation [None req-e2018aba-663a-4f06-97cf-076c4525ac94 tempest-AttachVolumeShelveTestJSON-1776660656 tempest-AttachVolumeShelveTestJSON-1776660656-project-member] Using url versioning {{(pid=101646) process_request /opt/stack/glance/glance/api/middleware/version_negotiation.py:57}}
May 13 12:27:33.784612 np0000000693 devstack@g-api.service[101646]: DEBUG glance.api.middleware.version_negotiation [None req-e2018aba-663a-4f06-97cf-076c4525ac94 tempest-AttachVolumeShelveTestJSON-1776660656 tempest-AttachVolumeShelveTestJSON-1776660656-project-member] Matched version: v2 {{(pid=101646) process_request /opt/stack/glance/glance/api/middleware/version_negotiation.py:69}}
May 13 12:27:33.784612 np0000000693 devstack@g-api.service[101646]: DEBUG glance.api.middleware.version_negotiation [None req-e2018aba-663a-4f06-97cf-076c4525ac94 tempest-AttachVolumeShelveTestJSON-1776660656 tempest-AttachVolumeShelveTestJSON-1776660656-project-member] new path /v2/images/88f7b47e-0107-49b7-b647-184347bbaf6a {{(pid=101646) process_request /opt/stack/glance/glance/api/middleware/version_negotiation.py:70}}
May 13 12:27:33.980559 np0000000693 devstack@g-api.service[101646]: [pid: 101646|app: 0|req: 130/378] 127.0.0.1 () {46 vars in 1158 bytes} [Wed May 13 12:27:33 2026] PATCH /v2/images/88f7b47e-0107-49b7-b647-184347bbaf6a => generated 1449 bytes in 197 msecs (HTTP/1.1 200) 4 headers in 158 bytes (1 switches on core 0)
May 13 12:27:34.022265 np0000000693 devstack@g-api.service[101647]: DEBUG glance.api.middleware.version_negotiation [None req-e2018aba-663a-4f06-97cf-076c4525ac94 tempest-AttachVolumeShelveTestJSON-1776660656 tempest-AttachVolumeShelveTestJSON-1776660656-project-member] Determining version of request: GET /v2/images/6bea592d-7a07-4f6c-969c-9b3b41da71de Accept: */* {{(pid=101647) process_request /opt/stack/glance/glance/api/middleware/version_negotiation.py:44}}
May 13 12:27:34.022641 np0000000693 devstack@g-api.service[101647]: DEBUG glance.api.middleware.version_negotiation [None req-e2018aba-663a-4f06-97cf-076c4525ac94 tempest-AttachVolumeShelveTestJSON-1776660656 tempest-AttachVolumeShelveTestJSON-1776660656-project-member] Using url versioning {{(pid=101647) process_request /opt/stack/glance/glance/api/middleware/version_negotiation.py:57}}
May 13 12:27:34.022641 np0000000693 devstack@g-api.service[101647]: DEBUG glance.api.middleware.version_negotiation [None req-e2018aba-663a-4f06-97cf-076c4525ac94 tempest-AttachVolumeShelveTestJSON-1776660656 tempest-AttachVolumeShelveTestJSON-1776660656-project-member] Matched version: v2 {{(pid=101647) process_request /opt/stack/glance/glance/api/middleware/version_negotiation.py:69}}
May 13 12:27:34.022641 np0000000693 devstack@g-api.service[101647]: DEBUG glance.api.middleware.version_negotiation [None req-e2018aba-663a-4f06-97cf-076c4525ac94 tempest-AttachVolumeShelveTestJSON-1776660656 tempest-AttachVolumeShelveTestJSON-1776660656-project-member] new path /v2/images/6bea592d-7a07-4f6c-969c-9b3b41da71de {{(pid=101647) process_request /opt/stack/glance/glance/api/middleware/version_negotiation.py:70}}
May 13 12:27:34.028580 np0000000693 devstack@g-api.service[101648]: DEBUG glance.api.middleware.version_negotiation [None req-e2018aba-663a-4f06-97cf-076c4525ac94 tempest-AttachVolumeShelveTestJSON-1776660656 tempest-AttachVolumeShelveTestJSON-1776660656-project-member] Determining version of request: GET /v2/images/88f7b47e-0107-49b7-b647-184347bbaf6a Accept: */* {{(pid=101648) process_request /opt/stack/glance/glance/api/middleware/version_negotiation.py:44}}
May 13 12:27:34.028993 np0000000693 devstack@g-api.service[101648]: DEBUG glance.api.middleware.version_negotiation [None req-e2018aba-663a-4f06-97cf-076c4525ac94 tempest-AttachVolumeShelveTestJSON-1776660656 tempest-AttachVolumeShelveTestJSON-1776660656-project-member] Using url versioning {{(pid=101648) process_request /opt/stack/glance/glance/api/middleware/version_negotiation.py:57}}
May 13 12:27:34.028993 np0000000693 devstack@g-api.service[101648]: DEBUG glance.api.middleware.version_negotiation [None req-e2018aba-663a-4f06-97cf-076c4525ac94 tempest-AttachVolumeShelveTestJSON-1776660656 tempest-AttachVolumeShelveTestJSON-1776660656-project-member] Matched version: v2 {{(pid=101648) process_request /opt/stack/glance/glance/api/middleware/version_negotiation.py:69}}
May 13 12:27:34.030440 np0000000693 devstack@g-api.service[101648]: DEBUG glance.api.middleware.version_negotiation [None req-e2018aba-663a-4f06-97cf-076c4525ac94 tempest-AttachVolumeShelveTestJSON-1776660656 tempest-AttachVolumeShelveTestJSON-1776660656-project-member] new path /v2/images/88f7b47e-0107-49b7-b647-184347bbaf6a {{(pid=101648) process_request /opt/stack/glance/glance/api/middleware/version_negotiation.py:70}}
May 13 12:27:34.041785 np0000000693 devstack@g-api.service[101647]: [pid: 101647|app: 0|req: 116/379] 127.0.0.1 () {44 vars in 1115 bytes} [Wed May 13 12:27:34 2026] GET /v2/images/6bea592d-7a07-4f6c-969c-9b3b41da71de => generated 1335 bytes in 19 msecs (HTTP/1.1 200) 4 headers in 158 bytes (1 switches on core 0)
May 13 12:27:34.048996 np0000000693 devstack@g-api.service[101648]: [pid: 101648|app: 0|req: 134/380] 127.0.0.1 () {44 vars in 1115 bytes} [Wed May 13 12:27:34 2026] GET /v2/images/88f7b47e-0107-49b7-b647-184347bbaf6a => generated 1449 bytes in 18 msecs (HTTP/1.1 200) 4 headers in 158 bytes (1 switches on core 0)
May 13 12:27:34.089499 np0000000693 devstack@g-api.service[101646]: DEBUG glance.api.middleware.version_negotiation [None req-e2018aba-663a-4f06-97cf-076c4525ac94 tempest-AttachVolumeShelveTestJSON-1776660656 tempest-AttachVolumeShelveTestJSON-1776660656-project-member] Determining version of request: GET /v2/schemas/image Accept: */* {{(pid=101646) process_request /opt/stack/glance/glance/api/middleware/version_negotiation.py:44}}
May 13 12:27:34.089791 np0000000693 devstack@g-api.service[101646]: DEBUG glance.api.middleware.version_negotiation [None req-e2018aba-663a-4f06-97cf-076c4525ac94 tempest-AttachVolumeShelveTestJSON-1776660656 tempest-AttachVolumeShelveTestJSON-1776660656-project-member] Using url versioning {{(pid=101646) process_request /opt/stack/glance/glance/api/middleware/version_negotiation.py:57}}
May 13 12:27:34.089791 np0000000693 devstack@g-api.service[101646]: DEBUG glance.api.middleware.version_negotiation [None req-e2018aba-663a-4f06-97cf-076c4525ac94 tempest-AttachVolumeShelveTestJSON-1776660656 tempest-AttachVolumeShelveTestJSON-1776660656-project-member] Matched version: v2 {{(pid=101646) process_request /opt/stack/glance/glance/api/middleware/version_negotiation.py:69}}
May 13 12:27:34.089918 np0000000693 devstack@g-api.service[101646]: DEBUG glance.api.middleware.version_negotiation [None req-e2018aba-663a-4f06-97cf-076c4525ac94 tempest-AttachVolumeShelveTestJSON-1776660656 tempest-AttachVolumeShelveTestJSON-1776660656-project-member] new path /v2/schemas/image {{(pid=101646) process_request /opt/stack/glance/glance/api/middleware/version_negotiation.py:70}}
May 13 12:27:34.091854 np0000000693 devstack@g-api.service[101646]: [pid: 101646|app: 0|req: 131/381] 127.0.0.1 () {44 vars in 1055 bytes} [Wed May 13 12:27:34 2026] GET /v2/schemas/image => generated 6083 bytes in 2 msecs (HTTP/1.1 200) 4 headers in 158 bytes (1 switches on core 0)
May 13 12:27:34.104713 np0000000693 devstack@g-api.service[101647]: DEBUG glance.api.middleware.version_negotiation [None req-95cbf579-3fb7-4caf-9c59-cc8731aef7a4 tempest-ServerStableDeviceRescueTest-2118063111 tempest-ServerStableDeviceRescueTest-2118063111-project-member] Determining version of request: PUT /v2/images/88f7b47e-0107-49b7-b647-184347bbaf6a/file Accept: */* {{(pid=101647) process_request /opt/stack/glance/glance/api/middleware/version_negotiation.py:44}}
May 13 12:27:34.104713 np0000000693 devstack@g-api.service[101647]: DEBUG glance.api.middleware.version_negotiation [None req-95cbf579-3fb7-4caf-9c59-cc8731aef7a4 tempest-ServerStableDeviceRescueTest-2118063111 tempest-ServerStableDeviceRescueTest-2118063111-project-member] Using url versioning {{(pid=101647) process_request /opt/stack/glance/glance/api/middleware/version_negotiation.py:57}}
May 13 12:27:34.104980 np0000000693 devstack@g-api.service[101647]: DEBUG glance.api.middleware.version_negotiation [None req-95cbf579-3fb7-4caf-9c59-cc8731aef7a4 tempest-ServerStableDeviceRescueTest-2118063111 tempest-ServerStableDeviceRescueTest-2118063111-project-member] Matched version: v2 {{(pid=101647) process_request /opt/stack/glance/glance/api/middleware/version_negotiation.py:69}}
May 13 12:27:34.104980 np0000000693 devstack@g-api.service[101647]: DEBUG glance.api.middleware.version_negotiation [None req-95cbf579-3fb7-4caf-9c59-cc8731aef7a4 tempest-ServerStableDeviceRescueTest-2118063111 tempest-ServerStableDeviceRescueTest-2118063111-project-member] new path /v2/images/88f7b47e-0107-49b7-b647-184347bbaf6a/file {{(pid=101647) process_request /opt/stack/glance/glance/api/middleware/version_negotiation.py:70}}
May 13 12:27:34.571907 np0000000693 devstack@g-api.service[101647]: INFO glance.api.v2.image_data [None req-e2018aba-663a-4f06-97cf-076c4525ac94 tempest-AttachVolumeShelveTestJSON-1776660656 tempest-AttachVolumeShelveTestJSON-1776660656-project-member] Unable to create trust: no such option collect_timing in group [keystone_authtoken] Use the existing user token.
May 13 12:27:34.634821 np0000000693 devstack@g-api.service[101648]: DEBUG glance.api.middleware.version_negotiation [None req-e2018aba-663a-4f06-97cf-076c4525ac94 tempest-AttachVolumeShelveTestJSON-1776660656 tempest-AttachVolumeShelveTestJSON-1776660656-project-member] Determining version of request: GET /v2/images/6bea592d-7a07-4f6c-969c-9b3b41da71de Accept: */* {{(pid=101648) process_request /opt/stack/glance/glance/api/middleware/version_negotiation.py:44}}
May 13 12:27:34.635143 np0000000693 devstack@g-api.service[101648]: DEBUG glance.api.middleware.version_negotiation [None req-e2018aba-663a-4f06-97cf-076c4525ac94 tempest-AttachVolumeShelveTestJSON-1776660656 tempest-AttachVolumeShelveTestJSON-1776660656-project-member] Using url versioning {{(pid=101648) process_request /opt/stack/glance/glance/api/middleware/version_negotiation.py:57}}
May 13 12:27:34.635208 np0000000693 devstack@g-api.service[101648]: DEBUG glance.api.middleware.version_negotiation [None req-e2018aba-663a-4f06-97cf-076c4525ac94 tempest-AttachVolumeShelveTestJSON-1776660656 tempest-AttachVolumeShelveTestJSON-1776660656-project-member] Matched version: v2 {{(pid=101648) process_request /opt/stack/glance/glance/api/middleware/version_negotiation.py:69}}
May 13 12:27:34.635305 np0000000693 devstack@g-api.service[101648]: DEBUG glance.api.middleware.version_negotiation [None req-e2018aba-663a-4f06-97cf-076c4525ac94 tempest-AttachVolumeShelveTestJSON-1776660656 tempest-AttachVolumeShelveTestJSON-1776660656-project-member] new path /v2/images/6bea592d-7a07-4f6c-969c-9b3b41da71de {{(pid=101648) process_request /opt/stack/glance/glance/api/middleware/version_negotiation.py:70}}
May 13 12:27:34.646907 np0000000693 devstack@g-api.service[101648]: [pid: 101648|app: 0|req: 135/382] 127.0.0.1 () {44 vars in 1115 bytes} [Wed May 13 12:27:34 2026] GET /v2/images/6bea592d-7a07-4f6c-969c-9b3b41da71de => generated 1335 bytes in 12 msecs (HTTP/1.1 200) 4 headers in 158 bytes (1 switches on core 0)
May 13 12:27:34.696698 np0000000693 devstack@g-api.service[101646]: DEBUG glance.api.middleware.version_negotiation [None req-95cbf579-3fb7-4caf-9c59-cc8731aef7a4 tempest-ServerStableDeviceRescueTest-2118063111 tempest-ServerStableDeviceRescueTest-2118063111-project-member] Determining version of request: GET /v2/schemas/image Accept: */* {{(pid=101646) process_request /opt/stack/glance/glance/api/middleware/version_negotiation.py:44}}
May 13 12:27:34.696994 np0000000693 devstack@g-api.service[101646]: DEBUG glance.api.middleware.version_negotiation [None req-95cbf579-3fb7-4caf-9c59-cc8731aef7a4 tempest-ServerStableDeviceRescueTest-2118063111 tempest-ServerStableDeviceRescueTest-2118063111-project-member] Using url versioning {{(pid=101646) process_request /opt/stack/glance/glance/api/middleware/version_negotiation.py:57}}
May 13 12:27:34.697104 np0000000693 devstack@g-api.service[101646]: DEBUG glance.api.middleware.version_negotiation [None req-95cbf579-3fb7-4caf-9c59-cc8731aef7a4 tempest-ServerStableDeviceRescueTest-2118063111 tempest-ServerStableDeviceRescueTest-2118063111-project-member] Matched version: v2 {{(pid=101646) process_request /opt/stack/glance/glance/api/middleware/version_negotiation.py:69}}
May 13 12:27:34.697202 np0000000693 devstack@g-api.service[101646]: DEBUG glance.api.middleware.version_negotiation [None req-95cbf579-3fb7-4caf-9c59-cc8731aef7a4 tempest-ServerStableDeviceRescueTest-2118063111 tempest-ServerStableDeviceRescueTest-2118063111-project-member] new path /v2/schemas/image {{(pid=101646) process_request /opt/stack/glance/glance/api/middleware/version_negotiation.py:70}}
May 13 12:27:34.699725 np0000000693 devstack@g-api.service[101646]: [pid: 101646|app: 0|req: 132/383] 127.0.0.1 () {44 vars in 1055 bytes} [Wed May 13 12:27:34 2026] GET /v2/schemas/image => generated 6083 bytes in 3 msecs (HTTP/1.1 200) 4 headers in 158 bytes (1 switches on core 0)
May 13 12:27:34.742079 np0000000693 devstack@g-api.service[101648]: DEBUG glance.api.middleware.version_negotiation [None req-d3087a6c-60e3-4e79-9108-0bbbb7ff641d tempest-ServerStableDeviceRescueTest-2118063111 tempest-ServerStableDeviceRescueTest-2118063111-project-member] Determining version of request: GET /v2/schemas/image Accept: */* {{(pid=101648) process_request /opt/stack/glance/glance/api/middleware/version_negotiation.py:44}}
May 13 12:27:34.742211 np0000000693 devstack@g-api.service[101648]: DEBUG glance.api.middleware.version_negotiation [None req-d3087a6c-60e3-4e79-9108-0bbbb7ff641d tempest-ServerStableDeviceRescueTest-2118063111 tempest-ServerStableDeviceRescueTest-2118063111-project-member] Using url versioning {{(pid=101648) process_request /opt/stack/glance/glance/api/middleware/version_negotiation.py:57}}
May 13 12:27:34.742391 np0000000693 devstack@g-api.service[101648]: DEBUG glance.api.middleware.version_negotiation [None req-d3087a6c-60e3-4e79-9108-0bbbb7ff641d tempest-ServerStableDeviceRescueTest-2118063111 tempest-ServerStableDeviceRescueTest-2118063111-project-member] Matched version: v2 {{(pid=101648) process_request /opt/stack/glance/glance/api/middleware/version_negotiation.py:69}}
May 13 12:27:34.742507 np0000000693 devstack@g-api.service[101648]: DEBUG glance.api.middleware.version_negotiation [None req-d3087a6c-60e3-4e79-9108-0bbbb7ff641d tempest-ServerStableDeviceRescueTest-2118063111 tempest-ServerStableDeviceRescueTest-2118063111-project-member] new path /v2/schemas/image {{(pid=101648) process_request /opt/stack/glance/glance/api/middleware/version_negotiation.py:70}}
May 13 12:27:34.746794 np0000000693 devstack@g-api.service[101648]: [pid: 101648|app: 0|req: 136/384] 127.0.0.1 () {44 vars in 1055 bytes} [Wed May 13 12:27:34 2026] GET /v2/schemas/image => generated 6083 bytes in 5 msecs (HTTP/1.1 200) 4 headers in 158 bytes (1 switches on core 0)
May 13 12:27:34.796973 np0000000693 devstack@g-api.service[101646]: DEBUG glance.api.middleware.version_negotiation [None req-d3087a6c-60e3-4e79-9108-0bbbb7ff641d tempest-ServerStableDeviceRescueTest-2118063111 tempest-ServerStableDeviceRescueTest-2118063111-project-member] Determining version of request: PATCH /v2/images/6bea592d-7a07-4f6c-969c-9b3b41da71de Accept: */* {{(pid=101646) process_request /opt/stack/glance/glance/api/middleware/version_negotiation.py:44}}
May 13 12:27:34.797153 np0000000693 devstack@g-api.service[101646]: DEBUG glance.api.middleware.version_negotiation [None req-d3087a6c-60e3-4e79-9108-0bbbb7ff641d tempest-ServerStableDeviceRescueTest-2118063111 tempest-ServerStableDeviceRescueTest-2118063111-project-member] Using url versioning {{(pid=101646) process_request /opt/stack/glance/glance/api/middleware/version_negotiation.py:57}}
May 13 12:27:34.797222 np0000000693 devstack@g-api.service[101646]: DEBUG glance.api.middleware.version_negotiation [None req-d3087a6c-60e3-4e79-9108-0bbbb7ff641d tempest-ServerStableDeviceRescueTest-2118063111 tempest-ServerStableDeviceRescueTest-2118063111-project-member] Matched version: v2 {{(pid=101646) process_request /opt/stack/glance/glance/api/middleware/version_negotiation.py:69}}
May 13 12:27:34.797392 np0000000693 devstack@g-api.service[101646]: DEBUG glance.api.middleware.version_negotiation [None req-d3087a6c-60e3-4e79-9108-0bbbb7ff641d tempest-ServerStableDeviceRescueTest-2118063111 tempest-ServerStableDeviceRescueTest-2118063111-project-member] new path /v2/images/6bea592d-7a07-4f6c-969c-9b3b41da71de {{(pid=101646) process_request /opt/stack/glance/glance/api/middleware/version_negotiation.py:70}}
May 13 12:27:34.935704 np0000000693 devstack@g-api.service[101646]: [pid: 101646|app: 0|req: 133/385] 127.0.0.1 () {46 vars in 1158 bytes} [Wed May 13 12:27:34 2026] PATCH /v2/images/6bea592d-7a07-4f6c-969c-9b3b41da71de => generated 1446 bytes in 139 msecs (HTTP/1.1 200) 4 headers in 158 bytes (1 switches on core 0)
May 13 12:27:34.983168 np0000000693 devstack@g-api.service[101648]: DEBUG glance.api.middleware.version_negotiation [None req-d3087a6c-60e3-4e79-9108-0bbbb7ff641d tempest-ServerStableDeviceRescueTest-2118063111 tempest-ServerStableDeviceRescueTest-2118063111-project-member] Determining version of request: GET /v2/images/6bea592d-7a07-4f6c-969c-9b3b41da71de Accept: */* {{(pid=101648) process_request /opt/stack/glance/glance/api/middleware/version_negotiation.py:44}}
May 13 12:27:34.983302 np0000000693 devstack@g-api.service[101648]: DEBUG glance.api.middleware.version_negotiation [None req-d3087a6c-60e3-4e79-9108-0bbbb7ff641d tempest-ServerStableDeviceRescueTest-2118063111 tempest-ServerStableDeviceRescueTest-2118063111-project-member] Using url versioning {{(pid=101648) process_request /opt/stack/glance/glance/api/middleware/version_negotiation.py:57}}
May 13 12:27:34.983445 np0000000693 devstack@g-api.service[101648]: DEBUG glance.api.middleware.version_negotiation [None req-d3087a6c-60e3-4e79-9108-0bbbb7ff641d tempest-ServerStableDeviceRescueTest-2118063111 tempest-ServerStableDeviceRescueTest-2118063111-project-member] Matched version: v2 {{(pid=101648) process_request /opt/stack/glance/glance/api/middleware/version_negotiation.py:69}}
May 13 12:27:34.983570 np0000000693 devstack@g-api.service[101648]: DEBUG glance.api.middleware.version_negotiation [None req-d3087a6c-60e3-4e79-9108-0bbbb7ff641d tempest-ServerStableDeviceRescueTest-2118063111 tempest-ServerStableDeviceRescueTest-2118063111-project-member] new path /v2/images/6bea592d-7a07-4f6c-969c-9b3b41da71de {{(pid=101648) process_request /opt/stack/glance/glance/api/middleware/version_negotiation.py:70}}
May 13 12:27:34.995239 np0000000693 devstack@g-api.service[101648]: [pid: 101648|app: 0|req: 137/386] 127.0.0.1 () {44 vars in 1115 bytes} [Wed May 13 12:27:34 2026] GET /v2/images/6bea592d-7a07-4f6c-969c-9b3b41da71de => generated 1446 bytes in 12 msecs (HTTP/1.1 200) 4 headers in 158 bytes (1 switches on core 0)
May 13 12:27:35.046442 np0000000693 devstack@g-api.service[101646]: DEBUG glance.api.middleware.version_negotiation [None req-d3087a6c-60e3-4e79-9108-0bbbb7ff641d tempest-ServerStableDeviceRescueTest-2118063111 tempest-ServerStableDeviceRescueTest-2118063111-project-member] Determining version of request: PUT /v2/images/6bea592d-7a07-4f6c-969c-9b3b41da71de/file Accept: */* {{(pid=101646) process_request /opt/stack/glance/glance/api/middleware/version_negotiation.py:44}}
May 13 12:27:35.046735 np0000000693 devstack@g-api.service[101646]: DEBUG glance.api.middleware.version_negotiation [None req-d3087a6c-60e3-4e79-9108-0bbbb7ff641d tempest-ServerStableDeviceRescueTest-2118063111 tempest-ServerStableDeviceRescueTest-2118063111-project-member] Using url versioning {{(pid=101646) process_request /opt/stack/glance/glance/api/middleware/version_negotiation.py:57}}
May 13 12:27:35.047037 np0000000693 devstack@g-api.service[101646]: DEBUG glance.api.middleware.version_negotiation [None req-d3087a6c-60e3-4e79-9108-0bbbb7ff641d tempest-ServerStableDeviceRescueTest-2118063111 tempest-ServerStableDeviceRescueTest-2118063111-project-member] Matched version: v2 {{(pid=101646) process_request /opt/stack/glance/glance/api/middleware/version_negotiation.py:69}}
May 13 12:27:35.047157 np0000000693 devstack@g-api.service[101646]: DEBUG glance.api.middleware.version_negotiation [None req-d3087a6c-60e3-4e79-9108-0bbbb7ff641d tempest-ServerStableDeviceRescueTest-2118063111 tempest-ServerStableDeviceRescueTest-2118063111-project-member] new path /v2/images/6bea592d-7a07-4f6c-969c-9b3b41da71de/file {{(pid=101646) process_request /opt/stack/glance/glance/api/middleware/version_negotiation.py:70}}
May 13 12:27:35.069339 np0000000693 devstack@g-api.service[101647]: DEBUG glance.location [None req-e2018aba-663a-4f06-97cf-076c4525ac94 tempest-AttachVolumeShelveTestJSON-1776660656 tempest-AttachVolumeShelveTestJSON-1776660656-project-member] Enabling in-flight format inspection for qcow2 {{(pid=101647) set_data /opt/stack/glance/glance/location.py:616}}
May 13 12:27:35.069723 np0000000693 devstack@g-api.service[101647]: DEBUG glance_store.backend [None req-e2018aba-663a-4f06-97cf-076c4525ac94 tempest-AttachVolumeShelveTestJSON-1776660656 tempest-AttachVolumeShelveTestJSON-1776660656-project-member] Attempting to import store swift {{(pid=101647) _load_store /opt/stack/data/venv/lib/python3.12/site-packages/glance_store/backend.py:215}}
May 13 12:27:35.071200 np0000000693 devstack@g-api.service[101647]: DEBUG glance_store.capabilities [None req-e2018aba-663a-4f06-97cf-076c4525ac94 tempest-AttachVolumeShelveTestJSON-1776660656 tempest-AttachVolumeShelveTestJSON-1776660656-project-member] Store glance_store._drivers.swift.store.SingleTenantStore doesn't support updating dynamic storage capabilities. Please overwrite 'update_capabilities' method of the store to implement updating logics if needed. {{(pid=101647) update_capabilities /opt/stack/data/venv/lib/python3.12/site-packages/glance_store/capabilities.py:91}}
May 13 12:27:35.071304 np0000000693 devstack@g-api.service[101647]: DEBUG glance_store.driver [None req-e2018aba-663a-4f06-97cf-076c4525ac94 tempest-AttachVolumeShelveTestJSON-1776660656 tempest-AttachVolumeShelveTestJSON-1776660656-project-member] Late loading location class glance_store._drivers.swift.store.StoreLocation {{(pid=101647) get_store_location_class /opt/stack/data/venv/lib/python3.12/site-packages/glance_store/driver.py:134}}
May 13 12:27:35.071409 np0000000693 devstack@g-api.service[101647]: DEBUG glance_store.location [None req-e2018aba-663a-4f06-97cf-076c4525ac94 tempest-AttachVolumeShelveTestJSON-1776660656 tempest-AttachVolumeShelveTestJSON-1776660656-project-member] Registering scheme swift+https with {'store': , 'location_class': , 'store_entry': 'swift'} {{(pid=101647) register_scheme_map /opt/stack/data/venv/lib/python3.12/site-packages/glance_store/location.py:146}}
May 13 12:27:35.071482 np0000000693 devstack@g-api.service[101647]: DEBUG glance_store.location [None req-e2018aba-663a-4f06-97cf-076c4525ac94 tempest-AttachVolumeShelveTestJSON-1776660656 tempest-AttachVolumeShelveTestJSON-1776660656-project-member] Registering scheme swift+https with {'store': , 'location_class': , 'store_entry': 'swift'} {{(pid=101647) register_scheme_map /opt/stack/data/venv/lib/python3.12/site-packages/glance_store/location.py:146}}
May 13 12:27:35.071563 np0000000693 devstack@g-api.service[101647]: DEBUG glance_store.location [None req-e2018aba-663a-4f06-97cf-076c4525ac94 tempest-AttachVolumeShelveTestJSON-1776660656 tempest-AttachVolumeShelveTestJSON-1776660656-project-member] Registering scheme swift with {'store': , 'location_class': , 'store_entry': 'swift'} {{(pid=101647) register_scheme_map /opt/stack/data/venv/lib/python3.12/site-packages/glance_store/location.py:146}}
May 13 12:27:35.071639 np0000000693 devstack@g-api.service[101647]: DEBUG glance_store.location [None req-e2018aba-663a-4f06-97cf-076c4525ac94 tempest-AttachVolumeShelveTestJSON-1776660656 tempest-AttachVolumeShelveTestJSON-1776660656-project-member] Registering scheme swift+https with {'store': , 'location_class': , 'store_entry': 'swift'} {{(pid=101647) register_scheme_map /opt/stack/data/venv/lib/python3.12/site-packages/glance_store/location.py:146}}
May 13 12:27:35.071713 np0000000693 devstack@g-api.service[101647]: DEBUG glance_store.location [None req-e2018aba-663a-4f06-97cf-076c4525ac94 tempest-AttachVolumeShelveTestJSON-1776660656 tempest-AttachVolumeShelveTestJSON-1776660656-project-member] Registering scheme swift with {'store': , 'location_class': , 'store_entry': 'swift'} {{(pid=101647) register_scheme_map /opt/stack/data/venv/lib/python3.12/site-packages/glance_store/location.py:146}}
May 13 12:27:35.071775 np0000000693 devstack@g-api.service[101647]: DEBUG glance_store.location [None req-e2018aba-663a-4f06-97cf-076c4525ac94 tempest-AttachVolumeShelveTestJSON-1776660656 tempest-AttachVolumeShelveTestJSON-1776660656-project-member] Registering scheme swift+http with {'store': , 'location_class': , 'store_entry': 'swift'} {{(pid=101647) register_scheme_map /opt/stack/data/venv/lib/python3.12/site-packages/glance_store/location.py:146}}
May 13 12:27:35.071838 np0000000693 devstack@g-api.service[101647]: DEBUG glance_store.location [None req-e2018aba-663a-4f06-97cf-076c4525ac94 tempest-AttachVolumeShelveTestJSON-1776660656 tempest-AttachVolumeShelveTestJSON-1776660656-project-member] Registering scheme swift+https with {'store': , 'location_class': , 'store_entry': 'swift'} {{(pid=101647) register_scheme_map /opt/stack/data/venv/lib/python3.12/site-packages/glance_store/location.py:146}}
May 13 12:27:35.072047 np0000000693 devstack@g-api.service[101647]: DEBUG glance_store.location [None req-e2018aba-663a-4f06-97cf-076c4525ac94 tempest-AttachVolumeShelveTestJSON-1776660656 tempest-AttachVolumeShelveTestJSON-1776660656-project-member] Registering scheme swift with {'store': , 'location_class': , 'store_entry': 'swift'} {{(pid=101647) register_scheme_map /opt/stack/data/venv/lib/python3.12/site-packages/glance_store/location.py:146}}
May 13 12:27:35.072146 np0000000693 devstack@g-api.service[101647]: DEBUG glance_store.location [None req-e2018aba-663a-4f06-97cf-076c4525ac94 tempest-AttachVolumeShelveTestJSON-1776660656 tempest-AttachVolumeShelveTestJSON-1776660656-project-member] Registering scheme swift+http with {'store': , 'location_class': , 'store_entry': 'swift'} {{(pid=101647) register_scheme_map /opt/stack/data/venv/lib/python3.12/site-packages/glance_store/location.py:146}}
May 13 12:27:35.072268 np0000000693 devstack@g-api.service[101647]: DEBUG glance_store.location [None req-e2018aba-663a-4f06-97cf-076c4525ac94 tempest-AttachVolumeShelveTestJSON-1776660656 tempest-AttachVolumeShelveTestJSON-1776660656-project-member] Registering scheme swift+config with {'store': , 'location_class': , 'store_entry': 'swift'} {{(pid=101647) register_scheme_map /opt/stack/data/venv/lib/python3.12/site-packages/glance_store/location.py:146}}
May 13 12:27:35.161892 np0000000693 devstack@g-api.service[101648]: DEBUG glance.api.middleware.version_negotiation [None req-d3087a6c-60e3-4e79-9108-0bbbb7ff641d tempest-ServerStableDeviceRescueTest-2118063111 tempest-ServerStableDeviceRescueTest-2118063111-project-member] Determining version of request: GET /v2/images/6bea592d-7a07-4f6c-969c-9b3b41da71de Accept: */* {{(pid=101648) process_request /opt/stack/glance/glance/api/middleware/version_negotiation.py:44}}
May 13 12:27:35.161892 np0000000693 devstack@g-api.service[101648]: DEBUG glance.api.middleware.version_negotiation [None req-d3087a6c-60e3-4e79-9108-0bbbb7ff641d tempest-ServerStableDeviceRescueTest-2118063111 tempest-ServerStableDeviceRescueTest-2118063111-project-member] Using url versioning {{(pid=101648) process_request /opt/stack/glance/glance/api/middleware/version_negotiation.py:57}}
May 13 12:27:35.161892 np0000000693 devstack@g-api.service[101648]: DEBUG glance.api.middleware.version_negotiation [None req-d3087a6c-60e3-4e79-9108-0bbbb7ff641d tempest-ServerStableDeviceRescueTest-2118063111 tempest-ServerStableDeviceRescueTest-2118063111-project-member] Matched version: v2 {{(pid=101648) process_request /opt/stack/glance/glance/api/middleware/version_negotiation.py:69}}
May 13 12:27:35.161892 np0000000693 devstack@g-api.service[101648]: DEBUG glance.api.middleware.version_negotiation [None req-d3087a6c-60e3-4e79-9108-0bbbb7ff641d tempest-ServerStableDeviceRescueTest-2118063111 tempest-ServerStableDeviceRescueTest-2118063111-project-member] new path /v2/images/6bea592d-7a07-4f6c-969c-9b3b41da71de {{(pid=101648) process_request /opt/stack/glance/glance/api/middleware/version_negotiation.py:70}}
May 13 12:27:35.181904 np0000000693 devstack@g-api.service[101648]: [pid: 101648|app: 0|req: 138/387] 127.0.0.1 () {44 vars in 1115 bytes} [Wed May 13 12:27:35 2026] GET /v2/images/6bea592d-7a07-4f6c-969c-9b3b41da71de => generated 1446 bytes in 22 msecs (HTTP/1.1 200) 4 headers in 158 bytes (1 switches on core 0)
May 13 12:27:35.223112 np0000000693 devstack@g-api.service[101648]: DEBUG glance.api.middleware.version_negotiation [None req-5933056b-49b5-4403-8c57-715cdf64f36f tempest-ServerStableDeviceRescueTest-2118063111 tempest-ServerStableDeviceRescueTest-2118063111-project-member] Determining version of request: GET /v2/schemas/image Accept: */* {{(pid=101648) process_request /opt/stack/glance/glance/api/middleware/version_negotiation.py:44}}
May 13 12:27:35.223270 np0000000693 devstack@g-api.service[101648]: DEBUG glance.api.middleware.version_negotiation [None req-5933056b-49b5-4403-8c57-715cdf64f36f tempest-ServerStableDeviceRescueTest-2118063111 tempest-ServerStableDeviceRescueTest-2118063111-project-member] Using url versioning {{(pid=101648) process_request /opt/stack/glance/glance/api/middleware/version_negotiation.py:57}}
May 13 12:27:35.223413 np0000000693 devstack@g-api.service[101648]: DEBUG glance.api.middleware.version_negotiation [None req-5933056b-49b5-4403-8c57-715cdf64f36f tempest-ServerStableDeviceRescueTest-2118063111 tempest-ServerStableDeviceRescueTest-2118063111-project-member] Matched version: v2 {{(pid=101648) process_request /opt/stack/glance/glance/api/middleware/version_negotiation.py:69}}
May 13 12:27:35.223505 np0000000693 devstack@g-api.service[101648]: DEBUG glance.api.middleware.version_negotiation [None req-5933056b-49b5-4403-8c57-715cdf64f36f tempest-ServerStableDeviceRescueTest-2118063111 tempest-ServerStableDeviceRescueTest-2118063111-project-member] new path /v2/schemas/image {{(pid=101648) process_request /opt/stack/glance/glance/api/middleware/version_negotiation.py:70}}
May 13 12:27:35.226925 np0000000693 devstack@g-api.service[101648]: [pid: 101648|app: 0|req: 139/388] 127.0.0.1 () {44 vars in 1055 bytes} [Wed May 13 12:27:35 2026] GET /v2/schemas/image => generated 6083 bytes in 4 msecs (HTTP/1.1 200) 4 headers in 158 bytes (1 switches on core 0)
May 13 12:27:35.291157 np0000000693 devstack@g-api.service[101647]: DEBUG swiftclient [None req-e2018aba-663a-4f06-97cf-076c4525ac94 tempest-AttachVolumeShelveTestJSON-1776660656 tempest-AttachVolumeShelveTestJSON-1776660656-project-member] REQ: curl -i https://10.4.3.175:8080/v1/AUTH_94998e4ce9f2459caba2cbea1aac7a1a/glance -I -H "X-Auth-Token: gAAAAABqBG43_e-n..." {{(pid=101647) http_log /opt/stack/data/venv/lib/python3.12/site-packages/swiftclient/client.py:160}}
May 13 12:27:35.291316 np0000000693 devstack@g-api.service[101647]: DEBUG swiftclient [None req-e2018aba-663a-4f06-97cf-076c4525ac94 tempest-AttachVolumeShelveTestJSON-1776660656 tempest-AttachVolumeShelveTestJSON-1776660656-project-member] RESP STATUS: 204 No Content {{(pid=101647) http_log /opt/stack/data/venv/lib/python3.12/site-packages/swiftclient/client.py:161}}
May 13 12:27:35.291369 np0000000693 devstack@g-api.service[101647]: DEBUG swiftclient [None req-e2018aba-663a-4f06-97cf-076c4525ac94 tempest-AttachVolumeShelveTestJSON-1776660656 tempest-AttachVolumeShelveTestJSON-1776660656-project-member] RESP HEADERS: {'Date': 'Wed, 13 May 2026 12:27:35 GMT', 'Server': 'Apache/2.4.58 (Ubuntu)', 'Content-Type': 'text/plain; charset=utf-8', 'X-Container-Object-Count': '3', 'X-Container-Bytes-Used': '64356352', 'X-Timestamp': '1778674729.00608', 'Last-Modified': 'Wed, 13 May 2026 12:18:49 GMT', 'Accept-Ranges': 'bytes', 'X-Storage-Policy': 'Policy-0', 'X-Container-Sharding': 'False', 'Vary': 'Accept', 'X-Trans-Id': 'tx0a6cd3492e89441d81d34-006a046e37', 'X-Openstack-Request-Id': 'tx0a6cd3492e89441d81d34-006a046e37', 'Connection': 'close'} {{(pid=101647) http_log /opt/stack/data/venv/lib/python3.12/site-packages/swiftclient/client.py:162}}
May 13 12:27:35.293536 np0000000693 devstack@g-api.service[101647]: DEBUG glance_store._drivers.swift.store [None req-e2018aba-663a-4f06-97cf-076c4525ac94 tempest-AttachVolumeShelveTestJSON-1776660656 tempest-AttachVolumeShelveTestJSON-1776660656-project-member] Adding image object '88f7b47e-0107-49b7-b647-184347bbaf6a' to Swift {{(pid=101647) add /opt/stack/data/venv/lib/python3.12/site-packages/glance_store/_drivers/swift/store.py:978}}
May 13 12:27:35.293536 np0000000693 devstack@g-api.service[101647]: DEBUG glance_store._drivers.swift.store [None req-e2018aba-663a-4f06-97cf-076c4525ac94 tempest-AttachVolumeShelveTestJSON-1776660656 tempest-AttachVolumeShelveTestJSON-1776660656-project-member] Cannot determine image size because it is either not provided in the request or chunked-transfer encoding is used. Adding image as a segmented object to Swift. {{(pid=101647) add /opt/stack/data/venv/lib/python3.12/site-packages/glance_store/_drivers/swift/store.py:1002}}
May 13 12:27:35.300942 np0000000693 devstack@g-api.service[101647]: DEBUG oslo_utils.imageutils.format_inspector [None req-e2018aba-663a-4f06-97cf-076c4525ac94 tempest-AttachVolumeShelveTestJSON-1776660656 tempest-AttachVolumeShelveTestJSON-1776660656-project-member] Format inspector for vmdk does not match, excluding from consideration (Signature KDMV not found: b'QFI\xfb') {{(pid=101647) _process_chunk /opt/stack/data/venv/lib/python3.12/site-packages/oslo_utils/imageutils/format_inspector.py:1538}}
May 13 12:27:35.305568 np0000000693 devstack@g-api.service[101647]: DEBUG oslo_utils.imageutils.format_inspector [None req-e2018aba-663a-4f06-97cf-076c4525ac94 tempest-AttachVolumeShelveTestJSON-1776660656 tempest-AttachVolumeShelveTestJSON-1776660656-project-member] Format inspector for vhdx does not match, excluding from consideration (Region signature not found at 30000) {{(pid=101647) _process_chunk /opt/stack/data/venv/lib/python3.12/site-packages/oslo_utils/imageutils/format_inspector.py:1538}}
May 13 12:27:35.713351 np0000000693 devstack@g-api.service[101646]: INFO glance.api.v2.image_data [None req-d3087a6c-60e3-4e79-9108-0bbbb7ff641d tempest-ServerStableDeviceRescueTest-2118063111 tempest-ServerStableDeviceRescueTest-2118063111-project-member] Unable to create trust: no such option collect_timing in group [keystone_authtoken] Use the existing user token.
May 13 12:27:35.832815 np0000000693 devstack@g-api.service[101647]: DEBUG swiftclient [None req-e2018aba-663a-4f06-97cf-076c4525ac94 tempest-AttachVolumeShelveTestJSON-1776660656 tempest-AttachVolumeShelveTestJSON-1776660656-project-member] REQ: curl -i https://10.4.3.175:8080/v1/AUTH_94998e4ce9f2459caba2cbea1aac7a1a/glance/88f7b47e-0107-49b7-b647-184347bbaf6a-00001 -X PUT -H "X-Auth-Token: gAAAAABqBG43_e-n..." {{(pid=101647) http_log /opt/stack/data/venv/lib/python3.12/site-packages/swiftclient/client.py:160}}
May 13 12:27:35.832932 np0000000693 devstack@g-api.service[101647]: DEBUG swiftclient [None req-e2018aba-663a-4f06-97cf-076c4525ac94 tempest-AttachVolumeShelveTestJSON-1776660656 tempest-AttachVolumeShelveTestJSON-1776660656-project-member] RESP STATUS: 201 Created {{(pid=101647) http_log /opt/stack/data/venv/lib/python3.12/site-packages/swiftclient/client.py:161}}
May 13 12:27:35.833119 np0000000693 devstack@g-api.service[101647]: DEBUG swiftclient [None req-e2018aba-663a-4f06-97cf-076c4525ac94 tempest-AttachVolumeShelveTestJSON-1776660656 tempest-AttachVolumeShelveTestJSON-1776660656-project-member] RESP HEADERS: {'Date': 'Wed, 13 May 2026 12:27:35 GMT', 'Server': 'Apache/2.4.58 (Ubuntu)', 'Content-Type': 'text/html; charset=UTF-8', 'Content-Length': '0', 'Etag': 'd24c1a83390bd835aee08a7a5e9120d4', 'Last-Modified': 'Wed, 13 May 2026 12:27:36 GMT', 'X-Trans-Id': 'txf88922be951745e7ba6f7-006a046e37', 'X-Openstack-Request-Id': 'txf88922be951745e7ba6f7-006a046e37', 'Connection': 'close'} {{(pid=101647) http_log /opt/stack/data/venv/lib/python3.12/site-packages/swiftclient/client.py:162}}
May 13 12:27:35.833305 np0000000693 devstack@g-api.service[101647]: DEBUG glance_store._drivers.swift.store [None req-e2018aba-663a-4f06-97cf-076c4525ac94 tempest-AttachVolumeShelveTestJSON-1776660656 tempest-AttachVolumeShelveTestJSON-1776660656-project-member] Wrote chunk 88f7b47e-0107-49b7-b647-184347bbaf6a-00001 (1/?) of length 53608448 to Swift returning MD5 of content: d24c1a83390bd835aee08a7a5e9120d4 {{(pid=101647) add /opt/stack/data/venv/lib/python3.12/site-packages/glance_store/_drivers/swift/store.py:1067}}
May 13 12:27:35.833620 np0000000693 devstack@g-api.service[101647]: DEBUG glance_store._drivers.swift.store [None req-e2018aba-663a-4f06-97cf-076c4525ac94 tempest-AttachVolumeShelveTestJSON-1776660656 tempest-AttachVolumeShelveTestJSON-1776660656-project-member] Not writing zero-length chunk. {{(pid=101647) add /opt/stack/data/venv/lib/python3.12/site-packages/glance_store/_drivers/swift/store.py:1036}}
May 13 12:27:35.855951 np0000000693 devstack@g-api.service[101647]: DEBUG swiftclient [None req-e2018aba-663a-4f06-97cf-076c4525ac94 tempest-AttachVolumeShelveTestJSON-1776660656 tempest-AttachVolumeShelveTestJSON-1776660656-project-member] REQ: curl -i https://10.4.3.175:8080/v1/AUTH_94998e4ce9f2459caba2cbea1aac7a1a/glance/88f7b47e-0107-49b7-b647-184347bbaf6a -X PUT -H "X-Object-Manifest: glance/88f7b47e-0107-49b7-b647-184347bbaf6a-" -H "X-Auth-Token: gAAAAABqBG43_e-n..." -H "Content-Length: 0" {{(pid=101647) http_log /opt/stack/data/venv/lib/python3.12/site-packages/swiftclient/client.py:160}}
May 13 12:27:35.856072 np0000000693 devstack@g-api.service[101647]: DEBUG swiftclient [None req-e2018aba-663a-4f06-97cf-076c4525ac94 tempest-AttachVolumeShelveTestJSON-1776660656 tempest-AttachVolumeShelveTestJSON-1776660656-project-member] RESP STATUS: 201 Created {{(pid=101647) http_log /opt/stack/data/venv/lib/python3.12/site-packages/swiftclient/client.py:161}}
May 13 12:27:35.856201 np0000000693 devstack@g-api.service[101647]: DEBUG swiftclient [None req-e2018aba-663a-4f06-97cf-076c4525ac94 tempest-AttachVolumeShelveTestJSON-1776660656 tempest-AttachVolumeShelveTestJSON-1776660656-project-member] RESP HEADERS: {'Date': 'Wed, 13 May 2026 12:27:35 GMT', 'Server': 'Apache/2.4.58 (Ubuntu)', 'Content-Type': 'text/html; charset=UTF-8', 'Content-Length': '0', 'Etag': 'd41d8cd98f00b204e9800998ecf8427e', 'Last-Modified': 'Wed, 13 May 2026 12:27:36 GMT', 'X-Trans-Id': 'tx8899ca56315748f4a0cfd-006a046e37', 'X-Openstack-Request-Id': 'tx8899ca56315748f4a0cfd-006a046e37', 'Connection': 'close'} {{(pid=101647) http_log /opt/stack/data/venv/lib/python3.12/site-packages/swiftclient/client.py:162}}
May 13 12:27:35.856746 np0000000693 devstack@g-api.service[101647]: INFO glance.location [None req-e2018aba-663a-4f06-97cf-076c4525ac94 tempest-AttachVolumeShelveTestJSON-1776660656 tempest-AttachVolumeShelveTestJSON-1776660656-project-member] Image format matched and virtual size computed: 1073741824
May 13 12:27:35.892032 np0000000693 devstack@g-api.service[101647]: DEBUG glance_store.backend [None req-e2018aba-663a-4f06-97cf-076c4525ac94 tempest-AttachVolumeShelveTestJSON-1776660656 tempest-AttachVolumeShelveTestJSON-1776660656-project-member] Attempting to import store swift {{(pid=101647) _load_store /opt/stack/data/venv/lib/python3.12/site-packages/glance_store/backend.py:215}}
May 13 12:27:35.893725 np0000000693 devstack@g-api.service[101647]: DEBUG glance_store.capabilities [None req-e2018aba-663a-4f06-97cf-076c4525ac94 tempest-AttachVolumeShelveTestJSON-1776660656 tempest-AttachVolumeShelveTestJSON-1776660656-project-member] Store glance_store._drivers.swift.store.SingleTenantStore doesn't support updating dynamic storage capabilities. Please overwrite 'update_capabilities' method of the store to implement updating logics if needed. {{(pid=101647) update_capabilities /opt/stack/data/venv/lib/python3.12/site-packages/glance_store/capabilities.py:91}}
May 13 12:27:35.893863 np0000000693 devstack@g-api.service[101647]: DEBUG glance_store.driver [None req-e2018aba-663a-4f06-97cf-076c4525ac94 tempest-AttachVolumeShelveTestJSON-1776660656 tempest-AttachVolumeShelveTestJSON-1776660656-project-member] Late loading location class glance_store._drivers.swift.store.StoreLocation {{(pid=101647) get_store_location_class /opt/stack/data/venv/lib/python3.12/site-packages/glance_store/driver.py:134}}
