May 13 12:21:07.742254 np0000000693 devstack@g-api.service[101648]: DEBUG glance.api.middleware.cache [None req-aa34243b-5cf7-49bd-9587-c5289c32b84f tempest-AttachSCSIVolumeTestJSON-1854900349 tempest-AttachSCSIVolumeTestJSON-1854900349-project-admin] Cache hit for image '2a9bb953-0700-4124-b465-498106edd987' {{(pid=101648) process_request /opt/stack/glance/glance/api/middleware/cache.py:160}}
May 13 12:21:07.753650 np0000000693 devstack@g-api.service[101646]: DEBUG glance.api.middleware.version_negotiation [None req-96b49660-e5a1-4f52-942a-064ee7284ed9 tempest-TaggedBootDevicesTest_v242-222738238 tempest-TaggedBootDevicesTest_v242-222738238-project-member] Determining version of request: POST /v2/images Accept: application/json {{(pid=101646) process_request /opt/stack/glance/glance/api/middleware/version_negotiation.py:44}}
May 13 12:21:07.753829 np0000000693 devstack@g-api.service[101646]: DEBUG glance.api.middleware.version_negotiation [None req-96b49660-e5a1-4f52-942a-064ee7284ed9 tempest-TaggedBootDevicesTest_v242-222738238 tempest-TaggedBootDevicesTest_v242-222738238-project-member] Using url versioning {{(pid=101646) process_request /opt/stack/glance/glance/api/middleware/version_negotiation.py:57}}
May 13 12:21:07.754659 np0000000693 devstack@g-api.service[101646]: DEBUG glance.api.middleware.version_negotiation [None req-96b49660-e5a1-4f52-942a-064ee7284ed9 tempest-TaggedBootDevicesTest_v242-222738238 tempest-TaggedBootDevicesTest_v242-222738238-project-member] Matched version: v2 {{(pid=101646) process_request /opt/stack/glance/glance/api/middleware/version_negotiation.py:69}}
May 13 12:21:07.754659 np0000000693 devstack@g-api.service[101646]: DEBUG glance.api.middleware.version_negotiation [None req-96b49660-e5a1-4f52-942a-064ee7284ed9 tempest-TaggedBootDevicesTest_v242-222738238 tempest-TaggedBootDevicesTest_v242-222738238-project-member] new path /v2/images {{(pid=101646) process_request /opt/stack/glance/glance/api/middleware/version_negotiation.py:70}}
May 13 12:21:08.559430 np0000000693 devstack@g-api.service[101646]: [pid: 101646|app: 0|req: 14/41] 127.0.0.1 () {42 vars in 786 bytes} [Wed May 13 12:21:07 2026] POST /v2/images => generated 690 bytes in 806 msecs (HTTP/1.1 201) 6 headers in 315 bytes (1 switches on core 0)
May 13 12:21:08.569034 np0000000693 devstack@g-api.service[101647]: DEBUG glance.api.middleware.version_negotiation [None req-96b49660-e5a1-4f52-942a-064ee7284ed9 tempest-TaggedBootDevicesTest_v242-222738238 tempest-TaggedBootDevicesTest_v242-222738238-project-member] Determining version of request: PUT /v2/images/6ba6411e-e9c8-42fe-a9ad-2a93501e470c/file Accept: {{(pid=101647) process_request /opt/stack/glance/glance/api/middleware/version_negotiation.py:44}}
May 13 12:21:08.569578 np0000000693 devstack@g-api.service[101647]: DEBUG glance.api.middleware.version_negotiation [None req-96b49660-e5a1-4f52-942a-064ee7284ed9 tempest-TaggedBootDevicesTest_v242-222738238 tempest-TaggedBootDevicesTest_v242-222738238-project-member] Using url versioning {{(pid=101647) process_request /opt/stack/glance/glance/api/middleware/version_negotiation.py:57}}
May 13 12:21:08.569578 np0000000693 devstack@g-api.service[101647]: DEBUG glance.api.middleware.version_negotiation [None req-96b49660-e5a1-4f52-942a-064ee7284ed9 tempest-TaggedBootDevicesTest_v242-222738238 tempest-TaggedBootDevicesTest_v242-222738238-project-member] Matched version: v2 {{(pid=101647) process_request /opt/stack/glance/glance/api/middleware/version_negotiation.py:69}}
May 13 12:21:08.569578 np0000000693 devstack@g-api.service[101647]: DEBUG glance.api.middleware.version_negotiation [None req-96b49660-e5a1-4f52-942a-064ee7284ed9 tempest-TaggedBootDevicesTest_v242-222738238 tempest-TaggedBootDevicesTest_v242-222738238-project-member] new path /v2/images/6ba6411e-e9c8-42fe-a9ad-2a93501e470c/file {{(pid=101647) process_request /opt/stack/glance/glance/api/middleware/version_negotiation.py:70}}
May 13 12:21:08.617049 np0000000693 devstack@g-api.service[101648]: [pid: 101648|app: 0|req: 13/42] 127.0.0.1 () {40 vars in 848 bytes} [Wed May 13 12:21:07 2026] GET /v2/images/2a9bb953-0700-4124-b465-498106edd987/file => generated 21692416 bytes in 1210 msecs (HTTP/1.1 200) 5 headers in 217 bytes (339 switches on core 0)
May 13 12:21:08.773534 np0000000693 devstack@g-api.service[101646]: DEBUG glance.api.middleware.version_negotiation [None req-09d6ad66-e56e-4ee9-acaf-593f4b0702a8 tempest-AttachSCSIVolumeTestJSON-1854900349 tempest-AttachSCSIVolumeTestJSON-1854900349-project-admin] Determining version of request: GET /v2/images/2a9bb953-0700-4124-b465-498106edd987 Accept: */* {{(pid=101646) process_request /opt/stack/glance/glance/api/middleware/version_negotiation.py:44}}
May 13 12:21:08.773662 np0000000693 devstack@g-api.service[101646]: DEBUG glance.api.middleware.version_negotiation [None req-09d6ad66-e56e-4ee9-acaf-593f4b0702a8 tempest-AttachSCSIVolumeTestJSON-1854900349 tempest-AttachSCSIVolumeTestJSON-1854900349-project-admin] Using url versioning {{(pid=101646) process_request /opt/stack/glance/glance/api/middleware/version_negotiation.py:57}}
May 13 12:21:08.773767 np0000000693 devstack@g-api.service[101646]: DEBUG glance.api.middleware.version_negotiation [None req-09d6ad66-e56e-4ee9-acaf-593f4b0702a8 tempest-AttachSCSIVolumeTestJSON-1854900349 tempest-AttachSCSIVolumeTestJSON-1854900349-project-admin] Matched version: v2 {{(pid=101646) process_request /opt/stack/glance/glance/api/middleware/version_negotiation.py:69}}
May 13 12:21:08.773865 np0000000693 devstack@g-api.service[101646]: DEBUG glance.api.middleware.version_negotiation [None req-09d6ad66-e56e-4ee9-acaf-593f4b0702a8 tempest-AttachSCSIVolumeTestJSON-1854900349 tempest-AttachSCSIVolumeTestJSON-1854900349-project-admin] new path /v2/images/2a9bb953-0700-4124-b465-498106edd987 {{(pid=101646) process_request /opt/stack/glance/glance/api/middleware/version_negotiation.py:70}}
May 13 12:21:08.902229 np0000000693 devstack@g-api.service[101648]: DEBUG glance.api.middleware.version_negotiation [None req-aa34243b-5cf7-49bd-9587-c5289c32b84f tempest-AttachSCSIVolumeTestJSON-1854900349 tempest-AttachSCSIVolumeTestJSON-1854900349-project-admin] Determining version of request: GET /v2/images/2a9bb953-0700-4124-b465-498106edd987 Accept: */* {{(pid=101648) process_request /opt/stack/glance/glance/api/middleware/version_negotiation.py:44}}
May 13 12:21:08.904916 np0000000693 devstack@g-api.service[101648]: DEBUG glance.api.middleware.version_negotiation [None req-aa34243b-5cf7-49bd-9587-c5289c32b84f tempest-AttachSCSIVolumeTestJSON-1854900349 tempest-AttachSCSIVolumeTestJSON-1854900349-project-admin] Using url versioning {{(pid=101648) process_request /opt/stack/glance/glance/api/middleware/version_negotiation.py:57}}
May 13 12:21:08.904916 np0000000693 devstack@g-api.service[101648]: DEBUG glance.api.middleware.version_negotiation [None req-aa34243b-5cf7-49bd-9587-c5289c32b84f tempest-AttachSCSIVolumeTestJSON-1854900349 tempest-AttachSCSIVolumeTestJSON-1854900349-project-admin] Matched version: v2 {{(pid=101648) process_request /opt/stack/glance/glance/api/middleware/version_negotiation.py:69}}
May 13 12:21:08.904916 np0000000693 devstack@g-api.service[101648]: DEBUG glance.api.middleware.version_negotiation [None req-aa34243b-5cf7-49bd-9587-c5289c32b84f tempest-AttachSCSIVolumeTestJSON-1854900349 tempest-AttachSCSIVolumeTestJSON-1854900349-project-admin] new path /v2/images/2a9bb953-0700-4124-b465-498106edd987 {{(pid=101648) process_request /opt/stack/glance/glance/api/middleware/version_negotiation.py:70}}
May 13 12:21:08.913962 np0000000693 devstack@g-api.service[101648]: [pid: 101648|app: 0|req: 14/43] 127.0.0.1 () {44 vars in 1115 bytes} [Wed May 13 12:21:08 2026] GET /v2/images/2a9bb953-0700-4124-b465-498106edd987 => generated 1044 bytes in 12 msecs (HTTP/1.1 200) 4 headers in 158 bytes (1 switches on core 0)
May 13 12:21:08.925929 np0000000693 devstack@g-api.service[101648]: DEBUG glance.api.middleware.version_negotiation [None req-96b49660-e5a1-4f52-942a-064ee7284ed9 tempest-TaggedBootDevicesTest_v242-222738238 tempest-TaggedBootDevicesTest_v242-222738238-project-member] Determining version of request: GET /v2/schemas/image Accept: */* {{(pid=101648) process_request /opt/stack/glance/glance/api/middleware/version_negotiation.py:44}}
May 13 12:21:08.926063 np0000000693 devstack@g-api.service[101648]: DEBUG glance.api.middleware.version_negotiation [None req-96b49660-e5a1-4f52-942a-064ee7284ed9 tempest-TaggedBootDevicesTest_v242-222738238 tempest-TaggedBootDevicesTest_v242-222738238-project-member] Using url versioning {{(pid=101648) process_request /opt/stack/glance/glance/api/middleware/version_negotiation.py:57}}
May 13 12:21:08.926193 np0000000693 devstack@g-api.service[101648]: DEBUG glance.api.middleware.version_negotiation [None req-96b49660-e5a1-4f52-942a-064ee7284ed9 tempest-TaggedBootDevicesTest_v242-222738238 tempest-TaggedBootDevicesTest_v242-222738238-project-member] Matched version: v2 {{(pid=101648) process_request /opt/stack/glance/glance/api/middleware/version_negotiation.py:69}}
May 13 12:21:08.926285 np0000000693 devstack@g-api.service[101648]: DEBUG glance.api.middleware.version_negotiation [None req-96b49660-e5a1-4f52-942a-064ee7284ed9 tempest-TaggedBootDevicesTest_v242-222738238 tempest-TaggedBootDevicesTest_v242-222738238-project-member] new path /v2/schemas/image {{(pid=101648) process_request /opt/stack/glance/glance/api/middleware/version_negotiation.py:70}}
May 13 12:21:08.928279 np0000000693 devstack@g-api.service[101648]: [pid: 101648|app: 0|req: 15/44] 127.0.0.1 () {44 vars in 1055 bytes} [Wed May 13 12:21:08 2026] GET /v2/schemas/image => generated 6083 bytes in 2 msecs (HTTP/1.1 200) 4 headers in 158 bytes (1 switches on core 0)
May 13 12:21:09.047305 np0000000693 devstack@g-api.service[101646]: [pid: 101646|app: 0|req: 15/45] 127.0.0.1 () {44 vars in 1115 bytes} [Wed May 13 12:21:08 2026] GET /v2/images/2a9bb953-0700-4124-b465-498106edd987 => generated 1044 bytes in 274 msecs (HTTP/1.1 200) 4 headers in 158 bytes (1 switches on core 0)
May 13 12:21:09.058962 np0000000693 devstack@g-api.service[101648]: DEBUG glance.api.middleware.version_negotiation [None req-96b49660-e5a1-4f52-942a-064ee7284ed9 tempest-TaggedBootDevicesTest_v242-222738238 tempest-TaggedBootDevicesTest_v242-222738238-project-member] Determining version of request: GET /v2/schemas/image Accept: */* {{(pid=101648) process_request /opt/stack/glance/glance/api/middleware/version_negotiation.py:44}}
May 13 12:21:09.059172 np0000000693 devstack@g-api.service[101648]: DEBUG glance.api.middleware.version_negotiation [None req-96b49660-e5a1-4f52-942a-064ee7284ed9 tempest-TaggedBootDevicesTest_v242-222738238 tempest-TaggedBootDevicesTest_v242-222738238-project-member] Using url versioning {{(pid=101648) process_request /opt/stack/glance/glance/api/middleware/version_negotiation.py:57}}
May 13 12:21:09.059338 np0000000693 devstack@g-api.service[101648]: DEBUG glance.api.middleware.version_negotiation [None req-96b49660-e5a1-4f52-942a-064ee7284ed9 tempest-TaggedBootDevicesTest_v242-222738238 tempest-TaggedBootDevicesTest_v242-222738238-project-member] Matched version: v2 {{(pid=101648) process_request /opt/stack/glance/glance/api/middleware/version_negotiation.py:69}}
May 13 12:21:09.059524 np0000000693 devstack@g-api.service[101648]: DEBUG glance.api.middleware.version_negotiation [None req-96b49660-e5a1-4f52-942a-064ee7284ed9 tempest-TaggedBootDevicesTest_v242-222738238 tempest-TaggedBootDevicesTest_v242-222738238-project-member] new path /v2/schemas/image {{(pid=101648) process_request /opt/stack/glance/glance/api/middleware/version_negotiation.py:70}}
May 13 12:21:09.062535 np0000000693 devstack@g-api.service[101648]: [pid: 101648|app: 0|req: 16/46] 127.0.0.1 () {44 vars in 1055 bytes} [Wed May 13 12:21:09 2026] GET /v2/schemas/image => generated 6083 bytes in 4 msecs (HTTP/1.1 200) 4 headers in 158 bytes (1 switches on core 0)
May 13 12:21:09.071669 np0000000693 devstack@g-api.service[101646]: DEBUG glance.api.middleware.version_negotiation [None req-660aa696-bc19-4581-8785-e1ababb9badd tempest-TaggedBootDevicesTest-1678372100 tempest-TaggedBootDevicesTest-1678372100-project-member] Determining version of request: GET /v2/schemas/image Accept: */* {{(pid=101646) process_request /opt/stack/glance/glance/api/middleware/version_negotiation.py:44}}
May 13 12:21:09.071669 np0000000693 devstack@g-api.service[101646]: DEBUG glance.api.middleware.version_negotiation [None req-660aa696-bc19-4581-8785-e1ababb9badd tempest-TaggedBootDevicesTest-1678372100 tempest-TaggedBootDevicesTest-1678372100-project-member] Using url versioning {{(pid=101646) process_request /opt/stack/glance/glance/api/middleware/version_negotiation.py:57}}
May 13 12:21:09.071802 np0000000693 devstack@g-api.service[101646]: DEBUG glance.api.middleware.version_negotiation [None req-660aa696-bc19-4581-8785-e1ababb9badd tempest-TaggedBootDevicesTest-1678372100 tempest-TaggedBootDevicesTest-1678372100-project-member] Matched version: v2 {{(pid=101646) process_request /opt/stack/glance/glance/api/middleware/version_negotiation.py:69}}
May 13 12:21:09.071919 np0000000693 devstack@g-api.service[101646]: DEBUG glance.api.middleware.version_negotiation [None req-660aa696-bc19-4581-8785-e1ababb9badd tempest-TaggedBootDevicesTest-1678372100 tempest-TaggedBootDevicesTest-1678372100-project-member] new path /v2/schemas/image {{(pid=101646) process_request /opt/stack/glance/glance/api/middleware/version_negotiation.py:70}}
May 13 12:21:09.074004 np0000000693 devstack@g-api.service[101646]: [pid: 101646|app: 0|req: 16/47] 127.0.0.1 () {44 vars in 1055 bytes} [Wed May 13 12:21:09 2026] GET /v2/schemas/image => generated 6083 bytes in 3 msecs (HTTP/1.1 200) 4 headers in 158 bytes (1 switches on core 0)
May 13 12:21:09.084769 np0000000693 devstack@g-api.service[101648]: DEBUG glance.api.middleware.version_negotiation [None req-660aa696-bc19-4581-8785-e1ababb9badd tempest-TaggedBootDevicesTest-1678372100 tempest-TaggedBootDevicesTest-1678372100-project-member] Determining version of request: GET /v2/images/2a9bb953-0700-4124-b465-498106edd987 Accept: */* {{(pid=101648) process_request /opt/stack/glance/glance/api/middleware/version_negotiation.py:44}}
May 13 12:21:09.084963 np0000000693 devstack@g-api.service[101648]: DEBUG glance.api.middleware.version_negotiation [None req-660aa696-bc19-4581-8785-e1ababb9badd tempest-TaggedBootDevicesTest-1678372100 tempest-TaggedBootDevicesTest-1678372100-project-member] Using url versioning {{(pid=101648) process_request /opt/stack/glance/glance/api/middleware/version_negotiation.py:57}}
May 13 12:21:09.085033 np0000000693 devstack@g-api.service[101648]: DEBUG glance.api.middleware.version_negotiation [None req-660aa696-bc19-4581-8785-e1ababb9badd tempest-TaggedBootDevicesTest-1678372100 tempest-TaggedBootDevicesTest-1678372100-project-member] Matched version: v2 {{(pid=101648) process_request /opt/stack/glance/glance/api/middleware/version_negotiation.py:69}}
May 13 12:21:09.085141 np0000000693 devstack@g-api.service[101648]: DEBUG glance.api.middleware.version_negotiation [None req-660aa696-bc19-4581-8785-e1ababb9badd tempest-TaggedBootDevicesTest-1678372100 tempest-TaggedBootDevicesTest-1678372100-project-member] new path /v2/images/2a9bb953-0700-4124-b465-498106edd987 {{(pid=101648) process_request /opt/stack/glance/glance/api/middleware/version_negotiation.py:70}}
May 13 12:21:09.096063 np0000000693 devstack@g-api.service[101648]: [pid: 101648|app: 0|req: 17/48] 127.0.0.1 () {44 vars in 1115 bytes} [Wed May 13 12:21:09 2026] GET /v2/images/2a9bb953-0700-4124-b465-498106edd987 => generated 1044 bytes in 11 msecs (HTTP/1.1 200) 4 headers in 158 bytes (1 switches on core 0)
May 13 12:21:09.106554 np0000000693 devstack@g-api.service[101646]: DEBUG glance.api.middleware.version_negotiation [None req-660aa696-bc19-4581-8785-e1ababb9badd tempest-TaggedBootDevicesTest-1678372100 tempest-TaggedBootDevicesTest-1678372100-project-member] Determining version of request: GET /v2/schemas/image Accept: */* {{(pid=101646) process_request /opt/stack/glance/glance/api/middleware/version_negotiation.py:44}}
May 13 12:21:09.106554 np0000000693 devstack@g-api.service[101646]: DEBUG glance.api.middleware.version_negotiation [None req-660aa696-bc19-4581-8785-e1ababb9badd tempest-TaggedBootDevicesTest-1678372100 tempest-TaggedBootDevicesTest-1678372100-project-member] Using url versioning {{(pid=101646) process_request /opt/stack/glance/glance/api/middleware/version_negotiation.py:57}}
May 13 12:21:09.106554 np0000000693 devstack@g-api.service[101646]: DEBUG glance.api.middleware.version_negotiation [None req-660aa696-bc19-4581-8785-e1ababb9badd tempest-TaggedBootDevicesTest-1678372100 tempest-TaggedBootDevicesTest-1678372100-project-member] Matched version: v2 {{(pid=101646) process_request /opt/stack/glance/glance/api/middleware/version_negotiation.py:69}}
May 13 12:21:09.106554 np0000000693 devstack@g-api.service[101646]: DEBUG glance.api.middleware.version_negotiation [None req-660aa696-bc19-4581-8785-e1ababb9badd tempest-TaggedBootDevicesTest-1678372100 tempest-TaggedBootDevicesTest-1678372100-project-member] new path /v2/schemas/image {{(pid=101646) process_request /opt/stack/glance/glance/api/middleware/version_negotiation.py:70}}
May 13 12:21:09.109069 np0000000693 devstack@g-api.service[101646]: [pid: 101646|app: 0|req: 17/49] 127.0.0.1 () {44 vars in 1055 bytes} [Wed May 13 12:21:09 2026] GET /v2/schemas/image => generated 6083 bytes in 3 msecs (HTTP/1.1 200) 4 headers in 158 bytes (1 switches on core 0)
May 13 12:21:09.122657 np0000000693 devstack@g-api.service[101648]: DEBUG glance.api.middleware.version_negotiation [None req-660aa696-bc19-4581-8785-e1ababb9badd tempest-TaggedBootDevicesTest-1678372100 tempest-TaggedBootDevicesTest-1678372100-project-member] Determining version of request: GET /v2/schemas/image Accept: */* {{(pid=101648) process_request /opt/stack/glance/glance/api/middleware/version_negotiation.py:44}}
May 13 12:21:09.122900 np0000000693 devstack@g-api.service[101648]: DEBUG glance.api.middleware.version_negotiation [None req-660aa696-bc19-4581-8785-e1ababb9badd tempest-TaggedBootDevicesTest-1678372100 tempest-TaggedBootDevicesTest-1678372100-project-member] Using url versioning {{(pid=101648) process_request /opt/stack/glance/glance/api/middleware/version_negotiation.py:57}}
May 13 12:21:09.123148 np0000000693 devstack@g-api.service[101648]: DEBUG glance.api.middleware.version_negotiation [None req-660aa696-bc19-4581-8785-e1ababb9badd tempest-TaggedBootDevicesTest-1678372100 tempest-TaggedBootDevicesTest-1678372100-project-member] Matched version: v2 {{(pid=101648) process_request /opt/stack/glance/glance/api/middleware/version_negotiation.py:69}}
May 13 12:21:09.123340 np0000000693 devstack@g-api.service[101648]: DEBUG glance.api.middleware.version_negotiation [None req-660aa696-bc19-4581-8785-e1ababb9badd tempest-TaggedBootDevicesTest-1678372100 tempest-TaggedBootDevicesTest-1678372100-project-member] new path /v2/schemas/image {{(pid=101648) process_request /opt/stack/glance/glance/api/middleware/version_negotiation.py:70}}
May 13 12:21:09.126648 np0000000693 devstack@g-api.service[101648]: [pid: 101648|app: 0|req: 18/50] 127.0.0.1 () {44 vars in 1055 bytes} [Wed May 13 12:21:09 2026] GET /v2/schemas/image => generated 6083 bytes in 4 msecs (HTTP/1.1 200) 4 headers in 158 bytes (1 switches on core 0)
May 13 12:21:09.183322 np0000000693 devstack@g-api.service[101646]: DEBUG glance.api.middleware.version_negotiation [None req-660aa696-bc19-4581-8785-e1ababb9badd tempest-TaggedBootDevicesTest-1678372100 tempest-TaggedBootDevicesTest-1678372100-project-member] Determining version of request: GET /v2/images/2a9bb953-0700-4124-b465-498106edd987 Accept: */* {{(pid=101646) process_request /opt/stack/glance/glance/api/middleware/version_negotiation.py:44}}
May 13 12:21:09.183322 np0000000693 devstack@g-api.service[101646]: DEBUG glance.api.middleware.version_negotiation [None req-660aa696-bc19-4581-8785-e1ababb9badd tempest-TaggedBootDevicesTest-1678372100 tempest-TaggedBootDevicesTest-1678372100-project-member] Using url versioning {{(pid=101646) process_request /opt/stack/glance/glance/api/middleware/version_negotiation.py:57}}
May 13 12:21:09.183322 np0000000693 devstack@g-api.service[101646]: DEBUG glance.api.middleware.version_negotiation [None req-660aa696-bc19-4581-8785-e1ababb9badd tempest-TaggedBootDevicesTest-1678372100 tempest-TaggedBootDevicesTest-1678372100-project-member] Matched version: v2 {{(pid=101646) process_request /opt/stack/glance/glance/api/middleware/version_negotiation.py:69}}
May 13 12:21:09.183322 np0000000693 devstack@g-api.service[101646]: DEBUG glance.api.middleware.version_negotiation [None req-660aa696-bc19-4581-8785-e1ababb9badd tempest-TaggedBootDevicesTest-1678372100 tempest-TaggedBootDevicesTest-1678372100-project-member] new path /v2/images/2a9bb953-0700-4124-b465-498106edd987 {{(pid=101646) process_request /opt/stack/glance/glance/api/middleware/version_negotiation.py:70}}
May 13 12:21:09.196008 np0000000693 devstack@g-api.service[101646]: [pid: 101646|app: 0|req: 18/51] 127.0.0.1 () {44 vars in 1115 bytes} [Wed May 13 12:21:09 2026] GET /v2/images/2a9bb953-0700-4124-b465-498106edd987 => generated 1044 bytes in 14 msecs (HTTP/1.1 200) 4 headers in 158 bytes (1 switches on core 0)
May 13 12:21:09.205967 np0000000693 devstack@g-api.service[101647]: INFO glance.api.v2.image_data [None req-c53e6e7c-9df2-42b2-b4d7-e39c75047429 tempest-AttachSCSIVolumeTestJSON-1854900349 tempest-AttachSCSIVolumeTestJSON-1854900349-project-admin] Unable to create trust: no such option collect_timing in group [keystone_authtoken] Use the existing user token.
May 13 12:21:09.207257 np0000000693 devstack@g-api.service[101648]: DEBUG glance.api.middleware.version_negotiation [None req-660aa696-bc19-4581-8785-e1ababb9badd tempest-TaggedBootDevicesTest-1678372100 tempest-TaggedBootDevicesTest-1678372100-project-member] Determining version of request: GET /v2/schemas/image Accept: */* {{(pid=101648) process_request /opt/stack/glance/glance/api/middleware/version_negotiation.py:44}}
May 13 12:21:09.208044 np0000000693 devstack@g-api.service[101648]: DEBUG glance.api.middleware.version_negotiation [None req-660aa696-bc19-4581-8785-e1ababb9badd tempest-TaggedBootDevicesTest-1678372100 tempest-TaggedBootDevicesTest-1678372100-project-member] Using url versioning {{(pid=101648) process_request /opt/stack/glance/glance/api/middleware/version_negotiation.py:57}}
May 13 12:21:09.208044 np0000000693 devstack@g-api.service[101648]: DEBUG glance.api.middleware.version_negotiation [None req-660aa696-bc19-4581-8785-e1ababb9badd tempest-TaggedBootDevicesTest-1678372100 tempest-TaggedBootDevicesTest-1678372100-project-member] Matched version: v2 {{(pid=101648) process_request /opt/stack/glance/glance/api/middleware/version_negotiation.py:69}}
May 13 12:21:09.208044 np0000000693 devstack@g-api.service[101648]: DEBUG glance.api.middleware.version_negotiation [None req-660aa696-bc19-4581-8785-e1ababb9badd tempest-TaggedBootDevicesTest-1678372100 tempest-TaggedBootDevicesTest-1678372100-project-member] new path /v2/schemas/image {{(pid=101648) process_request /opt/stack/glance/glance/api/middleware/version_negotiation.py:70}}
May 13 12:21:09.211439 np0000000693 devstack@g-api.service[101648]: [pid: 101648|app: 0|req: 19/52] 127.0.0.1 () {44 vars in 1055 bytes} [Wed May 13 12:21:09 2026] GET /v2/schemas/image => generated 6083 bytes in 3 msecs (HTTP/1.1 200) 4 headers in 158 bytes (1 switches on core 0)
May 13 12:21:09.224211 np0000000693 devstack@g-api.service[101646]: DEBUG glance.api.middleware.version_negotiation [None req-660aa696-bc19-4581-8785-e1ababb9badd tempest-TaggedBootDevicesTest-1678372100 tempest-TaggedBootDevicesTest-1678372100-project-member] Determining version of request: GET /v2/schemas/image Accept: */* {{(pid=101646) process_request /opt/stack/glance/glance/api/middleware/version_negotiation.py:44}}
May 13 12:21:09.225268 np0000000693 devstack@g-api.service[101646]: DEBUG glance.api.middleware.version_negotiation [None req-660aa696-bc19-4581-8785-e1ababb9badd tempest-TaggedBootDevicesTest-1678372100 tempest-TaggedBootDevicesTest-1678372100-project-member] Using url versioning {{(pid=101646) process_request /opt/stack/glance/glance/api/middleware/version_negotiation.py:57}}
May 13 12:21:09.225268 np0000000693 devstack@g-api.service[101646]: DEBUG glance.api.middleware.version_negotiation [None req-660aa696-bc19-4581-8785-e1ababb9badd tempest-TaggedBootDevicesTest-1678372100 tempest-TaggedBootDevicesTest-1678372100-project-member] Matched version: v2 {{(pid=101646) process_request /opt/stack/glance/glance/api/middleware/version_negotiation.py:69}}
May 13 12:21:09.225268 np0000000693 devstack@g-api.service[101646]: DEBUG glance.api.middleware.version_negotiation [None req-660aa696-bc19-4581-8785-e1ababb9badd tempest-TaggedBootDevicesTest-1678372100 tempest-TaggedBootDevicesTest-1678372100-project-member] new path /v2/schemas/image {{(pid=101646) process_request /opt/stack/glance/glance/api/middleware/version_negotiation.py:70}}
May 13 12:21:09.227834 np0000000693 devstack@g-api.service[101646]: [pid: 101646|app: 0|req: 19/53] 127.0.0.1 () {44 vars in 1055 bytes} [Wed May 13 12:21:09 2026] GET /v2/schemas/image => generated 6083 bytes in 4 msecs (HTTP/1.1 200) 4 headers in 158 bytes (1 switches on core 0)
May 13 12:21:09.891532 np0000000693 devstack@g-api.service[101648]: DEBUG glance.api.middleware.version_negotiation [None req-660aa696-bc19-4581-8785-e1ababb9badd tempest-TaggedBootDevicesTest-1678372100 tempest-TaggedBootDevicesTest-1678372100-project-member] Determining version of request: GET /versions Accept: */* {{(pid=101648) process_request /opt/stack/glance/glance/api/middleware/version_negotiation.py:44}}
May 13 12:21:09.892257 np0000000693 devstack@g-api.service[101648]: [pid: 101648|app: 0|req: 20/54] 127.0.0.1 () {44 vars in 1039 bytes} [Wed May 13 12:21:09 2026] GET /versions => generated 1407 bytes in 1 msecs (HTTP/1.1 200) 3 headers in 92 bytes (1 switches on core 0)
May 13 12:21:09.898619 np0000000693 devstack@g-api.service[101646]: DEBUG glance.api.middleware.version_negotiation [None req-660aa696-bc19-4581-8785-e1ababb9badd tempest-TaggedBootDevicesTest-1678372100 tempest-TaggedBootDevicesTest-1678372100-project-member] Determining version of request: GET /v2/images/2a9bb953-0700-4124-b465-498106edd987/locations Accept: */* {{(pid=101646) process_request /opt/stack/glance/glance/api/middleware/version_negotiation.py:44}}
May 13 12:21:09.898916 np0000000693 devstack@g-api.service[101646]: DEBUG glance.api.middleware.version_negotiation [None req-660aa696-bc19-4581-8785-e1ababb9badd tempest-TaggedBootDevicesTest-1678372100 tempest-TaggedBootDevicesTest-1678372100-project-member] Using url versioning {{(pid=101646) process_request /opt/stack/glance/glance/api/middleware/version_negotiation.py:57}}
May 13 12:21:09.898952 np0000000693 devstack@g-api.service[101646]: DEBUG glance.api.middleware.version_negotiation [None req-660aa696-bc19-4581-8785-e1ababb9badd tempest-TaggedBootDevicesTest-1678372100 tempest-TaggedBootDevicesTest-1678372100-project-member] Matched version: v2 {{(pid=101646) process_request /opt/stack/glance/glance/api/middleware/version_negotiation.py:69}}
May 13 12:21:09.899037 np0000000693 devstack@g-api.service[101646]: DEBUG glance.api.middleware.version_negotiation [None req-660aa696-bc19-4581-8785-e1ababb9badd tempest-TaggedBootDevicesTest-1678372100 tempest-TaggedBootDevicesTest-1678372100-project-member] new path /v2/images/2a9bb953-0700-4124-b465-498106edd987/locations {{(pid=101646) process_request /opt/stack/glance/glance/api/middleware/version_negotiation.py:70}}
May 13 12:21:09.936901 np0000000693 devstack@g-api.service[101647]: DEBUG glance.location [None req-c53e6e7c-9df2-42b2-b4d7-e39c75047429 tempest-AttachSCSIVolumeTestJSON-1854900349 tempest-AttachSCSIVolumeTestJSON-1854900349-project-admin] Enabling in-flight format inspection for qcow2 {{(pid=101647) set_data /opt/stack/glance/glance/location.py:616}}
May 13 12:21:09.937577 np0000000693 devstack@g-api.service[101647]: DEBUG glance_store.backend [None req-c53e6e7c-9df2-42b2-b4d7-e39c75047429 tempest-AttachSCSIVolumeTestJSON-1854900349 tempest-AttachSCSIVolumeTestJSON-1854900349-project-admin] Attempting to import store swift {{(pid=101647) _load_store /opt/stack/data/venv/lib/python3.12/site-packages/glance_store/backend.py:215}}
May 13 12:21:09.939342 np0000000693 devstack@g-api.service[101647]: DEBUG glance_store.capabilities [None req-c53e6e7c-9df2-42b2-b4d7-e39c75047429 tempest-AttachSCSIVolumeTestJSON-1854900349 tempest-AttachSCSIVolumeTestJSON-1854900349-project-admin] Store glance_store._drivers.swift.store.SingleTenantStore doesn't support updating dynamic storage capabilities. Please overwrite 'update_capabilities' method of the store to implement updating logics if needed. {{(pid=101647) update_capabilities /opt/stack/data/venv/lib/python3.12/site-packages/glance_store/capabilities.py:91}}
May 13 12:21:09.939342 np0000000693 devstack@g-api.service[101647]: DEBUG glance_store.driver [None req-c53e6e7c-9df2-42b2-b4d7-e39c75047429 tempest-AttachSCSIVolumeTestJSON-1854900349 tempest-AttachSCSIVolumeTestJSON-1854900349-project-admin] Late loading location class glance_store._drivers.swift.store.StoreLocation {{(pid=101647) get_store_location_class /opt/stack/data/venv/lib/python3.12/site-packages/glance_store/driver.py:134}}
May 13 12:21:09.939342 np0000000693 devstack@g-api.service[101647]: DEBUG glance_store.location [None req-c53e6e7c-9df2-42b2-b4d7-e39c75047429 tempest-AttachSCSIVolumeTestJSON-1854900349 tempest-AttachSCSIVolumeTestJSON-1854900349-project-admin] Registering scheme swift+https with {'store': , 'location_class': , 'store_entry': 'swift'} {{(pid=101647) register_scheme_map /opt/stack/data/venv/lib/python3.12/site-packages/glance_store/location.py:146}}
May 13 12:21:09.939608 np0000000693 devstack@g-api.service[101647]: DEBUG glance_store.location [None req-c53e6e7c-9df2-42b2-b4d7-e39c75047429 tempest-AttachSCSIVolumeTestJSON-1854900349 tempest-AttachSCSIVolumeTestJSON-1854900349-project-admin] Registering scheme swift+https with {'store': , 'location_class': , 'store_entry': 'swift'} {{(pid=101647) register_scheme_map /opt/stack/data/venv/lib/python3.12/site-packages/glance_store/location.py:146}}
May 13 12:21:09.939608 np0000000693 devstack@g-api.service[101647]: DEBUG glance_store.location [None req-c53e6e7c-9df2-42b2-b4d7-e39c75047429 tempest-AttachSCSIVolumeTestJSON-1854900349 tempest-AttachSCSIVolumeTestJSON-1854900349-project-admin] Registering scheme swift with {'store': , 'location_class': , 'store_entry': 'swift'} {{(pid=101647) register_scheme_map /opt/stack/data/venv/lib/python3.12/site-packages/glance_store/location.py:146}}
May 13 12:21:09.939608 np0000000693 devstack@g-api.service[101647]: DEBUG glance_store.location [None req-c53e6e7c-9df2-42b2-b4d7-e39c75047429 tempest-AttachSCSIVolumeTestJSON-1854900349 tempest-AttachSCSIVolumeTestJSON-1854900349-project-admin] Registering scheme swift+https with {'store': , 'location_class': , 'store_entry': 'swift'} {{(pid=101647) register_scheme_map /opt/stack/data/venv/lib/python3.12/site-packages/glance_store/location.py:146}}
May 13 12:21:09.939757 np0000000693 devstack@g-api.service[101647]: DEBUG glance_store.location [None req-c53e6e7c-9df2-42b2-b4d7-e39c75047429 tempest-AttachSCSIVolumeTestJSON-1854900349 tempest-AttachSCSIVolumeTestJSON-1854900349-project-admin] Registering scheme swift with {'store': , 'location_class': , 'store_entry': 'swift'} {{(pid=101647) register_scheme_map /opt/stack/data/venv/lib/python3.12/site-packages/glance_store/location.py:146}}
May 13 12:21:09.939757 np0000000693 devstack@g-api.service[101647]: DEBUG glance_store.location [None req-c53e6e7c-9df2-42b2-b4d7-e39c75047429 tempest-AttachSCSIVolumeTestJSON-1854900349 tempest-AttachSCSIVolumeTestJSON-1854900349-project-admin] Registering scheme swift+http with {'store': , 'location_class': , 'store_entry': 'swift'} {{(pid=101647) register_scheme_map /opt/stack/data/venv/lib/python3.12/site-packages/glance_store/location.py:146}}
May 13 12:21:09.939757 np0000000693 devstack@g-api.service[101647]: DEBUG glance_store.location [None req-c53e6e7c-9df2-42b2-b4d7-e39c75047429 tempest-AttachSCSIVolumeTestJSON-1854900349 tempest-AttachSCSIVolumeTestJSON-1854900349-project-admin] Registering scheme swift+https with {'store': , 'location_class': , 'store_entry': 'swift'} {{(pid=101647) register_scheme_map /opt/stack/data/venv/lib/python3.12/site-packages/glance_store/location.py:146}}
May 13 12:21:09.939856 np0000000693 devstack@g-api.service[101647]: DEBUG glance_store.location [None req-c53e6e7c-9df2-42b2-b4d7-e39c75047429 tempest-AttachSCSIVolumeTestJSON-1854900349 tempest-AttachSCSIVolumeTestJSON-1854900349-project-admin] Registering scheme swift with {'store': , 'location_class': , 'store_entry': 'swift'} {{(pid=101647) register_scheme_map /opt/stack/data/venv/lib/python3.12/site-packages/glance_store/location.py:146}}
May 13 12:21:09.939910 np0000000693 devstack@g-api.service[101647]: DEBUG glance_store.location [None req-c53e6e7c-9df2-42b2-b4d7-e39c75047429 tempest-AttachSCSIVolumeTestJSON-1854900349 tempest-AttachSCSIVolumeTestJSON-1854900349-project-admin] Registering scheme swift+http with {'store': , 'location_class': , 'store_entry': 'swift'} {{(pid=101647) register_scheme_map /opt/stack/data/venv/lib/python3.12/site-packages/glance_store/location.py:146}}
May 13 12:21:09.940023 np0000000693 devstack@g-api.service[101647]: DEBUG glance_store.location [None req-c53e6e7c-9df2-42b2-b4d7-e39c75047429 tempest-AttachSCSIVolumeTestJSON-1854900349 tempest-AttachSCSIVolumeTestJSON-1854900349-project-admin] Registering scheme swift+config with {'store': , 'location_class': , 'store_entry': 'swift'} {{(pid=101647) register_scheme_map /opt/stack/data/venv/lib/python3.12/site-packages/glance_store/location.py:146}}
May 13 12:21:10.127682 np0000000693 devstack@g-api.service[101646]: [pid: 101646|app: 0|req: 20/55] 127.0.0.1 () {44 vars in 1135 bytes} [Wed May 13 12:21:09 2026] GET /v2/images/2a9bb953-0700-4124-b465-498106edd987/locations => generated 92 bytes in 229 msecs (HTTP/1.1 200) 4 headers in 156 bytes (1 switches on core 0)
May 13 12:21:10.138562 np0000000693 devstack@g-api.service[101648]: DEBUG glance.api.middleware.version_negotiation [None req-660aa696-bc19-4581-8785-e1ababb9badd tempest-TaggedBootDevicesTest-1678372100 tempest-TaggedBootDevicesTest-1678372100-project-member] Determining version of request: GET /v2/images/2a9bb953-0700-4124-b465-498106edd987 Accept: */* {{(pid=101648) process_request /opt/stack/glance/glance/api/middleware/version_negotiation.py:44}}
May 13 12:21:10.138762 np0000000693 devstack@g-api.service[101648]: DEBUG glance.api.middleware.version_negotiation [None req-660aa696-bc19-4581-8785-e1ababb9badd tempest-TaggedBootDevicesTest-1678372100 tempest-TaggedBootDevicesTest-1678372100-project-member] Using url versioning {{(pid=101648) process_request /opt/stack/glance/glance/api/middleware/version_negotiation.py:57}}
May 13 12:21:10.138919 np0000000693 devstack@g-api.service[101648]: DEBUG glance.api.middleware.version_negotiation [None req-660aa696-bc19-4581-8785-e1ababb9badd tempest-TaggedBootDevicesTest-1678372100 tempest-TaggedBootDevicesTest-1678372100-project-member] Matched version: v2 {{(pid=101648) process_request /opt/stack/glance/glance/api/middleware/version_negotiation.py:69}}
May 13 12:21:10.139029 np0000000693 devstack@g-api.service[101648]: DEBUG glance.api.middleware.version_negotiation [None req-660aa696-bc19-4581-8785-e1ababb9badd tempest-TaggedBootDevicesTest-1678372100 tempest-TaggedBootDevicesTest-1678372100-project-member] new path /v2/images/2a9bb953-0700-4124-b465-498106edd987 {{(pid=101648) process_request /opt/stack/glance/glance/api/middleware/version_negotiation.py:70}}
May 13 12:21:10.158570 np0000000693 devstack@g-api.service[101648]: [pid: 101648|app: 0|req: 21/56] 127.0.0.1 () {44 vars in 1115 bytes} [Wed May 13 12:21:10 2026] GET /v2/images/2a9bb953-0700-4124-b465-498106edd987 => generated 1044 bytes in 20 msecs (HTTP/1.1 200) 4 headers in 158 bytes (1 switches on core 0)
May 13 12:21:10.167655 np0000000693 devstack@g-api.service[101646]: DEBUG glance.api.middleware.version_negotiation [None req-660aa696-bc19-4581-8785-e1ababb9badd service glance] Determining version of request: GET /v2/schemas/image Accept: */* {{(pid=101646) process_request /opt/stack/glance/glance/api/middleware/version_negotiation.py:44}}
May 13 12:21:10.167741 np0000000693 devstack@g-api.service[101646]: DEBUG glance.api.middleware.version_negotiation [None req-660aa696-bc19-4581-8785-e1ababb9badd service glance] Using url versioning {{(pid=101646) process_request /opt/stack/glance/glance/api/middleware/version_negotiation.py:57}}
May 13 12:21:10.167846 np0000000693 devstack@g-api.service[101646]: DEBUG glance.api.middleware.version_negotiation [None req-660aa696-bc19-4581-8785-e1ababb9badd service glance] Matched version: v2 {{(pid=101646) process_request /opt/stack/glance/glance/api/middleware/version_negotiation.py:69}}
May 13 12:21:10.168009 np0000000693 devstack@g-api.service[101646]: DEBUG glance.api.middleware.version_negotiation [None req-660aa696-bc19-4581-8785-e1ababb9badd service glance] new path /v2/schemas/image {{(pid=101646) process_request /opt/stack/glance/glance/api/middleware/version_negotiation.py:70}}
May 13 12:21:10.171510 np0000000693 devstack@g-api.service[101646]: [pid: 101646|app: 0|req: 21/57] 127.0.0.1 () {44 vars in 1055 bytes} [Wed May 13 12:21:10 2026] GET /v2/schemas/image => generated 6083 bytes in 4 msecs (HTTP/1.1 200) 4 headers in 158 bytes (1 switches on core 0)
May 13 12:21:10.180532 np0000000693 devstack@g-api.service[101648]: DEBUG glance.api.middleware.version_negotiation [None req-660aa696-bc19-4581-8785-e1ababb9badd tempest-TaggedBootDevicesTest-1678372100 tempest-TaggedBootDevicesTest-1678372100-project-member] Determining version of request: GET /v2/schemas/image Accept: */* {{(pid=101648) process_request /opt/stack/glance/glance/api/middleware/version_negotiation.py:44}}
May 13 12:21:10.180697 np0000000693 devstack@g-api.service[101648]: DEBUG glance.api.middleware.version_negotiation [None req-660aa696-bc19-4581-8785-e1ababb9badd tempest-TaggedBootDevicesTest-1678372100 tempest-TaggedBootDevicesTest-1678372100-project-member] Using url versioning {{(pid=101648) process_request /opt/stack/glance/glance/api/middleware/version_negotiation.py:57}}
May 13 12:21:10.180865 np0000000693 devstack@g-api.service[101648]: DEBUG glance.api.middleware.version_negotiation [None req-660aa696-bc19-4581-8785-e1ababb9badd tempest-TaggedBootDevicesTest-1678372100 tempest-TaggedBootDevicesTest-1678372100-project-member] Matched version: v2 {{(pid=101648) process_request /opt/stack/glance/glance/api/middleware/version_negotiation.py:69}}
May 13 12:21:10.181032 np0000000693 devstack@g-api.service[101648]: DEBUG glance.api.middleware.version_negotiation [None req-660aa696-bc19-4581-8785-e1ababb9badd tempest-TaggedBootDevicesTest-1678372100 tempest-TaggedBootDevicesTest-1678372100-project-member] new path /v2/schemas/image {{(pid=101648) process_request /opt/stack/glance/glance/api/middleware/version_negotiation.py:70}}
May 13 12:21:10.186220 np0000000693 devstack@g-api.service[101648]: [pid: 101648|app: 0|req: 22/58] 127.0.0.1 () {44 vars in 1055 bytes} [Wed May 13 12:21:10 2026] GET /v2/schemas/image => generated 6083 bytes in 6 msecs (HTTP/1.1 200) 4 headers in 158 bytes (1 switches on core 0)
May 13 12:21:10.403573 np0000000693 devstack@g-api.service[101647]: DEBUG swiftclient [None req-c53e6e7c-9df2-42b2-b4d7-e39c75047429 tempest-AttachSCSIVolumeTestJSON-1854900349 tempest-AttachSCSIVolumeTestJSON-1854900349-project-admin] REQ: curl -i https://10.4.3.175:8080/v1/AUTH_94998e4ce9f2459caba2cbea1aac7a1a/glance -I -H "X-Auth-Token: gAAAAABqBGy2vuJE..." {{(pid=101647) http_log /opt/stack/data/venv/lib/python3.12/site-packages/swiftclient/client.py:160}}
May 13 12:21:10.403696 np0000000693 devstack@g-api.service[101647]: DEBUG swiftclient [None req-c53e6e7c-9df2-42b2-b4d7-e39c75047429 tempest-AttachSCSIVolumeTestJSON-1854900349 tempest-AttachSCSIVolumeTestJSON-1854900349-project-admin] RESP STATUS: 204 No Content {{(pid=101647) http_log /opt/stack/data/venv/lib/python3.12/site-packages/swiftclient/client.py:161}}
May 13 12:21:10.404535 np0000000693 devstack@g-api.service[101647]: DEBUG swiftclient [None req-c53e6e7c-9df2-42b2-b4d7-e39c75047429 tempest-AttachSCSIVolumeTestJSON-1854900349 tempest-AttachSCSIVolumeTestJSON-1854900349-project-admin] RESP HEADERS: {'Date': 'Wed, 13 May 2026 12:21:10 GMT', 'Server': 'Apache/2.4.58 (Ubuntu)', 'Content-Type': 'text/plain; charset=utf-8', 'X-Container-Object-Count': '3', 'X-Container-Bytes-Used': '64356352', 'X-Timestamp': '1778674729.00608', 'Last-Modified': 'Wed, 13 May 2026 12:18:49 GMT', 'Accept-Ranges': 'bytes', 'X-Storage-Policy': 'Policy-0', 'X-Container-Sharding': 'False', 'Vary': 'Accept', 'X-Trans-Id': 'tx1166836f7ead4eaf935d1-006a046cb6', 'X-Openstack-Request-Id': 'tx1166836f7ead4eaf935d1-006a046cb6', 'Connection': 'close'} {{(pid=101647) http_log /opt/stack/data/venv/lib/python3.12/site-packages/swiftclient/client.py:162}}
May 13 12:21:10.405473 np0000000693 devstack@g-api.service[101647]: DEBUG glance_store._drivers.swift.store [None req-c53e6e7c-9df2-42b2-b4d7-e39c75047429 tempest-AttachSCSIVolumeTestJSON-1854900349 tempest-AttachSCSIVolumeTestJSON-1854900349-project-admin] Adding image object '6ba6411e-e9c8-42fe-a9ad-2a93501e470c' to Swift {{(pid=101647) add /opt/stack/data/venv/lib/python3.12/site-packages/glance_store/_drivers/swift/store.py:978}}
May 13 12:21:10.405473 np0000000693 devstack@g-api.service[101647]: DEBUG glance_store._drivers.swift.store [None req-c53e6e7c-9df2-42b2-b4d7-e39c75047429 tempest-AttachSCSIVolumeTestJSON-1854900349 tempest-AttachSCSIVolumeTestJSON-1854900349-project-admin] Cannot determine image size because it is either not provided in the request or chunked-transfer encoding is used. Adding image as a segmented object to Swift. {{(pid=101647) add /opt/stack/data/venv/lib/python3.12/site-packages/glance_store/_drivers/swift/store.py:1002}}
May 13 12:21:10.416669 np0000000693 devstack@g-api.service[101647]: DEBUG oslo_utils.imageutils.format_inspector [None req-c53e6e7c-9df2-42b2-b4d7-e39c75047429 tempest-AttachSCSIVolumeTestJSON-1854900349 tempest-AttachSCSIVolumeTestJSON-1854900349-project-admin] Format inspector for vmdk does not match, excluding from consideration (Signature KDMV not found: b'QFI\xfb') {{(pid=101647) _process_chunk /opt/stack/data/venv/lib/python3.12/site-packages/oslo_utils/imageutils/format_inspector.py:1538}}
May 13 12:21:10.419835 np0000000693 devstack@g-api.service[101647]: DEBUG oslo_utils.imageutils.format_inspector [None req-c53e6e7c-9df2-42b2-b4d7-e39c75047429 tempest-AttachSCSIVolumeTestJSON-1854900349 tempest-AttachSCSIVolumeTestJSON-1854900349-project-admin] Format inspector for vhdx does not match, excluding from consideration (Region signature not found at 30000) {{(pid=101647) _process_chunk /opt/stack/data/venv/lib/python3.12/site-packages/oslo_utils/imageutils/format_inspector.py:1538}}
May 13 12:21:10.688027 np0000000693 devstack@g-api.service[101647]: DEBUG swiftclient [None req-c53e6e7c-9df2-42b2-b4d7-e39c75047429 tempest-AttachSCSIVolumeTestJSON-1854900349 tempest-AttachSCSIVolumeTestJSON-1854900349-project-admin] REQ: curl -i https://10.4.3.175:8080/v1/AUTH_94998e4ce9f2459caba2cbea1aac7a1a/glance/6ba6411e-e9c8-42fe-a9ad-2a93501e470c-00001 -X PUT -H "X-Auth-Token: gAAAAABqBGy2vuJE..." {{(pid=101647) http_log /opt/stack/data/venv/lib/python3.12/site-packages/swiftclient/client.py:160}}
May 13 12:21:10.688181 np0000000693 devstack@g-api.service[101647]: DEBUG swiftclient [None req-c53e6e7c-9df2-42b2-b4d7-e39c75047429 tempest-AttachSCSIVolumeTestJSON-1854900349 tempest-AttachSCSIVolumeTestJSON-1854900349-project-admin] RESP STATUS: 201 Created {{(pid=101647) http_log /opt/stack/data/venv/lib/python3.12/site-packages/swiftclient/client.py:161}}
May 13 12:21:10.688373 np0000000693 devstack@g-api.service[101647]: DEBUG swiftclient [None req-c53e6e7c-9df2-42b2-b4d7-e39c75047429 tempest-AttachSCSIVolumeTestJSON-1854900349 tempest-AttachSCSIVolumeTestJSON-1854900349-project-admin] RESP HEADERS: {'Date': 'Wed, 13 May 2026 12:21:10 GMT', 'Server': 'Apache/2.4.58 (Ubuntu)', 'Content-Type': 'text/html; charset=UTF-8', 'Content-Length': '0', 'Etag': '87617e24a5e30cb3b87fda8c0764838f', 'Last-Modified': 'Wed, 13 May 2026 12:21:11 GMT', 'X-Trans-Id': 'txab170d6b735b433d8a407-006a046cb6', 'X-Openstack-Request-Id': 'txab170d6b735b433d8a407-006a046cb6', 'Connection': 'close'} {{(pid=101647) http_log /opt/stack/data/venv/lib/python3.12/site-packages/swiftclient/client.py:162}}
May 13 12:21:10.688496 np0000000693 devstack@g-api.service[101647]: DEBUG glance_store._drivers.swift.store [None req-c53e6e7c-9df2-42b2-b4d7-e39c75047429 tempest-AttachSCSIVolumeTestJSON-1854900349 tempest-AttachSCSIVolumeTestJSON-1854900349-project-admin] Wrote chunk 6ba6411e-e9c8-42fe-a9ad-2a93501e470c-00001 (1/?) of length 21692416 to Swift returning MD5 of content: 87617e24a5e30cb3b87fda8c0764838f {{(pid=101647) add /opt/stack/data/venv/lib/python3.12/site-packages/glance_store/_drivers/swift/store.py:1067}}
May 13 12:21:10.688850 np0000000693 devstack@g-api.service[101647]: DEBUG glance_store._drivers.swift.store [None req-c53e6e7c-9df2-42b2-b4d7-e39c75047429 tempest-AttachSCSIVolumeTestJSON-1854900349 tempest-AttachSCSIVolumeTestJSON-1854900349-project-admin] Not writing zero-length chunk. {{(pid=101647) add /opt/stack/data/venv/lib/python3.12/site-packages/glance_store/_drivers/swift/store.py:1036}}
May 13 12:21:10.713057 np0000000693 devstack@g-api.service[101647]: DEBUG swiftclient [None req-c53e6e7c-9df2-42b2-b4d7-e39c75047429 tempest-AttachSCSIVolumeTestJSON-1854900349 tempest-AttachSCSIVolumeTestJSON-1854900349-project-admin] REQ: curl -i https://10.4.3.175:8080/v1/AUTH_94998e4ce9f2459caba2cbea1aac7a1a/glance/6ba6411e-e9c8-42fe-a9ad-2a93501e470c -X PUT -H "X-Object-Manifest: glance/6ba6411e-e9c8-42fe-a9ad-2a93501e470c-" -H "X-Auth-Token: gAAAAABqBGy2vuJE..." -H "Content-Length: 0" {{(pid=101647) http_log /opt/stack/data/venv/lib/python3.12/site-packages/swiftclient/client.py:160}}
May 13 12:21:10.713204 np0000000693 devstack@g-api.service[101647]: DEBUG swiftclient [None req-c53e6e7c-9df2-42b2-b4d7-e39c75047429 tempest-AttachSCSIVolumeTestJSON-1854900349 tempest-AttachSCSIVolumeTestJSON-1854900349-project-admin] RESP STATUS: 201 Created {{(pid=101647) http_log /opt/stack/data/venv/lib/python3.12/site-packages/swiftclient/client.py:161}}
May 13 12:21:10.713300 np0000000693 devstack@g-api.service[101647]: DEBUG swiftclient [None req-c53e6e7c-9df2-42b2-b4d7-e39c75047429 tempest-AttachSCSIVolumeTestJSON-1854900349 tempest-AttachSCSIVolumeTestJSON-1854900349-project-admin] RESP HEADERS: {'Date': 'Wed, 13 May 2026 12:21:10 GMT', 'Server': 'Apache/2.4.58 (Ubuntu)', 'Content-Type': 'text/html; charset=UTF-8', 'Content-Length': '0', 'Etag': 'd41d8cd98f00b204e9800998ecf8427e', 'Last-Modified': 'Wed, 13 May 2026 12:21:11 GMT', 'X-Trans-Id': 'tx69f33c0106d74537a5af5-006a046cb6', 'X-Openstack-Request-Id': 'tx69f33c0106d74537a5af5-006a046cb6', 'Connection': 'close'} {{(pid=101647) http_log /opt/stack/data/venv/lib/python3.12/site-packages/swiftclient/client.py:162}}
May 13 12:21:10.713968 np0000000693 devstack@g-api.service[101647]: INFO glance.location [None req-c53e6e7c-9df2-42b2-b4d7-e39c75047429 tempest-AttachSCSIVolumeTestJSON-1854900349 tempest-AttachSCSIVolumeTestJSON-1854900349-project-admin] Image format matched and virtual size computed: 117440512
May 13 12:21:10.743283 np0000000693 devstack@g-api.service[101647]: DEBUG glance_store.backend [None req-c53e6e7c-9df2-42b2-b4d7-e39c75047429 tempest-AttachSCSIVolumeTestJSON-1854900349 tempest-AttachSCSIVolumeTestJSON-1854900349-project-admin] Attempting to import store swift {{(pid=101647) _load_store /opt/stack/data/venv/lib/python3.12/site-packages/glance_store/backend.py:215}}
May 13 12:21:10.745374 np0000000693 devstack@g-api.service[101647]: DEBUG glance_store.capabilities [None req-c53e6e7c-9df2-42b2-b4d7-e39c75047429 tempest-AttachSCSIVolumeTestJSON-1854900349 tempest-AttachSCSIVolumeTestJSON-1854900349-project-admin] Store glance_store._drivers.swift.store.SingleTenantStore doesn't support updating dynamic storage capabilities. Please overwrite 'update_capabilities' method of the store to implement updating logics if needed. {{(pid=101647) update_capabilities /opt/stack/data/venv/lib/python3.12/site-packages/glance_store/capabilities.py:91}}
May 13 12:21:10.745472 np0000000693 devstack@g-api.service[101647]: DEBUG glance_store.driver [None req-c53e6e7c-9df2-42b2-b4d7-e39c75047429 tempest-AttachSCSIVolumeTestJSON-1854900349 tempest-AttachSCSIVolumeTestJSON-1854900349-project-admin] Late loading location class glance_store._drivers.swift.store.StoreLocation {{(pid=101647) get_store_location_class /opt/stack/data/venv/lib/python3.12/site-packages/glance_store/driver.py:134}}
May 13 12:21:10.745555 np0000000693 devstack@g-api.service[101647]: DEBUG glance_store.location [None req-c53e6e7c-9df2-42b2-b4d7-e39c75047429 tempest-AttachSCSIVolumeTestJSON-1854900349 tempest-AttachSCSIVolumeTestJSON-1854900349-project-admin] Registering scheme swift+https with {'store': , 'location_class': , 'store_entry': 'swift'} {{(pid=101647) register_scheme_map /opt/stack/data/venv/lib/python3.12/site-packages/glance_store/location.py:146}}
