May 13 12:18:19.084229 np0000000693 systemd[1]: Starting devstack@n-api-meta.service - Devstack devstack@n-api-meta.service...
May 13 12:18:19.090597 np0000000693 devstack@n-api-meta.service[94759]: [uWSGI] getting INI configuration from /etc/nova/nova-metadata-uwsgi.ini
May 13 12:18:19.096459 np0000000693 devstack@n-api-meta.service[94759]: *** Starting uWSGI 2.0.24-debian (64bit) on [Wed May 13 12:18:19 2026] ***
May 13 12:18:19.096459 np0000000693 devstack@n-api-meta.service[94759]: compiled with version: 13.2.0 on 17 April 2024 16:23:48
May 13 12:18:19.096459 np0000000693 devstack@n-api-meta.service[94759]: os: Linux-6.8.0-100-generic #100-Ubuntu SMP PREEMPT_DYNAMIC Tue Jan 13 16:40:06 UTC 2026
May 13 12:18:19.096459 np0000000693 devstack@n-api-meta.service[94759]: nodename: np0000000693
May 13 12:18:19.096459 np0000000693 devstack@n-api-meta.service[94759]: machine: x86_64
May 13 12:18:19.096459 np0000000693 devstack@n-api-meta.service[94759]: clock source: unix
May 13 12:18:19.096459 np0000000693 devstack@n-api-meta.service[94759]: pcre jit disabled
May 13 12:18:19.096459 np0000000693 devstack@n-api-meta.service[94759]: detected number of CPU cores: 12
May 13 12:18:19.096459 np0000000693 devstack@n-api-meta.service[94759]: current working directory: /
May 13 12:18:19.096459 np0000000693 devstack@n-api-meta.service[94759]: detected binary path: /usr/bin/uwsgi-core
May 13 12:18:19.096727 np0000000693 devstack@n-api-meta.service[94759]: your processes number limit is 95969
May 13 12:18:19.096727 np0000000693 devstack@n-api-meta.service[94759]: your memory page size is 4096 bytes
May 13 12:18:19.096727 np0000000693 devstack@n-api-meta.service[94759]: detected max file descriptor number: 2048
May 13 12:18:19.096727 np0000000693 devstack@n-api-meta.service[94759]: lock engine: pthread robust mutexes
May 13 12:18:19.096727 np0000000693 devstack@n-api-meta.service[94759]: thunder lock: enabled
May 13 12:18:19.097023 np0000000693 devstack@n-api-meta.service[94759]: uWSGI http bound on 0.0.0.0:8775 fd 5
May 13 12:18:19.097059 np0000000693 devstack@n-api-meta.service[94759]: uwsgi socket 0 bound to TCP address 127.0.0.1:41107 (port auto-assigned) fd 4
May 13 12:18:19.097086 np0000000693 devstack@n-api-meta.service[94759]: Python version: 3.12.3 (main, Mar 23 2026, 19:04:32) [GCC 13.3.0]
May 13 12:18:19.097116 np0000000693 devstack@n-api-meta.service[94759]: PEP 405 virtualenv detected: /opt/stack/data/venv
May 13 12:18:19.097116 np0000000693 devstack@n-api-meta.service[94759]: Set PythonHome to /opt/stack/data/venv
May 13 12:18:19.131575 np0000000693 devstack@n-api-meta.service[94759]: Python main interpreter initialized at 0x7048078a3668
May 13 12:18:19.131575 np0000000693 devstack@n-api-meta.service[94759]: python threads support enabled
May 13 12:18:19.131575 np0000000693 devstack@n-api-meta.service[94759]: your server socket listen backlog is limited to 100 connections
May 13 12:18:19.131575 np0000000693 devstack@n-api-meta.service[94759]: your mercy for graceful operations on workers is 80 seconds
May 13 12:18:19.132002 np0000000693 devstack@n-api-meta.service[94759]: mapped 537436 bytes (524 KB) for 3 cores
May 13 12:18:19.132112 np0000000693 devstack@n-api-meta.service[94759]: *** Operational MODE: preforking ***
May 13 12:18:19.132303 np0000000693 devstack@n-api-meta.service[94759]: *** uWSGI is running in multiple interpreter mode ***
May 13 12:18:19.132303 np0000000693 devstack@n-api-meta.service[94759]: spawned uWSGI master process (pid: 94759)
May 13 12:18:19.132462 np0000000693 systemd[1]: Started devstack@n-api-meta.service - Devstack devstack@n-api-meta.service.
May 13 12:18:19.132797 np0000000693 devstack@n-api-meta.service[94759]: spawned uWSGI worker 1 (pid: 94760, cores: 1)
May 13 12:18:19.133777 np0000000693 devstack@n-api-meta.service[94759]: spawned uWSGI worker 2 (pid: 94761, cores: 1)
May 13 12:18:19.133777 np0000000693 devstack@n-api-meta.service[94759]: spawned uWSGI worker 3 (pid: 94762, cores: 1)
May 13 12:18:19.133993 np0000000693 devstack@n-api-meta.service[94759]: spawned uWSGI http 1 (pid: 94763)
May 13 12:18:19.133993 np0000000693 devstack@n-api-meta.service[94759]: running "unix_signal:15 gracefully_kill_them_all" (master-start)...
May 13 12:18:19.461000 np0000000693 devstack@n-api-meta.service[94760]: /opt/stack/data/venv/lib/python3.12/site-packages/oslo_concurrency/lockutils.py:41: EventletDeprecationWarning:
May 13 12:18:19.461000 np0000000693 devstack@n-api-meta.service[94760]: Eventlet is deprecated. It is currently being maintained in bugfix mode, and
May 13 12:18:19.461000 np0000000693 devstack@n-api-meta.service[94760]: we strongly recommend against using it for new projects.
May 13 12:18:19.461000 np0000000693 devstack@n-api-meta.service[94760]: If you are already using Eventlet, we recommend migrating to a different
May 13 12:18:19.461000 np0000000693 devstack@n-api-meta.service[94760]: framework. For more detail see
May 13 12:18:19.461000 np0000000693 devstack@n-api-meta.service[94760]: https://eventlet.readthedocs.io/en/latest/asyncio/migration.html
May 13 12:18:19.461000 np0000000693 devstack@n-api-meta.service[94760]: import eventlet
May 13 12:18:19.480929 np0000000693 devstack@n-api-meta.service[94761]: /opt/stack/data/venv/lib/python3.12/site-packages/oslo_concurrency/lockutils.py:41: EventletDeprecationWarning:
May 13 12:18:19.480929 np0000000693 devstack@n-api-meta.service[94761]: Eventlet is deprecated. It is currently being maintained in bugfix mode, and
May 13 12:18:19.480929 np0000000693 devstack@n-api-meta.service[94761]: we strongly recommend against using it for new projects.
May 13 12:18:19.480929 np0000000693 devstack@n-api-meta.service[94761]: If you are already using Eventlet, we recommend migrating to a different
May 13 12:18:19.480929 np0000000693 devstack@n-api-meta.service[94761]: framework. For more detail see
May 13 12:18:19.480929 np0000000693 devstack@n-api-meta.service[94761]: https://eventlet.readthedocs.io/en/latest/asyncio/migration.html
May 13 12:18:19.480929 np0000000693 devstack@n-api-meta.service[94761]: import eventlet
May 13 12:18:19.481520 np0000000693 devstack@n-api-meta.service[94762]: /opt/stack/data/venv/lib/python3.12/site-packages/oslo_concurrency/lockutils.py:41: EventletDeprecationWarning:
May 13 12:18:19.481520 np0000000693 devstack@n-api-meta.service[94762]: Eventlet is deprecated. It is currently being maintained in bugfix mode, and
May 13 12:18:19.481520 np0000000693 devstack@n-api-meta.service[94762]: we strongly recommend against using it for new projects.
May 13 12:18:19.481520 np0000000693 devstack@n-api-meta.service[94762]: If you are already using Eventlet, we recommend migrating to a different
May 13 12:18:19.481520 np0000000693 devstack@n-api-meta.service[94762]: framework. For more detail see
May 13 12:18:19.481520 np0000000693 devstack@n-api-meta.service[94762]: https://eventlet.readthedocs.io/en/latest/asyncio/migration.html
May 13 12:18:19.481520 np0000000693 devstack@n-api-meta.service[94762]: import eventlet
May 13 12:18:20.969147 np0000000693 devstack@n-api-meta.service[94760]: INFO dbcounter [None req-6e487ee0-50cb-4cd9-9d29-5eba68300cc7 None None] Registered counter for database nova_api
May 13 12:18:20.983759 np0000000693 devstack@n-api-meta.service[94760]: DEBUG oslo_db.sqlalchemy.engines [None req-6e487ee0-50cb-4cd9-9d29-5eba68300cc7 None None] MySQL server mode set to STRICT_TRANS_TABLES,STRICT_ALL_TABLES,NO_ZERO_IN_DATE,NO_ZERO_DATE,ERROR_FOR_DIVISION_BY_ZERO,TRADITIONAL,NO_ENGINE_SUBSTITUTION {{(pid=94760) _check_effective_sql_mode /opt/stack/data/venv/lib/python3.12/site-packages/oslo_db/sqlalchemy/engines.py:325}}
May 13 12:18:21.016106 np0000000693 devstack@n-api-meta.service[94760]: DEBUG dbcounter [-] [94760] Writer thread running {{(pid=94760) stat_writer /opt/stack/data/venv/lib/python3.12/site-packages/dbcounter.py:102}}
May 13 12:18:21.019950 np0000000693 devstack@n-api-meta.service[94760]: DEBUG nova.context [None req-6e487ee0-50cb-4cd9-9d29-5eba68300cc7 None None] Found 2 cells: 00000000-0000-0000-0000-000000000000(cell0),e5e3b317-80fe-458b-81bd-7b998085698e(cell1) {{(pid=94760) load_cells /opt/stack/nova/nova/context.py:509}}
May 13 12:18:21.019950 np0000000693 devstack@n-api-meta.service[94760]: INFO nova.utils [None req-6e487ee0-50cb-4cd9-9d29-5eba68300cc7 None None] The cell worker thread pool MainProcess.cell_worker is initialized
May 13 12:18:21.020564 np0000000693 devstack@n-api-meta.service[94760]: DEBUG oslo_concurrency.lockutils [None req-6e487ee0-50cb-4cd9-9d29-5eba68300cc7 None None] Acquiring lock "00000000-0000-0000-0000-000000000000" by "nova.context.set_target_cell..get_or_set_cached_cell_and_set_connections" {{(pid=94760) inner /opt/stack/data/venv/lib/python3.12/site-packages/oslo_concurrency/lockutils.py:506}}
May 13 12:18:21.021245 np0000000693 devstack@n-api-meta.service[94760]: DEBUG oslo_concurrency.lockutils [None req-6e487ee0-50cb-4cd9-9d29-5eba68300cc7 None None] Lock "00000000-0000-0000-0000-000000000000" acquired by "nova.context.set_target_cell..get_or_set_cached_cell_and_set_connections" :: waited 0.000s {{(pid=94760) inner /opt/stack/data/venv/lib/python3.12/site-packages/oslo_concurrency/lockutils.py:519}}
May 13 12:18:21.021291 np0000000693 devstack@n-api-meta.service[94762]: INFO dbcounter [None req-5b513b9a-d60a-4c1b-a4a1-239d2cbe5445 None None] Registered counter for database nova_api
May 13 12:18:21.021570 np0000000693 devstack@n-api-meta.service[94760]: DEBUG oslo_concurrency.lockutils [None req-6e487ee0-50cb-4cd9-9d29-5eba68300cc7 None None] Lock "00000000-0000-0000-0000-000000000000" "released" by "nova.context.set_target_cell..get_or_set_cached_cell_and_set_connections" :: held 0.000s {{(pid=94760) inner /opt/stack/data/venv/lib/python3.12/site-packages/oslo_concurrency/lockutils.py:538}}
May 13 12:18:21.021790 np0000000693 devstack@n-api-meta.service[94760]: DEBUG oslo_concurrency.lockutils [None req-6e487ee0-50cb-4cd9-9d29-5eba68300cc7 None None] Acquiring lock "e5e3b317-80fe-458b-81bd-7b998085698e" by "nova.context.set_target_cell..get_or_set_cached_cell_and_set_connections" {{(pid=94760) inner /opt/stack/data/venv/lib/python3.12/site-packages/oslo_concurrency/lockutils.py:506}}
May 13 12:18:21.023376 np0000000693 devstack@n-api-meta.service[94760]: INFO dbcounter [None req-6e487ee0-50cb-4cd9-9d29-5eba68300cc7 None None] Registered counter for database nova_cell0
May 13 12:18:21.024638 np0000000693 devstack@n-api-meta.service[94760]: DEBUG oslo_concurrency.lockutils [None req-6e487ee0-50cb-4cd9-9d29-5eba68300cc7 None None] Lock "e5e3b317-80fe-458b-81bd-7b998085698e" acquired by "nova.context.set_target_cell..get_or_set_cached_cell_and_set_connections" :: waited 0.001s {{(pid=94760) inner /opt/stack/data/venv/lib/python3.12/site-packages/oslo_concurrency/lockutils.py:519}}
May 13 12:18:21.025865 np0000000693 devstack@n-api-meta.service[94760]: DEBUG oslo_concurrency.lockutils [None req-6e487ee0-50cb-4cd9-9d29-5eba68300cc7 None None] Lock "e5e3b317-80fe-458b-81bd-7b998085698e" "released" by "nova.context.set_target_cell..get_or_set_cached_cell_and_set_connections" :: held 0.003s {{(pid=94760) inner /opt/stack/data/venv/lib/python3.12/site-packages/oslo_concurrency/lockutils.py:538}}
May 13 12:18:21.029140 np0000000693 devstack@n-api-meta.service[94760]: INFO dbcounter [None req-6e487ee0-50cb-4cd9-9d29-5eba68300cc7 None None] Registered counter for database nova_cell1
May 13 12:18:21.034454 np0000000693 devstack@n-api-meta.service[94760]: DEBUG oslo_db.sqlalchemy.engines [None req-6e487ee0-50cb-4cd9-9d29-5eba68300cc7 None None] MySQL server mode set to STRICT_TRANS_TABLES,STRICT_ALL_TABLES,NO_ZERO_IN_DATE,NO_ZERO_DATE,ERROR_FOR_DIVISION_BY_ZERO,TRADITIONAL,NO_ENGINE_SUBSTITUTION {{(pid=94760) _check_effective_sql_mode /opt/stack/data/venv/lib/python3.12/site-packages/oslo_db/sqlalchemy/engines.py:325}}
May 13 12:18:21.037213 np0000000693 devstack@n-api-meta.service[94760]: DEBUG oslo_db.sqlalchemy.engines [None req-6e487ee0-50cb-4cd9-9d29-5eba68300cc7 None None] MySQL server mode set to STRICT_TRANS_TABLES,STRICT_ALL_TABLES,NO_ZERO_IN_DATE,NO_ZERO_DATE,ERROR_FOR_DIVISION_BY_ZERO,TRADITIONAL,NO_ENGINE_SUBSTITUTION {{(pid=94760) _check_effective_sql_mode /opt/stack/data/venv/lib/python3.12/site-packages/oslo_db/sqlalchemy/engines.py:325}}
May 13 12:18:21.038380 np0000000693 devstack@n-api-meta.service[94761]: INFO dbcounter [None req-d8a9b89b-8879-4e1d-a7cc-b3bccb91ad9b None None] Registered counter for database nova_api
May 13 12:18:21.039783 np0000000693 devstack@n-api-meta.service[94762]: DEBUG oslo_db.sqlalchemy.engines [None req-5b513b9a-d60a-4c1b-a4a1-239d2cbe5445 None None] MySQL server mode set to STRICT_TRANS_TABLES,STRICT_ALL_TABLES,NO_ZERO_IN_DATE,NO_ZERO_DATE,ERROR_FOR_DIVISION_BY_ZERO,TRADITIONAL,NO_ENGINE_SUBSTITUTION {{(pid=94762) _check_effective_sql_mode /opt/stack/data/venv/lib/python3.12/site-packages/oslo_db/sqlalchemy/engines.py:325}}
May 13 12:18:21.054216 np0000000693 devstack@n-api-meta.service[94761]: DEBUG oslo_db.sqlalchemy.engines [None req-d8a9b89b-8879-4e1d-a7cc-b3bccb91ad9b None None] MySQL server mode set to STRICT_TRANS_TABLES,STRICT_ALL_TABLES,NO_ZERO_IN_DATE,NO_ZERO_DATE,ERROR_FOR_DIVISION_BY_ZERO,TRADITIONAL,NO_ENGINE_SUBSTITUTION {{(pid=94761) _check_effective_sql_mode /opt/stack/data/venv/lib/python3.12/site-packages/oslo_db/sqlalchemy/engines.py:325}}
May 13 12:18:21.082538 np0000000693 devstack@n-api-meta.service[94762]: DEBUG dbcounter [-] [94762] Writer thread running {{(pid=94762) stat_writer /opt/stack/data/venv/lib/python3.12/site-packages/dbcounter.py:102}}
May 13 12:18:21.084745 np0000000693 devstack@n-api-meta.service[94762]: DEBUG nova.context [None req-5b513b9a-d60a-4c1b-a4a1-239d2cbe5445 None None] Found 2 cells: 00000000-0000-0000-0000-000000000000(cell0),e5e3b317-80fe-458b-81bd-7b998085698e(cell1) {{(pid=94762) load_cells /opt/stack/nova/nova/context.py:509}}
May 13 12:18:21.085013 np0000000693 devstack@n-api-meta.service[94762]: INFO nova.utils [None req-5b513b9a-d60a-4c1b-a4a1-239d2cbe5445 None None] The cell worker thread pool MainProcess.cell_worker is initialized
May 13 12:18:21.086587 np0000000693 devstack@n-api-meta.service[94761]: DEBUG dbcounter [-] [94761] Writer thread running {{(pid=94761) stat_writer /opt/stack/data/venv/lib/python3.12/site-packages/dbcounter.py:102}}
May 13 12:18:21.086676 np0000000693 devstack@n-api-meta.service[94762]: DEBUG oslo_concurrency.lockutils [None req-5b513b9a-d60a-4c1b-a4a1-239d2cbe5445 None None] Acquiring lock "00000000-0000-0000-0000-000000000000" by "nova.context.set_target_cell..get_or_set_cached_cell_and_set_connections" {{(pid=94762) inner /opt/stack/data/venv/lib/python3.12/site-packages/oslo_concurrency/lockutils.py:506}}
May 13 12:18:21.087058 np0000000693 devstack@n-api-meta.service[94762]: DEBUG oslo_concurrency.lockutils [None req-5b513b9a-d60a-4c1b-a4a1-239d2cbe5445 None None] Lock "00000000-0000-0000-0000-000000000000" acquired by "nova.context.set_target_cell..get_or_set_cached_cell_and_set_connections" :: waited 0.000s {{(pid=94762) inner /opt/stack/data/venv/lib/python3.12/site-packages/oslo_concurrency/lockutils.py:519}}
May 13 12:18:21.087224 np0000000693 devstack@n-api-meta.service[94762]: DEBUG oslo_concurrency.lockutils [None req-5b513b9a-d60a-4c1b-a4a1-239d2cbe5445 None None] Lock "00000000-0000-0000-0000-000000000000" "released" by "nova.context.set_target_cell..get_or_set_cached_cell_and_set_connections" :: held 0.000s {{(pid=94762) inner /opt/stack/data/venv/lib/python3.12/site-packages/oslo_concurrency/lockutils.py:538}}
May 13 12:18:21.087905 np0000000693 devstack@n-api-meta.service[94762]: DEBUG oslo_concurrency.lockutils [None req-5b513b9a-d60a-4c1b-a4a1-239d2cbe5445 None None] Acquiring lock "e5e3b317-80fe-458b-81bd-7b998085698e" by "nova.context.set_target_cell..get_or_set_cached_cell_and_set_connections" {{(pid=94762) inner /opt/stack/data/venv/lib/python3.12/site-packages/oslo_concurrency/lockutils.py:506}}
May 13 12:18:21.088023 np0000000693 devstack@n-api-meta.service[94762]: DEBUG oslo_concurrency.lockutils [None req-5b513b9a-d60a-4c1b-a4a1-239d2cbe5445 None None] Lock "e5e3b317-80fe-458b-81bd-7b998085698e" acquired by "nova.context.set_target_cell..get_or_set_cached_cell_and_set_connections" :: waited 0.000s {{(pid=94762) inner /opt/stack/data/venv/lib/python3.12/site-packages/oslo_concurrency/lockutils.py:519}}
May 13 12:18:21.088817 np0000000693 devstack@n-api-meta.service[94761]: DEBUG nova.context [None req-d8a9b89b-8879-4e1d-a7cc-b3bccb91ad9b None None] Found 2 cells: 00000000-0000-0000-0000-000000000000(cell0),e5e3b317-80fe-458b-81bd-7b998085698e(cell1) {{(pid=94761) load_cells /opt/stack/nova/nova/context.py:509}}
May 13 12:18:21.088899 np0000000693 devstack@n-api-meta.service[94762]: DEBUG oslo_concurrency.lockutils [None req-5b513b9a-d60a-4c1b-a4a1-239d2cbe5445 None None] Lock "e5e3b317-80fe-458b-81bd-7b998085698e" "released" by "nova.context.set_target_cell..get_or_set_cached_cell_and_set_connections" :: held 0.001s {{(pid=94762) inner /opt/stack/data/venv/lib/python3.12/site-packages/oslo_concurrency/lockutils.py:538}}
May 13 12:18:21.089077 np0000000693 devstack@n-api-meta.service[94761]: INFO nova.utils [None req-d8a9b89b-8879-4e1d-a7cc-b3bccb91ad9b None None] The cell worker thread pool MainProcess.cell_worker is initialized
May 13 12:18:21.090941 np0000000693 devstack@n-api-meta.service[94762]: INFO dbcounter [None req-5b513b9a-d60a-4c1b-a4a1-239d2cbe5445 None None] Registered counter for database nova_cell0
May 13 12:18:21.091293 np0000000693 devstack@n-api-meta.service[94761]: DEBUG oslo_concurrency.lockutils [None req-d8a9b89b-8879-4e1d-a7cc-b3bccb91ad9b None None] Acquiring lock "00000000-0000-0000-0000-000000000000" by "nova.context.set_target_cell..get_or_set_cached_cell_and_set_connections" {{(pid=94761) inner /opt/stack/data/venv/lib/python3.12/site-packages/oslo_concurrency/lockutils.py:506}}
May 13 12:18:21.091517 np0000000693 devstack@n-api-meta.service[94761]: DEBUG oslo_concurrency.lockutils [None req-d8a9b89b-8879-4e1d-a7cc-b3bccb91ad9b None None] Lock "00000000-0000-0000-0000-000000000000" acquired by "nova.context.set_target_cell..get_or_set_cached_cell_and_set_connections" :: waited 0.000s {{(pid=94761) inner /opt/stack/data/venv/lib/python3.12/site-packages/oslo_concurrency/lockutils.py:519}}
May 13 12:18:21.091993 np0000000693 devstack@n-api-meta.service[94761]: DEBUG oslo_concurrency.lockutils [None req-d8a9b89b-8879-4e1d-a7cc-b3bccb91ad9b None None] Lock "00000000-0000-0000-0000-000000000000" "released" by "nova.context.set_target_cell..get_or_set_cached_cell_and_set_connections" :: held 0.000s {{(pid=94761) inner /opt/stack/data/venv/lib/python3.12/site-packages/oslo_concurrency/lockutils.py:538}}
May 13 12:18:21.092814 np0000000693 devstack@n-api-meta.service[94761]: DEBUG oslo_concurrency.lockutils [None req-d8a9b89b-8879-4e1d-a7cc-b3bccb91ad9b None None] Acquiring lock "e5e3b317-80fe-458b-81bd-7b998085698e" by "nova.context.set_target_cell..get_or_set_cached_cell_and_set_connections" {{(pid=94761) inner /opt/stack/data/venv/lib/python3.12/site-packages/oslo_concurrency/lockutils.py:506}}
May 13 12:18:21.093016 np0000000693 devstack@n-api-meta.service[94761]: DEBUG oslo_concurrency.lockutils [None req-d8a9b89b-8879-4e1d-a7cc-b3bccb91ad9b None None] Lock "e5e3b317-80fe-458b-81bd-7b998085698e" acquired by "nova.context.set_target_cell..get_or_set_cached_cell_and_set_connections" :: waited 0.000s {{(pid=94761) inner /opt/stack/data/venv/lib/python3.12/site-packages/oslo_concurrency/lockutils.py:519}}
May 13 12:18:21.095589 np0000000693 devstack@n-api-meta.service[94761]: DEBUG oslo_concurrency.lockutils [None req-d8a9b89b-8879-4e1d-a7cc-b3bccb91ad9b None None] Lock "e5e3b317-80fe-458b-81bd-7b998085698e" "released" by "nova.context.set_target_cell..get_or_set_cached_cell_and_set_connections" :: held 0.001s {{(pid=94761) inner /opt/stack/data/venv/lib/python3.12/site-packages/oslo_concurrency/lockutils.py:538}}
May 13 12:18:21.095627 np0000000693 devstack@n-api-meta.service[94762]: INFO dbcounter [None req-5b513b9a-d60a-4c1b-a4a1-239d2cbe5445 None None] Registered counter for database nova_cell1
May 13 12:18:21.096116 np0000000693 devstack@n-api-meta.service[94761]: INFO dbcounter [None req-d8a9b89b-8879-4e1d-a7cc-b3bccb91ad9b None None] Registered counter for database nova_cell0
May 13 12:18:21.099786 np0000000693 devstack@n-api-meta.service[94761]: INFO dbcounter [None req-d8a9b89b-8879-4e1d-a7cc-b3bccb91ad9b None None] Registered counter for database nova_cell1
May 13 12:18:21.100904 np0000000693 devstack@n-api-meta.service[94762]: DEBUG oslo_db.sqlalchemy.engines [None req-5b513b9a-d60a-4c1b-a4a1-239d2cbe5445 None None] MySQL server mode set to STRICT_TRANS_TABLES,STRICT_ALL_TABLES,NO_ZERO_IN_DATE,NO_ZERO_DATE,ERROR_FOR_DIVISION_BY_ZERO,TRADITIONAL,NO_ENGINE_SUBSTITUTION {{(pid=94762) _check_effective_sql_mode /opt/stack/data/venv/lib/python3.12/site-packages/oslo_db/sqlalchemy/engines.py:325}}
May 13 12:18:21.107134 np0000000693 devstack@n-api-meta.service[94761]: DEBUG oslo_db.sqlalchemy.engines [None req-d8a9b89b-8879-4e1d-a7cc-b3bccb91ad9b None None] MySQL server mode set to STRICT_TRANS_TABLES,STRICT_ALL_TABLES,NO_ZERO_IN_DATE,NO_ZERO_DATE,ERROR_FOR_DIVISION_BY_ZERO,TRADITIONAL,NO_ENGINE_SUBSTITUTION {{(pid=94761) _check_effective_sql_mode /opt/stack/data/venv/lib/python3.12/site-packages/oslo_db/sqlalchemy/engines.py:325}}
May 13 12:18:21.110707 np0000000693 devstack@n-api-meta.service[94761]: DEBUG oslo_db.sqlalchemy.engines [None req-d8a9b89b-8879-4e1d-a7cc-b3bccb91ad9b None None] MySQL server mode set to STRICT_TRANS_TABLES,STRICT_ALL_TABLES,NO_ZERO_IN_DATE,NO_ZERO_DATE,ERROR_FOR_DIVISION_BY_ZERO,TRADITIONAL,NO_ENGINE_SUBSTITUTION {{(pid=94761) _check_effective_sql_mode /opt/stack/data/venv/lib/python3.12/site-packages/oslo_db/sqlalchemy/engines.py:325}}
May 13 12:18:21.116471 np0000000693 devstack@n-api-meta.service[94762]: DEBUG oslo_db.sqlalchemy.engines [None req-5b513b9a-d60a-4c1b-a4a1-239d2cbe5445 None None] MySQL server mode set to STRICT_TRANS_TABLES,STRICT_ALL_TABLES,NO_ZERO_IN_DATE,NO_ZERO_DATE,ERROR_FOR_DIVISION_BY_ZERO,TRADITIONAL,NO_ENGINE_SUBSTITUTION {{(pid=94762) _check_effective_sql_mode /opt/stack/data/venv/lib/python3.12/site-packages/oslo_db/sqlalchemy/engines.py:325}}
May 13 12:18:21.153606 np0000000693 devstack@n-api-meta.service[94760]: DEBUG dbcounter [-] [94760] Writer thread running {{(pid=94760) stat_writer /opt/stack/data/venv/lib/python3.12/site-packages/dbcounter.py:102}}
May 13 12:18:21.154345 np0000000693 devstack@n-api-meta.service[94760]: DEBUG dbcounter [-] [94760] Writer thread running {{(pid=94760) stat_writer /opt/stack/data/venv/lib/python3.12/site-packages/dbcounter.py:102}}
May 13 12:18:21.160462 np0000000693 devstack@n-api-meta.service[94760]: INFO dbcounter [None req-6e487ee0-50cb-4cd9-9d29-5eba68300cc7 None None] Registered counter for database nova_cell0
May 13 12:18:21.166897 np0000000693 devstack@n-api-meta.service[94760]: DEBUG oslo_db.sqlalchemy.engines [None req-6e487ee0-50cb-4cd9-9d29-5eba68300cc7 None None] MySQL server mode set to STRICT_TRANS_TABLES,STRICT_ALL_TABLES,NO_ZERO_IN_DATE,NO_ZERO_DATE,ERROR_FOR_DIVISION_BY_ZERO,TRADITIONAL,NO_ENGINE_SUBSTITUTION {{(pid=94760) _check_effective_sql_mode /opt/stack/data/venv/lib/python3.12/site-packages/oslo_db/sqlalchemy/engines.py:325}}
May 13 12:18:21.174105 np0000000693 devstack@n-api-meta.service[94760]: DEBUG dbcounter [-] [94760] Writer thread running {{(pid=94760) stat_writer /opt/stack/data/venv/lib/python3.12/site-packages/dbcounter.py:102}}
May 13 12:18:21.215683 np0000000693 devstack@n-api-meta.service[94760]: WARNING nova.api.metadata.handler [None req-6e487ee0-50cb-4cd9-9d29-5eba68300cc7 None None] metadata_proxy_shared_secret is not configured, the metadata information returned by the proxy cannot be trusted
May 13 12:18:21.216323 np0000000693 devstack@n-api-meta.service[94762]: DEBUG dbcounter [-] [94762] Writer thread running {{(pid=94762) stat_writer /opt/stack/data/venv/lib/python3.12/site-packages/dbcounter.py:102}}
May 13 12:18:21.216709 np0000000693 devstack@n-api-meta.service[94762]: DEBUG dbcounter [-] [94762] Writer thread running {{(pid=94762) stat_writer /opt/stack/data/venv/lib/python3.12/site-packages/dbcounter.py:102}}
May 13 12:18:21.217962 np0000000693 devstack@n-api-meta.service[94760]: DEBUG nova.api.openstack.wsgi_app [None req-6e487ee0-50cb-4cd9-9d29-5eba68300cc7 None None] ******************************************************************************** {{(pid=94760) log_opt_values /opt/stack/data/venv/lib/python3.12/site-packages/oslo_config/cfg.py:2979}}
May 13 12:18:21.218458 np0000000693 devstack@n-api-meta.service[94760]: DEBUG nova.api.openstack.wsgi_app [None req-6e487ee0-50cb-4cd9-9d29-5eba68300cc7 None None] Configuration options gathered from: {{(pid=94760) log_opt_values /opt/stack/data/venv/lib/python3.12/site-packages/oslo_config/cfg.py:2980}}
May 13 12:18:21.218458 np0000000693 devstack@n-api-meta.service[94760]: DEBUG nova.api.openstack.wsgi_app [None req-6e487ee0-50cb-4cd9-9d29-5eba68300cc7 None None] command line args: [] {{(pid=94760) log_opt_values /opt/stack/data/venv/lib/python3.12/site-packages/oslo_config/cfg.py:2981}}
May 13 12:18:21.218458 np0000000693 devstack@n-api-meta.service[94760]: DEBUG nova.api.openstack.wsgi_app [None req-6e487ee0-50cb-4cd9-9d29-5eba68300cc7 None None] config files: ['/etc/nova/api-paste.ini', '/etc/nova/nova.conf'] {{(pid=94760) log_opt_values /opt/stack/data/venv/lib/python3.12/site-packages/oslo_config/cfg.py:2982}}
May 13 12:18:21.218599 np0000000693 devstack@n-api-meta.service[94760]: DEBUG nova.api.openstack.wsgi_app [None req-6e487ee0-50cb-4cd9-9d29-5eba68300cc7 None None] ================================================================================ {{(pid=94760) log_opt_values /opt/stack/data/venv/lib/python3.12/site-packages/oslo_config/cfg.py:2987}}
May 13 12:18:21.219258 np0000000693 devstack@n-api-meta.service[94760]: DEBUG nova.api.openstack.wsgi_app [None req-6e487ee0-50cb-4cd9-9d29-5eba68300cc7 None None] allow_resize_to_same_host = True {{(pid=94760) log_opt_values /opt/stack/data/venv/lib/python3.12/site-packages/oslo_config/cfg.py:2995}}
May 13 12:18:21.219258 np0000000693 devstack@n-api-meta.service[94760]: DEBUG nova.api.openstack.wsgi_app [None req-6e487ee0-50cb-4cd9-9d29-5eba68300cc7 None None] arq_binding_timeout = 300 {{(pid=94760) log_opt_values /opt/stack/data/venv/lib/python3.12/site-packages/oslo_config/cfg.py:2995}}
May 13 12:18:21.219258 np0000000693 devstack@n-api-meta.service[94760]: DEBUG nova.api.openstack.wsgi_app [None req-6e487ee0-50cb-4cd9-9d29-5eba68300cc7 None None] block_device_allocate_retries = 60 {{(pid=94760) log_opt_values /opt/stack/data/venv/lib/python3.12/site-packages/oslo_config/cfg.py:2995}}
May 13 12:18:21.219368 np0000000693 devstack@n-api-meta.service[94760]: DEBUG nova.api.openstack.wsgi_app [None req-6e487ee0-50cb-4cd9-9d29-5eba68300cc7 None None] block_device_allocate_retries_interval = 3 {{(pid=94760) log_opt_values /opt/stack/data/venv/lib/python3.12/site-packages/oslo_config/cfg.py:2995}}
May 13 12:18:21.219471 np0000000693 devstack@n-api-meta.service[94760]: DEBUG nova.api.openstack.wsgi_app [None req-6e487ee0-50cb-4cd9-9d29-5eba68300cc7 None None] cell_worker_thread_pool_size = 5 {{(pid=94760) log_opt_values /opt/stack/data/venv/lib/python3.12/site-packages/oslo_config/cfg.py:2995}}
May 13 12:18:21.219648 np0000000693 devstack@n-api-meta.service[94760]: DEBUG nova.api.openstack.wsgi_app [None req-6e487ee0-50cb-4cd9-9d29-5eba68300cc7 None None] cert = self.pem {{(pid=94760) log_opt_values /opt/stack/data/venv/lib/python3.12/site-packages/oslo_config/cfg.py:2995}}
May 13 12:18:21.219784 np0000000693 devstack@n-api-meta.service[94760]: DEBUG nova.api.openstack.wsgi_app [None req-6e487ee0-50cb-4cd9-9d29-5eba68300cc7 None None] compute_driver = libvirt.LibvirtDriver {{(pid=94760) log_opt_values /opt/stack/data/venv/lib/python3.12/site-packages/oslo_config/cfg.py:2995}}
May 13 12:18:21.219833 np0000000693 devstack@n-api-meta.service[94762]: INFO dbcounter [None req-5b513b9a-d60a-4c1b-a4a1-239d2cbe5445 None None] Registered counter for database nova_cell0
May 13 12:18:21.220014 np0000000693 devstack@n-api-meta.service[94760]: DEBUG nova.api.openstack.wsgi_app [None req-6e487ee0-50cb-4cd9-9d29-5eba68300cc7 None None] compute_monitors = [] {{(pid=94760) log_opt_values /opt/stack/data/venv/lib/python3.12/site-packages/oslo_config/cfg.py:2995}}
May 13 12:18:21.220616 np0000000693 devstack@n-api-meta.service[94760]: DEBUG nova.api.openstack.wsgi_app [None req-6e487ee0-50cb-4cd9-9d29-5eba68300cc7 None None] config_dir = [] {{(pid=94760) log_opt_values /opt/stack/data/venv/lib/python3.12/site-packages/oslo_config/cfg.py:2995}}
May 13 12:18:21.220616 np0000000693 devstack@n-api-meta.service[94760]: DEBUG nova.api.openstack.wsgi_app [None req-6e487ee0-50cb-4cd9-9d29-5eba68300cc7 None None] config_drive_format = iso9660 {{(pid=94760) log_opt_values /opt/stack/data/venv/lib/python3.12/site-packages/oslo_config/cfg.py:2995}}
May 13 12:18:21.220616 np0000000693 devstack@n-api-meta.service[94760]: DEBUG nova.api.openstack.wsgi_app [None req-6e487ee0-50cb-4cd9-9d29-5eba68300cc7 None None] config_file = ['/etc/nova/api-paste.ini', '/etc/nova/nova.conf'] {{(pid=94760) log_opt_values /opt/stack/data/venv/lib/python3.12/site-packages/oslo_config/cfg.py:2995}}
May 13 12:18:21.220616 np0000000693 devstack@n-api-meta.service[94760]: DEBUG nova.api.openstack.wsgi_app [None req-6e487ee0-50cb-4cd9-9d29-5eba68300cc7 None None] config_source = [] {{(pid=94760) log_opt_values /opt/stack/data/venv/lib/python3.12/site-packages/oslo_config/cfg.py:2995}}
May 13 12:18:21.220791 np0000000693 devstack@n-api-meta.service[94760]: DEBUG nova.api.openstack.wsgi_app [None req-6e487ee0-50cb-4cd9-9d29-5eba68300cc7 None None] console_host = np0000000693 {{(pid=94760) log_opt_values /opt/stack/data/venv/lib/python3.12/site-packages/oslo_config/cfg.py:2995}}
May 13 12:18:21.221001 np0000000693 devstack@n-api-meta.service[94760]: DEBUG nova.api.openstack.wsgi_app [None req-6e487ee0-50cb-4cd9-9d29-5eba68300cc7 None None] control_exchange = nova {{(pid=94760) log_opt_values /opt/stack/data/venv/lib/python3.12/site-packages/oslo_config/cfg.py:2995}}
May 13 12:18:21.221163 np0000000693 devstack@n-api-meta.service[94760]: DEBUG nova.api.openstack.wsgi_app [None req-6e487ee0-50cb-4cd9-9d29-5eba68300cc7 None None] cpu_allocation_ratio = None {{(pid=94760) log_opt_values /opt/stack/data/venv/lib/python3.12/site-packages/oslo_config/cfg.py:2995}}
May 13 12:18:21.221310 np0000000693 devstack@n-api-meta.service[94760]: DEBUG nova.api.openstack.wsgi_app [None req-6e487ee0-50cb-4cd9-9d29-5eba68300cc7 None None] daemon = False {{(pid=94760) log_opt_values /opt/stack/data/venv/lib/python3.12/site-packages/oslo_config/cfg.py:2995}}
May 13 12:18:21.221479 np0000000693 devstack@n-api-meta.service[94760]: DEBUG nova.api.openstack.wsgi_app [None req-6e487ee0-50cb-4cd9-9d29-5eba68300cc7 None None] debug = True {{(pid=94760) log_opt_values /opt/stack/data/venv/lib/python3.12/site-packages/oslo_config/cfg.py:2995}}
May 13 12:18:21.221641 np0000000693 devstack@n-api-meta.service[94760]: DEBUG nova.api.openstack.wsgi_app [None req-6e487ee0-50cb-4cd9-9d29-5eba68300cc7 None None] default_access_ip_network_name = None {{(pid=94760) log_opt_values /opt/stack/data/venv/lib/python3.12/site-packages/oslo_config/cfg.py:2995}}
May 13 12:18:21.221821 np0000000693 devstack@n-api-meta.service[94760]: DEBUG nova.api.openstack.wsgi_app [None req-6e487ee0-50cb-4cd9-9d29-5eba68300cc7 None None] default_availability_zone = nova {{(pid=94760) log_opt_values /opt/stack/data/venv/lib/python3.12/site-packages/oslo_config/cfg.py:2995}}
May 13 12:18:21.221978 np0000000693 devstack@n-api-meta.service[94760]: DEBUG nova.api.openstack.wsgi_app [None req-6e487ee0-50cb-4cd9-9d29-5eba68300cc7 None None] default_ephemeral_format = ext4 {{(pid=94760) log_opt_values /opt/stack/data/venv/lib/python3.12/site-packages/oslo_config/cfg.py:2995}}
May 13 12:18:21.222106 np0000000693 devstack@n-api-meta.service[94760]: DEBUG nova.api.openstack.wsgi_app [None req-6e487ee0-50cb-4cd9-9d29-5eba68300cc7 None None] default_green_pool_size = 1000 {{(pid=94760) log_opt_values /opt/stack/data/venv/lib/python3.12/site-packages/oslo_config/cfg.py:2995}}
May 13 12:18:21.222399 np0000000693 devstack@n-api-meta.service[94760]: DEBUG nova.api.openstack.wsgi_app [None req-6e487ee0-50cb-4cd9-9d29-5eba68300cc7 None None] default_log_levels = ['amqp=WARN', 'boto=WARN', 'sqlalchemy=WARN', 'suds=INFO', 'oslo.messaging=INFO', 'oslo_messaging=INFO', 'iso8601=WARN', 'requests.packages.urllib3.connectionpool=WARN', 'urllib3.connectionpool=WARN', 'websocket=WARN', 'requests.packages.urllib3.util.retry=WARN', 'urllib3.util.retry=WARN', 'keystonemiddleware=WARN', 'routes.middleware=WARN', 'stevedore=WARN', 'taskflow=WARN', 'keystoneauth=WARN', 'oslo.cache=INFO', 'oslo_policy=INFO', 'dogpile.core.dogpile=INFO', 'glanceclient=WARN', 'oslo.privsep.daemon=INFO'] {{(pid=94760) log_opt_values /opt/stack/data/venv/lib/python3.12/site-packages/oslo_config/cfg.py:2995}}
May 13 12:18:21.222499 np0000000693 devstack@n-api-meta.service[94760]: DEBUG nova.api.openstack.wsgi_app [None req-6e487ee0-50cb-4cd9-9d29-5eba68300cc7 None None] default_schedule_zone = None {{(pid=94760) log_opt_values /opt/stack/data/venv/lib/python3.12/site-packages/oslo_config/cfg.py:2995}}
May 13 12:18:21.223607 np0000000693 devstack@n-api-meta.service[94760]: DEBUG nova.api.openstack.wsgi_app [None req-6e487ee0-50cb-4cd9-9d29-5eba68300cc7 None None] default_thread_pool_size = 10 {{(pid=94760) log_opt_values /opt/stack/data/venv/lib/python3.12/site-packages/oslo_config/cfg.py:2995}}
May 13 12:18:21.223607 np0000000693 devstack@n-api-meta.service[94760]: DEBUG nova.api.openstack.wsgi_app [None req-6e487ee0-50cb-4cd9-9d29-5eba68300cc7 None None] disk_allocation_ratio = None {{(pid=94760) log_opt_values /opt/stack/data/venv/lib/python3.12/site-packages/oslo_config/cfg.py:2995}}
May 13 12:18:21.223607 np0000000693 devstack@n-api-meta.service[94760]: DEBUG nova.api.openstack.wsgi_app [None req-6e487ee0-50cb-4cd9-9d29-5eba68300cc7 None None] enable_new_services = True {{(pid=94760) log_opt_values /opt/stack/data/venv/lib/python3.12/site-packages/oslo_config/cfg.py:2995}}
May 13 12:18:21.223607 np0000000693 devstack@n-api-meta.service[94760]: DEBUG nova.api.openstack.wsgi_app [None req-6e487ee0-50cb-4cd9-9d29-5eba68300cc7 None None] flat_injected = False {{(pid=94760) log_opt_values /opt/stack/data/venv/lib/python3.12/site-packages/oslo_config/cfg.py:2995}}
May 13 12:18:21.223810 np0000000693 devstack@n-api-meta.service[94761]: DEBUG dbcounter [-] [94761] Writer thread running {{(pid=94761) stat_writer /opt/stack/data/venv/lib/python3.12/site-packages/dbcounter.py:102}}
May 13 12:18:21.223862 np0000000693 devstack@n-api-meta.service[94760]: DEBUG nova.api.openstack.wsgi_app [None req-6e487ee0-50cb-4cd9-9d29-5eba68300cc7 None None] force_config_drive = True {{(pid=94760) log_opt_values /opt/stack/data/venv/lib/python3.12/site-packages/oslo_config/cfg.py:2995}}
May 13 12:18:21.223862 np0000000693 devstack@n-api-meta.service[94760]: DEBUG nova.api.openstack.wsgi_app [None req-6e487ee0-50cb-4cd9-9d29-5eba68300cc7 None None] force_raw_images = True {{(pid=94760) log_opt_values /opt/stack/data/venv/lib/python3.12/site-packages/oslo_config/cfg.py:2995}}
May 13 12:18:21.223969 np0000000693 devstack@n-api-meta.service[94761]: DEBUG dbcounter [-] [94761] Writer thread running {{(pid=94761) stat_writer /opt/stack/data/venv/lib/python3.12/site-packages/dbcounter.py:102}}
May 13 12:18:21.224014 np0000000693 devstack@n-api-meta.service[94760]: DEBUG nova.api.openstack.wsgi_app [None req-6e487ee0-50cb-4cd9-9d29-5eba68300cc7 None None] graceful_shutdown_timeout = 5 {{(pid=94760) log_opt_values /opt/stack/data/venv/lib/python3.12/site-packages/oslo_config/cfg.py:2995}}
May 13 12:18:21.224014 np0000000693 devstack@n-api-meta.service[94760]: DEBUG nova.api.openstack.wsgi_app [None req-6e487ee0-50cb-4cd9-9d29-5eba68300cc7 None None] heal_instance_info_cache_interval = -1 {{(pid=94760) log_opt_values /opt/stack/data/venv/lib/python3.12/site-packages/oslo_config/cfg.py:2995}}
May 13 12:18:21.224014 np0000000693 devstack@n-api-meta.service[94760]: DEBUG nova.api.openstack.wsgi_app [None req-6e487ee0-50cb-4cd9-9d29-5eba68300cc7 None None] host = np0000000693 {{(pid=94760) log_opt_values /opt/stack/data/venv/lib/python3.12/site-packages/oslo_config/cfg.py:2995}}
May 13 12:18:21.224014 np0000000693 devstack@n-api-meta.service[94760]: DEBUG nova.api.openstack.wsgi_app [None req-6e487ee0-50cb-4cd9-9d29-5eba68300cc7 None None] initial_cpu_allocation_ratio = 4.0 {{(pid=94760) log_opt_values /opt/stack/data/venv/lib/python3.12/site-packages/oslo_config/cfg.py:2995}}
May 13 12:18:21.224014 np0000000693 devstack@n-api-meta.service[94760]: DEBUG nova.api.openstack.wsgi_app [None req-6e487ee0-50cb-4cd9-9d29-5eba68300cc7 None None] initial_disk_allocation_ratio = 1.0 {{(pid=94760) log_opt_values /opt/stack/data/venv/lib/python3.12/site-packages/oslo_config/cfg.py:2995}}
May 13 12:18:21.224153 np0000000693 devstack@n-api-meta.service[94760]: DEBUG nova.api.openstack.wsgi_app [None req-6e487ee0-50cb-4cd9-9d29-5eba68300cc7 None None] initial_ram_allocation_ratio = 1.0 {{(pid=94760) log_opt_values /opt/stack/data/venv/lib/python3.12/site-packages/oslo_config/cfg.py:2995}}
May 13 12:18:21.224286 np0000000693 devstack@n-api-meta.service[94760]: DEBUG nova.api.openstack.wsgi_app [None req-6e487ee0-50cb-4cd9-9d29-5eba68300cc7 None None] injected_network_template = /opt/stack/nova/nova/virt/interfaces.template {{(pid=94760) log_opt_values /opt/stack/data/venv/lib/python3.12/site-packages/oslo_config/cfg.py:2995}}
May 13 12:18:21.224378 np0000000693 devstack@n-api-meta.service[94760]: DEBUG nova.api.openstack.wsgi_app [None req-6e487ee0-50cb-4cd9-9d29-5eba68300cc7 None None] instance_build_timeout = 0 {{(pid=94760) log_opt_values /opt/stack/data/venv/lib/python3.12/site-packages/oslo_config/cfg.py:2995}}
May 13 12:18:21.224509 np0000000693 devstack@n-api-meta.service[94760]: DEBUG nova.api.openstack.wsgi_app [None req-6e487ee0-50cb-4cd9-9d29-5eba68300cc7 None None] instance_delete_interval = 300 {{(pid=94760) log_opt_values /opt/stack/data/venv/lib/python3.12/site-packages/oslo_config/cfg.py:2995}}
May 13 12:18:21.225449 np0000000693 devstack@n-api-meta.service[94760]: DEBUG nova.api.openstack.wsgi_app [None req-6e487ee0-50cb-4cd9-9d29-5eba68300cc7 None None] instance_format = [instance: %(uuid)s] {{(pid=94760) log_opt_values /opt/stack/data/venv/lib/python3.12/site-packages/oslo_config/cfg.py:2995}}
May 13 12:18:21.225449 np0000000693 devstack@n-api-meta.service[94760]: DEBUG nova.api.openstack.wsgi_app [None req-6e487ee0-50cb-4cd9-9d29-5eba68300cc7 None None] instance_name_template = instance-%08x {{(pid=94760) log_opt_values /opt/stack/data/venv/lib/python3.12/site-packages/oslo_config/cfg.py:2995}}
May 13 12:18:21.225449 np0000000693 devstack@n-api-meta.service[94760]: DEBUG nova.api.openstack.wsgi_app [None req-6e487ee0-50cb-4cd9-9d29-5eba68300cc7 None None] instance_usage_audit = False {{(pid=94760) log_opt_values /opt/stack/data/venv/lib/python3.12/site-packages/oslo_config/cfg.py:2995}}
May 13 12:18:21.225634 np0000000693 devstack@n-api-meta.service[94762]: DEBUG oslo_db.sqlalchemy.engines [None req-5b513b9a-d60a-4c1b-a4a1-239d2cbe5445 None None] MySQL server mode set to STRICT_TRANS_TABLES,STRICT_ALL_TABLES,NO_ZERO_IN_DATE,NO_ZERO_DATE,ERROR_FOR_DIVISION_BY_ZERO,TRADITIONAL,NO_ENGINE_SUBSTITUTION {{(pid=94762) _check_effective_sql_mode /opt/stack/data/venv/lib/python3.12/site-packages/oslo_db/sqlalchemy/engines.py:325}}
May 13 12:18:21.225674 np0000000693 devstack@n-api-meta.service[94760]: DEBUG nova.api.openstack.wsgi_app [None req-6e487ee0-50cb-4cd9-9d29-5eba68300cc7 None None] instance_usage_audit_period = month {{(pid=94760) log_opt_values /opt/stack/data/venv/lib/python3.12/site-packages/oslo_config/cfg.py:2995}}
May 13 12:18:21.225674 np0000000693 devstack@n-api-meta.service[94760]: DEBUG nova.api.openstack.wsgi_app [None req-6e487ee0-50cb-4cd9-9d29-5eba68300cc7 None None] instance_uuid_format = [instance: %(uuid)s] {{(pid=94760) log_opt_values /opt/stack/data/venv/lib/python3.12/site-packages/oslo_config/cfg.py:2995}}
May 13 12:18:21.225674 np0000000693 devstack@n-api-meta.service[94760]: DEBUG nova.api.openstack.wsgi_app [None req-6e487ee0-50cb-4cd9-9d29-5eba68300cc7 None None] instances_path = /opt/stack/data/nova/instances {{(pid=94760) log_opt_values /opt/stack/data/venv/lib/python3.12/site-packages/oslo_config/cfg.py:2995}}
May 13 12:18:21.225674 np0000000693 devstack@n-api-meta.service[94760]: DEBUG nova.api.openstack.wsgi_app [None req-6e487ee0-50cb-4cd9-9d29-5eba68300cc7 None None] internal_service_availability_zone = internal {{(pid=94760) log_opt_values /opt/stack/data/venv/lib/python3.12/site-packages/oslo_config/cfg.py:2995}}
May 13 12:18:21.225674 np0000000693 devstack@n-api-meta.service[94760]: DEBUG nova.api.openstack.wsgi_app [None req-6e487ee0-50cb-4cd9-9d29-5eba68300cc7 None None] key = None {{(pid=94760) log_opt_values /opt/stack/data/venv/lib/python3.12/site-packages/oslo_config/cfg.py:2995}}
May 13 12:18:21.225845 np0000000693 devstack@n-api-meta.service[94760]: DEBUG nova.api.openstack.wsgi_app [None req-6e487ee0-50cb-4cd9-9d29-5eba68300cc7 None None] live_migration_retry_count = 30 {{(pid=94760) log_opt_values /opt/stack/data/venv/lib/python3.12/site-packages/oslo_config/cfg.py:2995}}
May 13 12:18:21.225845 np0000000693 devstack@n-api-meta.service[94760]: DEBUG nova.api.openstack.wsgi_app [None req-6e487ee0-50cb-4cd9-9d29-5eba68300cc7 None None] log_color = False {{(pid=94760) log_opt_values /opt/stack/data/venv/lib/python3.12/site-packages/oslo_config/cfg.py:2995}}
May 13 12:18:21.226005 np0000000693 devstack@n-api-meta.service[94760]: DEBUG nova.api.openstack.wsgi_app [None req-6e487ee0-50cb-4cd9-9d29-5eba68300cc7 None None] log_config_append = None {{(pid=94760) log_opt_values /opt/stack/data/venv/lib/python3.12/site-packages/oslo_config/cfg.py:2995}}
May 13 12:18:21.226225 np0000000693 devstack@n-api-meta.service[94760]: DEBUG nova.api.openstack.wsgi_app [None req-6e487ee0-50cb-4cd9-9d29-5eba68300cc7 None None] log_date_format = %Y-%m-%d %H:%M:%S {{(pid=94760) log_opt_values /opt/stack/data/venv/lib/python3.12/site-packages/oslo_config/cfg.py:2995}}
May 13 12:18:21.226225 np0000000693 devstack@n-api-meta.service[94760]: DEBUG nova.api.openstack.wsgi_app [None req-6e487ee0-50cb-4cd9-9d29-5eba68300cc7 None None] log_dir = None {{(pid=94760) log_opt_values /opt/stack/data/venv/lib/python3.12/site-packages/oslo_config/cfg.py:2995}}
May 13 12:18:21.226480 np0000000693 devstack@n-api-meta.service[94760]: DEBUG nova.api.openstack.wsgi_app [None req-6e487ee0-50cb-4cd9-9d29-5eba68300cc7 None None] log_file = None {{(pid=94760) log_opt_values /opt/stack/data/venv/lib/python3.12/site-packages/oslo_config/cfg.py:2995}}
May 13 12:18:21.226480 np0000000693 devstack@n-api-meta.service[94760]: DEBUG nova.api.openstack.wsgi_app [None req-6e487ee0-50cb-4cd9-9d29-5eba68300cc7 None None] log_options = True {{(pid=94760) log_opt_values /opt/stack/data/venv/lib/python3.12/site-packages/oslo_config/cfg.py:2995}}
May 13 12:18:21.226647 np0000000693 devstack@n-api-meta.service[94760]: DEBUG nova.api.openstack.wsgi_app [None req-6e487ee0-50cb-4cd9-9d29-5eba68300cc7 None None] log_rotate_interval = 1 {{(pid=94760) log_opt_values /opt/stack/data/venv/lib/python3.12/site-packages/oslo_config/cfg.py:2995}}
May 13 12:18:21.226831 np0000000693 devstack@n-api-meta.service[94760]: DEBUG nova.api.openstack.wsgi_app [None req-6e487ee0-50cb-4cd9-9d29-5eba68300cc7 None None] log_rotate_interval_type = days {{(pid=94760) log_opt_values /opt/stack/data/venv/lib/python3.12/site-packages/oslo_config/cfg.py:2995}}
May 13 12:18:21.226933 np0000000693 devstack@n-api-meta.service[94761]: INFO dbcounter [None req-d8a9b89b-8879-4e1d-a7cc-b3bccb91ad9b None None] Registered counter for database nova_cell0
May 13 12:18:21.227035 np0000000693 devstack@n-api-meta.service[94760]: DEBUG nova.api.openstack.wsgi_app [None req-6e487ee0-50cb-4cd9-9d29-5eba68300cc7 None None] log_rotation_type = none {{(pid=94760) log_opt_values /opt/stack/data/venv/lib/python3.12/site-packages/oslo_config/cfg.py:2995}}
May 13 12:18:21.227200 np0000000693 devstack@n-api-meta.service[94760]: DEBUG nova.api.openstack.wsgi_app [None req-6e487ee0-50cb-4cd9-9d29-5eba68300cc7 None None] logging_context_format_string = %(color)s%(levelname)s %(name)s [%(global_request_id)s %(request_id)s %(project_name)s %(user_name)s%(color)s] %(instance)s%(color)s%(message)s {{(pid=94760) log_opt_values /opt/stack/data/venv/lib/python3.12/site-packages/oslo_config/cfg.py:2995}}
May 13 12:18:21.227279 np0000000693 devstack@n-api-meta.service[94760]: DEBUG nova.api.openstack.wsgi_app [None req-6e487ee0-50cb-4cd9-9d29-5eba68300cc7 None None] logging_debug_format_suffix = {{(pid=%(process)d) %(funcName)s %(pathname)s:%(lineno)d}} {{(pid=94760) log_opt_values /opt/stack/data/venv/lib/python3.12/site-packages/oslo_config/cfg.py:2995}}
May 13 12:18:21.227453 np0000000693 devstack@n-api-meta.service[94760]: DEBUG nova.api.openstack.wsgi_app [None req-6e487ee0-50cb-4cd9-9d29-5eba68300cc7 None None] logging_default_format_string = %(color)s%(levelname)s %(name)s [-%(color)s] %(instance)s%(color)s%(message)s {{(pid=94760) log_opt_values /opt/stack/data/venv/lib/python3.12/site-packages/oslo_config/cfg.py:2995}}
May 13 12:18:21.227620 np0000000693 devstack@n-api-meta.service[94760]: DEBUG nova.api.openstack.wsgi_app [None req-6e487ee0-50cb-4cd9-9d29-5eba68300cc7 None None] logging_exception_prefix = ERROR %(name)s %(instance)s {{(pid=94760) log_opt_values /opt/stack/data/venv/lib/python3.12/site-packages/oslo_config/cfg.py:2995}}
May 13 12:18:21.227901 np0000000693 devstack@n-api-meta.service[94760]: DEBUG nova.api.openstack.wsgi_app [None req-6e487ee0-50cb-4cd9-9d29-5eba68300cc7 None None] logging_user_identity_format = %(user)s %(project)s %(domain)s %(system_scope)s %(user_domain)s %(project_domain)s {{(pid=94760) log_opt_values /opt/stack/data/venv/lib/python3.12/site-packages/oslo_config/cfg.py:2995}}
May 13 12:18:21.227901 np0000000693 devstack@n-api-meta.service[94760]: DEBUG nova.api.openstack.wsgi_app [None req-6e487ee0-50cb-4cd9-9d29-5eba68300cc7 None None] long_rpc_timeout = 1800 {{(pid=94760) log_opt_values /opt/stack/data/venv/lib/python3.12/site-packages/oslo_config/cfg.py:2995}}
May 13 12:18:21.227983 np0000000693 devstack@n-api-meta.service[94760]: DEBUG nova.api.openstack.wsgi_app [None req-6e487ee0-50cb-4cd9-9d29-5eba68300cc7 None None] manager_shutdown_timeout = 160 {{(pid=94760) log_opt_values /opt/stack/data/venv/lib/python3.12/site-packages/oslo_config/cfg.py:2995}}
May 13 12:18:21.228098 np0000000693 devstack@n-api-meta.service[94760]: DEBUG nova.api.openstack.wsgi_app [None req-6e487ee0-50cb-4cd9-9d29-5eba68300cc7 None None] max_concurrent_builds = 10 {{(pid=94760) log_opt_values /opt/stack/data/venv/lib/python3.12/site-packages/oslo_config/cfg.py:2995}}
May 13 12:18:21.228720 np0000000693 devstack@n-api-meta.service[94760]: DEBUG nova.api.openstack.wsgi_app [None req-6e487ee0-50cb-4cd9-9d29-5eba68300cc7 None None] max_concurrent_live_migrations = 1 {{(pid=94760) log_opt_values /opt/stack/data/venv/lib/python3.12/site-packages/oslo_config/cfg.py:2995}}
May 13 12:18:21.228720 np0000000693 devstack@n-api-meta.service[94760]: DEBUG nova.api.openstack.wsgi_app [None req-6e487ee0-50cb-4cd9-9d29-5eba68300cc7 None None] max_concurrent_snapshots = 5 {{(pid=94760) log_opt_values /opt/stack/data/venv/lib/python3.12/site-packages/oslo_config/cfg.py:2995}}
May 13 12:18:21.228720 np0000000693 devstack@n-api-meta.service[94760]: DEBUG nova.api.openstack.wsgi_app [None req-6e487ee0-50cb-4cd9-9d29-5eba68300cc7 None None] max_local_block_devices = 3 {{(pid=94760) log_opt_values /opt/stack/data/venv/lib/python3.12/site-packages/oslo_config/cfg.py:2995}}
May 13 12:18:21.228720 np0000000693 devstack@n-api-meta.service[94760]: DEBUG nova.api.openstack.wsgi_app [None req-6e487ee0-50cb-4cd9-9d29-5eba68300cc7 None None] max_logfile_count = 30 {{(pid=94760) log_opt_values /opt/stack/data/venv/lib/python3.12/site-packages/oslo_config/cfg.py:2995}}
May 13 12:18:21.228720 np0000000693 devstack@n-api-meta.service[94760]: DEBUG nova.api.openstack.wsgi_app [None req-6e487ee0-50cb-4cd9-9d29-5eba68300cc7 None None] max_logfile_size_mb = 200 {{(pid=94760) log_opt_values /opt/stack/data/venv/lib/python3.12/site-packages/oslo_config/cfg.py:2995}}
May 13 12:18:21.228942 np0000000693 devstack@n-api-meta.service[94760]: DEBUG nova.api.openstack.wsgi_app [None req-6e487ee0-50cb-4cd9-9d29-5eba68300cc7 None None] maximum_instance_delete_attempts = 5 {{(pid=94760) log_opt_values /opt/stack/data/venv/lib/python3.12/site-packages/oslo_config/cfg.py:2995}}
May 13 12:18:21.228942 np0000000693 devstack@n-api-meta.service[94760]: DEBUG nova.api.openstack.wsgi_app [None req-6e487ee0-50cb-4cd9-9d29-5eba68300cc7 None None] migrate_max_retries = -1 {{(pid=94760) log_opt_values /opt/stack/data/venv/lib/python3.12/site-packages/oslo_config/cfg.py:2995}}
May 13 12:18:21.229048 np0000000693 devstack@n-api-meta.service[94760]: DEBUG nova.api.openstack.wsgi_app [None req-6e487ee0-50cb-4cd9-9d29-5eba68300cc7 None None] mkisofs_cmd = genisoimage {{(pid=94760) log_opt_values /opt/stack/data/venv/lib/python3.12/site-packages/oslo_config/cfg.py:2995}}
May 13 12:18:21.229208 np0000000693 devstack@n-api-meta.service[94760]: DEBUG nova.api.openstack.wsgi_app [None req-6e487ee0-50cb-4cd9-9d29-5eba68300cc7 None None] my_block_storage_ip = 10.4.3.175 {{(pid=94760) log_opt_values /opt/stack/data/venv/lib/python3.12/site-packages/oslo_config/cfg.py:2995}}
