May 13 12:18:20.550066 np0000000693 nova-scheduler[95333]: DEBUG cotyledon.oslo_config_glue [-] oslo_messaging_notifications.retry = -1 {{(pid=95333) log_opt_values /opt/stack/data/venv/lib/python3.12/site-packages/oslo_config/cfg.py:3006}}
May 13 12:18:20.550066 np0000000693 nova-scheduler[95333]: DEBUG cotyledon.oslo_config_glue [-] oslo_messaging_notifications.topics = ['notifications'] {{(pid=95333) log_opt_values /opt/stack/data/venv/lib/python3.12/site-packages/oslo_config/cfg.py:3006}}
May 13 12:18:20.550247 np0000000693 nova-scheduler[95333]: DEBUG cotyledon.oslo_config_glue [-] oslo_messaging_notifications.transport_url = **** {{(pid=95333) log_opt_values /opt/stack/data/venv/lib/python3.12/site-packages/oslo_config/cfg.py:3006}}
May 13 12:18:20.550247 np0000000693 nova-scheduler[95333]: DEBUG cotyledon.oslo_config_glue [-] oslo_limit.auth_section = None {{(pid=95333) log_opt_values /opt/stack/data/venv/lib/python3.12/site-packages/oslo_config/cfg.py:3006}}
May 13 12:18:20.550247 np0000000693 nova-scheduler[95333]: DEBUG cotyledon.oslo_config_glue [-] oslo_limit.auth_type = None {{(pid=95333) log_opt_values /opt/stack/data/venv/lib/python3.12/site-packages/oslo_config/cfg.py:3006}}
May 13 12:18:20.550247 np0000000693 nova-scheduler[95333]: DEBUG cotyledon.oslo_config_glue [-] oslo_limit.cafile = None {{(pid=95333) log_opt_values /opt/stack/data/venv/lib/python3.12/site-packages/oslo_config/cfg.py:3006}}
May 13 12:18:20.550247 np0000000693 nova-scheduler[95333]: DEBUG cotyledon.oslo_config_glue [-] oslo_limit.certfile = None {{(pid=95333) log_opt_values /opt/stack/data/venv/lib/python3.12/site-packages/oslo_config/cfg.py:3006}}
May 13 12:18:20.550247 np0000000693 nova-scheduler[95333]: DEBUG cotyledon.oslo_config_glue [-] oslo_limit.collect_timing = False {{(pid=95333) log_opt_values /opt/stack/data/venv/lib/python3.12/site-packages/oslo_config/cfg.py:3006}}
May 13 12:18:20.550247 np0000000693 nova-scheduler[95333]: DEBUG cotyledon.oslo_config_glue [-] oslo_limit.connect_retries = None {{(pid=95333) log_opt_values /opt/stack/data/venv/lib/python3.12/site-packages/oslo_config/cfg.py:3006}}
May 13 12:18:20.550247 np0000000693 nova-scheduler[95333]: DEBUG cotyledon.oslo_config_glue [-] oslo_limit.connect_retry_delay = None {{(pid=95333) log_opt_values /opt/stack/data/venv/lib/python3.12/site-packages/oslo_config/cfg.py:3006}}
May 13 12:18:20.550247 np0000000693 nova-scheduler[95333]: DEBUG cotyledon.oslo_config_glue [-] oslo_limit.endpoint_id = None {{(pid=95333) log_opt_values /opt/stack/data/venv/lib/python3.12/site-packages/oslo_config/cfg.py:3006}}
May 13 12:18:20.550433 np0000000693 nova-scheduler[95333]: DEBUG cotyledon.oslo_config_glue [-] oslo_limit.endpoint_interface = public {{(pid=95333) log_opt_values /opt/stack/data/venv/lib/python3.12/site-packages/oslo_config/cfg.py:3006}}
May 13 12:18:20.550433 np0000000693 nova-scheduler[95333]: DEBUG cotyledon.oslo_config_glue [-] oslo_limit.endpoint_override = None {{(pid=95333) log_opt_values /opt/stack/data/venv/lib/python3.12/site-packages/oslo_config/cfg.py:3006}}
May 13 12:18:20.550433 np0000000693 nova-scheduler[95333]: DEBUG cotyledon.oslo_config_glue [-] oslo_limit.endpoint_region_name = None {{(pid=95333) log_opt_values /opt/stack/data/venv/lib/python3.12/site-packages/oslo_config/cfg.py:3006}}
May 13 12:18:20.550433 np0000000693 nova-scheduler[95333]: DEBUG cotyledon.oslo_config_glue [-] oslo_limit.endpoint_service_name = None {{(pid=95333) log_opt_values /opt/stack/data/venv/lib/python3.12/site-packages/oslo_config/cfg.py:3006}}
May 13 12:18:20.550433 np0000000693 nova-scheduler[95333]: DEBUG cotyledon.oslo_config_glue [-] oslo_limit.endpoint_service_type = None {{(pid=95333) log_opt_values /opt/stack/data/venv/lib/python3.12/site-packages/oslo_config/cfg.py:3006}}
May 13 12:18:20.550433 np0000000693 nova-scheduler[95333]: DEBUG cotyledon.oslo_config_glue [-] oslo_limit.insecure = False {{(pid=95333) log_opt_values /opt/stack/data/venv/lib/python3.12/site-packages/oslo_config/cfg.py:3006}}
May 13 12:18:20.550433 np0000000693 nova-scheduler[95333]: DEBUG cotyledon.oslo_config_glue [-] oslo_limit.keyfile = None {{(pid=95333) log_opt_values /opt/stack/data/venv/lib/python3.12/site-packages/oslo_config/cfg.py:3006}}
May 13 12:18:20.550433 np0000000693 nova-scheduler[95333]: DEBUG cotyledon.oslo_config_glue [-] oslo_limit.max_version = None {{(pid=95333) log_opt_values /opt/stack/data/venv/lib/python3.12/site-packages/oslo_config/cfg.py:3006}}
May 13 12:18:20.550433 np0000000693 nova-scheduler[95333]: DEBUG cotyledon.oslo_config_glue [-] oslo_limit.min_version = None {{(pid=95333) log_opt_values /opt/stack/data/venv/lib/python3.12/site-packages/oslo_config/cfg.py:3006}}
May 13 12:18:20.550625 np0000000693 nova-scheduler[95333]: DEBUG cotyledon.oslo_config_glue [-] oslo_limit.region_name = None {{(pid=95333) log_opt_values /opt/stack/data/venv/lib/python3.12/site-packages/oslo_config/cfg.py:3006}}
May 13 12:18:20.550625 np0000000693 nova-scheduler[95333]: DEBUG cotyledon.oslo_config_glue [-] oslo_limit.retriable_status_codes = None {{(pid=95333) log_opt_values /opt/stack/data/venv/lib/python3.12/site-packages/oslo_config/cfg.py:3006}}
May 13 12:18:20.550625 np0000000693 nova-scheduler[95333]: DEBUG cotyledon.oslo_config_glue [-] oslo_limit.service_name = None {{(pid=95333) log_opt_values /opt/stack/data/venv/lib/python3.12/site-packages/oslo_config/cfg.py:3006}}
May 13 12:18:20.550625 np0000000693 nova-scheduler[95333]: DEBUG cotyledon.oslo_config_glue [-] oslo_limit.service_type = None {{(pid=95333) log_opt_values /opt/stack/data/venv/lib/python3.12/site-packages/oslo_config/cfg.py:3006}}
May 13 12:18:20.550625 np0000000693 nova-scheduler[95333]: DEBUG cotyledon.oslo_config_glue [-] oslo_limit.split_loggers = False {{(pid=95333) log_opt_values /opt/stack/data/venv/lib/python3.12/site-packages/oslo_config/cfg.py:3006}}
May 13 12:18:20.550625 np0000000693 nova-scheduler[95333]: DEBUG cotyledon.oslo_config_glue [-] oslo_limit.status_code_retries = None {{(pid=95333) log_opt_values /opt/stack/data/venv/lib/python3.12/site-packages/oslo_config/cfg.py:3006}}
May 13 12:18:20.550625 np0000000693 nova-scheduler[95333]: DEBUG cotyledon.oslo_config_glue [-] oslo_limit.status_code_retry_delay = None {{(pid=95333) log_opt_values /opt/stack/data/venv/lib/python3.12/site-packages/oslo_config/cfg.py:3006}}
May 13 12:18:20.550625 np0000000693 nova-scheduler[95333]: DEBUG cotyledon.oslo_config_glue [-] oslo_limit.timeout = None {{(pid=95333) log_opt_values /opt/stack/data/venv/lib/python3.12/site-packages/oslo_config/cfg.py:3006}}
May 13 12:18:20.550625 np0000000693 nova-scheduler[95333]: DEBUG cotyledon.oslo_config_glue [-] oslo_limit.valid_interfaces = None {{(pid=95333) log_opt_values /opt/stack/data/venv/lib/python3.12/site-packages/oslo_config/cfg.py:3006}}
May 13 12:18:20.550889 np0000000693 nova-scheduler[95333]: DEBUG cotyledon.oslo_config_glue [-] oslo_limit.version = None {{(pid=95333) log_opt_values /opt/stack/data/venv/lib/python3.12/site-packages/oslo_config/cfg.py:3006}}
May 13 12:18:20.550889 np0000000693 nova-scheduler[95333]: DEBUG cotyledon.oslo_config_glue [-] oslo_reports.file_event_handler = None {{(pid=95333) log_opt_values /opt/stack/data/venv/lib/python3.12/site-packages/oslo_config/cfg.py:3006}}
May 13 12:18:20.550889 np0000000693 nova-scheduler[95333]: DEBUG cotyledon.oslo_config_glue [-] oslo_reports.file_event_handler_interval = 1 {{(pid=95333) log_opt_values /opt/stack/data/venv/lib/python3.12/site-packages/oslo_config/cfg.py:3006}}
May 13 12:18:20.550889 np0000000693 nova-scheduler[95333]: DEBUG cotyledon.oslo_config_glue [-] oslo_reports.log_dir = None {{(pid=95333) log_opt_values /opt/stack/data/venv/lib/python3.12/site-packages/oslo_config/cfg.py:3006}}
May 13 12:18:20.550889 np0000000693 nova-scheduler[95333]: DEBUG cotyledon.oslo_config_glue [-] ******************************************************************************** {{(pid=95333) log_opt_values /opt/stack/data/venv/lib/python3.12/site-packages/oslo_config/cfg.py:3013}}
May 13 12:18:20.550889 np0000000693 nova-scheduler[95333]: DEBUG cotyledon._service_worker [-] Run service ServiceWrapper(1) [95333] {{(pid=95333) wait_forever /opt/stack/data/venv/lib/python3.12/site-packages/cotyledon/_service_worker.py:218}}
May 13 12:18:20.550889 np0000000693 nova-scheduler[95333]: INFO nova.service [-] Starting scheduler node (version 33.1.0)
May 13 12:18:20.551074 np0000000693 nova-scheduler[95335]: INFO dbcounter [None req-78a2bf71-d554-4bd3-9858-162894f14730 None None] Registered counter for database nova_cell0
May 13 12:18:20.551112 np0000000693 nova-scheduler[95331]: DEBUG dbcounter [-] [95331] Writer thread running {{(pid=95331) stat_writer /opt/stack/data/venv/lib/python3.12/site-packages/dbcounter.py:102}}
May 13 12:18:20.551163 np0000000693 nova-scheduler[95333]: INFO dbcounter [None req-a272b82e-7d44-4018-9bff-1caf346f234c None None] Registered counter for database nova_cell0
May 13 12:18:20.558076 np0000000693 nova-scheduler[95333]: DEBUG oslo_db.sqlalchemy.engines [None req-a272b82e-7d44-4018-9bff-1caf346f234c None None] MySQL server mode set to STRICT_TRANS_TABLES,STRICT_ALL_TABLES,NO_ZERO_IN_DATE,NO_ZERO_DATE,ERROR_FOR_DIVISION_BY_ZERO,TRADITIONAL,NO_ENGINE_SUBSTITUTION {{(pid=95333) _check_effective_sql_mode /opt/stack/data/venv/lib/python3.12/site-packages/oslo_db/sqlalchemy/engines.py:325}}
May 13 12:18:20.562111 np0000000693 nova-scheduler[95335]: DEBUG oslo_db.sqlalchemy.engines [None req-78a2bf71-d554-4bd3-9858-162894f14730 None None] MySQL server mode set to STRICT_TRANS_TABLES,STRICT_ALL_TABLES,NO_ZERO_IN_DATE,NO_ZERO_DATE,ERROR_FOR_DIVISION_BY_ZERO,TRADITIONAL,NO_ENGINE_SUBSTITUTION {{(pid=95335) _check_effective_sql_mode /opt/stack/data/venv/lib/python3.12/site-packages/oslo_db/sqlalchemy/engines.py:325}}
May 13 12:18:20.564471 np0000000693 nova-scheduler[95331]: DEBUG nova.service [None req-38ebccdc-d86a-4ce8-8fa1-86fdc9b64711 None None] Creating RPC server for service: nova-scheduler on topic: scheduler {{(pid=95331) start /opt/stack/nova/nova/service.py:195}}
May 13 12:18:20.572584 np0000000693 nova-scheduler[95333]: DEBUG dbcounter [-] [95333] Writer thread running {{(pid=95333) stat_writer /opt/stack/data/venv/lib/python3.12/site-packages/dbcounter.py:102}}
May 13 12:18:20.575352 np0000000693 nova-scheduler[95333]: DEBUG nova.service [None req-a272b82e-7d44-4018-9bff-1caf346f234c None None] Creating RPC server for service: nova-scheduler on topic: scheduler {{(pid=95333) start /opt/stack/nova/nova/service.py:195}}
May 13 12:18:20.576981 np0000000693 nova-scheduler[95335]: DEBUG dbcounter [-] [95335] Writer thread running {{(pid=95335) stat_writer /opt/stack/data/venv/lib/python3.12/site-packages/dbcounter.py:102}}
May 13 12:18:20.580407 np0000000693 nova-scheduler[95335]: DEBUG nova.service [None req-78a2bf71-d554-4bd3-9858-162894f14730 None None] Creating RPC server for service: nova-scheduler on topic: scheduler {{(pid=95335) start /opt/stack/nova/nova/service.py:195}}
May 13 12:18:20.593245 np0000000693 nova-scheduler[95331]: DEBUG nova.service [None req-38ebccdc-d86a-4ce8-8fa1-86fdc9b64711 None None] Join ServiceGroup membership for this service scheduler {{(pid=95331) start /opt/stack/nova/nova/service.py:221}}
May 13 12:18:20.593245 np0000000693 nova-scheduler[95331]: DEBUG nova.servicegroup.drivers.db [None req-38ebccdc-d86a-4ce8-8fa1-86fdc9b64711 None None] DB_Driver: join new ServiceGroup member np0000000693 to the scheduler group, service = {{(pid=95331) join /opt/stack/nova/nova/servicegroup/drivers/db.py:44}}
May 13 12:18:20.597327 np0000000693 nova-scheduler[95333]: DEBUG nova.service [None req-a272b82e-7d44-4018-9bff-1caf346f234c None None] Join ServiceGroup membership for this service scheduler {{(pid=95333) start /opt/stack/nova/nova/service.py:221}}
May 13 12:18:20.597945 np0000000693 nova-scheduler[95333]: DEBUG nova.servicegroup.drivers.db [None req-a272b82e-7d44-4018-9bff-1caf346f234c None None] DB_Driver: join new ServiceGroup member np0000000693 to the scheduler group, service = {{(pid=95333) join /opt/stack/nova/nova/servicegroup/drivers/db.py:44}}
May 13 12:18:20.603554 np0000000693 nova-scheduler[95335]: DEBUG nova.service [None req-78a2bf71-d554-4bd3-9858-162894f14730 None None] Join ServiceGroup membership for this service scheduler {{(pid=95335) start /opt/stack/nova/nova/service.py:221}}
May 13 12:18:20.603858 np0000000693 nova-scheduler[95335]: DEBUG nova.servicegroup.drivers.db [None req-78a2bf71-d554-4bd3-9858-162894f14730 None None] DB_Driver: join new ServiceGroup member np0000000693 to the scheduler group, service = {{(pid=95335) join /opt/stack/nova/nova/servicegroup/drivers/db.py:44}}
May 13 12:18:25.610843 np0000000693 nova-scheduler[95331]: DEBUG oslo.service.backend._threading.loopingcall [-] Fixed interval looping call 'nova.servicegroup.drivers.db.DbDriver._report_state' sleeping for 119.98 seconds {{(pid=95331) _run_loop /opt/stack/data/venv/lib/python3.12/site-packages/oslo_service/backend/_threading/loopingcall.py:125}}
May 13 12:18:25.611958 np0000000693 nova-scheduler[95333]: DEBUG oslo.service.backend._threading.loopingcall [-] Fixed interval looping call 'nova.servicegroup.drivers.db.DbDriver._report_state' sleeping for 119.99 seconds {{(pid=95333) _run_loop /opt/stack/data/venv/lib/python3.12/site-packages/oslo_service/backend/_threading/loopingcall.py:125}}
May 13 12:18:25.618296 np0000000693 nova-scheduler[95335]: DEBUG oslo.service.backend._threading.loopingcall [-] Fixed interval looping call 'nova.servicegroup.drivers.db.DbDriver._report_state' sleeping for 119.99 seconds {{(pid=95335) _run_loop /opt/stack/data/venv/lib/python3.12/site-packages/oslo_service/backend/_threading/loopingcall.py:125}}
May 13 12:18:29.226581 np0000000693 nova-scheduler[94137]: DEBUG dbcounter [-] [94137] Writing DB stats nova_api:SELECT=3 {{(pid=94137) stat_writer /opt/stack/data/venv/lib/python3.12/site-packages/dbcounter.py:115}}
May 13 12:18:29.335624 np0000000693 nova-scheduler[94137]: DEBUG dbcounter [-] [94137] Writing DB stats nova_cell1:SELECT=1 {{(pid=94137) stat_writer /opt/stack/data/venv/lib/python3.12/site-packages/dbcounter.py:115}}
May 13 12:18:29.336099 np0000000693 nova-scheduler[94137]: DEBUG dbcounter [-] [94137] Writing DB stats nova_cell0:SELECT=1 {{(pid=94137) stat_writer /opt/stack/data/venv/lib/python3.12/site-packages/dbcounter.py:115}}
May 13 12:18:35.603537 np0000000693 nova-scheduler[95331]: DEBUG dbcounter [-] [95331] Writing DB stats nova_cell0:SELECT=4,nova_cell0:INSERT=1,nova_cell0:UPDATE=1 {{(pid=95331) stat_writer /opt/stack/data/venv/lib/python3.12/site-packages/dbcounter.py:115}}
May 13 12:18:35.610407 np0000000693 nova-scheduler[95333]: DEBUG dbcounter [-] [95333] Writing DB stats nova_cell0:SELECT=3,nova_cell0:UPDATE=1 {{(pid=95333) stat_writer /opt/stack/data/venv/lib/python3.12/site-packages/dbcounter.py:115}}
May 13 12:18:35.615111 np0000000693 nova-scheduler[95335]: DEBUG dbcounter [-] [95335] Writing DB stats nova_cell0:SELECT=3 {{(pid=95335) stat_writer /opt/stack/data/venv/lib/python3.12/site-packages/dbcounter.py:115}}
May 13 12:18:44.606146 np0000000693 nova-scheduler[95335]: DEBUG oslo.service.backend._threading.loopingcall [None req-d94fbf86-1f25-4f2e-b00b-ce4336e8b0da None None] Dynamic interval looping call 'nova.service.Service.periodic_tasks' sleeping for 60.00 seconds {{(pid=95335) _run_loop /opt/stack/data/venv/lib/python3.12/site-packages/oslo_service/backend/_threading/loopingcall.py:125}}
May 13 12:18:51.596095 np0000000693 nova-scheduler[95331]: DEBUG oslo.service.backend._threading.loopingcall [None req-78ca6752-6835-4347-9079-44f19d43e9d1 None None] Dynamic interval looping call 'nova.service.Service.periodic_tasks' sleeping for 60.00 seconds {{(pid=95331) _run_loop /opt/stack/data/venv/lib/python3.12/site-packages/oslo_service/backend/_threading/loopingcall.py:125}}
May 13 12:19:12.599744 np0000000693 nova-scheduler[95333]: DEBUG oslo.service.backend._threading.loopingcall [None req-f9395b3e-336c-4723-8321-51e20224362a None None] Dynamic interval looping call 'nova.service.Service.periodic_tasks' sleeping for 60.00 seconds {{(pid=95333) _run_loop /opt/stack/data/venv/lib/python3.12/site-packages/oslo_service/backend/_threading/loopingcall.py:125}}
May 13 12:19:44.606663 np0000000693 nova-scheduler[95335]: DEBUG oslo.service.backend._threading.loopingcall [None req-d94fbf86-1f25-4f2e-b00b-ce4336e8b0da None None] Dynamic interval looping call 'nova.service.Service.periodic_tasks' sleeping for 60.00 seconds {{(pid=95335) _run_loop /opt/stack/data/venv/lib/python3.12/site-packages/oslo_service/backend/_threading/loopingcall.py:125}}
May 13 12:19:51.596595 np0000000693 nova-scheduler[95331]: DEBUG oslo.service.backend._threading.loopingcall [None req-78ca6752-6835-4347-9079-44f19d43e9d1 None None] Dynamic interval looping call 'nova.service.Service.periodic_tasks' sleeping for 60.00 seconds {{(pid=95331) _run_loop /opt/stack/data/venv/lib/python3.12/site-packages/oslo_service/backend/_threading/loopingcall.py:125}}
May 13 12:20:12.600286 np0000000693 nova-scheduler[95333]: DEBUG oslo.service.backend._threading.loopingcall [None req-f9395b3e-336c-4723-8321-51e20224362a None None] Dynamic interval looping call 'nova.service.Service.periodic_tasks' sleeping for 60.00 seconds {{(pid=95333) _run_loop /opt/stack/data/venv/lib/python3.12/site-packages/oslo_service/backend/_threading/loopingcall.py:125}}
May 13 12:20:25.600141 np0000000693 nova-scheduler[95331]: DEBUG oslo.service.backend._threading.loopingcall [-] Fixed interval looping call 'nova.servicegroup.drivers.db.DbDriver._report_state' sleeping for 119.99 seconds {{(pid=95331) _run_loop /opt/stack/data/venv/lib/python3.12/site-packages/oslo_service/backend/_threading/loopingcall.py:125}}
May 13 12:20:25.605371 np0000000693 nova-scheduler[95333]: DEBUG oslo.service.backend._threading.loopingcall [-] Fixed interval looping call 'nova.servicegroup.drivers.db.DbDriver._report_state' sleeping for 120.00 seconds {{(pid=95333) _run_loop /opt/stack/data/venv/lib/python3.12/site-packages/oslo_service/backend/_threading/loopingcall.py:125}}
May 13 12:20:25.612138 np0000000693 nova-scheduler[95335]: DEBUG oslo.service.backend._threading.loopingcall [-] Fixed interval looping call 'nova.servicegroup.drivers.db.DbDriver._report_state' sleeping for 120.00 seconds {{(pid=95335) _run_loop /opt/stack/data/venv/lib/python3.12/site-packages/oslo_service/backend/_threading/loopingcall.py:125}}
May 13 12:20:35.597136 np0000000693 nova-scheduler[95331]: DEBUG dbcounter [-] [95331] Writing DB stats nova_cell0:SELECT=1,nova_cell0:UPDATE=1 {{(pid=95331) stat_writer /opt/stack/data/venv/lib/python3.12/site-packages/dbcounter.py:115}}
May 13 12:20:35.603821 np0000000693 nova-scheduler[95333]: DEBUG dbcounter [-] [95333] Writing DB stats nova_cell0:SELECT=1 {{(pid=95333) stat_writer /opt/stack/data/venv/lib/python3.12/site-packages/dbcounter.py:115}}
May 13 12:20:35.610497 np0000000693 nova-scheduler[95335]: DEBUG dbcounter [-] [95335] Writing DB stats nova_cell0:SELECT=1 {{(pid=95335) stat_writer /opt/stack/data/venv/lib/python3.12/site-packages/dbcounter.py:115}}
May 13 12:20:44.607121 np0000000693 nova-scheduler[95335]: DEBUG oslo.service.backend._threading.loopingcall [None req-d94fbf86-1f25-4f2e-b00b-ce4336e8b0da None None] Dynamic interval looping call 'nova.service.Service.periodic_tasks' sleeping for 60.00 seconds {{(pid=95335) _run_loop /opt/stack/data/venv/lib/python3.12/site-packages/oslo_service/backend/_threading/loopingcall.py:125}}
May 13 12:20:51.602808 np0000000693 nova-scheduler[95331]: DEBUG oslo.service.backend._threading.loopingcall [None req-78ca6752-6835-4347-9079-44f19d43e9d1 None None] Dynamic interval looping call 'nova.service.Service.periodic_tasks' sleeping for 60.00 seconds {{(pid=95331) _run_loop /opt/stack/data/venv/lib/python3.12/site-packages/oslo_service/backend/_threading/loopingcall.py:125}}
May 13 12:21:09.246364 np0000000693 nova-scheduler[95331]: DEBUG nova.scheduler.manager [None req-2bf02b52-8082-4e74-bdf2-ccb6740c1d70 tempest-ServerActionsTestOtherA-1878576342 tempest-ServerActionsTestOtherA-1878576342-project-member] Starting to schedule for instances: ['6dbb2fcc-816d-40b4-aab0-bee3d30913ef'] {{(pid=95331) select_destinations /opt/stack/nova/nova/scheduler/manager.py:210}}
May 13 12:21:09.249014 np0000000693 nova-scheduler[95331]: DEBUG nova.scheduler.request_filter [None req-2bf02b52-8082-4e74-bdf2-ccb6740c1d70 tempest-ServerActionsTestOtherA-1878576342 tempest-ServerActionsTestOtherA-1878576342-project-member] compute_status_filter request filter added forbidden trait COMPUTE_STATUS_DISABLED {{(pid=95331) compute_status_filter /opt/stack/nova/nova/scheduler/request_filter.py:253}}
May 13 12:21:09.249178 np0000000693 nova-scheduler[95331]: DEBUG nova.scheduler.request_filter [None req-2bf02b52-8082-4e74-bdf2-ccb6740c1d70 tempest-ServerActionsTestOtherA-1878576342 tempest-ServerActionsTestOtherA-1878576342-project-member] Request filter 'compute_status_filter' took 0.0 seconds {{(pid=95331) wrapper /opt/stack/nova/nova/scheduler/request_filter.py:46}}
May 13 12:21:09.249507 np0000000693 nova-scheduler[95331]: DEBUG nova.scheduler.request_filter [None req-2bf02b52-8082-4e74-bdf2-ccb6740c1d70 tempest-ServerActionsTestOtherA-1878576342 tempest-ServerActionsTestOtherA-1878576342-project-member] Request filter 'accelerators_filter' took 0.0 seconds {{(pid=95331) wrapper /opt/stack/nova/nova/scheduler/request_filter.py:46}}
May 13 12:21:09.249720 np0000000693 nova-scheduler[95331]: DEBUG nova.scheduler.request_filter [None req-2bf02b52-8082-4e74-bdf2-ccb6740c1d70 tempest-ServerActionsTestOtherA-1878576342 tempest-ServerActionsTestOtherA-1878576342-project-member] Request filter 'packed_virtqueue_filter' took 0.0 seconds {{(pid=95331) wrapper /opt/stack/nova/nova/scheduler/request_filter.py:46}}
May 13 12:21:09.249980 np0000000693 nova-scheduler[95331]: DEBUG nova.scheduler.request_filter [None req-2bf02b52-8082-4e74-bdf2-ccb6740c1d70 tempest-ServerActionsTestOtherA-1878576342 tempest-ServerActionsTestOtherA-1878576342-project-member] Request filter 'remote_managed_ports_filter' took 0.0 seconds {{(pid=95331) wrapper /opt/stack/nova/nova/scheduler/request_filter.py:46}}
May 13 12:21:09.250174 np0000000693 nova-scheduler[95331]: DEBUG nova.scheduler.request_filter [None req-2bf02b52-8082-4e74-bdf2-ccb6740c1d70 tempest-ServerActionsTestOtherA-1878576342 tempest-ServerActionsTestOtherA-1878576342-project-member] ephemeral_encryption_filter skipped {{(pid=95331) ephemeral_encryption_filter /opt/stack/nova/nova/scheduler/request_filter.py:426}}
May 13 12:21:09.250343 np0000000693 nova-scheduler[95331]: DEBUG nova.scheduler.request_filter [None req-2bf02b52-8082-4e74-bdf2-ccb6740c1d70 tempest-ServerActionsTestOtherA-1878576342 tempest-ServerActionsTestOtherA-1878576342-project-member] virtio_sound_filter skipped {{(pid=95331) virtio_sound_filter /opt/stack/nova/nova/scheduler/request_filter.py:460}}
May 13 12:21:09.250503 np0000000693 nova-scheduler[95331]: DEBUG nova.scheduler.request_filter [None req-2bf02b52-8082-4e74-bdf2-ccb6740c1d70 tempest-ServerActionsTestOtherA-1878576342 tempest-ServerActionsTestOtherA-1878576342-project-member] tpm_secret_security_filter skipped {{(pid=95331) tpm_secret_security_filter /opt/stack/nova/nova/scheduler/request_filter.py:477}}
May 13 12:21:09.853648 np0000000693 nova-scheduler[95331]: INFO nova.utils [None req-2bf02b52-8082-4e74-bdf2-ccb6740c1d70 tempest-ServerActionsTestOtherA-1878576342 tempest-ServerActionsTestOtherA-1878576342-project-member] The cell worker thread pool ForkProcess-1.cell_worker is initialized
May 13 12:21:09.854835 np0000000693 nova-scheduler[95331]: DEBUG oslo_concurrency.lockutils [None req-2bf02b52-8082-4e74-bdf2-ccb6740c1d70 tempest-ServerActionsTestOtherA-1878576342 tempest-ServerActionsTestOtherA-1878576342-project-member] Acquiring lock "e5e3b317-80fe-458b-81bd-7b998085698e" by "nova.context.set_target_cell..get_or_set_cached_cell_and_set_connections" {{(pid=95331) inner /opt/stack/data/venv/lib/python3.12/site-packages/oslo_concurrency/lockutils.py:506}}
May 13 12:21:09.854835 np0000000693 nova-scheduler[95331]: DEBUG oslo_concurrency.lockutils [None req-2bf02b52-8082-4e74-bdf2-ccb6740c1d70 tempest-ServerActionsTestOtherA-1878576342 tempest-ServerActionsTestOtherA-1878576342-project-member] Lock "e5e3b317-80fe-458b-81bd-7b998085698e" acquired by "nova.context.set_target_cell..get_or_set_cached_cell_and_set_connections" :: waited 0.000s {{(pid=95331) inner /opt/stack/data/venv/lib/python3.12/site-packages/oslo_concurrency/lockutils.py:519}}
May 13 12:21:09.856541 np0000000693 nova-scheduler[95331]: DEBUG oslo_concurrency.lockutils [None req-2bf02b52-8082-4e74-bdf2-ccb6740c1d70 tempest-ServerActionsTestOtherA-1878576342 tempest-ServerActionsTestOtherA-1878576342-project-member] Lock "e5e3b317-80fe-458b-81bd-7b998085698e" "released" by "nova.context.set_target_cell..get_or_set_cached_cell_and_set_connections" :: held 0.002s {{(pid=95331) inner /opt/stack/data/venv/lib/python3.12/site-packages/oslo_concurrency/lockutils.py:538}}
May 13 12:21:09.859008 np0000000693 nova-scheduler[95331]: INFO dbcounter [None req-2bf02b52-8082-4e74-bdf2-ccb6740c1d70 tempest-ServerActionsTestOtherA-1878576342 tempest-ServerActionsTestOtherA-1878576342-project-member] Registered counter for database nova_cell1
May 13 12:21:09.867831 np0000000693 nova-scheduler[95331]: DEBUG oslo_db.sqlalchemy.engines [None req-2bf02b52-8082-4e74-bdf2-ccb6740c1d70 tempest-ServerActionsTestOtherA-1878576342 tempest-ServerActionsTestOtherA-1878576342-project-member] MySQL server mode set to STRICT_TRANS_TABLES,STRICT_ALL_TABLES,NO_ZERO_IN_DATE,NO_ZERO_DATE,ERROR_FOR_DIVISION_BY_ZERO,TRADITIONAL,NO_ENGINE_SUBSTITUTION {{(pid=95331) _check_effective_sql_mode /opt/stack/data/venv/lib/python3.12/site-packages/oslo_db/sqlalchemy/engines.py:325}}
May 13 12:21:09.874930 np0000000693 nova-scheduler[95331]: DEBUG dbcounter [-] [95331] Writer thread running {{(pid=95331) stat_writer /opt/stack/data/venv/lib/python3.12/site-packages/dbcounter.py:102}}
May 13 12:21:09.890249 np0000000693 nova-scheduler[95331]: DEBUG oslo_db.sqlalchemy.engines [None req-2bf02b52-8082-4e74-bdf2-ccb6740c1d70 tempest-ServerActionsTestOtherA-1878576342 tempest-ServerActionsTestOtherA-1878576342-project-member] Parent process 94137 forked (95331) with an open database connection, which is being discarded and recreated. {{(pid=95331) checkout /opt/stack/data/venv/lib/python3.12/site-packages/oslo_db/sqlalchemy/engines.py:402}}
May 13 12:21:09.898125 np0000000693 nova-scheduler[95331]: DEBUG dbcounter [-] [95331] Writer thread running {{(pid=95331) stat_writer /opt/stack/data/venv/lib/python3.12/site-packages/dbcounter.py:102}}
May 13 12:21:09.901375 np0000000693 nova-scheduler[95331]: DEBUG oslo_concurrency.lockutils [None req-2bf02b52-8082-4e74-bdf2-ccb6740c1d70 tempest-ServerActionsTestOtherA-1878576342 tempest-ServerActionsTestOtherA-1878576342-project-member] Acquiring lock "e5e3b317-80fe-458b-81bd-7b998085698e" by "nova.context.set_target_cell..get_or_set_cached_cell_and_set_connections" {{(pid=95331) inner /opt/stack/data/venv/lib/python3.12/site-packages/oslo_concurrency/lockutils.py:506}}
May 13 12:21:09.901668 np0000000693 nova-scheduler[95331]: DEBUG oslo_concurrency.lockutils [None req-2bf02b52-8082-4e74-bdf2-ccb6740c1d70 tempest-ServerActionsTestOtherA-1878576342 tempest-ServerActionsTestOtherA-1878576342-project-member] Lock "e5e3b317-80fe-458b-81bd-7b998085698e" acquired by "nova.context.set_target_cell..get_or_set_cached_cell_and_set_connections" :: waited 0.000s {{(pid=95331) inner /opt/stack/data/venv/lib/python3.12/site-packages/oslo_concurrency/lockutils.py:519}}
May 13 12:21:09.901883 np0000000693 nova-scheduler[95331]: DEBUG oslo_concurrency.lockutils [None req-2bf02b52-8082-4e74-bdf2-ccb6740c1d70 tempest-ServerActionsTestOtherA-1878576342 tempest-ServerActionsTestOtherA-1878576342-project-member] Lock "e5e3b317-80fe-458b-81bd-7b998085698e" "released" by "nova.context.set_target_cell..get_or_set_cached_cell_and_set_connections" :: held 0.000s {{(pid=95331) inner /opt/stack/data/venv/lib/python3.12/site-packages/oslo_concurrency/lockutils.py:538}}
May 13 12:21:09.906012 np0000000693 nova-scheduler[95331]: DEBUG oslo_concurrency.lockutils [None req-2bf02b52-8082-4e74-bdf2-ccb6740c1d70 tempest-ServerActionsTestOtherA-1878576342 tempest-ServerActionsTestOtherA-1878576342-project-member] Acquiring lock "('np0000000693', 'np0000000693')" by "nova.scheduler.host_manager.HostState.update.._locked_update" {{(pid=95331) inner /opt/stack/data/venv/lib/python3.12/site-packages/oslo_concurrency/lockutils.py:506}}
May 13 12:21:09.906263 np0000000693 nova-scheduler[95331]: DEBUG oslo_concurrency.lockutils [None req-2bf02b52-8082-4e74-bdf2-ccb6740c1d70 tempest-ServerActionsTestOtherA-1878576342 tempest-ServerActionsTestOtherA-1878576342-project-member] Lock "('np0000000693', 'np0000000693')" acquired by "nova.scheduler.host_manager.HostState.update.._locked_update" :: waited 0.001s {{(pid=95331) inner /opt/stack/data/venv/lib/python3.12/site-packages/oslo_concurrency/lockutils.py:519}}
May 13 12:21:09.907653 np0000000693 nova-scheduler[95331]: DEBUG nova.scheduler.host_manager [None req-2bf02b52-8082-4e74-bdf2-ccb6740c1d70 tempest-ServerActionsTestOtherA-1878576342 tempest-ServerActionsTestOtherA-1878576342-project-member] Update host state from compute node: ComputeNode(cpu_allocation_ratio=4.0,cpu_info='{"arch": "x86_64", "model": "EPYC-Milan", "vendor": "AMD", "topology": {"cells": 1, "sockets": 12, "cores": 1, "threads": 1}, "maxphysaddr": {"mode": "emulate", "bits": 40}, "features": ["3dnowprefetch", "clflushopt", "nx", "sse4.2", "abm", "topoext", "vpclmulqdq", "invpcid", "umip", "syscall", "arch-capabilities", "mce", "spec-ctrl", "pse", "mmx", "avx", "pcid", "rdseed", "mca", "xsavec", "tsc", "pku", "null-sel-clr-base", "pat", "flushbyasid", "rdpid", "vgif", "clzero", "fsgsbase", "ibrs", "hypervisor", "cmov", "bmi1", "xsave", "pschange-mc-no", "aes", "sep", "lahf_lm", "sse2", "avx2", "misalignsse", "smep", "sse4.1", "msr", "xsaves", "wbnoinvd", "mds-no", "osvw", "xgetbv1", "rdctl-no", "popcnt", "pse36", "amd-psfd", "rdtscp", "amd-stibp", "vme", "lfence-always-serializing", "pge", "fxsr", "npt", "stibp-always-on", "xsaveerptr", "virt-ssbd", "tsc-scale", "sse4a", "ssbd", "movbe", "f16c", "tsc-deadline", "lm", "v-vmsave-vmload", "pae", "lbrv", "vaes", "mtrr", "svm", "ssse3", "arat", "svme-addr-chk", "cr8legacy", "apic", "de", "rdrand", "xsaveopt", "vmcb-clean", "bmi2", "pni", "pause-filter", "skip-l1dfl-vmentry", "ibpb", "stibp", "sse", "cmp_legacy", "fsrm", "pclmuldq", "perfctr_core", "smap", "x2apic", "amd-ssbd", "no-nested-data-bp", "erms", "adx", "fma", "fpu", "sha-ni", "tsc_adjust", "pdpe1gb", "fxsr_opt", "clflush", "clwb", "cx16", "nrip-save", "pfthreshold", "mmxext", "cx8", "gds-no"]}',created_at=2026-05-13T12:18:45Z,current_workload=0,deleted=False,deleted_at=None,disk_allocation_ratio=1.0,disk_available_least=74,free_disk_gb=95,free_ram_mb=23518,host='np0000000693',host_ip=10.4.3.175,hypervisor_hostname='np0000000693',hypervisor_type='QEMU',hypervisor_version=8002002,id=1,local_gb=95,local_gb_used=0,mapped=1,memory_mb=24030,memory_mb_used=512,metrics='[]',numa_topology='{"nova_object.name": "NUMATopology", "nova_object.namespace": "nova", "nova_object.version": "1.2", "nova_object.data": {"cells": [{"nova_object.name": "NUMACell", "nova_object.namespace": "nova", "nova_object.version": "1.5", "nova_object.data": {"id": 0, "cpuset": [0, 1, 2, 3, 4, 5, 6, 7, 8, 9, 10, 11], "pcpuset": [0, 1, 2, 3, 4, 5, 6, 7, 8, 9, 10, 11], "memory": 24030, "cpu_usage": 0, "memory_usage": 0, "pinned_cpus": [], "siblings": [[6], [2], [5], [11], [8], [4], [1], [7], [10], [0], [3], [9]], "mempages": [{"nova_object.name": "NUMAPagesTopology", "nova_object.namespace": "nova", "nova_object.version": "1.1", "nova_object.data": {"size_kb": 4, "total": 6151798, "used": 0, "reserved": 0}, "nova_object.changes": ["total", "used", "reserved", "size_kb"]}, {"nova_object.name": "NUMAPagesTopology", "nova_object.namespace": "nova", "nova_object.version": "1.1", "nova_object.data": {"size_kb": 2048, "total": 0, "used": 0, "reserved": 0}, "nova_object.changes": ["total", "used", "reserved", "size_kb"]}, {"nova_object.name": "NUMAPagesTopology", "nova_object.namespace": "nova", "nova_object.version": "1.1", "nova_object.data": {"size_kb": 1048576, "total": 0, "used": 0, "reserved": 0}, "nova_object.changes": ["total", "used", "reserved", "size_kb"]}], "network_metadata": {"nova_object.name": "NetworkMetadata", "nova_object.namespace": "nova", "nova_object.version": "1.0", "nova_object.data": {"physnets": [], "tunneled": false}, "nova_object.changes": ["physnets", "tunneled"]}, "socket": null}, "nova_object.changes": ["cpu_usage", "siblings", "id", "memory", "network_metadata", "pcpuset", "cpuset", "memory_usage", "socket", "pinned_cpus", "mempages"]}]}, "nova_object.changes": ["cells"]}',pci_device_pools=PciDevicePoolList,ram_allocation_ratio=1.0,running_vms=0,service_id=2,stats={failed_builds='0',uptime=' 12:20:31 up 25 min, 2 users, load average: 1.13, 1.27, 0.75
May 13 12:21:09.907653 np0000000693 nova-scheduler[95331]: '},supported_hv_specs=[HVSpec,HVSpec,HVSpec,HVSpec,HVSpec,HVSpec,HVSpec,HVSpec,HVSpec,HVSpec,HVSpec,HVSpec,HVSpec,HVSpec,HVSpec,HVSpec,HVSpec,HVSpec,HVSpec,HVSpec,HVSpec,HVSpec,HVSpec,HVSpec,HVSpec],updated_at=2026-05-13T12:20:33Z,uuid=0a1d3312-10ea-4b85-b486-df94336f05d1,vcpus=12,vcpus_used=0) {{(pid=95331) _locked_update /opt/stack/nova/nova/scheduler/host_manager.py:168}}
May 13 12:21:09.908975 np0000000693 nova-scheduler[95331]: DEBUG nova.scheduler.host_manager [None req-2bf02b52-8082-4e74-bdf2-ccb6740c1d70 tempest-ServerActionsTestOtherA-1878576342 tempest-ServerActionsTestOtherA-1878576342-project-member] Update host state with aggregates: [] {{(pid=95331) _locked_update /opt/stack/nova/nova/scheduler/host_manager.py:171}}
May 13 12:21:09.908975 np0000000693 nova-scheduler[95331]: DEBUG nova.scheduler.host_manager [None req-2bf02b52-8082-4e74-bdf2-ccb6740c1d70 tempest-ServerActionsTestOtherA-1878576342 tempest-ServerActionsTestOtherA-1878576342-project-member] Update host state with service dict: {'id': 2, 'uuid': 'cdd0110f-9c68-4168-a185-98c0c795aa44', 'host': 'np0000000693', 'binary': 'nova-compute', 'topic': 'compute', 'report_count': 2, 'disabled': False, 'disabled_reason': None, 'last_seen_up': datetime.datetime(2026, 5, 13, 12, 20, 54, tzinfo=datetime.timezone.utc), 'forced_down': False, 'version': 72, 'created_at': datetime.datetime(2026, 5, 13, 12, 18, 43, tzinfo=datetime.timezone.utc), 'updated_at': datetime.datetime(2026, 5, 13, 12, 20, 54, tzinfo=datetime.timezone.utc), 'deleted_at': None, 'deleted': False} {{(pid=95331) _locked_update /opt/stack/nova/nova/scheduler/host_manager.py:174}}
May 13 12:21:09.909360 np0000000693 nova-scheduler[95331]: DEBUG nova.scheduler.host_manager [None req-2bf02b52-8082-4e74-bdf2-ccb6740c1d70 tempest-ServerActionsTestOtherA-1878576342 tempest-ServerActionsTestOtherA-1878576342-project-member] Update host state with instances: [] {{(pid=95331) _locked_update /opt/stack/nova/nova/scheduler/host_manager.py:177}}
May 13 12:21:09.909573 np0000000693 nova-scheduler[95331]: DEBUG oslo_concurrency.lockutils [None req-2bf02b52-8082-4e74-bdf2-ccb6740c1d70 tempest-ServerActionsTestOtherA-1878576342 tempest-ServerActionsTestOtherA-1878576342-project-member] Lock "('np0000000693', 'np0000000693')" "released" by "nova.scheduler.host_manager.HostState.update.._locked_update" :: held 0.003s {{(pid=95331) inner /opt/stack/data/venv/lib/python3.12/site-packages/oslo_concurrency/lockutils.py:538}}
May 13 12:21:09.910208 np0000000693 nova-scheduler[95331]: DEBUG nova.filters [None req-2bf02b52-8082-4e74-bdf2-ccb6740c1d70 tempest-ServerActionsTestOtherA-1878576342 tempest-ServerActionsTestOtherA-1878576342-project-member] Starting with 1 host(s) {{(pid=95331) get_filtered_objects /opt/stack/nova/nova/filters.py:70}}
May 13 12:21:09.910522 np0000000693 nova-scheduler[95331]: DEBUG nova.filters [None req-2bf02b52-8082-4e74-bdf2-ccb6740c1d70 tempest-ServerActionsTestOtherA-1878576342 tempest-ServerActionsTestOtherA-1878576342-project-member] Filter ComputeFilter returned 1 host(s) {{(pid=95331) get_filtered_objects /opt/stack/nova/nova/filters.py:102}}
May 13 12:21:09.910780 np0000000693 nova-scheduler[95331]: DEBUG nova.filters [None req-2bf02b52-8082-4e74-bdf2-ccb6740c1d70 tempest-ServerActionsTestOtherA-1878576342 tempest-ServerActionsTestOtherA-1878576342-project-member] Filter ComputeCapabilitiesFilter returned 1 host(s) {{(pid=95331) get_filtered_objects /opt/stack/nova/nova/filters.py:102}}
May 13 12:21:09.911105 np0000000693 nova-scheduler[95331]: DEBUG nova.filters [None req-2bf02b52-8082-4e74-bdf2-ccb6740c1d70 tempest-ServerActionsTestOtherA-1878576342 tempest-ServerActionsTestOtherA-1878576342-project-member] Filter ImagePropertiesFilter returned 1 host(s) {{(pid=95331) get_filtered_objects /opt/stack/nova/nova/filters.py:102}}
May 13 12:21:09.911394 np0000000693 nova-scheduler[95331]: DEBUG nova.filters [None req-2bf02b52-8082-4e74-bdf2-ccb6740c1d70 tempest-ServerActionsTestOtherA-1878576342 tempest-ServerActionsTestOtherA-1878576342-project-member] Filter ServerGroupAntiAffinityFilter returned 1 host(s) {{(pid=95331) get_filtered_objects /opt/stack/nova/nova/filters.py:102}}
May 13 12:21:09.911615 np0000000693 nova-scheduler[95331]: DEBUG nova.filters [None req-2bf02b52-8082-4e74-bdf2-ccb6740c1d70 tempest-ServerActionsTestOtherA-1878576342 tempest-ServerActionsTestOtherA-1878576342-project-member] Filter ServerGroupAffinityFilter returned 1 host(s) {{(pid=95331) get_filtered_objects /opt/stack/nova/nova/filters.py:102}}
May 13 12:21:09.911976 np0000000693 nova-scheduler[95331]: DEBUG nova.filters [None req-2bf02b52-8082-4e74-bdf2-ccb6740c1d70 tempest-ServerActionsTestOtherA-1878576342 tempest-ServerActionsTestOtherA-1878576342-project-member] Filter SameHostFilter returned 1 host(s) {{(pid=95331) get_filtered_objects /opt/stack/nova/nova/filters.py:102}}
May 13 12:21:09.912340 np0000000693 nova-scheduler[95331]: DEBUG nova.filters [None req-2bf02b52-8082-4e74-bdf2-ccb6740c1d70 tempest-ServerActionsTestOtherA-1878576342 tempest-ServerActionsTestOtherA-1878576342-project-member] Filter DifferentHostFilter returned 1 host(s) {{(pid=95331) get_filtered_objects /opt/stack/nova/nova/filters.py:102}}
May 13 12:21:09.912340 np0000000693 nova-scheduler[95331]: DEBUG nova.scheduler.manager [None req-2bf02b52-8082-4e74-bdf2-ccb6740c1d70 tempest-ServerActionsTestOtherA-1878576342 tempest-ServerActionsTestOtherA-1878576342-project-member] Filtered [(np0000000693, np0000000693) ram: 23518MB disk: 75776MB io_ops: 0 instances: 0, allocation_candidates: 1] {{(pid=95331) _get_sorted_hosts /opt/stack/nova/nova/scheduler/manager.py:743}}
May 13 12:21:09.912642 np0000000693 nova-scheduler[95331]: DEBUG nova.scheduler.manager [None req-2bf02b52-8082-4e74-bdf2-ccb6740c1d70 tempest-ServerActionsTestOtherA-1878576342 tempest-ServerActionsTestOtherA-1878576342-project-member] Weighed [WeighedHost [host: (np0000000693, np0000000693) ram: 23518MB disk: 75776MB io_ops: 0 instances: 0, allocation_candidates: 1, weight: 0.0]] {{(pid=95331) _get_sorted_hosts /opt/stack/nova/nova/scheduler/manager.py:765}}
May 13 12:21:09.912960 np0000000693 nova-scheduler[95331]: DEBUG nova.scheduler.utils [None req-2bf02b52-8082-4e74-bdf2-ccb6740c1d70 tempest-ServerActionsTestOtherA-1878576342 tempest-ServerActionsTestOtherA-1878576342-project-member] Attempting to claim resources in the placement API for instance 6dbb2fcc-816d-40b4-aab0-bee3d30913ef {{(pid=95331) claim_resources /opt/stack/nova/nova/scheduler/utils.py:1304}}
May 13 12:21:10.102111 np0000000693 nova-scheduler[95331]: DEBUG nova.scheduler.manager [None req-2bf02b52-8082-4e74-bdf2-ccb6740c1d70 tempest-ServerActionsTestOtherA-1878576342 tempest-ServerActionsTestOtherA-1878576342-project-member] [instance: 6dbb2fcc-816d-40b4-aab0-bee3d30913ef] Selected host: (np0000000693, np0000000693) ram: 23518MB disk: 75776MB io_ops: 0 instances: 0, allocation_candidates: 1 {{(pid=95331) _consume_selected_host /opt/stack/nova/nova/scheduler/manager.py:625}}
May 13 12:21:10.102542 np0000000693 nova-scheduler[95331]: DEBUG oslo_concurrency.lockutils [None req-2bf02b52-8082-4e74-bdf2-ccb6740c1d70 tempest-ServerActionsTestOtherA-1878576342 tempest-ServerActionsTestOtherA-1878576342-project-member] Acquiring lock "('np0000000693', 'np0000000693')" by "nova.scheduler.host_manager.HostState.consume_from_request.._locked" {{(pid=95331) inner /opt/stack/data/venv/lib/python3.12/site-packages/oslo_concurrency/lockutils.py:506}}
May 13 12:21:10.102801 np0000000693 nova-scheduler[95331]: DEBUG oslo_concurrency.lockutils [None req-2bf02b52-8082-4e74-bdf2-ccb6740c1d70 tempest-ServerActionsTestOtherA-1878576342 tempest-ServerActionsTestOtherA-1878576342-project-member] Lock "('np0000000693', 'np0000000693')" acquired by "nova.scheduler.host_manager.HostState.consume_from_request.._locked" :: waited 0.000s {{(pid=95331) inner /opt/stack/data/venv/lib/python3.12/site-packages/oslo_concurrency/lockutils.py:519}}
May 13 12:21:10.104566 np0000000693 nova-scheduler[95331]: DEBUG oslo_concurrency.lockutils [None req-2bf02b52-8082-4e74-bdf2-ccb6740c1d70 tempest-ServerActionsTestOtherA-1878576342 tempest-ServerActionsTestOtherA-1878576342-project-member] Lock "('np0000000693', 'np0000000693')" "released" by "nova.scheduler.host_manager.HostState.consume_from_request.._locked" :: held 0.000s {{(pid=95331) inner /opt/stack/data/venv/lib/python3.12/site-packages/oslo_concurrency/lockutils.py:538}}
May 13 12:21:12.602809 np0000000693 nova-scheduler[95333]: DEBUG oslo.service.backend._threading.loopingcall [None req-f9395b3e-336c-4723-8321-51e20224362a None None] Dynamic interval looping call 'nova.service.Service.periodic_tasks' sleeping for 60.00 seconds {{(pid=95333) _run_loop /opt/stack/data/venv/lib/python3.12/site-packages/oslo_service/backend/_threading/loopingcall.py:125}}
May 13 12:21:19.904855 np0000000693 nova-scheduler[95331]: DEBUG dbcounter [-] [95331] Writing DB stats nova_cell1:SELECT=3 {{(pid=95331) stat_writer /opt/stack/data/venv/lib/python3.12/site-packages/dbcounter.py:115}}
May 13 12:21:21.412122 np0000000693 nova-scheduler[95333]: DEBUG nova.scheduler.manager [None req-b74a953d-5eb2-4105-a60d-96cfbf0f9c52 tempest-AttachSCSIVolumeTestJSON-517780105 tempest-AttachSCSIVolumeTestJSON-517780105-project-member] Starting to schedule for instances: ['4892a8d9-94e7-4e39-9c97-e54b6950c772'] {{(pid=95333) select_destinations /opt/stack/nova/nova/scheduler/manager.py:210}}
May 13 12:21:21.415457 np0000000693 nova-scheduler[95333]: DEBUG nova.scheduler.request_filter [None req-b74a953d-5eb2-4105-a60d-96cfbf0f9c52 tempest-AttachSCSIVolumeTestJSON-517780105 tempest-AttachSCSIVolumeTestJSON-517780105-project-member] compute_status_filter request filter added forbidden trait COMPUTE_STATUS_DISABLED {{(pid=95333) compute_status_filter /opt/stack/nova/nova/scheduler/request_filter.py:253}}
May 13 12:21:21.415616 np0000000693 nova-scheduler[95333]: DEBUG nova.scheduler.request_filter [None req-b74a953d-5eb2-4105-a60d-96cfbf0f9c52 tempest-AttachSCSIVolumeTestJSON-517780105 tempest-AttachSCSIVolumeTestJSON-517780105-project-member] Request filter 'compute_status_filter' took 0.0 seconds {{(pid=95333) wrapper /opt/stack/nova/nova/scheduler/request_filter.py:46}}
May 13 12:21:21.417193 np0000000693 nova-scheduler[95333]: DEBUG nova.scheduler.request_filter [None req-b74a953d-5eb2-4105-a60d-96cfbf0f9c52 tempest-AttachSCSIVolumeTestJSON-517780105 tempest-AttachSCSIVolumeTestJSON-517780105-project-member] Request filter 'accelerators_filter' took 0.0 seconds {{(pid=95333) wrapper /opt/stack/nova/nova/scheduler/request_filter.py:46}}
May 13 12:21:21.417735 np0000000693 nova-scheduler[95333]: DEBUG nova.scheduler.request_filter [None req-b74a953d-5eb2-4105-a60d-96cfbf0f9c52 tempest-AttachSCSIVolumeTestJSON-517780105 tempest-AttachSCSIVolumeTestJSON-517780105-project-member] Request filter 'packed_virtqueue_filter' took 0.0 seconds {{(pid=95333) wrapper /opt/stack/nova/nova/scheduler/request_filter.py:46}}
May 13 12:21:21.418154 np0000000693 nova-scheduler[95333]: DEBUG nova.scheduler.request_filter [None req-b74a953d-5eb2-4105-a60d-96cfbf0f9c52 tempest-AttachSCSIVolumeTestJSON-517780105 tempest-AttachSCSIVolumeTestJSON-517780105-project-member] Request filter 'remote_managed_ports_filter' took 0.0 seconds {{(pid=95333) wrapper /opt/stack/nova/nova/scheduler/request_filter.py:46}}
May 13 12:21:21.418353 np0000000693 nova-scheduler[95333]: DEBUG nova.scheduler.request_filter [None req-b74a953d-5eb2-4105-a60d-96cfbf0f9c52 tempest-AttachSCSIVolumeTestJSON-517780105 tempest-AttachSCSIVolumeTestJSON-517780105-project-member] ephemeral_encryption_filter skipped {{(pid=95333) ephemeral_encryption_filter /opt/stack/nova/nova/scheduler/request_filter.py:426}}
May 13 12:21:21.418551 np0000000693 nova-scheduler[95333]: DEBUG nova.scheduler.request_filter [None req-b74a953d-5eb2-4105-a60d-96cfbf0f9c52 tempest-AttachSCSIVolumeTestJSON-517780105 tempest-AttachSCSIVolumeTestJSON-517780105-project-member] virtio_sound_filter skipped {{(pid=95333) virtio_sound_filter /opt/stack/nova/nova/scheduler/request_filter.py:460}}
May 13 12:21:21.418708 np0000000693 nova-scheduler[95333]: DEBUG nova.scheduler.request_filter [None req-b74a953d-5eb2-4105-a60d-96cfbf0f9c52 tempest-AttachSCSIVolumeTestJSON-517780105 tempest-AttachSCSIVolumeTestJSON-517780105-project-member] tpm_secret_security_filter skipped {{(pid=95333) tpm_secret_security_filter /opt/stack/nova/nova/scheduler/request_filter.py:477}}
May 13 12:21:21.577706 np0000000693 nova-scheduler[95333]: INFO nova.utils [None req-b74a953d-5eb2-4105-a60d-96cfbf0f9c52 tempest-AttachSCSIVolumeTestJSON-517780105 tempest-AttachSCSIVolumeTestJSON-517780105-project-member] The cell worker thread pool ForkProcess-2.cell_worker is initialized
May 13 12:21:21.578395 np0000000693 nova-scheduler[95333]: DEBUG oslo_concurrency.lockutils [None req-b74a953d-5eb2-4105-a60d-96cfbf0f9c52 tempest-AttachSCSIVolumeTestJSON-517780105 tempest-AttachSCSIVolumeTestJSON-517780105-project-member] Acquiring lock "e5e3b317-80fe-458b-81bd-7b998085698e" by "nova.context.set_target_cell..get_or_set_cached_cell_and_set_connections" {{(pid=95333) inner /opt/stack/data/venv/lib/python3.12/site-packages/oslo_concurrency/lockutils.py:506}}
May 13 12:21:21.578665 np0000000693 nova-scheduler[95333]: DEBUG oslo_concurrency.lockutils [None req-b74a953d-5eb2-4105-a60d-96cfbf0f9c52 tempest-AttachSCSIVolumeTestJSON-517780105 tempest-AttachSCSIVolumeTestJSON-517780105-project-member] Lock "e5e3b317-80fe-458b-81bd-7b998085698e" acquired by "nova.context.set_target_cell..get_or_set_cached_cell_and_set_connections" :: waited 0.000s {{(pid=95333) inner /opt/stack/data/venv/lib/python3.12/site-packages/oslo_concurrency/lockutils.py:519}}
May 13 12:21:21.581008 np0000000693 nova-scheduler[95333]: DEBUG oslo_concurrency.lockutils [None req-b74a953d-5eb2-4105-a60d-96cfbf0f9c52 tempest-AttachSCSIVolumeTestJSON-517780105 tempest-AttachSCSIVolumeTestJSON-517780105-project-member] Lock "e5e3b317-80fe-458b-81bd-7b998085698e" "released" by "nova.context.set_target_cell..get_or_set_cached_cell_and_set_connections" :: held 0.002s {{(pid=95333) inner /opt/stack/data/venv/lib/python3.12/site-packages/oslo_concurrency/lockutils.py:538}}
May 13 12:21:21.583245 np0000000693 nova-scheduler[95333]: INFO dbcounter [None req-b74a953d-5eb2-4105-a60d-96cfbf0f9c52 tempest-AttachSCSIVolumeTestJSON-517780105 tempest-AttachSCSIVolumeTestJSON-517780105-project-member] Registered counter for database nova_cell1
May 13 12:21:21.592276 np0000000693 nova-scheduler[95333]: DEBUG oslo_db.sqlalchemy.engines [None req-b74a953d-5eb2-4105-a60d-96cfbf0f9c52 tempest-AttachSCSIVolumeTestJSON-517780105 tempest-AttachSCSIVolumeTestJSON-517780105-project-member] MySQL server mode set to STRICT_TRANS_TABLES,STRICT_ALL_TABLES,NO_ZERO_IN_DATE,NO_ZERO_DATE,ERROR_FOR_DIVISION_BY_ZERO,TRADITIONAL,NO_ENGINE_SUBSTITUTION {{(pid=95333) _check_effective_sql_mode /opt/stack/data/venv/lib/python3.12/site-packages/oslo_db/sqlalchemy/engines.py:325}}
May 13 12:21:21.597843 np0000000693 nova-scheduler[95333]: DEBUG dbcounter [-] [95333] Writer thread running {{(pid=95333) stat_writer /opt/stack/data/venv/lib/python3.12/site-packages/dbcounter.py:102}}
May 13 12:21:21.620763 np0000000693 nova-scheduler[95333]: DEBUG dbcounter [-] [95333] Writer thread running {{(pid=95333) stat_writer /opt/stack/data/venv/lib/python3.12/site-packages/dbcounter.py:102}}
May 13 12:21:21.624204 np0000000693 nova-scheduler[95333]: DEBUG oslo_concurrency.lockutils [None req-b74a953d-5eb2-4105-a60d-96cfbf0f9c52 tempest-AttachSCSIVolumeTestJSON-517780105 tempest-AttachSCSIVolumeTestJSON-517780105-project-member] Acquiring lock "e5e3b317-80fe-458b-81bd-7b998085698e" by "nova.context.set_target_cell..get_or_set_cached_cell_and_set_connections" {{(pid=95333) inner /opt/stack/data/venv/lib/python3.12/site-packages/oslo_concurrency/lockutils.py:506}}
May 13 12:21:21.624330 np0000000693 nova-scheduler[95333]: DEBUG oslo_concurrency.lockutils [None req-b74a953d-5eb2-4105-a60d-96cfbf0f9c52 tempest-AttachSCSIVolumeTestJSON-517780105 tempest-AttachSCSIVolumeTestJSON-517780105-project-member] Lock "e5e3b317-80fe-458b-81bd-7b998085698e" acquired by "nova.context.set_target_cell..get_or_set_cached_cell_and_set_connections" :: waited 0.000s {{(pid=95333) inner /opt/stack/data/venv/lib/python3.12/site-packages/oslo_concurrency/lockutils.py:519}}
