Aug 13 06:06:05.757581 np0000007163 devstack@g-api.service[103081]: [pid: 103081|app: 0|req: 69/276] 127.0.0.1 () {44 vars in 1055 bytes} [Thu Aug 13 06:06:05 2026] GET /v2/schemas/image => generated 6083 bytes in 5 msecs (HTTP/1.1 200) 4 headers in 158 bytes (1 switches on core 0)
Aug 13 06:06:05.765807 np0000007163 devstack@g-api.service[103083]: DEBUG glance.api.middleware.version_negotiation [None req-07033190-a9e2-42e9-8b01-f1971bd7ef3d tempest-AttachVolumeShelveTestJSON-867291898 tempest-AttachVolumeShelveTestJSON-867291898-project-member] Determining version of request: POST /v2/images Accept: */* {{(pid=103083) process_request /opt/stack/glance/glance/api/middleware/version_negotiation.py:44}}
Aug 13 06:06:05.766099 np0000007163 devstack@g-api.service[103083]: DEBUG glance.api.middleware.version_negotiation [None req-07033190-a9e2-42e9-8b01-f1971bd7ef3d tempest-AttachVolumeShelveTestJSON-867291898 tempest-AttachVolumeShelveTestJSON-867291898-project-member] Using url versioning {{(pid=103083) process_request /opt/stack/glance/glance/api/middleware/version_negotiation.py:57}}
Aug 13 06:06:05.766207 np0000007163 devstack@g-api.service[103083]: DEBUG glance.api.middleware.version_negotiation [None req-07033190-a9e2-42e9-8b01-f1971bd7ef3d tempest-AttachVolumeShelveTestJSON-867291898 tempest-AttachVolumeShelveTestJSON-867291898-project-member] Matched version: v2 {{(pid=103083) process_request /opt/stack/glance/glance/api/middleware/version_negotiation.py:69}}
Aug 13 06:06:05.766339 np0000007163 devstack@g-api.service[103083]: DEBUG glance.api.middleware.version_negotiation [None req-07033190-a9e2-42e9-8b01-f1971bd7ef3d tempest-AttachVolumeShelveTestJSON-867291898 tempest-AttachVolumeShelveTestJSON-867291898-project-member] new path /v2/images {{(pid=103083) process_request /opt/stack/glance/glance/api/middleware/version_negotiation.py:70}}
Aug 13 06:06:06.277274 np0000007163 devstack@g-api.service[103083]: [pid: 103083|app: 0|req: 70/277] 127.0.0.1 () {46 vars in 1055 bytes} [Thu Aug 13 06:06:05 2026] POST /v2/images => generated 650 bytes in 511 msecs (HTTP/1.1 201) 6 headers in 315 bytes (1 switches on core 0)
Aug 13 06:06:06.286529 np0000007163 devstack@g-api.service[103082]: DEBUG glance.api.middleware.version_negotiation [None req-07033190-a9e2-42e9-8b01-f1971bd7ef3d tempest-AttachVolumeShelveTestJSON-867291898 tempest-AttachVolumeShelveTestJSON-867291898-project-member] Determining version of request: GET /v2/schemas/image Accept: */* {{(pid=103082) process_request /opt/stack/glance/glance/api/middleware/version_negotiation.py:44}}
Aug 13 06:06:06.286529 np0000007163 devstack@g-api.service[103082]: DEBUG glance.api.middleware.version_negotiation [None req-07033190-a9e2-42e9-8b01-f1971bd7ef3d tempest-AttachVolumeShelveTestJSON-867291898 tempest-AttachVolumeShelveTestJSON-867291898-project-member] Using url versioning {{(pid=103082) process_request /opt/stack/glance/glance/api/middleware/version_negotiation.py:57}}
Aug 13 06:06:06.286529 np0000007163 devstack@g-api.service[103082]: DEBUG glance.api.middleware.version_negotiation [None req-07033190-a9e2-42e9-8b01-f1971bd7ef3d tempest-AttachVolumeShelveTestJSON-867291898 tempest-AttachVolumeShelveTestJSON-867291898-project-member] Matched version: v2 {{(pid=103082) process_request /opt/stack/glance/glance/api/middleware/version_negotiation.py:69}}
Aug 13 06:06:06.286529 np0000007163 devstack@g-api.service[103082]: DEBUG glance.api.middleware.version_negotiation [None req-07033190-a9e2-42e9-8b01-f1971bd7ef3d tempest-AttachVolumeShelveTestJSON-867291898 tempest-AttachVolumeShelveTestJSON-867291898-project-member] new path /v2/schemas/image {{(pid=103082) process_request /opt/stack/glance/glance/api/middleware/version_negotiation.py:70}}
Aug 13 06:06:06.288788 np0000007163 devstack@g-api.service[103082]: [pid: 103082|app: 0|req: 67/278] 127.0.0.1 () {44 vars in 1055 bytes} [Thu Aug 13 06:06:06 2026] GET /v2/schemas/image => generated 6083 bytes in 3 msecs (HTTP/1.1 200) 4 headers in 158 bytes (1 switches on core 0)
Aug 13 06:06:06.304164 np0000007163 devstack@g-api.service[103080]: DEBUG glance.api.middleware.version_negotiation [None req-07033190-a9e2-42e9-8b01-f1971bd7ef3d tempest-AttachVolumeShelveTestJSON-867291898 tempest-AttachVolumeShelveTestJSON-867291898-project-member] Determining version of request: GET /v2/images/748978ce-2a22-41ef-b1b1-1a99c26cbee2 Accept: application/json {{(pid=103080) process_request /opt/stack/glance/glance/api/middleware/version_negotiation.py:44}}
Aug 13 06:06:06.304452 np0000007163 devstack@g-api.service[103080]: DEBUG glance.api.middleware.version_negotiation [None req-07033190-a9e2-42e9-8b01-f1971bd7ef3d tempest-AttachVolumeShelveTestJSON-867291898 tempest-AttachVolumeShelveTestJSON-867291898-project-member] Using url versioning {{(pid=103080) process_request /opt/stack/glance/glance/api/middleware/version_negotiation.py:57}}
Aug 13 06:06:06.304495 np0000007163 devstack@g-api.service[103080]: DEBUG glance.api.middleware.version_negotiation [None req-07033190-a9e2-42e9-8b01-f1971bd7ef3d tempest-AttachVolumeShelveTestJSON-867291898 tempest-AttachVolumeShelveTestJSON-867291898-project-member] Matched version: v2 {{(pid=103080) process_request /opt/stack/glance/glance/api/middleware/version_negotiation.py:69}}
Aug 13 06:06:06.304619 np0000007163 devstack@g-api.service[103080]: DEBUG glance.api.middleware.version_negotiation [None req-07033190-a9e2-42e9-8b01-f1971bd7ef3d tempest-AttachVolumeShelveTestJSON-867291898 tempest-AttachVolumeShelveTestJSON-867291898-project-member] new path /v2/images/748978ce-2a22-41ef-b1b1-1a99c26cbee2 {{(pid=103080) process_request /opt/stack/glance/glance/api/middleware/version_negotiation.py:70}}
Aug 13 06:06:06.318107 np0000007163 devstack@g-api.service[103080]: [pid: 103080|app: 0|req: 73/279] 127.0.0.1 () {40 vars in 838 bytes} [Thu Aug 13 06:06:06 2026] GET /v2/images/748978ce-2a22-41ef-b1b1-1a99c26cbee2 => generated 650 bytes in 13 msecs (HTTP/1.1 200) 4 headers in 157 bytes (1 switches on core 0)
Aug 13 06:06:07.044090 np0000007163 devstack@g-api.service[103081]: DEBUG glance.api.middleware.version_negotiation [None req-9ca3a88f-9990-4a9c-ae2a-d65cc03fb632 tempest-VolumesActionsTest-568467348 tempest-VolumesActionsTest-568467348-project-member] Determining version of request: DELETE /v2/images/c333dd2e-7d94-4c32-8880-b3c1477de1e3 Accept: */* {{(pid=103081) process_request /opt/stack/glance/glance/api/middleware/version_negotiation.py:44}}
Aug 13 06:06:07.045258 np0000007163 devstack@g-api.service[103081]: DEBUG glance.api.middleware.version_negotiation [None req-9ca3a88f-9990-4a9c-ae2a-d65cc03fb632 tempest-VolumesActionsTest-568467348 tempest-VolumesActionsTest-568467348-project-member] Using url versioning {{(pid=103081) process_request /opt/stack/glance/glance/api/middleware/version_negotiation.py:57}}
Aug 13 06:06:07.045258 np0000007163 devstack@g-api.service[103081]: DEBUG glance.api.middleware.version_negotiation [None req-9ca3a88f-9990-4a9c-ae2a-d65cc03fb632 tempest-VolumesActionsTest-568467348 tempest-VolumesActionsTest-568467348-project-member] Matched version: v2 {{(pid=103081) process_request /opt/stack/glance/glance/api/middleware/version_negotiation.py:69}}
Aug 13 06:06:07.045258 np0000007163 devstack@g-api.service[103081]: DEBUG glance.api.middleware.version_negotiation [None req-9ca3a88f-9990-4a9c-ae2a-d65cc03fb632 tempest-VolumesActionsTest-568467348 tempest-VolumesActionsTest-568467348-project-member] new path /v2/images/c333dd2e-7d94-4c32-8880-b3c1477de1e3 {{(pid=103081) process_request /opt/stack/glance/glance/api/middleware/version_negotiation.py:70}}
Aug 13 06:06:07.062504 np0000007163 devstack@g-api.service[103081]: WARNING glance.api.v2.images [None req-07033190-a9e2-42e9-8b01-f1971bd7ef3d tempest-AttachVolumeShelveTestJSON-867291898 tempest-AttachVolumeShelveTestJSON-867291898-project-member] After upload to backend, deletion of staged image data has failed because it cannot be found at /tmp/staging//c333dd2e-7d94-4c32-8880-b3c1477de1e3
Aug 13 06:06:07.063175 np0000007163 devstack@g-api.service[103081]: DEBUG glance_store.backend [None req-07033190-a9e2-42e9-8b01-f1971bd7ef3d tempest-AttachVolumeShelveTestJSON-867291898 tempest-AttachVolumeShelveTestJSON-867291898-project-member] Attempting to import store swift {{(pid=103081) _load_store /opt/stack/data/venv/lib/python3.12/site-packages/glance_store/backend.py:215}}
Aug 13 06:06:07.064715 np0000007163 devstack@g-api.service[103081]: DEBUG glance_store.capabilities [None req-07033190-a9e2-42e9-8b01-f1971bd7ef3d tempest-AttachVolumeShelveTestJSON-867291898 tempest-AttachVolumeShelveTestJSON-867291898-project-member] Store glance_store._drivers.swift.store.SingleTenantStore doesn't support updating dynamic storage capabilities. Please overwrite 'update_capabilities' method of the store to implement updating logics if needed. {{(pid=103081) update_capabilities /opt/stack/data/venv/lib/python3.12/site-packages/glance_store/capabilities.py:91}}
Aug 13 06:06:07.064864 np0000007163 devstack@g-api.service[103081]: DEBUG glance_store.driver [None req-07033190-a9e2-42e9-8b01-f1971bd7ef3d tempest-AttachVolumeShelveTestJSON-867291898 tempest-AttachVolumeShelveTestJSON-867291898-project-member] Late loading location class glance_store._drivers.swift.store.StoreLocation {{(pid=103081) get_store_location_class /opt/stack/data/venv/lib/python3.12/site-packages/glance_store/driver.py:134}}
Aug 13 06:06:07.064997 np0000007163 devstack@g-api.service[103081]: DEBUG glance_store.location [None req-07033190-a9e2-42e9-8b01-f1971bd7ef3d tempest-AttachVolumeShelveTestJSON-867291898 tempest-AttachVolumeShelveTestJSON-867291898-project-member] Registering scheme swift+https with {'store': , 'location_class': , 'store_entry': 'swift'} {{(pid=103081) register_scheme_map /opt/stack/data/venv/lib/python3.12/site-packages/glance_store/location.py:146}}
Aug 13 06:06:07.065085 np0000007163 devstack@g-api.service[103081]: DEBUG glance_store.location [None req-07033190-a9e2-42e9-8b01-f1971bd7ef3d tempest-AttachVolumeShelveTestJSON-867291898 tempest-AttachVolumeShelveTestJSON-867291898-project-member] Registering scheme swift+https with {'store': , 'location_class': , 'store_entry': 'swift'} {{(pid=103081) register_scheme_map /opt/stack/data/venv/lib/python3.12/site-packages/glance_store/location.py:146}}
Aug 13 06:06:07.065167 np0000007163 devstack@g-api.service[103081]: DEBUG glance_store.location [None req-07033190-a9e2-42e9-8b01-f1971bd7ef3d tempest-AttachVolumeShelveTestJSON-867291898 tempest-AttachVolumeShelveTestJSON-867291898-project-member] Registering scheme swift with {'store': , 'location_class': , 'store_entry': 'swift'} {{(pid=103081) register_scheme_map /opt/stack/data/venv/lib/python3.12/site-packages/glance_store/location.py:146}}
Aug 13 06:06:07.065284 np0000007163 devstack@g-api.service[103081]: DEBUG glance_store.location [None req-07033190-a9e2-42e9-8b01-f1971bd7ef3d tempest-AttachVolumeShelveTestJSON-867291898 tempest-AttachVolumeShelveTestJSON-867291898-project-member] Registering scheme swift+https with {'store': , 'location_class': , 'store_entry': 'swift'} {{(pid=103081) register_scheme_map /opt/stack/data/venv/lib/python3.12/site-packages/glance_store/location.py:146}}
Aug 13 06:06:07.065352 np0000007163 devstack@g-api.service[103081]: DEBUG glance_store.location [None req-07033190-a9e2-42e9-8b01-f1971bd7ef3d tempest-AttachVolumeShelveTestJSON-867291898 tempest-AttachVolumeShelveTestJSON-867291898-project-member] Registering scheme swift with {'store': , 'location_class': , 'store_entry': 'swift'} {{(pid=103081) register_scheme_map /opt/stack/data/venv/lib/python3.12/site-packages/glance_store/location.py:146}}
Aug 13 06:06:07.065439 np0000007163 devstack@g-api.service[103081]: DEBUG glance_store.location [None req-07033190-a9e2-42e9-8b01-f1971bd7ef3d tempest-AttachVolumeShelveTestJSON-867291898 tempest-AttachVolumeShelveTestJSON-867291898-project-member] Registering scheme swift+http with {'store': , 'location_class': , 'store_entry': 'swift'} {{(pid=103081) register_scheme_map /opt/stack/data/venv/lib/python3.12/site-packages/glance_store/location.py:146}}
Aug 13 06:06:07.065562 np0000007163 devstack@g-api.service[103081]: DEBUG glance_store.location [None req-07033190-a9e2-42e9-8b01-f1971bd7ef3d tempest-AttachVolumeShelveTestJSON-867291898 tempest-AttachVolumeShelveTestJSON-867291898-project-member] Registering scheme swift+https with {'store': , 'location_class': , 'store_entry': 'swift'} {{(pid=103081) register_scheme_map /opt/stack/data/venv/lib/python3.12/site-packages/glance_store/location.py:146}}
Aug 13 06:06:07.065562 np0000007163 devstack@g-api.service[103081]: DEBUG glance_store.location [None req-07033190-a9e2-42e9-8b01-f1971bd7ef3d tempest-AttachVolumeShelveTestJSON-867291898 tempest-AttachVolumeShelveTestJSON-867291898-project-member] Registering scheme swift with {'store': , 'location_class': , 'store_entry': 'swift'} {{(pid=103081) register_scheme_map /opt/stack/data/venv/lib/python3.12/site-packages/glance_store/location.py:146}}
Aug 13 06:06:07.065701 np0000007163 devstack@g-api.service[103081]: DEBUG glance_store.location [None req-07033190-a9e2-42e9-8b01-f1971bd7ef3d tempest-AttachVolumeShelveTestJSON-867291898 tempest-AttachVolumeShelveTestJSON-867291898-project-member] Registering scheme swift+http with {'store': , 'location_class': , 'store_entry': 'swift'} {{(pid=103081) register_scheme_map /opt/stack/data/venv/lib/python3.12/site-packages/glance_store/location.py:146}}
Aug 13 06:06:07.065701 np0000007163 devstack@g-api.service[103081]: DEBUG glance_store.location [None req-07033190-a9e2-42e9-8b01-f1971bd7ef3d tempest-AttachVolumeShelveTestJSON-867291898 tempest-AttachVolumeShelveTestJSON-867291898-project-member] Registering scheme swift+config with {'store': , 'location_class': , 'store_entry': 'swift'} {{(pid=103081) register_scheme_map /opt/stack/data/venv/lib/python3.12/site-packages/glance_store/location.py:146}}
Aug 13 06:06:07.066271 np0000007163 devstack@g-api.service[103081]: DEBUG keystoneclient.auth.identity.v3.base [None req-07033190-a9e2-42e9-8b01-f1971bd7ef3d tempest-AttachVolumeShelveTestJSON-867291898 tempest-AttachVolumeShelveTestJSON-867291898-project-member] Making authentication request to https://10.4.3.121/identity/v3/auth/tokens {{(pid=103081) get_auth_ref /opt/stack/data/venv/lib/python3.12/site-packages/keystoneclient/auth/identity/v3/base.py:185}}
Aug 13 06:06:07.137487 np0000007163 devstack@g-api.service[103081]: DEBUG keystoneclient.auth.identity.v3.base [None req-07033190-a9e2-42e9-8b01-f1971bd7ef3d tempest-AttachVolumeShelveTestJSON-867291898 tempest-AttachVolumeShelveTestJSON-867291898-project-member] {"token": {"methods": ["password"], "user": {"domain": {"id": "default", "name": "Default"}, "id": "8df7d1834d974bf88ee72bcf5cb042fc", "name": "glance-swift", "password_expires_at": null}, "audit_ids": ["OG4-f6RQQd-CAGxLKxqn9w"], "expires_at": "2026-08-13T07:06:07.000000Z", "issued_at": "2026-08-13T06:06:07.000000Z", "project": {"domain": {"id": "default", "name": "Default"}, "id": "a0f95d23513d42418444130f8ef9e29b", "name": "service"}, "is_domain": false, "roles": [{"id": "3446d76a4cba4487b59dbdba45a2c5e6", "name": "service"}, {"id": "7efcd35c4d704ed2a58553b37ccd6d6f", "name": "ResellerAdmin"}], "catalog": [{"endpoints": [{"id": "f8fa0f7102fe4078ac794457a31a8f75", "interface": "public", "region_id": "RegionOne", "url": "https://10.4.3.121/placement", "region": "RegionOne"}], "id": "100bc420ad4c43e09d75d7f38c0e3495", "type": "placement", "name": "placement"}, {"endpoints": [{"id": "c7a9618065904dde83cb1a9761749735", "interface": "public", "region_id": "RegionOne", "url": "https://10.4.3.121/volume/v3", "region": "RegionOne"}], "id": "5000def522544a43af1b61b6a46fb93f", "type": "block-storage", "name": "cinder"}, {"endpoints": [{"id": "af7efc97736242e4be34b2f95fee797e", "interface": "admin", "region_id": "RegionOne", "url": "https://10.4.3.121:8080", "region": "RegionOne"}, {"id": "fd18f3b8f10941f780bee945fc4bbd4a", "interface": "public", "region_id": "RegionOne", "url": "https://10.4.3.121:8080/v1/AUTH_a0f95d23513d42418444130f8ef9e29b", "region": "RegionOne"}], "id": "7f89464081c14ec8b9bab5857c2ca164", "type": "object-store", "name": "swift"}, {"endpoints": [{"id": "d9f871a057af46b7996b7ce747235e6f", "interface": "public", "region_id": "RegionOne", "url": "https://10.4.3.121/image", "region": "RegionOne"}], "id": "adebeb777cb04eea9ae775589609a6aa", "type": "image", "name": "glance"}, {"endpoints": [{"id": "c3896df3d7f846cb99d92902e9a26493", "interface": "public", "region_id": "RegionOne", "url": "https://10.4.3.121/compute/v2.1", "region": "RegionOne"}], "id": "b85be7102394451d996ea6bc0f0ccf25", "type": "compute", "name": "nova"}, {"endpoints": [{"id": "376f137673e74d4a869764d54c53c01b", "interface": "public", "region_id": "RegionOne", "url": "https://10.4.3.121/networking", "region": "RegionOne"}], "id": "dc7c8e9397ad412aa00f2472f7dc978a", "type": "network", "name": "neutron"}, {"endpoints": [{"id": "394e13dc04b1454a8730472a62267398", "interface": "public", "region_id": "RegionOne", "url": "https://10.4.3.121/identity", "region": "RegionOne"}], "id": "fb1544b3cc6a49d2afb55108dca57642", "type": "identity", "name": "keystone"}, {"endpoints": [{"id": "4afc3a4762984cde8ae3d84dae13029f", "interface": "public", "region_id": "RegionOne", "url": "https://10.4.3.121/compute/v2/a0f95d23513d42418444130f8ef9e29b", "region": "RegionOne"}], "id": "feb7fb105804410fb64afa8771db99d5", "type": "compute_legacy", "name": "nova_legacy"}]}} {{(pid=103081) get_auth_ref /opt/stack/data/venv/lib/python3.12/site-packages/keystoneclient/auth/identity/v3/base.py:190}}
Aug 13 06:06:07.137878 np0000007163 devstack@g-api.service[103081]: DEBUG keystoneclient.httpclient [None req-07033190-a9e2-42e9-8b01-f1971bd7ef3d tempest-AttachVolumeShelveTestJSON-867291898 tempest-AttachVolumeShelveTestJSON-867291898-project-member] Failed to find endpoint for management url admin endpoint for identity service not found {{(pid=103081) _process_management_url /opt/stack/data/venv/lib/python3.12/site-packages/keystoneclient/httpclient.py:670}}
Aug 13 06:06:07.254444 np0000007163 devstack@g-api.service[103081]: DEBUG swiftclient [None req-07033190-a9e2-42e9-8b01-f1971bd7ef3d tempest-AttachVolumeShelveTestJSON-867291898 tempest-AttachVolumeShelveTestJSON-867291898-project-member] REQ: curl -i https://10.4.3.121:8080/v1/AUTH_a0f95d23513d42418444130f8ef9e29b/glance/c333dd2e-7d94-4c32-8880-b3c1477de1e3 -I -H "X-Auth-Token: gAAAAABqfV7P3Uw_..." {{(pid=103081) http_log /opt/stack/data/venv/lib/python3.12/site-packages/swiftclient/client.py:160}}
Aug 13 06:06:07.254545 np0000007163 devstack@g-api.service[103081]: DEBUG swiftclient [None req-07033190-a9e2-42e9-8b01-f1971bd7ef3d tempest-AttachVolumeShelveTestJSON-867291898 tempest-AttachVolumeShelveTestJSON-867291898-project-member] RESP STATUS: 200 OK {{(pid=103081) http_log /opt/stack/data/venv/lib/python3.12/site-packages/swiftclient/client.py:161}}
Aug 13 06:06:07.254689 np0000007163 devstack@g-api.service[103081]: DEBUG swiftclient [None req-07033190-a9e2-42e9-8b01-f1971bd7ef3d tempest-AttachVolumeShelveTestJSON-867291898 tempest-AttachVolumeShelveTestJSON-867291898-project-member] RESP HEADERS: {'Date': 'Thu, 13 Aug 2026 06:06:07 GMT', 'Server': 'Apache/2.4.58 (Ubuntu)', 'Content-Type': 'application/octet-stream', 'Content-Length': '53542912', 'X-Object-Manifest': 'glance/c333dd2e-7d94-4c32-8880-b3c1477de1e3-', 'Last-Modified': 'Thu, 13 Aug 2026 06:05:50 GMT', 'X-Timestamp': '1786601149.19940', 'Accept-Ranges': 'bytes', 'Etag': '"530ba8f37801bdecaffc2aa158c49d24"', 'X-Trans-Id': 'tx2ada13c9171a45c2a9ee5-006a7d5ecf', 'X-Openstack-Request-Id': 'tx2ada13c9171a45c2a9ee5-006a7d5ecf', 'Connection': 'close'} {{(pid=103081) http_log /opt/stack/data/venv/lib/python3.12/site-packages/swiftclient/client.py:162}}
Aug 13 06:06:07.277922 np0000007163 devstack@g-api.service[103081]: DEBUG swiftclient [None req-07033190-a9e2-42e9-8b01-f1971bd7ef3d tempest-AttachVolumeShelveTestJSON-867291898 tempest-AttachVolumeShelveTestJSON-867291898-project-member] REQ: curl -i https://10.4.3.121:8080/v1/AUTH_a0f95d23513d42418444130f8ef9e29b/glance?format=json&prefix=c333dd2e-7d94-4c32-8880-b3c1477de1e3- -X GET -H "X-Auth-Token: gAAAAABqfV7P3Uw_..." -H "Accept-Encoding: gzip" {{(pid=103081) http_log /opt/stack/data/venv/lib/python3.12/site-packages/swiftclient/client.py:160}}
Aug 13 06:06:07.277922 np0000007163 devstack@g-api.service[103081]: DEBUG swiftclient [None req-07033190-a9e2-42e9-8b01-f1971bd7ef3d tempest-AttachVolumeShelveTestJSON-867291898 tempest-AttachVolumeShelveTestJSON-867291898-project-member] RESP STATUS: 200 OK {{(pid=103081) http_log /opt/stack/data/venv/lib/python3.12/site-packages/swiftclient/client.py:161}}
Aug 13 06:06:07.278029 np0000007163 devstack@g-api.service[103081]: DEBUG swiftclient [None req-07033190-a9e2-42e9-8b01-f1971bd7ef3d tempest-AttachVolumeShelveTestJSON-867291898 tempest-AttachVolumeShelveTestJSON-867291898-project-member] RESP HEADERS: {'Date': 'Thu, 13 Aug 2026 06:06:07 GMT', 'Server': 'Apache/2.4.58 (Ubuntu)', 'Content-Type': 'application/json; charset=utf-8', 'Content-Length': '210', 'X-Container-Object-Count': '7', 'X-Container-Bytes-Used': '139591680', 'X-Timestamp': '1786600888.80965', 'Last-Modified': 'Thu, 13 Aug 2026 06:01:29 GMT', 'Accept-Ranges': 'bytes', 'X-Storage-Policy': 'Policy-0', 'X-Container-Sharding': 'False', 'X-Trans-Id': 'tx0999ac1cdda04784bf798-006a7d5ecf', 'X-Openstack-Request-Id': 'tx0999ac1cdda04784bf798-006a7d5ecf', 'Connection': 'close'} {{(pid=103081) http_log /opt/stack/data/venv/lib/python3.12/site-packages/swiftclient/client.py:162}}
Aug 13 06:06:07.278135 np0000007163 devstack@g-api.service[103081]: DEBUG swiftclient [None req-07033190-a9e2-42e9-8b01-f1971bd7ef3d tempest-AttachVolumeShelveTestJSON-867291898 tempest-AttachVolumeShelveTestJSON-867291898-project-member] RESP BODY: b'[{"bytes": 53542912, "hash": "9637eab3241ad37b99795d1a859c5f24", "name": "c333dd2e-7d94-4c32-8880-b3c1477de1e3-00001", "content_type": "application/octet-stream", "last_modified": "2026-08-13T06:05:48.575580"}]' {{(pid=103081) http_log /opt/stack/data/venv/lib/python3.12/site-packages/swiftclient/client.py:166}}
Aug 13 06:06:07.302697 np0000007163 devstack@g-api.service[103081]: DEBUG swiftclient [None req-07033190-a9e2-42e9-8b01-f1971bd7ef3d tempest-AttachVolumeShelveTestJSON-867291898 tempest-AttachVolumeShelveTestJSON-867291898-project-member] REQ: curl -i https://10.4.3.121:8080/v1/AUTH_a0f95d23513d42418444130f8ef9e29b/glance/c333dd2e-7d94-4c32-8880-b3c1477de1e3-00001 DELETE -H "X-Auth-Token: gAAAAABqfV7P3Uw_..." {{(pid=103081) http_log /opt/stack/data/venv/lib/python3.12/site-packages/swiftclient/client.py:160}}
Aug 13 06:06:07.302813 np0000007163 devstack@g-api.service[103081]: DEBUG swiftclient [None req-07033190-a9e2-42e9-8b01-f1971bd7ef3d tempest-AttachVolumeShelveTestJSON-867291898 tempest-AttachVolumeShelveTestJSON-867291898-project-member] RESP STATUS: 204 No Content {{(pid=103081) http_log /opt/stack/data/venv/lib/python3.12/site-packages/swiftclient/client.py:161}}
Aug 13 06:06:07.303030 np0000007163 devstack@g-api.service[103081]: DEBUG swiftclient [None req-07033190-a9e2-42e9-8b01-f1971bd7ef3d tempest-AttachVolumeShelveTestJSON-867291898 tempest-AttachVolumeShelveTestJSON-867291898-project-member] RESP HEADERS: {'Date': 'Thu, 13 Aug 2026 06:06:07 GMT', 'Server': 'Apache/2.4.58 (Ubuntu)', 'Content-Type': 'text/html; charset=UTF-8', 'X-Trans-Id': 'tx2e7e38f64ce14b4fb7b28-006a7d5ecf', 'X-Openstack-Request-Id': 'tx2e7e38f64ce14b4fb7b28-006a7d5ecf', 'Connection': 'close'} {{(pid=103081) http_log /opt/stack/data/venv/lib/python3.12/site-packages/swiftclient/client.py:162}}
Aug 13 06:06:07.327793 np0000007163 devstack@g-api.service[103083]: DEBUG glance.api.middleware.version_negotiation [None req-9ca3a88f-9990-4a9c-ae2a-d65cc03fb632 tempest-VolumesActionsTest-568467348 tempest-VolumesActionsTest-568467348-project-member] Determining version of request: GET /v2/images/748978ce-2a22-41ef-b1b1-1a99c26cbee2 Accept: application/json {{(pid=103083) process_request /opt/stack/glance/glance/api/middleware/version_negotiation.py:44}}
Aug 13 06:06:07.328079 np0000007163 devstack@g-api.service[103083]: DEBUG glance.api.middleware.version_negotiation [None req-9ca3a88f-9990-4a9c-ae2a-d65cc03fb632 tempest-VolumesActionsTest-568467348 tempest-VolumesActionsTest-568467348-project-member] Using url versioning {{(pid=103083) process_request /opt/stack/glance/glance/api/middleware/version_negotiation.py:57}}
Aug 13 06:06:07.328231 np0000007163 devstack@g-api.service[103083]: DEBUG glance.api.middleware.version_negotiation [None req-9ca3a88f-9990-4a9c-ae2a-d65cc03fb632 tempest-VolumesActionsTest-568467348 tempest-VolumesActionsTest-568467348-project-member] Matched version: v2 {{(pid=103083) process_request /opt/stack/glance/glance/api/middleware/version_negotiation.py:69}}
Aug 13 06:06:07.328386 np0000007163 devstack@g-api.service[103083]: DEBUG glance.api.middleware.version_negotiation [None req-9ca3a88f-9990-4a9c-ae2a-d65cc03fb632 tempest-VolumesActionsTest-568467348 tempest-VolumesActionsTest-568467348-project-member] new path /v2/images/748978ce-2a22-41ef-b1b1-1a99c26cbee2 {{(pid=103083) process_request /opt/stack/glance/glance/api/middleware/version_negotiation.py:70}}
Aug 13 06:06:07.333124 np0000007163 devstack@g-api.service[103081]: DEBUG swiftclient [None req-07033190-a9e2-42e9-8b01-f1971bd7ef3d tempest-AttachVolumeShelveTestJSON-867291898 tempest-AttachVolumeShelveTestJSON-867291898-project-member] REQ: curl -i https://10.4.3.121:8080/v1/AUTH_a0f95d23513d42418444130f8ef9e29b/glance/c333dd2e-7d94-4c32-8880-b3c1477de1e3 DELETE -H "X-Auth-Token: gAAAAABqfV7P3Uw_..." {{(pid=103081) http_log /opt/stack/data/venv/lib/python3.12/site-packages/swiftclient/client.py:160}}
Aug 13 06:06:07.333297 np0000007163 devstack@g-api.service[103081]: DEBUG swiftclient [None req-07033190-a9e2-42e9-8b01-f1971bd7ef3d tempest-AttachVolumeShelveTestJSON-867291898 tempest-AttachVolumeShelveTestJSON-867291898-project-member] RESP STATUS: 204 No Content {{(pid=103081) http_log /opt/stack/data/venv/lib/python3.12/site-packages/swiftclient/client.py:161}}
Aug 13 06:06:07.333454 np0000007163 devstack@g-api.service[103081]: DEBUG swiftclient [None req-07033190-a9e2-42e9-8b01-f1971bd7ef3d tempest-AttachVolumeShelveTestJSON-867291898 tempest-AttachVolumeShelveTestJSON-867291898-project-member] RESP HEADERS: {'Date': 'Thu, 13 Aug 2026 06:06:07 GMT', 'Server': 'Apache/2.4.58 (Ubuntu)', 'Content-Type': 'text/html; charset=UTF-8', 'X-Trans-Id': 'tx23641d46f945486d8f516-006a7d5ecf', 'X-Openstack-Request-Id': 'tx23641d46f945486d8f516-006a7d5ecf', 'Connection': 'close'} {{(pid=103081) http_log /opt/stack/data/venv/lib/python3.12/site-packages/swiftclient/client.py:162}}
Aug 13 06:06:07.339641 np0000007163 devstack@g-api.service[103083]: [pid: 103083|app: 0|req: 71/280] 127.0.0.1 () {40 vars in 838 bytes} [Thu Aug 13 06:06:07 2026] GET /v2/images/748978ce-2a22-41ef-b1b1-1a99c26cbee2 => generated 650 bytes in 12 msecs (HTTP/1.1 200) 4 headers in 157 bytes (1 switches on core 0)
Aug 13 06:06:07.375547 np0000007163 devstack@g-api.service[103082]: DEBUG glance.api.middleware.version_negotiation [None req-9ca3a88f-9990-4a9c-ae2a-d65cc03fb632 tempest-VolumesActionsTest-568467348 tempest-VolumesActionsTest-568467348-project-member] Determining version of request: GET /v2/images/bcc3fff6-3f04-4f78-90dc-2c99a667b3c9 Accept: */* {{(pid=103082) process_request /opt/stack/glance/glance/api/middleware/version_negotiation.py:44}}
Aug 13 06:06:07.375547 np0000007163 devstack@g-api.service[103082]: DEBUG glance.api.middleware.version_negotiation [None req-9ca3a88f-9990-4a9c-ae2a-d65cc03fb632 tempest-VolumesActionsTest-568467348 tempest-VolumesActionsTest-568467348-project-member] Using url versioning {{(pid=103082) process_request /opt/stack/glance/glance/api/middleware/version_negotiation.py:57}}
Aug 13 06:06:07.375547 np0000007163 devstack@g-api.service[103082]: DEBUG glance.api.middleware.version_negotiation [None req-9ca3a88f-9990-4a9c-ae2a-d65cc03fb632 tempest-VolumesActionsTest-568467348 tempest-VolumesActionsTest-568467348-project-member] Matched version: v2 {{(pid=103082) process_request /opt/stack/glance/glance/api/middleware/version_negotiation.py:69}}
Aug 13 06:06:07.375547 np0000007163 devstack@g-api.service[103082]: DEBUG glance.api.middleware.version_negotiation [None req-9ca3a88f-9990-4a9c-ae2a-d65cc03fb632 tempest-VolumesActionsTest-568467348 tempest-VolumesActionsTest-568467348-project-member] new path /v2/images/bcc3fff6-3f04-4f78-90dc-2c99a667b3c9 {{(pid=103082) process_request /opt/stack/glance/glance/api/middleware/version_negotiation.py:70}}
Aug 13 06:06:07.384817 np0000007163 devstack@g-api.service[103082]: [pid: 103082|app: 0|req: 68/281] 127.0.0.1 () {44 vars in 1115 bytes} [Thu Aug 13 06:06:07 2026] GET /v2/images/bcc3fff6-3f04-4f78-90dc-2c99a667b3c9 => generated 1044 bytes in 10 msecs (HTTP/1.1 200) 4 headers in 158 bytes (1 switches on core 0)
Aug 13 06:06:07.394456 np0000007163 devstack@g-api.service[103080]: DEBUG glance.api.middleware.version_negotiation [None req-d6bd7cc8-0cf1-4371-bad6-5c503b55bac9 tempest-VolumesActionsTest-568467348 tempest-VolumesActionsTest-568467348-project-member] Determining version of request: GET /v2/schemas/image Accept: */* {{(pid=103080) process_request /opt/stack/glance/glance/api/middleware/version_negotiation.py:44}}
Aug 13 06:06:07.394768 np0000007163 devstack@g-api.service[103080]: DEBUG glance.api.middleware.version_negotiation [None req-d6bd7cc8-0cf1-4371-bad6-5c503b55bac9 tempest-VolumesActionsTest-568467348 tempest-VolumesActionsTest-568467348-project-member] Using url versioning {{(pid=103080) process_request /opt/stack/glance/glance/api/middleware/version_negotiation.py:57}}
Aug 13 06:06:07.394768 np0000007163 devstack@g-api.service[103080]: DEBUG glance.api.middleware.version_negotiation [None req-d6bd7cc8-0cf1-4371-bad6-5c503b55bac9 tempest-VolumesActionsTest-568467348 tempest-VolumesActionsTest-568467348-project-member] Matched version: v2 {{(pid=103080) process_request /opt/stack/glance/glance/api/middleware/version_negotiation.py:69}}
Aug 13 06:06:07.394860 np0000007163 devstack@g-api.service[103080]: DEBUG glance.api.middleware.version_negotiation [None req-d6bd7cc8-0cf1-4371-bad6-5c503b55bac9 tempest-VolumesActionsTest-568467348 tempest-VolumesActionsTest-568467348-project-member] new path /v2/schemas/image {{(pid=103080) process_request /opt/stack/glance/glance/api/middleware/version_negotiation.py:70}}
Aug 13 06:06:07.397156 np0000007163 devstack@g-api.service[103080]: [pid: 103080|app: 0|req: 74/282] 127.0.0.1 () {44 vars in 1055 bytes} [Thu Aug 13 06:06:07 2026] GET /v2/schemas/image => generated 6083 bytes in 3 msecs (HTTP/1.1 200) 4 headers in 158 bytes (1 switches on core 0)
Aug 13 06:06:07.408123 np0000007163 devstack@g-api.service[103083]: DEBUG glance.api.middleware.version_negotiation [None req-c5b16273-fe83-4163-a296-f9e16321e240 tempest-VolumesActionsTest-568467348 tempest-VolumesActionsTest-568467348-project-member] Determining version of request: GET /v2/schemas/image Accept: */* {{(pid=103083) process_request /opt/stack/glance/glance/api/middleware/version_negotiation.py:44}}
Aug 13 06:06:07.408325 np0000007163 devstack@g-api.service[103083]: DEBUG glance.api.middleware.version_negotiation [None req-c5b16273-fe83-4163-a296-f9e16321e240 tempest-VolumesActionsTest-568467348 tempest-VolumesActionsTest-568467348-project-member] Using url versioning {{(pid=103083) process_request /opt/stack/glance/glance/api/middleware/version_negotiation.py:57}}
Aug 13 06:06:07.408442 np0000007163 devstack@g-api.service[103083]: DEBUG glance.api.middleware.version_negotiation [None req-c5b16273-fe83-4163-a296-f9e16321e240 tempest-VolumesActionsTest-568467348 tempest-VolumesActionsTest-568467348-project-member] Matched version: v2 {{(pid=103083) process_request /opt/stack/glance/glance/api/middleware/version_negotiation.py:69}}
Aug 13 06:06:07.408951 np0000007163 devstack@g-api.service[103083]: DEBUG glance.api.middleware.version_negotiation [None req-c5b16273-fe83-4163-a296-f9e16321e240 tempest-VolumesActionsTest-568467348 tempest-VolumesActionsTest-568467348-project-member] new path /v2/schemas/image {{(pid=103083) process_request /opt/stack/glance/glance/api/middleware/version_negotiation.py:70}}
Aug 13 06:06:07.411502 np0000007163 devstack@g-api.service[103083]: [pid: 103083|app: 0|req: 72/283] 127.0.0.1 () {44 vars in 1055 bytes} [Thu Aug 13 06:06:07 2026] GET /v2/schemas/image => generated 6083 bytes in 5 msecs (HTTP/1.1 200) 4 headers in 158 bytes (1 switches on core 0)
Aug 13 06:06:07.421154 np0000007163 devstack@g-api.service[103082]: DEBUG glance.api.middleware.version_negotiation [None req-7247d649-0157-4086-a370-a7a7c20d8960 tempest-ServerActionsV293TestJSON-1647423205 tempest-ServerActionsV293TestJSON-1647423205-project-member] Determining version of request: GET /v2/images/bcc3fff6-3f04-4f78-90dc-2c99a667b3c9 Accept: */* {{(pid=103082) process_request /opt/stack/glance/glance/api/middleware/version_negotiation.py:44}}
Aug 13 06:06:07.421154 np0000007163 devstack@g-api.service[103082]: DEBUG glance.api.middleware.version_negotiation [None req-7247d649-0157-4086-a370-a7a7c20d8960 tempest-ServerActionsV293TestJSON-1647423205 tempest-ServerActionsV293TestJSON-1647423205-project-member] Using url versioning {{(pid=103082) process_request /opt/stack/glance/glance/api/middleware/version_negotiation.py:57}}
Aug 13 06:06:07.421154 np0000007163 devstack@g-api.service[103082]: DEBUG glance.api.middleware.version_negotiation [None req-7247d649-0157-4086-a370-a7a7c20d8960 tempest-ServerActionsV293TestJSON-1647423205 tempest-ServerActionsV293TestJSON-1647423205-project-member] Matched version: v2 {{(pid=103082) process_request /opt/stack/glance/glance/api/middleware/version_negotiation.py:69}}
Aug 13 06:06:07.421471 np0000007163 devstack@g-api.service[103082]: DEBUG glance.api.middleware.version_negotiation [None req-7247d649-0157-4086-a370-a7a7c20d8960 tempest-ServerActionsV293TestJSON-1647423205 tempest-ServerActionsV293TestJSON-1647423205-project-member] new path /v2/images/bcc3fff6-3f04-4f78-90dc-2c99a667b3c9 {{(pid=103082) process_request /opt/stack/glance/glance/api/middleware/version_negotiation.py:70}}
Aug 13 06:06:07.433548 np0000007163 devstack@g-api.service[103082]: [pid: 103082|app: 0|req: 69/284] 127.0.0.1 () {44 vars in 1115 bytes} [Thu Aug 13 06:06:07 2026] GET /v2/images/bcc3fff6-3f04-4f78-90dc-2c99a667b3c9 => generated 1044 bytes in 9 msecs (HTTP/1.1 200) 4 headers in 158 bytes (1 switches on core 0)
Aug 13 06:06:07.441101 np0000007163 devstack@g-api.service[103081]: DEBUG glance.api.middleware.cache [None req-07033190-a9e2-42e9-8b01-f1971bd7ef3d tempest-AttachVolumeShelveTestJSON-867291898 tempest-AttachVolumeShelveTestJSON-867291898-project-member] Removing image c333dd2e-7d94-4c32-8880-b3c1477de1e3 from cache {{(pid=103081) _process_DELETE_response /opt/stack/glance/glance/api/middleware/cache.py:264}}
Aug 13 06:06:07.441334 np0000007163 devstack@g-api.service[103081]: DEBUG glance.image_cache.drivers.centralized_db [None req-07033190-a9e2-42e9-8b01-f1971bd7ef3d tempest-AttachVolumeShelveTestJSON-867291898 tempest-AttachVolumeShelveTestJSON-867291898-project-member] Deleting image cache file '/opt/stack/data/glance/cache/c333dd2e-7d94-4c32-8880-b3c1477de1e3' {{(pid=103081) delete_cached_file /opt/stack/glance/glance/image_cache/drivers/centralized_db.py:400}}
Aug 13 06:06:07.444204 np0000007163 devstack@g-api.service[103080]: DEBUG glance.api.middleware.version_negotiation [None req-7247d649-0157-4086-a370-a7a7c20d8960 tempest-ServerActionsV293TestJSON-1647423205 tempest-ServerActionsV293TestJSON-1647423205-project-member] Determining version of request: GET /v2/schemas/image Accept: */* {{(pid=103080) process_request /opt/stack/glance/glance/api/middleware/version_negotiation.py:44}}
Aug 13 06:06:07.444399 np0000007163 devstack@g-api.service[103080]: DEBUG glance.api.middleware.version_negotiation [None req-7247d649-0157-4086-a370-a7a7c20d8960 tempest-ServerActionsV293TestJSON-1647423205 tempest-ServerActionsV293TestJSON-1647423205-project-member] Using url versioning {{(pid=103080) process_request /opt/stack/glance/glance/api/middleware/version_negotiation.py:57}}
Aug 13 06:06:07.444537 np0000007163 devstack@g-api.service[103080]: DEBUG glance.api.middleware.version_negotiation [None req-7247d649-0157-4086-a370-a7a7c20d8960 tempest-ServerActionsV293TestJSON-1647423205 tempest-ServerActionsV293TestJSON-1647423205-project-member] Matched version: v2 {{(pid=103080) process_request /opt/stack/glance/glance/api/middleware/version_negotiation.py:69}}
Aug 13 06:06:07.444633 np0000007163 devstack@g-api.service[103080]: DEBUG glance.api.middleware.version_negotiation [None req-7247d649-0157-4086-a370-a7a7c20d8960 tempest-ServerActionsV293TestJSON-1647423205 tempest-ServerActionsV293TestJSON-1647423205-project-member] new path /v2/schemas/image {{(pid=103080) process_request /opt/stack/glance/glance/api/middleware/version_negotiation.py:70}}
Aug 13 06:06:07.447429 np0000007163 devstack@g-api.service[103080]: [pid: 103080|app: 0|req: 75/285] 127.0.0.1 () {44 vars in 1055 bytes} [Thu Aug 13 06:06:07 2026] GET /v2/schemas/image => generated 6083 bytes in 3 msecs (HTTP/1.1 200) 4 headers in 158 bytes (1 switches on core 0)
Aug 13 06:06:07.456547 np0000007163 devstack@g-api.service[103083]: DEBUG glance.api.middleware.version_negotiation [None req-7247d649-0157-4086-a370-a7a7c20d8960 tempest-ServerActionsV293TestJSON-1647423205 tempest-ServerActionsV293TestJSON-1647423205-project-member] Determining version of request: GET /v2/schemas/image Accept: */* {{(pid=103083) process_request /opt/stack/glance/glance/api/middleware/version_negotiation.py:44}}
Aug 13 06:06:07.456718 np0000007163 devstack@g-api.service[103083]: DEBUG glance.api.middleware.version_negotiation [None req-7247d649-0157-4086-a370-a7a7c20d8960 tempest-ServerActionsV293TestJSON-1647423205 tempest-ServerActionsV293TestJSON-1647423205-project-member] Using url versioning {{(pid=103083) process_request /opt/stack/glance/glance/api/middleware/version_negotiation.py:57}}
Aug 13 06:06:07.456854 np0000007163 devstack@g-api.service[103083]: DEBUG glance.api.middleware.version_negotiation [None req-7247d649-0157-4086-a370-a7a7c20d8960 tempest-ServerActionsV293TestJSON-1647423205 tempest-ServerActionsV293TestJSON-1647423205-project-member] Matched version: v2 {{(pid=103083) process_request /opt/stack/glance/glance/api/middleware/version_negotiation.py:69}}
Aug 13 06:06:07.456967 np0000007163 devstack@g-api.service[103083]: DEBUG glance.api.middleware.version_negotiation [None req-7247d649-0157-4086-a370-a7a7c20d8960 tempest-ServerActionsV293TestJSON-1647423205 tempest-ServerActionsV293TestJSON-1647423205-project-member] new path /v2/schemas/image {{(pid=103083) process_request /opt/stack/glance/glance/api/middleware/version_negotiation.py:70}}
Aug 13 06:06:07.460215 np0000007163 devstack@g-api.service[103083]: [pid: 103083|app: 0|req: 73/286] 127.0.0.1 () {44 vars in 1055 bytes} [Thu Aug 13 06:06:07 2026] GET /v2/schemas/image => generated 6083 bytes in 3 msecs (HTTP/1.1 200) 4 headers in 158 bytes (1 switches on core 0)
Aug 13 06:06:07.461067 np0000007163 devstack@g-api.service[103081]: [pid: 103081|app: 0|req: 70/287] 127.0.0.1 () {46 vars in 1137 bytes} [Thu Aug 13 06:06:07 2026] DELETE /v2/images/c333dd2e-7d94-4c32-8880-b3c1477de1e3 => generated 0 bytes in 417 msecs (HTTP/1.1 204) 4 headers in 171 bytes (1 switches on core 0)
Aug 13 06:06:07.485768 np0000007163 devstack@g-api.service[103082]: DEBUG glance.api.middleware.version_negotiation [None req-7247d649-0157-4086-a370-a7a7c20d8960 tempest-ServerActionsV293TestJSON-1647423205 tempest-ServerActionsV293TestJSON-1647423205-project-member] Determining version of request: GET /v2/images/bcc3fff6-3f04-4f78-90dc-2c99a667b3c9 Accept: */* {{(pid=103082) process_request /opt/stack/glance/glance/api/middleware/version_negotiation.py:44}}
Aug 13 06:06:07.485768 np0000007163 devstack@g-api.service[103082]: DEBUG glance.api.middleware.version_negotiation [None req-7247d649-0157-4086-a370-a7a7c20d8960 tempest-ServerActionsV293TestJSON-1647423205 tempest-ServerActionsV293TestJSON-1647423205-project-member] Using url versioning {{(pid=103082) process_request /opt/stack/glance/glance/api/middleware/version_negotiation.py:57}}
Aug 13 06:06:07.485768 np0000007163 devstack@g-api.service[103082]: DEBUG glance.api.middleware.version_negotiation [None req-7247d649-0157-4086-a370-a7a7c20d8960 tempest-ServerActionsV293TestJSON-1647423205 tempest-ServerActionsV293TestJSON-1647423205-project-member] Matched version: v2 {{(pid=103082) process_request /opt/stack/glance/glance/api/middleware/version_negotiation.py:69}}
Aug 13 06:06:07.485768 np0000007163 devstack@g-api.service[103082]: DEBUG glance.api.middleware.version_negotiation [None req-7247d649-0157-4086-a370-a7a7c20d8960 tempest-ServerActionsV293TestJSON-1647423205 tempest-ServerActionsV293TestJSON-1647423205-project-member] new path /v2/images/bcc3fff6-3f04-4f78-90dc-2c99a667b3c9 {{(pid=103082) process_request /opt/stack/glance/glance/api/middleware/version_negotiation.py:70}}
Aug 13 06:06:07.504521 np0000007163 devstack@g-api.service[103082]: [pid: 103082|app: 0|req: 70/288] 127.0.0.1 () {44 vars in 1115 bytes} [Thu Aug 13 06:06:07 2026] GET /v2/images/bcc3fff6-3f04-4f78-90dc-2c99a667b3c9 => generated 1044 bytes in 20 msecs (HTTP/1.1 200) 4 headers in 158 bytes (1 switches on core 0)
Aug 13 06:06:07.514754 np0000007163 devstack@g-api.service[103080]: DEBUG glance.api.middleware.version_negotiation [None req-7247d649-0157-4086-a370-a7a7c20d8960 tempest-ServerActionsV293TestJSON-1647423205 tempest-ServerActionsV293TestJSON-1647423205-project-member] Determining version of request: GET /v2/schemas/image Accept: */* {{(pid=103080) process_request /opt/stack/glance/glance/api/middleware/version_negotiation.py:44}}
Aug 13 06:06:07.517197 np0000007163 devstack@g-api.service[103080]: DEBUG glance.api.middleware.version_negotiation [None req-7247d649-0157-4086-a370-a7a7c20d8960 tempest-ServerActionsV293TestJSON-1647423205 tempest-ServerActionsV293TestJSON-1647423205-project-member] Using url versioning {{(pid=103080) process_request /opt/stack/glance/glance/api/middleware/version_negotiation.py:57}}
Aug 13 06:06:07.517197 np0000007163 devstack@g-api.service[103080]: DEBUG glance.api.middleware.version_negotiation [None req-7247d649-0157-4086-a370-a7a7c20d8960 tempest-ServerActionsV293TestJSON-1647423205 tempest-ServerActionsV293TestJSON-1647423205-project-member] Matched version: v2 {{(pid=103080) process_request /opt/stack/glance/glance/api/middleware/version_negotiation.py:69}}
Aug 13 06:06:07.517197 np0000007163 devstack@g-api.service[103080]: DEBUG glance.api.middleware.version_negotiation [None req-7247d649-0157-4086-a370-a7a7c20d8960 tempest-ServerActionsV293TestJSON-1647423205 tempest-ServerActionsV293TestJSON-1647423205-project-member] new path /v2/schemas/image {{(pid=103080) process_request /opt/stack/glance/glance/api/middleware/version_negotiation.py:70}}
Aug 13 06:06:07.517428 np0000007163 devstack@g-api.service[103080]: [pid: 103080|app: 0|req: 76/289] 127.0.0.1 () {44 vars in 1055 bytes} [Thu Aug 13 06:06:07 2026] GET /v2/schemas/image => generated 6083 bytes in 3 msecs (HTTP/1.1 200) 4 headers in 158 bytes (1 switches on core 0)
Aug 13 06:06:08.032863 np0000007163 devstack@g-api.service[103083]: DEBUG glance.api.middleware.version_negotiation [None req-7247d649-0157-4086-a370-a7a7c20d8960 tempest-ServerActionsV293TestJSON-1647423205 tempest-ServerActionsV293TestJSON-1647423205-project-member] Determining version of request: GET /versions Accept: */* {{(pid=103083) process_request /opt/stack/glance/glance/api/middleware/version_negotiation.py:44}}
Aug 13 06:06:08.034673 np0000007163 devstack@g-api.service[103083]: [pid: 103083|app: 0|req: 74/290] 127.0.0.1 () {44 vars in 1039 bytes} [Thu Aug 13 06:06:08 2026] GET /versions => generated 1515 bytes in 2 msecs (HTTP/1.1 200) 3 headers in 92 bytes (1 switches on core 0)
Aug 13 06:06:08.041625 np0000007163 devstack@g-api.service[103081]: DEBUG glance.api.middleware.version_negotiation [None req-07033190-a9e2-42e9-8b01-f1971bd7ef3d tempest-AttachVolumeShelveTestJSON-867291898 tempest-AttachVolumeShelveTestJSON-867291898-project-member] Determining version of request: GET /v2/images/bcc3fff6-3f04-4f78-90dc-2c99a667b3c9/locations Accept: */* {{(pid=103081) process_request /opt/stack/glance/glance/api/middleware/version_negotiation.py:44}}
Aug 13 06:06:08.041854 np0000007163 devstack@g-api.service[103081]: DEBUG glance.api.middleware.version_negotiation [None req-07033190-a9e2-42e9-8b01-f1971bd7ef3d tempest-AttachVolumeShelveTestJSON-867291898 tempest-AttachVolumeShelveTestJSON-867291898-project-member] Using url versioning {{(pid=103081) process_request /opt/stack/glance/glance/api/middleware/version_negotiation.py:57}}
Aug 13 06:06:08.042055 np0000007163 devstack@g-api.service[103081]: DEBUG glance.api.middleware.version_negotiation [None req-07033190-a9e2-42e9-8b01-f1971bd7ef3d tempest-AttachVolumeShelveTestJSON-867291898 tempest-AttachVolumeShelveTestJSON-867291898-project-member] Matched version: v2 {{(pid=103081) process_request /opt/stack/glance/glance/api/middleware/version_negotiation.py:69}}
Aug 13 06:06:08.042152 np0000007163 devstack@g-api.service[103081]: DEBUG glance.api.middleware.version_negotiation [None req-07033190-a9e2-42e9-8b01-f1971bd7ef3d tempest-AttachVolumeShelveTestJSON-867291898 tempest-AttachVolumeShelveTestJSON-867291898-project-member] new path /v2/images/bcc3fff6-3f04-4f78-90dc-2c99a667b3c9/locations {{(pid=103081) process_request /opt/stack/glance/glance/api/middleware/version_negotiation.py:70}}
Aug 13 06:06:08.139625 np0000007163 devstack@g-api.service[103081]: [pid: 103081|app: 0|req: 71/291] 127.0.0.1 () {44 vars in 1135 bytes} [Thu Aug 13 06:06:08 2026] GET /v2/images/bcc3fff6-3f04-4f78-90dc-2c99a667b3c9/locations => generated 92 bytes in 98 msecs (HTTP/1.1 200) 4 headers in 156 bytes (1 switches on core 0)
Aug 13 06:06:08.152925 np0000007163 devstack@g-api.service[103082]: DEBUG glance.api.middleware.version_negotiation [None req-7247d649-0157-4086-a370-a7a7c20d8960 tempest-ServerActionsV293TestJSON-1647423205 tempest-ServerActionsV293TestJSON-1647423205-project-member] Determining version of request: GET /v2/images/bcc3fff6-3f04-4f78-90dc-2c99a667b3c9 Accept: */* {{(pid=103082) process_request /opt/stack/glance/glance/api/middleware/version_negotiation.py:44}}
Aug 13 06:06:08.153082 np0000007163 devstack@g-api.service[103082]: DEBUG glance.api.middleware.version_negotiation [None req-7247d649-0157-4086-a370-a7a7c20d8960 tempest-ServerActionsV293TestJSON-1647423205 tempest-ServerActionsV293TestJSON-1647423205-project-member] Using url versioning {{(pid=103082) process_request /opt/stack/glance/glance/api/middleware/version_negotiation.py:57}}
Aug 13 06:06:08.153229 np0000007163 devstack@g-api.service[103082]: DEBUG glance.api.middleware.version_negotiation [None req-7247d649-0157-4086-a370-a7a7c20d8960 tempest-ServerActionsV293TestJSON-1647423205 tempest-ServerActionsV293TestJSON-1647423205-project-member] Matched version: v2 {{(pid=103082) process_request /opt/stack/glance/glance/api/middleware/version_negotiation.py:69}}
Aug 13 06:06:08.153336 np0000007163 devstack@g-api.service[103082]: DEBUG glance.api.middleware.version_negotiation [None req-7247d649-0157-4086-a370-a7a7c20d8960 tempest-ServerActionsV293TestJSON-1647423205 tempest-ServerActionsV293TestJSON-1647423205-project-member] new path /v2/images/bcc3fff6-3f04-4f78-90dc-2c99a667b3c9 {{(pid=103082) process_request /opt/stack/glance/glance/api/middleware/version_negotiation.py:70}}
Aug 13 06:06:08.165890 np0000007163 devstack@g-api.service[103082]: [pid: 103082|app: 0|req: 71/292] 127.0.0.1 () {44 vars in 1115 bytes} [Thu Aug 13 06:06:08 2026] GET /v2/images/bcc3fff6-3f04-4f78-90dc-2c99a667b3c9 => generated 1044 bytes in 13 msecs (HTTP/1.1 200) 4 headers in 158 bytes (1 switches on core 0)
Aug 13 06:06:08.174965 np0000007163 devstack@g-api.service[103080]: DEBUG glance.api.middleware.version_negotiation [None req-7247d649-0157-4086-a370-a7a7c20d8960 tempest-ServerActionsV293TestJSON-1647423205 tempest-ServerActionsV293TestJSON-1647423205-project-member] Determining version of request: GET /v2/schemas/image Accept: */* {{(pid=103080) process_request /opt/stack/glance/glance/api/middleware/version_negotiation.py:44}}
Aug 13 06:06:08.175149 np0000007163 devstack@g-api.service[103080]: DEBUG glance.api.middleware.version_negotiation [None req-7247d649-0157-4086-a370-a7a7c20d8960 tempest-ServerActionsV293TestJSON-1647423205 tempest-ServerActionsV293TestJSON-1647423205-project-member] Using url versioning {{(pid=103080) process_request /opt/stack/glance/glance/api/middleware/version_negotiation.py:57}}
Aug 13 06:06:08.175301 np0000007163 devstack@g-api.service[103080]: DEBUG glance.api.middleware.version_negotiation [None req-7247d649-0157-4086-a370-a7a7c20d8960 tempest-ServerActionsV293TestJSON-1647423205 tempest-ServerActionsV293TestJSON-1647423205-project-member] Matched version: v2 {{(pid=103080) process_request /opt/stack/glance/glance/api/middleware/version_negotiation.py:69}}
Aug 13 06:06:08.176094 np0000007163 devstack@g-api.service[103080]: DEBUG glance.api.middleware.version_negotiation [None req-7247d649-0157-4086-a370-a7a7c20d8960 tempest-ServerActionsV293TestJSON-1647423205 tempest-ServerActionsV293TestJSON-1647423205-project-member] new path /v2/schemas/image {{(pid=103080) process_request /opt/stack/glance/glance/api/middleware/version_negotiation.py:70}}
