Aug 13 06:01:02.016693 np0000007163 nova-conductor[99077]: DEBUG cotyledon.oslo_config_glue [-] workarounds.disable_group_policy_check_upcall = False {{(pid=99077) log_opt_values /opt/stack/data/venv/lib/python3.12/site-packages/oslo_config/cfg.py:3545}}
Aug 13 06:01:02.016693 np0000007163 nova-conductor[99077]: DEBUG cotyledon.oslo_config_glue [-] workarounds.disable_libvirt_livesnapshot = False {{(pid=99077) log_opt_values /opt/stack/data/venv/lib/python3.12/site-packages/oslo_config/cfg.py:3545}}
Aug 13 06:01:02.016693 np0000007163 nova-conductor[99077]: DEBUG cotyledon.oslo_config_glue [-] workarounds.disable_rootwrap = False {{(pid=99077) log_opt_values /opt/stack/data/venv/lib/python3.12/site-packages/oslo_config/cfg.py:3545}}
Aug 13 06:01:02.016961 np0000007163 nova-conductor[99077]: DEBUG cotyledon.oslo_config_glue [-] workarounds.enable_numa_live_migration = False {{(pid=99077) log_opt_values /opt/stack/data/venv/lib/python3.12/site-packages/oslo_config/cfg.py:3545}}
Aug 13 06:01:02.016961 np0000007163 nova-conductor[99077]: DEBUG cotyledon.oslo_config_glue [-] workarounds.enable_qemu_monitor_announce_self = False {{(pid=99077) log_opt_values /opt/stack/data/venv/lib/python3.12/site-packages/oslo_config/cfg.py:3545}}
Aug 13 06:01:02.016961 np0000007163 nova-conductor[99077]: DEBUG cotyledon.oslo_config_glue [-] workarounds.ensure_libvirt_rbd_instance_dir_cleanup = False {{(pid=99077) log_opt_values /opt/stack/data/venv/lib/python3.12/site-packages/oslo_config/cfg.py:3545}}
Aug 13 06:01:02.016961 np0000007163 nova-conductor[99077]: DEBUG cotyledon.oslo_config_glue [-] workarounds.handle_virt_lifecycle_events = True {{(pid=99077) log_opt_values /opt/stack/data/venv/lib/python3.12/site-packages/oslo_config/cfg.py:3545}}
Aug 13 06:01:02.016961 np0000007163 nova-conductor[99077]: DEBUG cotyledon.oslo_config_glue [-] workarounds.libvirt_disable_apic = False {{(pid=99077) log_opt_values /opt/stack/data/venv/lib/python3.12/site-packages/oslo_config/cfg.py:3545}}
Aug 13 06:01:02.016961 np0000007163 nova-conductor[99077]: DEBUG cotyledon.oslo_config_glue [-] workarounds.never_download_image_if_on_rbd = False {{(pid=99077) log_opt_values /opt/stack/data/venv/lib/python3.12/site-packages/oslo_config/cfg.py:3545}}
Aug 13 06:01:02.016961 np0000007163 nova-conductor[99077]: DEBUG cotyledon.oslo_config_glue [-] workarounds.qemu_monitor_announce_self_count = 3 {{(pid=99077) log_opt_values /opt/stack/data/venv/lib/python3.12/site-packages/oslo_config/cfg.py:3545}}
Aug 13 06:01:02.016961 np0000007163 nova-conductor[99077]: DEBUG cotyledon.oslo_config_glue [-] workarounds.qemu_monitor_announce_self_interval = 1 {{(pid=99077) log_opt_values /opt/stack/data/venv/lib/python3.12/site-packages/oslo_config/cfg.py:3545}}
Aug 13 06:01:02.016961 np0000007163 nova-conductor[99077]: DEBUG cotyledon.oslo_config_glue [-] workarounds.reserve_disk_resource_for_image_cache = False {{(pid=99077) log_opt_values /opt/stack/data/venv/lib/python3.12/site-packages/oslo_config/cfg.py:3545}}
Aug 13 06:01:02.017246 np0000007163 nova-conductor[99077]: DEBUG cotyledon.oslo_config_glue [-] workarounds.skip_cpu_compare_at_startup = False {{(pid=99077) log_opt_values /opt/stack/data/venv/lib/python3.12/site-packages/oslo_config/cfg.py:3545}}
Aug 13 06:01:02.017246 np0000007163 nova-conductor[99077]: DEBUG cotyledon.oslo_config_glue [-] workarounds.skip_cpu_compare_on_dest = False {{(pid=99077) log_opt_values /opt/stack/data/venv/lib/python3.12/site-packages/oslo_config/cfg.py:3545}}
Aug 13 06:01:02.017246 np0000007163 nova-conductor[99077]: DEBUG cotyledon.oslo_config_glue [-] workarounds.skip_hypervisor_version_check_on_lm = False {{(pid=99077) log_opt_values /opt/stack/data/venv/lib/python3.12/site-packages/oslo_config/cfg.py:3545}}
Aug 13 06:01:02.017246 np0000007163 nova-conductor[99077]: DEBUG cotyledon.oslo_config_glue [-] workarounds.skip_reserve_in_use_ironic_nodes = False {{(pid=99077) log_opt_values /opt/stack/data/venv/lib/python3.12/site-packages/oslo_config/cfg.py:3545}}
Aug 13 06:01:02.017246 np0000007163 nova-conductor[99077]: DEBUG cotyledon.oslo_config_glue [-] workarounds.unified_limits_count_pcpu_as_vcpu = False {{(pid=99077) log_opt_values /opt/stack/data/venv/lib/python3.12/site-packages/oslo_config/cfg.py:3545}}
Aug 13 06:01:02.017246 np0000007163 nova-conductor[99077]: DEBUG cotyledon.oslo_config_glue [-] workarounds.wait_for_vif_plugged_event_during_hard_reboot = [] {{(pid=99077) log_opt_values /opt/stack/data/venv/lib/python3.12/site-packages/oslo_config/cfg.py:3545}}
Aug 13 06:01:02.017246 np0000007163 nova-conductor[99077]: DEBUG cotyledon.oslo_config_glue [-] wsgi.api_paste_config = /etc/nova/api-paste.ini {{(pid=99077) log_opt_values /opt/stack/data/venv/lib/python3.12/site-packages/oslo_config/cfg.py:3545}}
Aug 13 06:01:02.017246 np0000007163 nova-conductor[99077]: DEBUG cotyledon.oslo_config_glue [-] wsgi.secure_proxy_ssl_header = None {{(pid=99077) log_opt_values /opt/stack/data/venv/lib/python3.12/site-packages/oslo_config/cfg.py:3545}}
Aug 13 06:01:02.017246 np0000007163 nova-conductor[99077]: DEBUG cotyledon.oslo_config_glue [-] zvm.ca_file = None {{(pid=99077) log_opt_values /opt/stack/data/venv/lib/python3.12/site-packages/oslo_config/cfg.py:3545}}
Aug 13 06:01:02.017527 np0000007163 nova-conductor[99077]: DEBUG cotyledon.oslo_config_glue [-] zvm.cloud_connector_url = None {{(pid=99077) log_opt_values /opt/stack/data/venv/lib/python3.12/site-packages/oslo_config/cfg.py:3545}}
Aug 13 06:01:02.017527 np0000007163 nova-conductor[99077]: DEBUG cotyledon.oslo_config_glue [-] zvm.image_tmp_path = /opt/stack/data/nova/images {{(pid=99077) log_opt_values /opt/stack/data/venv/lib/python3.12/site-packages/oslo_config/cfg.py:3545}}
Aug 13 06:01:02.017527 np0000007163 nova-conductor[99077]: DEBUG cotyledon.oslo_config_glue [-] zvm.reachable_timeout = 300 {{(pid=99077) log_opt_values /opt/stack/data/venv/lib/python3.12/site-packages/oslo_config/cfg.py:3545}}
Aug 13 06:01:02.017527 np0000007163 nova-conductor[99077]: DEBUG cotyledon.oslo_config_glue [-] oslo_versionedobjects.fatal_exception_format_errors = False {{(pid=99077) log_opt_values /opt/stack/data/venv/lib/python3.12/site-packages/oslo_config/cfg.py:3545}}
Aug 13 06:01:02.017527 np0000007163 nova-conductor[99077]: DEBUG cotyledon.oslo_config_glue [-] oslo_middleware.http_basic_auth_user_file = /etc/htpasswd {{(pid=99077) log_opt_values /opt/stack/data/venv/lib/python3.12/site-packages/oslo_config/cfg.py:3545}}
Aug 13 06:01:02.017527 np0000007163 nova-conductor[99077]: DEBUG cotyledon.oslo_config_glue [-] profiler.connection_string = messaging:// {{(pid=99077) log_opt_values /opt/stack/data/venv/lib/python3.12/site-packages/oslo_config/cfg.py:3545}}
Aug 13 06:01:02.017527 np0000007163 nova-conductor[99077]: DEBUG cotyledon.oslo_config_glue [-] profiler.enabled = False {{(pid=99077) log_opt_values /opt/stack/data/venv/lib/python3.12/site-packages/oslo_config/cfg.py:3545}}
Aug 13 06:01:02.017527 np0000007163 nova-conductor[99077]: DEBUG cotyledon.oslo_config_glue [-] profiler.es_doc_type = notification {{(pid=99077) log_opt_values /opt/stack/data/venv/lib/python3.12/site-packages/oslo_config/cfg.py:3545}}
Aug 13 06:01:02.017527 np0000007163 nova-conductor[99077]: DEBUG cotyledon.oslo_config_glue [-] profiler.es_scroll_size = 10000 {{(pid=99077) log_opt_values /opt/stack/data/venv/lib/python3.12/site-packages/oslo_config/cfg.py:3545}}
Aug 13 06:01:02.017805 np0000007163 nova-conductor[99077]: DEBUG cotyledon.oslo_config_glue [-] profiler.es_scroll_time = 2m {{(pid=99077) log_opt_values /opt/stack/data/venv/lib/python3.12/site-packages/oslo_config/cfg.py:3545}}
Aug 13 06:01:02.017805 np0000007163 nova-conductor[99077]: DEBUG cotyledon.oslo_config_glue [-] profiler.filter_error_trace = False {{(pid=99077) log_opt_values /opt/stack/data/venv/lib/python3.12/site-packages/oslo_config/cfg.py:3545}}
Aug 13 06:01:02.017805 np0000007163 nova-conductor[99077]: DEBUG cotyledon.oslo_config_glue [-] profiler.hmac_keys = **** {{(pid=99077) log_opt_values /opt/stack/data/venv/lib/python3.12/site-packages/oslo_config/cfg.py:3545}}
Aug 13 06:01:02.017805 np0000007163 nova-conductor[99077]: DEBUG cotyledon.oslo_config_glue [-] profiler.sentinel_service_name = mymaster {{(pid=99077) log_opt_values /opt/stack/data/venv/lib/python3.12/site-packages/oslo_config/cfg.py:3545}}
Aug 13 06:01:02.017805 np0000007163 nova-conductor[99077]: DEBUG cotyledon.oslo_config_glue [-] profiler.socket_timeout = 0.1 {{(pid=99077) log_opt_values /opt/stack/data/venv/lib/python3.12/site-packages/oslo_config/cfg.py:3545}}
Aug 13 06:01:02.017805 np0000007163 nova-conductor[99077]: DEBUG cotyledon.oslo_config_glue [-] profiler.trace_requests = False {{(pid=99077) log_opt_values /opt/stack/data/venv/lib/python3.12/site-packages/oslo_config/cfg.py:3545}}
Aug 13 06:01:02.017805 np0000007163 nova-conductor[99077]: DEBUG cotyledon.oslo_config_glue [-] profiler.trace_sqlalchemy = False {{(pid=99077) log_opt_values /opt/stack/data/venv/lib/python3.12/site-packages/oslo_config/cfg.py:3545}}
Aug 13 06:01:02.017805 np0000007163 nova-conductor[99077]: DEBUG cotyledon.oslo_config_glue [-] profiler_jaeger.process_tags = {} {{(pid=99077) log_opt_values /opt/stack/data/venv/lib/python3.12/site-packages/oslo_config/cfg.py:3545}}
Aug 13 06:01:02.017805 np0000007163 nova-conductor[99077]: DEBUG cotyledon.oslo_config_glue [-] profiler_jaeger.service_name_prefix = None {{(pid=99077) log_opt_values /opt/stack/data/venv/lib/python3.12/site-packages/oslo_config/cfg.py:3545}}
Aug 13 06:01:02.018086 np0000007163 nova-conductor[99077]: DEBUG cotyledon.oslo_config_glue [-] profiler_otlp.service_name_prefix = None {{(pid=99077) log_opt_values /opt/stack/data/venv/lib/python3.12/site-packages/oslo_config/cfg.py:3545}}
Aug 13 06:01:02.018086 np0000007163 nova-conductor[99077]: DEBUG cotyledon.oslo_config_glue [-] oslo_messaging_rabbit.amqp_auto_delete = False {{(pid=99077) log_opt_values /opt/stack/data/venv/lib/python3.12/site-packages/oslo_config/cfg.py:3545}}
Aug 13 06:01:02.018086 np0000007163 nova-conductor[99077]: DEBUG cotyledon.oslo_config_glue [-] oslo_messaging_rabbit.amqp_durable_queues = False {{(pid=99077) log_opt_values /opt/stack/data/venv/lib/python3.12/site-packages/oslo_config/cfg.py:3545}}
Aug 13 06:01:02.018086 np0000007163 nova-conductor[99077]: DEBUG cotyledon.oslo_config_glue [-] oslo_messaging_rabbit.conn_pool_min_size = 2 {{(pid=99077) log_opt_values /opt/stack/data/venv/lib/python3.12/site-packages/oslo_config/cfg.py:3545}}
Aug 13 06:01:02.018086 np0000007163 nova-conductor[99077]: DEBUG cotyledon.oslo_config_glue [-] oslo_messaging_rabbit.conn_pool_ttl = 1200 {{(pid=99077) log_opt_values /opt/stack/data/venv/lib/python3.12/site-packages/oslo_config/cfg.py:3545}}
Aug 13 06:01:02.018086 np0000007163 nova-conductor[99077]: DEBUG cotyledon.oslo_config_glue [-] oslo_messaging_rabbit.direct_mandatory_flag = True {{(pid=99077) log_opt_values /opt/stack/data/venv/lib/python3.12/site-packages/oslo_config/cfg.py:3545}}
Aug 13 06:01:02.018086 np0000007163 nova-conductor[99077]: DEBUG cotyledon.oslo_config_glue [-] oslo_messaging_rabbit.enable_cancel_on_failover = False {{(pid=99077) log_opt_values /opt/stack/data/venv/lib/python3.12/site-packages/oslo_config/cfg.py:3545}}
Aug 13 06:01:02.018086 np0000007163 nova-conductor[99077]: DEBUG cotyledon.oslo_config_glue [-] oslo_messaging_rabbit.heartbeat_rate = 3 {{(pid=99077) log_opt_values /opt/stack/data/venv/lib/python3.12/site-packages/oslo_config/cfg.py:3545}}
Aug 13 06:01:02.018086 np0000007163 nova-conductor[99077]: DEBUG cotyledon.oslo_config_glue [-] oslo_messaging_rabbit.heartbeat_timeout_threshold = 60 {{(pid=99077) log_opt_values /opt/stack/data/venv/lib/python3.12/site-packages/oslo_config/cfg.py:3545}}
Aug 13 06:01:02.018379 np0000007163 nova-conductor[99077]: DEBUG cotyledon.oslo_config_glue [-] oslo_messaging_rabbit.hostname = np0000007163 {{(pid=99077) log_opt_values /opt/stack/data/venv/lib/python3.12/site-packages/oslo_config/cfg.py:3545}}
Aug 13 06:01:02.018379 np0000007163 nova-conductor[99077]: DEBUG cotyledon.oslo_config_glue [-] oslo_messaging_rabbit.kombu_compression = None {{(pid=99077) log_opt_values /opt/stack/data/venv/lib/python3.12/site-packages/oslo_config/cfg.py:3545}}
Aug 13 06:01:02.018379 np0000007163 nova-conductor[99077]: DEBUG cotyledon.oslo_config_glue [-] oslo_messaging_rabbit.kombu_failover_strategy = round-robin {{(pid=99077) log_opt_values /opt/stack/data/venv/lib/python3.12/site-packages/oslo_config/cfg.py:3545}}
Aug 13 06:01:02.018379 np0000007163 nova-conductor[99077]: DEBUG cotyledon.oslo_config_glue [-] oslo_messaging_rabbit.kombu_missing_consumer_retry_timeout = 60 {{(pid=99077) log_opt_values /opt/stack/data/venv/lib/python3.12/site-packages/oslo_config/cfg.py:3545}}
Aug 13 06:01:02.018379 np0000007163 nova-conductor[99077]: DEBUG cotyledon.oslo_config_glue [-] oslo_messaging_rabbit.kombu_reconnect_delay = 1.0 {{(pid=99077) log_opt_values /opt/stack/data/venv/lib/python3.12/site-packages/oslo_config/cfg.py:3545}}
Aug 13 06:01:02.018379 np0000007163 nova-conductor[99077]: DEBUG cotyledon.oslo_config_glue [-] oslo_messaging_rabbit.kombu_reconnect_splay = 0.0 {{(pid=99077) log_opt_values /opt/stack/data/venv/lib/python3.12/site-packages/oslo_config/cfg.py:3545}}
Aug 13 06:01:02.018379 np0000007163 nova-conductor[99077]: DEBUG cotyledon.oslo_config_glue [-] oslo_messaging_rabbit.processname = nova-conductor {{(pid=99077) log_opt_values /opt/stack/data/venv/lib/python3.12/site-packages/oslo_config/cfg.py:3545}}
Aug 13 06:01:02.018379 np0000007163 nova-conductor[99077]: DEBUG cotyledon.oslo_config_glue [-] oslo_messaging_rabbit.rabbit_ha_queues = False {{(pid=99077) log_opt_values /opt/stack/data/venv/lib/python3.12/site-packages/oslo_config/cfg.py:3545}}
Aug 13 06:01:02.018379 np0000007163 nova-conductor[99077]: DEBUG cotyledon.oslo_config_glue [-] oslo_messaging_rabbit.rabbit_interval_max = 30 {{(pid=99077) log_opt_values /opt/stack/data/venv/lib/python3.12/site-packages/oslo_config/cfg.py:3545}}
Aug 13 06:01:02.018675 np0000007163 nova-conductor[99077]: DEBUG cotyledon.oslo_config_glue [-] oslo_messaging_rabbit.rabbit_login_method = AMQPLAIN {{(pid=99077) log_opt_values /opt/stack/data/venv/lib/python3.12/site-packages/oslo_config/cfg.py:3545}}
Aug 13 06:01:02.018675 np0000007163 nova-conductor[99077]: DEBUG cotyledon.oslo_config_glue [-] oslo_messaging_rabbit.rabbit_qos_prefetch_count = 0 {{(pid=99077) log_opt_values /opt/stack/data/venv/lib/python3.12/site-packages/oslo_config/cfg.py:3545}}
Aug 13 06:01:02.018675 np0000007163 nova-conductor[99077]: DEBUG cotyledon.oslo_config_glue [-] oslo_messaging_rabbit.rabbit_quorum_delivery_limit = 0 {{(pid=99077) log_opt_values /opt/stack/data/venv/lib/python3.12/site-packages/oslo_config/cfg.py:3545}}
Aug 13 06:01:02.018675 np0000007163 nova-conductor[99077]: DEBUG cotyledon.oslo_config_glue [-] oslo_messaging_rabbit.rabbit_quorum_max_memory_bytes = 0 {{(pid=99077) log_opt_values /opt/stack/data/venv/lib/python3.12/site-packages/oslo_config/cfg.py:3545}}
Aug 13 06:01:02.018675 np0000007163 nova-conductor[99077]: DEBUG cotyledon.oslo_config_glue [-] oslo_messaging_rabbit.rabbit_quorum_max_memory_length = 0 {{(pid=99077) log_opt_values /opt/stack/data/venv/lib/python3.12/site-packages/oslo_config/cfg.py:3545}}
Aug 13 06:01:02.018675 np0000007163 nova-conductor[99077]: DEBUG cotyledon.oslo_config_glue [-] oslo_messaging_rabbit.rabbit_quorum_queue = False {{(pid=99077) log_opt_values /opt/stack/data/venv/lib/python3.12/site-packages/oslo_config/cfg.py:3545}}
Aug 13 06:01:02.018675 np0000007163 nova-conductor[99077]: DEBUG cotyledon.oslo_config_glue [-] oslo_messaging_rabbit.rabbit_retry_backoff = 2 {{(pid=99077) log_opt_values /opt/stack/data/venv/lib/python3.12/site-packages/oslo_config/cfg.py:3545}}
Aug 13 06:01:02.018675 np0000007163 nova-conductor[99077]: DEBUG cotyledon.oslo_config_glue [-] oslo_messaging_rabbit.rabbit_retry_interval = 1 {{(pid=99077) log_opt_values /opt/stack/data/venv/lib/python3.12/site-packages/oslo_config/cfg.py:3545}}
Aug 13 06:01:02.018675 np0000007163 nova-conductor[99077]: DEBUG cotyledon.oslo_config_glue [-] oslo_messaging_rabbit.rabbit_stream_fanout = False {{(pid=99077) log_opt_values /opt/stack/data/venv/lib/python3.12/site-packages/oslo_config/cfg.py:3545}}
Aug 13 06:01:02.018970 np0000007163 nova-conductor[99077]: DEBUG cotyledon.oslo_config_glue [-] oslo_messaging_rabbit.rabbit_transient_queues_ttl = 1800 {{(pid=99077) log_opt_values /opt/stack/data/venv/lib/python3.12/site-packages/oslo_config/cfg.py:3545}}
Aug 13 06:01:02.018970 np0000007163 nova-conductor[99077]: DEBUG cotyledon.oslo_config_glue [-] oslo_messaging_rabbit.rabbit_transient_quorum_queue = False {{(pid=99077) log_opt_values /opt/stack/data/venv/lib/python3.12/site-packages/oslo_config/cfg.py:3545}}
Aug 13 06:01:02.018970 np0000007163 nova-conductor[99077]: DEBUG cotyledon.oslo_config_glue [-] oslo_messaging_rabbit.rpc_conn_pool_size = 30 {{(pid=99077) log_opt_values /opt/stack/data/venv/lib/python3.12/site-packages/oslo_config/cfg.py:3545}}
Aug 13 06:01:02.018970 np0000007163 nova-conductor[99077]: DEBUG cotyledon.oslo_config_glue [-] oslo_messaging_rabbit.ssl = False {{(pid=99077) log_opt_values /opt/stack/data/venv/lib/python3.12/site-packages/oslo_config/cfg.py:3545}}
Aug 13 06:01:02.018970 np0000007163 nova-conductor[99077]: DEBUG cotyledon.oslo_config_glue [-] oslo_messaging_rabbit.ssl_ca_file = {{(pid=99077) log_opt_values /opt/stack/data/venv/lib/python3.12/site-packages/oslo_config/cfg.py:3545}}
Aug 13 06:01:02.018970 np0000007163 nova-conductor[99077]: DEBUG cotyledon.oslo_config_glue [-] oslo_messaging_rabbit.ssl_cert_file = {{(pid=99077) log_opt_values /opt/stack/data/venv/lib/python3.12/site-packages/oslo_config/cfg.py:3545}}
Aug 13 06:01:02.018970 np0000007163 nova-conductor[99077]: DEBUG cotyledon.oslo_config_glue [-] oslo_messaging_rabbit.ssl_enforce_fips_mode = False {{(pid=99077) log_opt_values /opt/stack/data/venv/lib/python3.12/site-packages/oslo_config/cfg.py:3545}}
Aug 13 06:01:02.018970 np0000007163 nova-conductor[99077]: DEBUG cotyledon.oslo_config_glue [-] oslo_messaging_rabbit.ssl_enforce_hostname_verification = True {{(pid=99077) log_opt_values /opt/stack/data/venv/lib/python3.12/site-packages/oslo_config/cfg.py:3545}}
Aug 13 06:01:02.018970 np0000007163 nova-conductor[99077]: DEBUG cotyledon.oslo_config_glue [-] oslo_messaging_rabbit.ssl_key_file = {{(pid=99077) log_opt_values /opt/stack/data/venv/lib/python3.12/site-packages/oslo_config/cfg.py:3545}}
Aug 13 06:01:02.019322 np0000007163 nova-conductor[99077]: DEBUG cotyledon.oslo_config_glue [-] oslo_messaging_rabbit.ssl_version = {{(pid=99077) log_opt_values /opt/stack/data/venv/lib/python3.12/site-packages/oslo_config/cfg.py:3545}}
Aug 13 06:01:02.019322 np0000007163 nova-conductor[99077]: DEBUG cotyledon.oslo_config_glue [-] oslo_messaging_rabbit.use_queue_manager = False {{(pid=99077) log_opt_values /opt/stack/data/venv/lib/python3.12/site-packages/oslo_config/cfg.py:3545}}
Aug 13 06:01:02.019322 np0000007163 nova-conductor[99077]: DEBUG cotyledon.oslo_config_glue [-] oslo_messaging_notifications.driver = ['messagingv2'] {{(pid=99077) log_opt_values /opt/stack/data/venv/lib/python3.12/site-packages/oslo_config/cfg.py:3545}}
Aug 13 06:01:02.019322 np0000007163 nova-conductor[99077]: DEBUG cotyledon.oslo_config_glue [-] oslo_messaging_notifications.retry = -1 {{(pid=99077) log_opt_values /opt/stack/data/venv/lib/python3.12/site-packages/oslo_config/cfg.py:3545}}
Aug 13 06:01:02.019322 np0000007163 nova-conductor[99077]: DEBUG cotyledon.oslo_config_glue [-] oslo_messaging_notifications.topics = ['notifications'] {{(pid=99077) log_opt_values /opt/stack/data/venv/lib/python3.12/site-packages/oslo_config/cfg.py:3545}}
Aug 13 06:01:02.019322 np0000007163 nova-conductor[99077]: DEBUG cotyledon.oslo_config_glue [-] oslo_messaging_notifications.transport_url = **** {{(pid=99077) log_opt_values /opt/stack/data/venv/lib/python3.12/site-packages/oslo_config/cfg.py:3545}}
Aug 13 06:01:02.019322 np0000007163 nova-conductor[99077]: DEBUG cotyledon.oslo_config_glue [-] oslo_limit.auth_section = None {{(pid=99077) log_opt_values /opt/stack/data/venv/lib/python3.12/site-packages/oslo_config/cfg.py:3545}}
Aug 13 06:01:02.019322 np0000007163 nova-conductor[99077]: DEBUG cotyledon.oslo_config_glue [-] oslo_limit.auth_type = None {{(pid=99077) log_opt_values /opt/stack/data/venv/lib/python3.12/site-packages/oslo_config/cfg.py:3545}}
Aug 13 06:01:02.019322 np0000007163 nova-conductor[99077]: DEBUG cotyledon.oslo_config_glue [-] oslo_limit.cafile = None {{(pid=99077) log_opt_values /opt/stack/data/venv/lib/python3.12/site-packages/oslo_config/cfg.py:3545}}
Aug 13 06:01:02.019557 np0000007163 nova-conductor[99077]: DEBUG cotyledon.oslo_config_glue [-] oslo_limit.certfile = None {{(pid=99077) log_opt_values /opt/stack/data/venv/lib/python3.12/site-packages/oslo_config/cfg.py:3545}}
Aug 13 06:01:02.019557 np0000007163 nova-conductor[99077]: DEBUG cotyledon.oslo_config_glue [-] oslo_limit.collect_timing = False {{(pid=99077) log_opt_values /opt/stack/data/venv/lib/python3.12/site-packages/oslo_config/cfg.py:3545}}
Aug 13 06:01:02.019557 np0000007163 nova-conductor[99077]: DEBUG cotyledon.oslo_config_glue [-] oslo_limit.connect_retries = None {{(pid=99077) log_opt_values /opt/stack/data/venv/lib/python3.12/site-packages/oslo_config/cfg.py:3545}}
Aug 13 06:01:02.019557 np0000007163 nova-conductor[99077]: DEBUG cotyledon.oslo_config_glue [-] oslo_limit.connect_retry_delay = None {{(pid=99077) log_opt_values /opt/stack/data/venv/lib/python3.12/site-packages/oslo_config/cfg.py:3545}}
Aug 13 06:01:02.019557 np0000007163 nova-conductor[99077]: DEBUG cotyledon.oslo_config_glue [-] oslo_limit.endpoint_id = None {{(pid=99077) log_opt_values /opt/stack/data/venv/lib/python3.12/site-packages/oslo_config/cfg.py:3545}}
Aug 13 06:01:02.019557 np0000007163 nova-conductor[99077]: DEBUG cotyledon.oslo_config_glue [-] oslo_limit.endpoint_interface = public {{(pid=99077) log_opt_values /opt/stack/data/venv/lib/python3.12/site-packages/oslo_config/cfg.py:3545}}
Aug 13 06:01:02.019557 np0000007163 nova-conductor[99077]: DEBUG cotyledon.oslo_config_glue [-] oslo_limit.endpoint_override = None {{(pid=99077) log_opt_values /opt/stack/data/venv/lib/python3.12/site-packages/oslo_config/cfg.py:3545}}
Aug 13 06:01:02.019557 np0000007163 nova-conductor[99077]: DEBUG cotyledon.oslo_config_glue [-] oslo_limit.endpoint_region_name = None {{(pid=99077) log_opt_values /opt/stack/data/venv/lib/python3.12/site-packages/oslo_config/cfg.py:3545}}
Aug 13 06:01:02.019557 np0000007163 nova-conductor[99077]: DEBUG cotyledon.oslo_config_glue [-] oslo_limit.endpoint_service_name = None {{(pid=99077) log_opt_values /opt/stack/data/venv/lib/python3.12/site-packages/oslo_config/cfg.py:3545}}
Aug 13 06:01:02.019818 np0000007163 nova-conductor[99077]: DEBUG cotyledon.oslo_config_glue [-] oslo_limit.endpoint_service_type = None {{(pid=99077) log_opt_values /opt/stack/data/venv/lib/python3.12/site-packages/oslo_config/cfg.py:3545}}
Aug 13 06:01:02.019818 np0000007163 nova-conductor[99077]: DEBUG cotyledon.oslo_config_glue [-] oslo_limit.insecure = False {{(pid=99077) log_opt_values /opt/stack/data/venv/lib/python3.12/site-packages/oslo_config/cfg.py:3545}}
Aug 13 06:01:02.019818 np0000007163 nova-conductor[99077]: DEBUG cotyledon.oslo_config_glue [-] oslo_limit.keyfile = None {{(pid=99077) log_opt_values /opt/stack/data/venv/lib/python3.12/site-packages/oslo_config/cfg.py:3545}}
Aug 13 06:01:02.019818 np0000007163 nova-conductor[99077]: DEBUG cotyledon.oslo_config_glue [-] oslo_limit.max_version = None {{(pid=99077) log_opt_values /opt/stack/data/venv/lib/python3.12/site-packages/oslo_config/cfg.py:3545}}
Aug 13 06:01:02.019818 np0000007163 nova-conductor[99077]: DEBUG cotyledon.oslo_config_glue [-] oslo_limit.min_version = None {{(pid=99077) log_opt_values /opt/stack/data/venv/lib/python3.12/site-packages/oslo_config/cfg.py:3545}}
Aug 13 06:01:02.019818 np0000007163 nova-conductor[99077]: DEBUG cotyledon.oslo_config_glue [-] oslo_limit.region_name = None {{(pid=99077) log_opt_values /opt/stack/data/venv/lib/python3.12/site-packages/oslo_config/cfg.py:3545}}
Aug 13 06:01:02.019818 np0000007163 nova-conductor[99077]: DEBUG cotyledon.oslo_config_glue [-] oslo_limit.retriable_status_codes = None {{(pid=99077) log_opt_values /opt/stack/data/venv/lib/python3.12/site-packages/oslo_config/cfg.py:3545}}
Aug 13 06:01:02.019818 np0000007163 nova-conductor[99077]: DEBUG cotyledon.oslo_config_glue [-] oslo_limit.service_name = None {{(pid=99077) log_opt_values /opt/stack/data/venv/lib/python3.12/site-packages/oslo_config/cfg.py:3545}}
Aug 13 06:01:02.019818 np0000007163 nova-conductor[99077]: DEBUG cotyledon.oslo_config_glue [-] oslo_limit.service_type = None {{(pid=99077) log_opt_values /opt/stack/data/venv/lib/python3.12/site-packages/oslo_config/cfg.py:3545}}
Aug 13 06:01:02.019988 np0000007163 nova-conductor[99077]: DEBUG cotyledon.oslo_config_glue [-] oslo_limit.split_loggers = False {{(pid=99077) log_opt_values /opt/stack/data/venv/lib/python3.12/site-packages/oslo_config/cfg.py:3545}}
Aug 13 06:01:02.019988 np0000007163 nova-conductor[99077]: DEBUG cotyledon.oslo_config_glue [-] oslo_limit.status_code_retries = None {{(pid=99077) log_opt_values /opt/stack/data/venv/lib/python3.12/site-packages/oslo_config/cfg.py:3545}}
Aug 13 06:01:02.019988 np0000007163 nova-conductor[99077]: DEBUG cotyledon.oslo_config_glue [-] oslo_limit.status_code_retry_delay = None {{(pid=99077) log_opt_values /opt/stack/data/venv/lib/python3.12/site-packages/oslo_config/cfg.py:3545}}
Aug 13 06:01:02.019988 np0000007163 nova-conductor[99077]: DEBUG cotyledon.oslo_config_glue [-] oslo_limit.timeout = None {{(pid=99077) log_opt_values /opt/stack/data/venv/lib/python3.12/site-packages/oslo_config/cfg.py:3545}}
Aug 13 06:01:02.019988 np0000007163 nova-conductor[99077]: DEBUG cotyledon.oslo_config_glue [-] oslo_limit.valid_interfaces = None {{(pid=99077) log_opt_values /opt/stack/data/venv/lib/python3.12/site-packages/oslo_config/cfg.py:3545}}
Aug 13 06:01:02.019988 np0000007163 nova-conductor[99077]: DEBUG cotyledon.oslo_config_glue [-] oslo_limit.version = None {{(pid=99077) log_opt_values /opt/stack/data/venv/lib/python3.12/site-packages/oslo_config/cfg.py:3545}}
Aug 13 06:01:02.019988 np0000007163 nova-conductor[99077]: DEBUG cotyledon.oslo_config_glue [-] oslo_reports.file_event_handler = None {{(pid=99077) log_opt_values /opt/stack/data/venv/lib/python3.12/site-packages/oslo_config/cfg.py:3545}}
Aug 13 06:01:02.019988 np0000007163 nova-conductor[99077]: DEBUG cotyledon.oslo_config_glue [-] oslo_reports.file_event_handler_interval = 1 {{(pid=99077) log_opt_values /opt/stack/data/venv/lib/python3.12/site-packages/oslo_config/cfg.py:3545}}
Aug 13 06:01:02.019988 np0000007163 nova-conductor[99077]: DEBUG cotyledon.oslo_config_glue [-] oslo_reports.log_dir = None {{(pid=99077) log_opt_values /opt/stack/data/venv/lib/python3.12/site-packages/oslo_config/cfg.py:3545}}
Aug 13 06:01:02.020157 np0000007163 nova-conductor[99077]: DEBUG cotyledon.oslo_config_glue [-] ******************************************************************************** {{(pid=99077) log_opt_values /opt/stack/data/venv/lib/python3.12/site-packages/oslo_config/cfg.py:3552}}
Aug 13 06:01:02.020157 np0000007163 nova-conductor[99077]: DEBUG cotyledon._service_worker [-] Run service ServiceWrapper(3) [99077] {{(pid=99077) wait_forever /opt/stack/data/venv/lib/python3.12/site-packages/cotyledon/_service_worker.py:218}}
Aug 13 06:01:02.020157 np0000007163 nova-conductor[99077]: INFO nova.service [-] Starting conductor node (version 33.1.0)
Aug 13 06:01:02.020157 np0000007163 nova-conductor[99077]: INFO dbcounter [None req-e10147c0-77c3-4603-a717-ae2b3d4e3a4c None None] Registered counter for database nova_cell0
Aug 13 06:01:02.020251 np0000007163 nova-conductor[99066]: DEBUG oslo_db.sqlalchemy.engines [None req-19e81932-aaa8-4a80-a9b3-f5c8d3701bb6 None None] MySQL server mode set to STRICT_TRANS_TABLES,STRICT_ALL_TABLES,NO_ZERO_IN_DATE,NO_ZERO_DATE,ERROR_FOR_DIVISION_BY_ZERO,TRADITIONAL,NO_ENGINE_SUBSTITUTION {{(pid=99066) _check_effective_sql_mode /opt/stack/data/venv/lib/python3.12/site-packages/oslo_db/sqlalchemy/engines.py:325}}
Aug 13 06:01:02.025636 np0000007163 nova-conductor[99058]: DEBUG oslo_db.sqlalchemy.engines [None req-7f6e8490-ff0a-4c84-ac91-4c2252bd9c25 None None] MySQL server mode set to STRICT_TRANS_TABLES,STRICT_ALL_TABLES,NO_ZERO_IN_DATE,NO_ZERO_DATE,ERROR_FOR_DIVISION_BY_ZERO,TRADITIONAL,NO_ENGINE_SUBSTITUTION {{(pid=99058) _check_effective_sql_mode /opt/stack/data/venv/lib/python3.12/site-packages/oslo_db/sqlalchemy/engines.py:325}}
Aug 13 06:01:02.028750 np0000007163 nova-conductor[99066]: DEBUG dbcounter [-] [99066] Writer thread running {{(pid=99066) stat_writer /opt/stack/data/venv/lib/python3.12/site-packages/dbcounter.py:102}}
Aug 13 06:01:02.033605 np0000007163 nova-conductor[99072]: DEBUG oslo_db.sqlalchemy.engines [None req-6f05ac61-3d26-479c-900e-1345fff47560 None None] MySQL server mode set to STRICT_TRANS_TABLES,STRICT_ALL_TABLES,NO_ZERO_IN_DATE,NO_ZERO_DATE,ERROR_FOR_DIVISION_BY_ZERO,TRADITIONAL,NO_ENGINE_SUBSTITUTION {{(pid=99072) _check_effective_sql_mode /opt/stack/data/venv/lib/python3.12/site-packages/oslo_db/sqlalchemy/engines.py:325}}
Aug 13 06:01:02.039277 np0000007163 nova-conductor[99058]: DEBUG dbcounter [-] [99058] Writer thread running {{(pid=99058) stat_writer /opt/stack/data/venv/lib/python3.12/site-packages/dbcounter.py:102}}
Aug 13 06:01:02.045559 np0000007163 nova-conductor[99072]: DEBUG dbcounter [-] [99072] Writer thread running {{(pid=99072) stat_writer /opt/stack/data/venv/lib/python3.12/site-packages/dbcounter.py:102}}
Aug 13 06:01:02.051150 np0000007163 nova-conductor[99066]: DEBUG nova.service [None req-19e81932-aaa8-4a80-a9b3-f5c8d3701bb6 None None] Creating RPC server for service: nova-conductor on topic: conductor {{(pid=99066) start /opt/stack/nova/nova/service.py:196}}
Aug 13 06:01:02.052786 np0000007163 nova-conductor[99077]: DEBUG oslo_db.sqlalchemy.engines [None req-e10147c0-77c3-4603-a717-ae2b3d4e3a4c None None] MySQL server mode set to STRICT_TRANS_TABLES,STRICT_ALL_TABLES,NO_ZERO_IN_DATE,NO_ZERO_DATE,ERROR_FOR_DIVISION_BY_ZERO,TRADITIONAL,NO_ENGINE_SUBSTITUTION {{(pid=99077) _check_effective_sql_mode /opt/stack/data/venv/lib/python3.12/site-packages/oslo_db/sqlalchemy/engines.py:325}}
Aug 13 06:01:02.060215 np0000007163 nova-conductor[99058]: DEBUG nova.service [None req-7f6e8490-ff0a-4c84-ac91-4c2252bd9c25 None None] Creating RPC server for service: nova-conductor on topic: conductor {{(pid=99058) start /opt/stack/nova/nova/service.py:196}}
Aug 13 06:01:02.063470 np0000007163 nova-conductor[99077]: DEBUG dbcounter [-] [99077] Writer thread running {{(pid=99077) stat_writer /opt/stack/data/venv/lib/python3.12/site-packages/dbcounter.py:102}}
Aug 13 06:01:02.064523 np0000007163 nova-conductor[99072]: DEBUG nova.service [None req-6f05ac61-3d26-479c-900e-1345fff47560 None None] Creating RPC server for service: nova-conductor on topic: conductor {{(pid=99072) start /opt/stack/nova/nova/service.py:196}}
Aug 13 06:01:02.066973 np0000007163 nova-conductor[99077]: DEBUG nova.service [None req-e10147c0-77c3-4603-a717-ae2b3d4e3a4c None None] Creating RPC server for service: nova-conductor on topic: conductor {{(pid=99077) start /opt/stack/nova/nova/service.py:196}}
Aug 13 06:01:02.085777 np0000007163 nova-conductor[99066]: DEBUG nova.service [None req-19e81932-aaa8-4a80-a9b3-f5c8d3701bb6 None None] Join ServiceGroup membership for this service conductor {{(pid=99066) start /opt/stack/nova/nova/service.py:222}}
Aug 13 06:01:02.085988 np0000007163 nova-conductor[99066]: DEBUG nova.servicegroup.drivers.db [None req-19e81932-aaa8-4a80-a9b3-f5c8d3701bb6 None None] DB_Driver: join new ServiceGroup member np0000007163 to the conductor group, service = {{(pid=99066) join /opt/stack/nova/nova/servicegroup/drivers/db.py:44}}
Aug 13 06:01:02.086666 np0000007163 nova-conductor[99077]: DEBUG nova.service [None req-e10147c0-77c3-4603-a717-ae2b3d4e3a4c None None] Join ServiceGroup membership for this service conductor {{(pid=99077) start /opt/stack/nova/nova/service.py:222}}
Aug 13 06:01:02.086963 np0000007163 nova-conductor[99072]: DEBUG nova.service [None req-6f05ac61-3d26-479c-900e-1345fff47560 None None] Join ServiceGroup membership for this service conductor {{(pid=99072) start /opt/stack/nova/nova/service.py:222}}
Aug 13 06:01:02.087085 np0000007163 nova-conductor[99077]: DEBUG nova.servicegroup.drivers.db [None req-e10147c0-77c3-4603-a717-ae2b3d4e3a4c None None] DB_Driver: join new ServiceGroup member np0000007163 to the conductor group, service = {{(pid=99077) join /opt/stack/nova/nova/servicegroup/drivers/db.py:44}}
Aug 13 06:01:02.087280 np0000007163 nova-conductor[99072]: DEBUG nova.servicegroup.drivers.db [None req-6f05ac61-3d26-479c-900e-1345fff47560 None None] DB_Driver: join new ServiceGroup member np0000007163 to the conductor group, service = {{(pid=99072) join /opt/stack/nova/nova/servicegroup/drivers/db.py:44}}
Aug 13 06:01:02.088775 np0000007163 nova-conductor[99058]: DEBUG nova.service [None req-7f6e8490-ff0a-4c84-ac91-4c2252bd9c25 None None] Join ServiceGroup membership for this service conductor {{(pid=99058) start /opt/stack/nova/nova/service.py:222}}
Aug 13 06:01:02.089143 np0000007163 nova-conductor[99058]: DEBUG nova.servicegroup.drivers.db [None req-7f6e8490-ff0a-4c84-ac91-4c2252bd9c25 None None] DB_Driver: join new ServiceGroup member np0000007163 to the conductor group, service = {{(pid=99058) join /opt/stack/nova/nova/servicegroup/drivers/db.py:44}}
Aug 13 06:01:07.098870 np0000007163 nova-conductor[99072]: DEBUG oslo.service.backend._threading.loopingcall [-] Fixed interval looping call 'nova.servicegroup.drivers.db.DbDriver._report_state' sleeping for 119.99 seconds {{(pid=99072) _run_loop /opt/stack/data/venv/lib/python3.12/site-packages/oslo_service/backend/_threading/loopingcall.py:125}}
Aug 13 06:01:07.099355 np0000007163 nova-conductor[99066]: DEBUG oslo.service.backend._threading.loopingcall [-] Fixed interval looping call 'nova.servicegroup.drivers.db.DbDriver._report_state' sleeping for 119.99 seconds {{(pid=99066) _run_loop /opt/stack/data/venv/lib/python3.12/site-packages/oslo_service/backend/_threading/loopingcall.py:125}}
Aug 13 06:01:07.101344 np0000007163 nova-conductor[99077]: DEBUG oslo.service.backend._threading.loopingcall [-] Fixed interval looping call 'nova.servicegroup.drivers.db.DbDriver._report_state' sleeping for 119.99 seconds {{(pid=99077) _run_loop /opt/stack/data/venv/lib/python3.12/site-packages/oslo_service/backend/_threading/loopingcall.py:125}}
Aug 13 06:01:07.101750 np0000007163 nova-conductor[99058]: DEBUG oslo.service.backend._threading.loopingcall [-] Fixed interval looping call 'nova.servicegroup.drivers.db.DbDriver._report_state' sleeping for 119.99 seconds {{(pid=99058) _run_loop /opt/stack/data/venv/lib/python3.12/site-packages/oslo_service/backend/_threading/loopingcall.py:125}}
Aug 13 06:01:10.631067 np0000007163 nova-conductor[97642]: DEBUG dbcounter [-] [97642] Writing DB stats nova_api:SELECT=1 {{(pid=97642) stat_writer /opt/stack/data/venv/lib/python3.12/site-packages/dbcounter.py:115}}
Aug 13 06:01:10.771209 np0000007163 nova-conductor[97642]: DEBUG dbcounter [-] [97642] Writing DB stats nova_cell0:SELECT=1 {{(pid=97642) stat_writer /opt/stack/data/venv/lib/python3.12/site-packages/dbcounter.py:115}}
Aug 13 06:01:10.778301 np0000007163 nova-conductor[97642]: DEBUG dbcounter [-] [97642] Writing DB stats nova_cell1:SELECT=1 {{(pid=97642) stat_writer /opt/stack/data/venv/lib/python3.12/site-packages/dbcounter.py:115}}
Aug 13 06:01:17.094462 np0000007163 nova-conductor[99072]: DEBUG dbcounter [-] [99072] Writing DB stats nova_cell0:SELECT=4,nova_cell0:INSERT=1,nova_cell0:UPDATE=1 {{(pid=99072) stat_writer /opt/stack/data/venv/lib/python3.12/site-packages/dbcounter.py:115}}
Aug 13 06:01:17.095845 np0000007163 nova-conductor[99066]: DEBUG dbcounter [-] [99066] Writing DB stats nova_cell0:SELECT=4,nova_cell0:INSERT=1,nova_cell0:UPDATE=1 {{(pid=99066) stat_writer /opt/stack/data/venv/lib/python3.12/site-packages/dbcounter.py:115}}
Aug 13 06:01:17.099035 np0000007163 nova-conductor[99077]: DEBUG dbcounter [-] [99077] Writing DB stats nova_cell0:SELECT=3,nova_cell0:UPDATE=1 {{(pid=99077) stat_writer /opt/stack/data/venv/lib/python3.12/site-packages/dbcounter.py:115}}
Aug 13 06:01:17.099591 np0000007163 nova-conductor[99058]: DEBUG dbcounter [-] [99058] Writing DB stats nova_cell0:SELECT=5,nova_cell0:INSERT=1,nova_cell0:UPDATE=1 {{(pid=99058) stat_writer /opt/stack/data/venv/lib/python3.12/site-packages/dbcounter.py:115}}
Aug 13 06:01:19.089574 np0000007163 nova-conductor[99072]: DEBUG oslo.service.backend._threading.loopingcall [None req-56ec9614-b6d9-4bc5-b71d-bc8349257dc5 None None] Dynamic interval looping call 'nova.service.Service.periodic_tasks' sleeping for 60.00 seconds {{(pid=99072) _run_loop /opt/stack/data/venv/lib/python3.12/site-packages/oslo_service/backend/_threading/loopingcall.py:125}}
Aug 13 06:01:20.089542 np0000007163 nova-conductor[99077]: DEBUG oslo.service.backend._threading.loopingcall [None req-b90c420a-c7dd-4ee3-b5db-1f9f89a167b7 None None] Dynamic interval looping call 'nova.service.Service.periodic_tasks' sleeping for 60.00 seconds {{(pid=99077) _run_loop /opt/stack/data/venv/lib/python3.12/site-packages/oslo_service/backend/_threading/loopingcall.py:125}}
Aug 13 06:01:21.088821 np0000007163 nova-conductor[99066]: DEBUG oslo.service.backend._threading.loopingcall [None req-492b7ae8-144b-4bcd-ad52-fbee399b1815 None None] Dynamic interval looping call 'nova.service.Service.periodic_tasks' sleeping for 60.00 seconds {{(pid=99066) _run_loop /opt/stack/data/venv/lib/python3.12/site-packages/oslo_service/backend/_threading/loopingcall.py:125}}
Aug 13 06:01:34.091064 np0000007163 nova-conductor[99058]: DEBUG oslo.service.backend._threading.loopingcall [None req-d05c1462-6425-44cd-87fc-c42ffe276e8c None None] Dynamic interval looping call 'nova.service.Service.periodic_tasks' sleeping for 60.00 seconds {{(pid=99058) _run_loop /opt/stack/data/venv/lib/python3.12/site-packages/oslo_service/backend/_threading/loopingcall.py:125}}
Aug 13 06:02:19.090047 np0000007163 nova-conductor[99072]: DEBUG oslo.service.backend._threading.loopingcall [None req-56ec9614-b6d9-4bc5-b71d-bc8349257dc5 None None] Dynamic interval looping call 'nova.service.Service.periodic_tasks' sleeping for 60.00 seconds {{(pid=99072) _run_loop /opt/stack/data/venv/lib/python3.12/site-packages/oslo_service/backend/_threading/loopingcall.py:125}}
Aug 13 06:02:20.089979 np0000007163 nova-conductor[99077]: DEBUG oslo.service.backend._threading.loopingcall [None req-b90c420a-c7dd-4ee3-b5db-1f9f89a167b7 None None] Dynamic interval looping call 'nova.service.Service.periodic_tasks' sleeping for 60.00 seconds {{(pid=99077) _run_loop /opt/stack/data/venv/lib/python3.12/site-packages/oslo_service/backend/_threading/loopingcall.py:125}}
Aug 13 06:02:21.089431 np0000007163 nova-conductor[99066]: DEBUG oslo.service.backend._threading.loopingcall [None req-492b7ae8-144b-4bcd-ad52-fbee399b1815 None None] Dynamic interval looping call 'nova.service.Service.periodic_tasks' sleeping for 60.00 seconds {{(pid=99066) _run_loop /opt/stack/data/venv/lib/python3.12/site-packages/oslo_service/backend/_threading/loopingcall.py:125}}
Aug 13 06:02:34.091653 np0000007163 nova-conductor[99058]: DEBUG oslo.service.backend._threading.loopingcall [None req-d05c1462-6425-44cd-87fc-c42ffe276e8c None None] Dynamic interval looping call 'nova.service.Service.periodic_tasks' sleeping for 60.00 seconds {{(pid=99058) _run_loop /opt/stack/data/venv/lib/python3.12/site-packages/oslo_service/backend/_threading/loopingcall.py:125}}
Aug 13 06:03:07.101902 np0000007163 nova-conductor[99072]: DEBUG oslo.service.backend._threading.loopingcall [-] Fixed interval looping call 'nova.servicegroup.drivers.db.DbDriver._report_state' sleeping for 119.99 seconds {{(pid=99072) _run_loop /opt/stack/data/venv/lib/python3.12/site-packages/oslo_service/backend/_threading/loopingcall.py:125}}
Aug 13 06:03:07.102563 np0000007163 nova-conductor[99077]: DEBUG oslo.service.backend._threading.loopingcall [-] Fixed interval looping call 'nova.servicegroup.drivers.db.DbDriver._report_state' sleeping for 119.99 seconds {{(pid=99077) _run_loop /opt/stack/data/venv/lib/python3.12/site-packages/oslo_service/backend/_threading/loopingcall.py:125}}
Aug 13 06:03:07.102867 np0000007163 nova-conductor[99066]: DEBUG oslo.service.backend._threading.loopingcall [-] Fixed interval looping call 'nova.servicegroup.drivers.db.DbDriver._report_state' sleeping for 119.99 seconds {{(pid=99066) _run_loop /opt/stack/data/venv/lib/python3.12/site-packages/oslo_service/backend/_threading/loopingcall.py:125}}
Aug 13 06:03:07.103520 np0000007163 nova-conductor[99058]: DEBUG oslo.service.backend._threading.loopingcall [-] Fixed interval looping call 'nova.servicegroup.drivers.db.DbDriver._report_state' sleeping for 119.99 seconds {{(pid=99058) _run_loop /opt/stack/data/venv/lib/python3.12/site-packages/oslo_service/backend/_threading/loopingcall.py:125}}
Aug 13 06:03:12.865008 np0000007163 nova-conductor[99066]: DEBUG oslo_db.sqlalchemy.engines [None req-3d018a5c-2d08-4257-9a46-242c1cd3e666 tempest-DeleteServersTestJSON-969027132 tempest-DeleteServersTestJSON-969027132-project-member] Parent process 97642 forked (99066) with an open database connection, which is being discarded and recreated. {{(pid=99066) checkout /opt/stack/data/venv/lib/python3.12/site-packages/oslo_db/sqlalchemy/engines.py:402}}
Aug 13 06:03:12.908244 np0000007163 nova-conductor[99066]: DEBUG dbcounter [-] [99066] Writer thread running {{(pid=99066) stat_writer /opt/stack/data/venv/lib/python3.12/site-packages/dbcounter.py:102}}
Aug 13 06:03:13.885108 np0000007163 nova-conductor[99066]: DEBUG nova.conductor.manager [None req-3d018a5c-2d08-4257-9a46-242c1cd3e666 tempest-DeleteServersTestJSON-969027132 tempest-DeleteServersTestJSON-969027132-project-member] Took 0.97 seconds to select destinations for 1 instance(s). {{(pid=99066) _schedule_instances /opt/stack/nova/nova/conductor/manager.py:968}}
Aug 13 06:03:13.917894 np0000007163 nova-conductor[99066]: DEBUG oslo_concurrency.lockutils [None req-3d018a5c-2d08-4257-9a46-242c1cd3e666 tempest-DeleteServersTestJSON-969027132 tempest-DeleteServersTestJSON-969027132-project-member] Acquiring lock "9f42e895-bcf0-496c-8e71-9723a75d52a3" by "nova.context.set_target_cell..get_or_set_cached_cell_and_set_connections" {{(pid=99066) inner /opt/stack/data/venv/lib/python3.12/site-packages/oslo_concurrency/lockutils.py:512}}
Aug 13 06:03:13.918070 np0000007163 nova-conductor[99066]: DEBUG oslo_concurrency.lockutils [None req-3d018a5c-2d08-4257-9a46-242c1cd3e666 tempest-DeleteServersTestJSON-969027132 tempest-DeleteServersTestJSON-969027132-project-member] Lock "9f42e895-bcf0-496c-8e71-9723a75d52a3" acquired by "nova.context.set_target_cell..get_or_set_cached_cell_and_set_connections" :: waited 0.000s {{(pid=99066) inner /opt/stack/data/venv/lib/python3.12/site-packages/oslo_concurrency/lockutils.py:525}}
Aug 13 06:03:13.919765 np0000007163 nova-conductor[99066]: DEBUG oslo_concurrency.lockutils [None req-3d018a5c-2d08-4257-9a46-242c1cd3e666 tempest-DeleteServersTestJSON-969027132 tempest-DeleteServersTestJSON-969027132-project-member] Lock "9f42e895-bcf0-496c-8e71-9723a75d52a3" "released" by "nova.context.set_target_cell..get_or_set_cached_cell_and_set_connections" :: held 0.002s {{(pid=99066) inner /opt/stack/data/venv/lib/python3.12/site-packages/oslo_concurrency/lockutils.py:544}}
Aug 13 06:03:13.921417 np0000007163 nova-conductor[99066]: INFO dbcounter [None req-3d018a5c-2d08-4257-9a46-242c1cd3e666 tempest-DeleteServersTestJSON-969027132 tempest-DeleteServersTestJSON-969027132-project-member] Registered counter for database nova_cell1
Aug 13 06:03:13.958039 np0000007163 nova-conductor[99066]: DEBUG oslo_db.sqlalchemy.engines [None req-3d018a5c-2d08-4257-9a46-242c1cd3e666 tempest-DeleteServersTestJSON-969027132 tempest-DeleteServersTestJSON-969027132-project-member] MySQL server mode set to STRICT_TRANS_TABLES,STRICT_ALL_TABLES,NO_ZERO_IN_DATE,NO_ZERO_DATE,ERROR_FOR_DIVISION_BY_ZERO,TRADITIONAL,NO_ENGINE_SUBSTITUTION {{(pid=99066) _check_effective_sql_mode /opt/stack/data/venv/lib/python3.12/site-packages/oslo_db/sqlalchemy/engines.py:325}}
Aug 13 06:03:13.964842 np0000007163 nova-conductor[99066]: DEBUG dbcounter [-] [99066] Writer thread running {{(pid=99066) stat_writer /opt/stack/data/venv/lib/python3.12/site-packages/dbcounter.py:102}}
Aug 13 06:03:14.051455 np0000007163 nova-conductor[99066]: INFO nova.utils [None req-3d018a5c-2d08-4257-9a46-242c1cd3e666 tempest-DeleteServersTestJSON-969027132 tempest-DeleteServersTestJSON-969027132-project-member] The cell worker thread pool ForkProcess-2.cell_worker is initialized
Aug 13 06:03:14.051455 np0000007163 nova-conductor[99066]: DEBUG oslo_concurrency.lockutils [None req-3d018a5c-2d08-4257-9a46-242c1cd3e666 tempest-DeleteServersTestJSON-969027132 tempest-DeleteServersTestJSON-969027132-project-member] Acquiring lock "00000000-0000-0000-0000-000000000000" by "nova.context.set_target_cell..get_or_set_cached_cell_and_set_connections" {{(pid=99066) inner /opt/stack/data/venv/lib/python3.12/site-packages/oslo_concurrency/lockutils.py:512}}
Aug 13 06:03:14.051609 np0000007163 nova-conductor[99066]: DEBUG oslo_concurrency.lockutils [None req-3d018a5c-2d08-4257-9a46-242c1cd3e666 tempest-DeleteServersTestJSON-969027132 tempest-DeleteServersTestJSON-969027132-project-member] Lock "00000000-0000-0000-0000-000000000000" acquired by "nova.context.set_target_cell..get_or_set_cached_cell_and_set_connections" :: waited 0.000s {{(pid=99066) inner /opt/stack/data/venv/lib/python3.12/site-packages/oslo_concurrency/lockutils.py:525}}
Aug 13 06:03:14.052156 np0000007163 nova-conductor[99066]: DEBUG oslo_concurrency.lockutils [None req-3d018a5c-2d08-4257-9a46-242c1cd3e666 tempest-DeleteServersTestJSON-969027132 tempest-DeleteServersTestJSON-969027132-project-member] Lock "00000000-0000-0000-0000-000000000000" "released" by "nova.context.set_target_cell..get_or_set_cached_cell_and_set_connections" :: held 0.000s {{(pid=99066) inner /opt/stack/data/venv/lib/python3.12/site-packages/oslo_concurrency/lockutils.py:544}}
Aug 13 06:03:14.053209 np0000007163 nova-conductor[99066]: DEBUG oslo_concurrency.lockutils [None req-3d018a5c-2d08-4257-9a46-242c1cd3e666 tempest-DeleteServersTestJSON-969027132 tempest-DeleteServersTestJSON-969027132-project-member] Acquiring lock "9f42e895-bcf0-496c-8e71-9723a75d52a3" by "nova.context.set_target_cell..get_or_set_cached_cell_and_set_connections" {{(pid=99066) inner /opt/stack/data/venv/lib/python3.12/site-packages/oslo_concurrency/lockutils.py:512}}
Aug 13 06:03:14.054091 np0000007163 nova-conductor[99066]: INFO dbcounter [None req-3d018a5c-2d08-4257-9a46-242c1cd3e666 tempest-DeleteServersTestJSON-969027132 tempest-DeleteServersTestJSON-969027132-project-member] Registered counter for database nova_cell0
Aug 13 06:03:14.056073 np0000007163 nova-conductor[99066]: DEBUG oslo_concurrency.lockutils [None req-3d018a5c-2d08-4257-9a46-242c1cd3e666 tempest-DeleteServersTestJSON-969027132 tempest-DeleteServersTestJSON-969027132-project-member] Lock "9f42e895-bcf0-496c-8e71-9723a75d52a3" acquired by "nova.context.set_target_cell..get_or_set_cached_cell_and_set_connections" :: waited 0.001s {{(pid=99066) inner /opt/stack/data/venv/lib/python3.12/site-packages/oslo_concurrency/lockutils.py:525}}
Aug 13 06:03:14.056281 np0000007163 nova-conductor[99066]: DEBUG oslo_concurrency.lockutils [None req-3d018a5c-2d08-4257-9a46-242c1cd3e666 tempest-DeleteServersTestJSON-969027132 tempest-DeleteServersTestJSON-969027132-project-member] Lock "9f42e895-bcf0-496c-8e71-9723a75d52a3" "released" by "nova.context.set_target_cell..get_or_set_cached_cell_and_set_connections" :: held 0.002s {{(pid=99066) inner /opt/stack/data/venv/lib/python3.12/site-packages/oslo_concurrency/lockutils.py:544}}
Aug 13 06:03:14.104201 np0000007163 nova-conductor[99066]: DEBUG oslo_db.sqlalchemy.engines [None req-3d018a5c-2d08-4257-9a46-242c1cd3e666 tempest-DeleteServersTestJSON-969027132 tempest-DeleteServersTestJSON-969027132-project-member] MySQL server mode set to STRICT_TRANS_TABLES,STRICT_ALL_TABLES,NO_ZERO_IN_DATE,NO_ZERO_DATE,ERROR_FOR_DIVISION_BY_ZERO,TRADITIONAL,NO_ENGINE_SUBSTITUTION {{(pid=99066) _check_effective_sql_mode /opt/stack/data/venv/lib/python3.12/site-packages/oslo_db/sqlalchemy/engines.py:325}}
Aug 13 06:03:14.112986 np0000007163 nova-conductor[99066]: DEBUG dbcounter [-] [99066] Writer thread running {{(pid=99066) stat_writer /opt/stack/data/venv/lib/python3.12/site-packages/dbcounter.py:102}}
Aug 13 06:03:14.131579 np0000007163 nova-conductor[99066]: DEBUG nova.quota [None req-3d018a5c-2d08-4257-9a46-242c1cd3e666 tempest-DeleteServersTestJSON-969027132 tempest-DeleteServersTestJSON-969027132-project-member] Getting quotas for project 527ad33dc76640278a7b10f9332d2650. Resources: {'cores', 'ram', 'instances'} {{(pid=99066) _get_quotas /opt/stack/nova/nova/quota.py:389}}
Aug 13 06:03:14.135564 np0000007163 nova-conductor[99066]: DEBUG nova.quota [None req-3d018a5c-2d08-4257-9a46-242c1cd3e666 tempest-DeleteServersTestJSON-969027132 tempest-DeleteServersTestJSON-969027132-project-member] Getting quotas for user 498f6ce471574bc4a4072e19a023a7b1 and project 527ad33dc76640278a7b10f9332d2650. Resources: {'cores', 'ram', 'instances'} {{(pid=99066) _get_quotas /opt/stack/nova/nova/quota.py:379}}
