Aug 13 06:00:28.346529 np0000007163 devstack@neutron-api.service[90855]: DEBUG neutron.api.extensions [None req-4f0dfdfe-2abc-46fc-ad20-db89f0296548 None None] Ext name="Segments peer-subnet host routes" alias="segments-peer-subnet-host-routes" description="Add host routes to subnets on a routed network (segments)" updated="2018-06-12T10:00:00-00:00" {{(pid=90855) _check_extension /opt/stack/neutron/neutron/api/extensions.py:415}}
Aug 13 06:00:28.346671 np0000007163 devstack@neutron-api.service[90855]: INFO neutron.api.extensions [None req-4f0dfdfe-2abc-46fc-ad20-db89f0296548 None None] Extension segments-peer-subnet-host-routes not supported by any of loaded plugins
Aug 13 06:00:28.346853 np0000007163 devstack@neutron-api.service[90855]: DEBUG neutron.api.extensions [None req-4f0dfdfe-2abc-46fc-ad20-db89f0296548 None None] Loading extension file: servicetype.py {{(pid=90855) _load_all_extensions_from_path /opt/stack/neutron/neutron/api/extensions.py:449}}
Aug 13 06:00:28.347229 np0000007163 devstack@neutron-api.service[90855]: DEBUG neutron.api.extensions [None req-4f0dfdfe-2abc-46fc-ad20-db89f0296548 None None] Ext name="Neutron Service Type Management" alias="service-type" description="API for retrieving service providers for Neutron advanced services" updated="2013-01-20T00:00:00-00:00" {{(pid=90855) _check_extension /opt/stack/neutron/neutron/api/extensions.py:415}}
Aug 13 06:00:28.347521 np0000007163 devstack@neutron-api.service[90855]: INFO neutron.api.extensions [None req-4f0dfdfe-2abc-46fc-ad20-db89f0296548 None None] Loaded extension: service-type
Aug 13 06:00:28.347643 np0000007163 devstack@neutron-api.service[90855]: DEBUG neutron.api.extensions [None req-4f0dfdfe-2abc-46fc-ad20-db89f0296548 None None] Loading extension file: sorting.py {{(pid=90855) _load_all_extensions_from_path /opt/stack/neutron/neutron/api/extensions.py:449}}
Aug 13 06:00:28.347988 np0000007163 devstack@neutron-api.service[90855]: DEBUG neutron.api.extensions [None req-4f0dfdfe-2abc-46fc-ad20-db89f0296548 None None] Ext name="Sorting support" alias="sorting" description="Extension that indicates that sorting is enabled." updated="2016-06-12T00:00:00-00:00" {{(pid=90855) _check_extension /opt/stack/neutron/neutron/api/extensions.py:415}}
Aug 13 06:00:28.348140 np0000007163 devstack@neutron-api.service[90855]: INFO neutron.api.extensions [None req-4f0dfdfe-2abc-46fc-ad20-db89f0296548 None None] Loaded extension: sorting
Aug 13 06:00:28.348344 np0000007163 devstack@neutron-api.service[90855]: DEBUG neutron.api.extensions [None req-4f0dfdfe-2abc-46fc-ad20-db89f0296548 None None] Loading extension file: standard_attr_segment.py {{(pid=90855) _load_all_extensions_from_path /opt/stack/neutron/neutron/api/extensions.py:449}}
Aug 13 06:00:28.348681 np0000007163 devstack@neutron-api.service[90855]: DEBUG neutron.api.extensions [None req-4f0dfdfe-2abc-46fc-ad20-db89f0296548 None None] Ext name="Standard Attribute Segment Extension" alias="standard-attr-segment" description="Add standard attributes to Segment resource" updated="2018-04-09T10:00:00-00:00" {{(pid=90855) _check_extension /opt/stack/neutron/neutron/api/extensions.py:415}}
Aug 13 06:00:28.348949 np0000007163 devstack@neutron-api.service[90855]: INFO neutron.api.extensions [None req-4f0dfdfe-2abc-46fc-ad20-db89f0296548 None None] Extension standard-attr-segment not supported by any of loaded plugins
Aug 13 06:00:28.349110 np0000007163 devstack@neutron-api.service[90855]: DEBUG neutron.api.extensions [None req-4f0dfdfe-2abc-46fc-ad20-db89f0296548 None None] Loading extension file: standardattrdescription.py {{(pid=90855) _load_all_extensions_from_path /opt/stack/neutron/neutron/api/extensions.py:449}}
Aug 13 06:00:28.349987 np0000007163 devstack@neutron-api.service[90855]: DEBUG neutron.api.extensions [None req-4f0dfdfe-2abc-46fc-ad20-db89f0296548 None None] Ext name="standard-attr-description" alias="standard-attr-description" description="Extension to add descriptions to standard attributes" updated="2016-02-10T10:00:00-00:00" {{(pid=90855) _check_extension /opt/stack/neutron/neutron/api/extensions.py:415}}
Aug 13 06:00:28.349987 np0000007163 devstack@neutron-api.service[90855]: INFO neutron.api.extensions [None req-4f0dfdfe-2abc-46fc-ad20-db89f0296548 None None] Loaded extension: standard-attr-description
Aug 13 06:00:28.349987 np0000007163 devstack@neutron-api.service[90855]: DEBUG neutron.api.extensions [None req-4f0dfdfe-2abc-46fc-ad20-db89f0296548 None None] Loading extension file: stateful_security_group.py {{(pid=90855) _load_all_extensions_from_path /opt/stack/neutron/neutron/api/extensions.py:449}}
Aug 13 06:00:28.350262 np0000007163 devstack@neutron-api.service[90855]: DEBUG neutron.api.extensions [None req-4f0dfdfe-2abc-46fc-ad20-db89f0296548 None None] Ext name="Stateful security group" alias="stateful-security-group" description="Indicates if the security group is stateful or not" updated="2019-11-26T09:00:00-00:00" {{(pid=90855) _check_extension /opt/stack/neutron/neutron/api/extensions.py:415}}
Aug 13 06:00:28.350549 np0000007163 devstack@neutron-api.service[90855]: INFO neutron.api.extensions [None req-4f0dfdfe-2abc-46fc-ad20-db89f0296548 None None] Loaded extension: stateful-security-group
Aug 13 06:00:28.350745 np0000007163 devstack@neutron-api.service[90855]: DEBUG neutron.api.extensions [None req-4f0dfdfe-2abc-46fc-ad20-db89f0296548 None None] Loading extension file: stdattrs_common.py {{(pid=90855) _load_all_extensions_from_path /opt/stack/neutron/neutron/api/extensions.py:449}}
Aug 13 06:00:28.350980 np0000007163 devstack@neutron-api.service[90855]: WARNING neutron.api.extensions [None req-4f0dfdfe-2abc-46fc-ad20-db89f0296548 None None] Did not find expected name "Stdattrs_common" in /opt/stack/neutron/neutron/extensions/stdattrs_common.py
Aug 13 06:00:28.351154 np0000007163 devstack@neutron-api.service[90855]: DEBUG neutron.api.extensions [None req-4f0dfdfe-2abc-46fc-ad20-db89f0296548 None None] Loading extension file: subnet_dns_publish_fixed_ip.py {{(pid=90855) _load_all_extensions_from_path /opt/stack/neutron/neutron/api/extensions.py:449}}
Aug 13 06:00:28.351491 np0000007163 devstack@neutron-api.service[90855]: DEBUG neutron.api.extensions [None req-4f0dfdfe-2abc-46fc-ad20-db89f0296548 None None] Ext name="Subnet DNS publish fixed IP" alias="subnet-dns-publish-fixed-ip" description="Support choosing to publish DNS records for IPs from a subnet" updated="2019-05-24T10:00:00-00:00" {{(pid=90855) _check_extension /opt/stack/neutron/neutron/api/extensions.py:415}}
Aug 13 06:00:28.351739 np0000007163 devstack@neutron-api.service[90855]: INFO neutron.api.extensions [None req-4f0dfdfe-2abc-46fc-ad20-db89f0296548 None None] Loaded extension: subnet-dns-publish-fixed-ip
Aug 13 06:00:28.351881 np0000007163 devstack@neutron-api.service[90855]: DEBUG neutron.api.extensions [None req-4f0dfdfe-2abc-46fc-ad20-db89f0296548 None None] Loading extension file: subnet_external_network.py {{(pid=90855) _load_all_extensions_from_path /opt/stack/neutron/neutron/api/extensions.py:449}}
Aug 13 06:00:28.352244 np0000007163 devstack@neutron-api.service[90855]: DEBUG neutron.api.extensions [None req-4f0dfdfe-2abc-46fc-ad20-db89f0296548 None None] Ext name="Subnet belongs to an external network" alias="subnet-external-network" description="Informs if the subnet belongs to an external network" updated="2024-02-05T18:00:00-00:00" {{(pid=90855) _check_extension /opt/stack/neutron/neutron/api/extensions.py:415}}
Aug 13 06:00:28.352496 np0000007163 devstack@neutron-api.service[90855]: INFO neutron.api.extensions [None req-4f0dfdfe-2abc-46fc-ad20-db89f0296548 None None] Loaded extension: subnet-external-network
Aug 13 06:00:28.352649 np0000007163 devstack@neutron-api.service[90855]: DEBUG neutron.api.extensions [None req-4f0dfdfe-2abc-46fc-ad20-db89f0296548 None None] Loading extension file: subnet_onboard.py {{(pid=90855) _load_all_extensions_from_path /opt/stack/neutron/neutron/api/extensions.py:449}}
Aug 13 06:00:28.353074 np0000007163 devstack@neutron-api.service[90855]: DEBUG neutron.api.extensions [None req-4f0dfdfe-2abc-46fc-ad20-db89f0296548 None None] Ext name="Subnet Onboard" alias="subnet_onboard" description="Provides support for onboarding subnets into subnet pools" updated="2018-12-18T09:00:00-00:00" {{(pid=90855) _check_extension /opt/stack/neutron/neutron/api/extensions.py:415}}
Aug 13 06:00:28.353270 np0000007163 devstack@neutron-api.service[90855]: INFO neutron.api.extensions [None req-4f0dfdfe-2abc-46fc-ad20-db89f0296548 None None] Loaded extension: subnet_onboard
Aug 13 06:00:28.353407 np0000007163 devstack@neutron-api.service[90855]: DEBUG neutron.api.extensions [None req-4f0dfdfe-2abc-46fc-ad20-db89f0296548 None None] Loading extension file: subnet_segmentid_writable.py {{(pid=90855) _load_all_extensions_from_path /opt/stack/neutron/neutron/api/extensions.py:449}}
Aug 13 06:00:28.353756 np0000007163 devstack@neutron-api.service[90855]: DEBUG neutron.api.extensions [None req-4f0dfdfe-2abc-46fc-ad20-db89f0296548 None None] Ext name="Subnet SegmentID (writable)" alias="subnet-segmentid-writable" description="Provides a writable segment_id attribute for a subnet resource." updated="2018-03-12T00:00:00-00:00" {{(pid=90855) _check_extension /opt/stack/neutron/neutron/api/extensions.py:415}}
Aug 13 06:00:28.354056 np0000007163 devstack@neutron-api.service[90855]: INFO neutron.api.extensions [None req-4f0dfdfe-2abc-46fc-ad20-db89f0296548 None None] Extension subnet-segmentid-writable not supported by any of loaded plugins
Aug 13 06:00:28.354219 np0000007163 devstack@neutron-api.service[90855]: DEBUG neutron.api.extensions [None req-4f0dfdfe-2abc-46fc-ad20-db89f0296548 None None] Loading extension file: subnet_service_types.py {{(pid=90855) _load_all_extensions_from_path /opt/stack/neutron/neutron/api/extensions.py:449}}
Aug 13 06:00:28.354870 np0000007163 devstack@neutron-api.service[90855]: DEBUG neutron.api.extensions [None req-4f0dfdfe-2abc-46fc-ad20-db89f0296548 None None] Ext name="Subnet service types" alias="subnet-service-types" description="Provides ability to set the subnet service_types field" updated="2016-03-15T18:00:00-00:00" {{(pid=90855) _check_extension /opt/stack/neutron/neutron/api/extensions.py:415}}
Aug 13 06:00:28.354870 np0000007163 devstack@neutron-api.service[90855]: INFO neutron.api.extensions [None req-4f0dfdfe-2abc-46fc-ad20-db89f0296548 None None] Loaded extension: subnet-service-types
Aug 13 06:00:28.354870 np0000007163 devstack@neutron-api.service[90855]: DEBUG neutron.api.extensions [None req-4f0dfdfe-2abc-46fc-ad20-db89f0296548 None None] Loading extension file: subnetallocation.py {{(pid=90855) _load_all_extensions_from_path /opt/stack/neutron/neutron/api/extensions.py:449}}
Aug 13 06:00:28.355303 np0000007163 devstack@neutron-api.service[90855]: DEBUG neutron.api.extensions [None req-4f0dfdfe-2abc-46fc-ad20-db89f0296548 None None] Ext name="Subnet Allocation" alias="subnet_allocation" description="Enables allocation of subnets from a subnet pool" updated="2015-03-30T10:00:00-00:00" {{(pid=90855) _check_extension /opt/stack/neutron/neutron/api/extensions.py:415}}
Aug 13 06:00:28.355560 np0000007163 devstack@neutron-api.service[90855]: INFO neutron.api.extensions [None req-4f0dfdfe-2abc-46fc-ad20-db89f0296548 None None] Loaded extension: subnet_allocation
Aug 13 06:00:28.355829 np0000007163 devstack@neutron-api.service[90855]: DEBUG neutron.api.extensions [None req-4f0dfdfe-2abc-46fc-ad20-db89f0296548 None None] Loading extension file: subnetpool_prefix_ops.py {{(pid=90855) _load_all_extensions_from_path /opt/stack/neutron/neutron/api/extensions.py:449}}
Aug 13 06:00:28.355878 np0000007163 devstack@neutron-api.service[90853]: DEBUG neutron.plugins.ml2.drivers.ovn.mech_driver.mech_driver [None req-e6e4c55d-0fe1-40f6-bdd8-e3ea24295be8 None None] Hash Ring setup, this worker has detected 2 OVN hash ring registers in the database {{(pid=90853) _init_hash_ring /opt/stack/neutron/neutron/plugins/ml2/drivers/ovn/mech_driver/mech_driver.py:392}}
Aug 13 06:00:28.356074 np0000007163 devstack@neutron-api.service[90855]: DEBUG neutron.api.extensions [None req-4f0dfdfe-2abc-46fc-ad20-db89f0296548 None None] Ext name="Subnet Pool Prefix Operations" alias="subnetpool-prefix-ops" description="Provides support for adjusting the prefix list of subnet pools" updated="2019-02-08T10:00:00-00:00" {{(pid=90855) _check_extension /opt/stack/neutron/neutron/api/extensions.py:415}}
Aug 13 06:00:28.356541 np0000007163 devstack@neutron-api.service[90855]: INFO neutron.api.extensions [None req-4f0dfdfe-2abc-46fc-ad20-db89f0296548 None None] Loaded extension: subnetpool-prefix-ops
Aug 13 06:00:28.356541 np0000007163 devstack@neutron-api.service[90855]: DEBUG neutron.api.extensions [None req-4f0dfdfe-2abc-46fc-ad20-db89f0296548 None None] Loading extension file: tag_creation.py {{(pid=90855) _load_all_extensions_from_path /opt/stack/neutron/neutron/api/extensions.py:449}}
Aug 13 06:00:28.356877 np0000007163 devstack@neutron-api.service[90855]: DEBUG neutron.api.extensions [None req-4f0dfdfe-2abc-46fc-ad20-db89f0296548 None None] Ext name="Tag creation extension" alias="tag-creation" description="Allow to create multiple tags for a resource" updated="2024-23-07T10:00:00-00:00" {{(pid=90855) _check_extension /opt/stack/neutron/neutron/api/extensions.py:415}}
Aug 13 06:00:28.357069 np0000007163 devstack@neutron-api.service[90855]: INFO neutron.api.extensions [None req-4f0dfdfe-2abc-46fc-ad20-db89f0296548 None None] Loaded extension: tag-creation
Aug 13 06:00:28.357238 np0000007163 devstack@neutron-api.service[90855]: DEBUG neutron.api.extensions [None req-4f0dfdfe-2abc-46fc-ad20-db89f0296548 None None] Loading extension file: tag_ports_during_bulk_creation.py {{(pid=90855) _load_all_extensions_from_path /opt/stack/neutron/neutron/api/extensions.py:449}}
Aug 13 06:00:28.357564 np0000007163 devstack@neutron-api.service[90855]: DEBUG neutron.api.extensions [None req-4f0dfdfe-2abc-46fc-ad20-db89f0296548 None None] Ext name="Tag Ports During Bulk Creation" alias="tag-ports-during-bulk-creation" description="Allow to tag ports during bulk creation" updated="2019-12-29T19:00:00-00:00" {{(pid=90855) _check_extension /opt/stack/neutron/neutron/api/extensions.py:415}}
Aug 13 06:00:28.357991 np0000007163 devstack@neutron-api.service[90855]: INFO neutron.api.extensions [None req-4f0dfdfe-2abc-46fc-ad20-db89f0296548 None None] Extension tag-ports-during-bulk-creation not supported by any of loaded plugins
Aug 13 06:00:28.357991 np0000007163 devstack@neutron-api.service[90855]: DEBUG neutron.api.extensions [None req-4f0dfdfe-2abc-46fc-ad20-db89f0296548 None None] Loading extension file: tagging.py {{(pid=90855) _load_all_extensions_from_path /opt/stack/neutron/neutron/api/extensions.py:449}}
Aug 13 06:00:28.359251 np0000007163 devstack@neutron-api.service[90855]: DEBUG neutron.api.extensions [None req-4f0dfdfe-2abc-46fc-ad20-db89f0296548 None None] Ext name="Tag support for resources with standard attribute: port, subnet, subnetpool, network, security_group, router, floatingip, policy, trunk, network_segment_range" alias="standard-attr-tag" description="Enables to set tag on resources with standard attribute." updated="2017-01-01T00:00:00-00:00" {{(pid=90855) _check_extension /opt/stack/neutron/neutron/api/extensions.py:415}}
Aug 13 06:00:28.359539 np0000007163 devstack@neutron-api.service[90855]: INFO neutron.api.extensions [None req-4f0dfdfe-2abc-46fc-ad20-db89f0296548 None None] Loaded extension: standard-attr-tag
Aug 13 06:00:28.359676 np0000007163 devstack@neutron-api.service[90855]: DEBUG neutron.api.extensions [None req-4f0dfdfe-2abc-46fc-ad20-db89f0296548 None None] Loading extension file: timestamp.py {{(pid=90855) _load_all_extensions_from_path /opt/stack/neutron/neutron/api/extensions.py:449}}
Aug 13 06:00:28.360066 np0000007163 devstack@neutron-api.service[90855]: DEBUG neutron.api.extensions [None req-4f0dfdfe-2abc-46fc-ad20-db89f0296548 None None] Ext name="Resource timestamps" alias="standard-attr-timestamp" description="Adds created_at and updated_at fields to all Neutron resources that have Neutron standard attributes." updated="2016-09-12T10:00:00-00:00" {{(pid=90855) _check_extension /opt/stack/neutron/neutron/api/extensions.py:415}}
Aug 13 06:00:28.360318 np0000007163 devstack@neutron-api.service[90855]: INFO neutron.api.extensions [None req-4f0dfdfe-2abc-46fc-ad20-db89f0296548 None None] Loaded extension: standard-attr-timestamp
Aug 13 06:00:28.360439 np0000007163 devstack@neutron-api.service[90855]: DEBUG neutron.api.extensions [None req-4f0dfdfe-2abc-46fc-ad20-db89f0296548 None None] Loading extension file: trunk.py {{(pid=90855) _load_all_extensions_from_path /opt/stack/neutron/neutron/api/extensions.py:449}}
Aug 13 06:00:28.360860 np0000007163 devstack@neutron-api.service[90855]: DEBUG neutron.api.extensions [None req-4f0dfdfe-2abc-46fc-ad20-db89f0296548 None None] Ext name="Trunk Extension" alias="trunk" description="Provides support for trunk ports" updated="2016-01-01T10:00:00-00:00" {{(pid=90855) _check_extension /opt/stack/neutron/neutron/api/extensions.py:415}}
Aug 13 06:00:28.361087 np0000007163 devstack@neutron-api.service[90855]: INFO neutron.api.extensions [None req-4f0dfdfe-2abc-46fc-ad20-db89f0296548 None None] Extension trunk not supported by any of loaded plugins
Aug 13 06:00:28.361229 np0000007163 devstack@neutron-api.service[90855]: DEBUG neutron.api.extensions [None req-4f0dfdfe-2abc-46fc-ad20-db89f0296548 None None] Loading extension file: trunk_details.py {{(pid=90855) _load_all_extensions_from_path /opt/stack/neutron/neutron/api/extensions.py:449}}
Aug 13 06:00:28.361791 np0000007163 devstack@neutron-api.service[90855]: DEBUG neutron.api.extensions [None req-4f0dfdfe-2abc-46fc-ad20-db89f0296548 None None] Ext name="Trunk port details" alias="trunk-details" description="Expose trunk port details" updated="2016-01-01T10:00:00-00:00" {{(pid=90855) _check_extension /opt/stack/neutron/neutron/api/extensions.py:415}}
Aug 13 06:00:28.361892 np0000007163 devstack@neutron-api.service[90855]: INFO neutron.api.extensions [None req-4f0dfdfe-2abc-46fc-ad20-db89f0296548 None None] Extension trunk-details not supported by any of loaded plugins
Aug 13 06:00:28.361954 np0000007163 devstack@neutron-api.service[90855]: DEBUG neutron.api.extensions [None req-4f0dfdfe-2abc-46fc-ad20-db89f0296548 None None] Loading extension file: uplink_status_propagation.py {{(pid=90855) _load_all_extensions_from_path /opt/stack/neutron/neutron/api/extensions.py:449}}
Aug 13 06:00:28.362350 np0000007163 devstack@neutron-api.service[90855]: DEBUG neutron.api.extensions [None req-4f0dfdfe-2abc-46fc-ad20-db89f0296548 None None] Ext name="Uplink status propagation extension" alias="uplink-status-propagation" description="Provides ability to propagate port uplink status." updated="2018-05-31T18:00:00-00:00" {{(pid=90855) _check_extension /opt/stack/neutron/neutron/api/extensions.py:415}}
Aug 13 06:00:28.362599 np0000007163 devstack@neutron-api.service[90855]: INFO neutron.api.extensions [None req-4f0dfdfe-2abc-46fc-ad20-db89f0296548 None None] Extension uplink-status-propagation not supported by any of loaded plugins
Aug 13 06:00:28.362746 np0000007163 devstack@neutron-api.service[90855]: DEBUG neutron.api.extensions [None req-4f0dfdfe-2abc-46fc-ad20-db89f0296548 None None] Loading extension file: uplink_status_propagation_updatable.py {{(pid=90855) _load_all_extensions_from_path /opt/stack/neutron/neutron/api/extensions.py:449}}
Aug 13 06:00:28.363191 np0000007163 devstack@neutron-api.service[90855]: DEBUG neutron.api.extensions [None req-4f0dfdfe-2abc-46fc-ad20-db89f0296548 None None] Ext name="Uplink status propagation updatable extension" alias="uplink-status-propagation-updatable" description="Provides ability to update the port uplink status." updated="2024-09-03T18:00:00-00:00" {{(pid=90855) _check_extension /opt/stack/neutron/neutron/api/extensions.py:415}}
Aug 13 06:00:28.363467 np0000007163 devstack@neutron-api.service[90855]: INFO neutron.api.extensions [None req-4f0dfdfe-2abc-46fc-ad20-db89f0296548 None None] Extension uplink-status-propagation-updatable not supported by any of loaded plugins
Aug 13 06:00:28.363612 np0000007163 devstack@neutron-api.service[90855]: DEBUG neutron.api.extensions [None req-4f0dfdfe-2abc-46fc-ad20-db89f0296548 None None] Loading extension file: vlantransparent.py {{(pid=90855) _load_all_extensions_from_path /opt/stack/neutron/neutron/api/extensions.py:449}}
Aug 13 06:00:28.363700 np0000007163 devstack@neutron-api.service[90853]: DEBUG neutron.plugins.ml2.drivers.ovn.mech_driver.ovsdb.maintenance [None req-e6e4c55d-0fe1-40f6-bdd8-e3ea24295be8 None None] Periodic task found: HashRingHealthCheckPeriodics.touch_hash_ring_node {{(pid=90853) add_periodics /opt/stack/neutron/neutron/plugins/ml2/drivers/ovn/mech_driver/ovsdb/maintenance.py:148}}
Aug 13 06:00:28.363900 np0000007163 devstack@neutron-api.service[90855]: DEBUG neutron.api.extensions [None req-4f0dfdfe-2abc-46fc-ad20-db89f0296548 None None] Ext name="Vlantransparent" alias="vlan-transparent" description="Provides Vlan Transparent Networks" updated="2015-03-23T09:00:00-00:00" {{(pid=90855) _check_extension /opt/stack/neutron/neutron/api/extensions.py:415}}
Aug 13 06:00:28.364167 np0000007163 devstack@neutron-api.service[90855]: INFO neutron.api.extensions [None req-4f0dfdfe-2abc-46fc-ad20-db89f0296548 None None] Loaded extension: vlan-transparent
Aug 13 06:00:28.364579 np0000007163 devstack@neutron-api.service[90853]: INFO neutron.plugins.ml2.drivers.ovn.mech_driver.mech_driver [None req-e6e4c55d-0fe1-40f6-bdd8-e3ea24295be8 None None] Hash Ring probing thread for node 7ab7fe0f42e954c986af63664cca2ce4 has started
Aug 13 06:00:28.365333 np0000007163 devstack@neutron-api.service[90853]: INFO neutron.plugins.ml2.drivers.ovn.mech_driver.ovsdb.impl_idl_ovn [None req-e6e4c55d-0fe1-40f6-bdd8-e3ea24295be8 None None] Getting OvsdbNbOvnIdl for WorkerService with retry
Aug 13 06:00:28.367315 np0000007163 devstack@neutron-api.service[90855]: INFO neutron.quota.resource_registry [None req-4f0dfdfe-2abc-46fc-ad20-db89f0296548 None None] Creating instance of TrackedResource for resource:network
Aug 13 06:00:28.367749 np0000007163 devstack@neutron-api.service[90855]: INFO neutron.quota.resource_registry [None req-4f0dfdfe-2abc-46fc-ad20-db89f0296548 None None] Creating instance of TrackedResource for resource:subnet
Aug 13 06:00:28.367882 np0000007163 devstack@neutron-api.service[90855]: INFO neutron.quota.resource_registry [None req-4f0dfdfe-2abc-46fc-ad20-db89f0296548 None None] Creating instance of TrackedResource for resource:subnetpool
Aug 13 06:00:28.368113 np0000007163 devstack@neutron-api.service[90855]: INFO neutron.quota.resource_registry [None req-4f0dfdfe-2abc-46fc-ad20-db89f0296548 None None] Creating instance of TrackedResource for resource:port
Aug 13 06:00:28.370521 np0000007163 devstack@neutron-api.service[90855]: INFO neutron.quota.resource_registry [None req-4f0dfdfe-2abc-46fc-ad20-db89f0296548 None None] Creating instance of CountableResource for resource:router_route
Aug 13 06:00:28.370790 np0000007163 devstack@neutron-api.service[90855]: DEBUG neutron.api.v2.resource_helper [None req-4f0dfdfe-2abc-46fc-ad20-db89f0296548 None None] Service L3_ROUTER_NAT assigned prefix: {{(pid=90855) build_resource_info /opt/stack/neutron/neutron/api/v2/resource_helper.py:77}}
Aug 13 06:00:28.371440 np0000007163 devstack@neutron-api.service[90855]: DEBUG neutron.api.v2.resource_helper [None req-4f0dfdfe-2abc-46fc-ad20-db89f0296548 None None] Service FLAVORS assigned prefix: {{(pid=90855) build_resource_info /opt/stack/neutron/neutron/api/v2/resource_helper.py:77}}
Aug 13 06:00:28.372973 np0000007163 devstack@neutron-api.service[90855]: DEBUG neutron.api.v2.resource_helper [None req-4f0dfdfe-2abc-46fc-ad20-db89f0296548 None None] Service L3_ROUTER_NAT assigned prefix: {{(pid=90855) build_resource_info /opt/stack/neutron/neutron/api/v2/resource_helper.py:77}}
Aug 13 06:00:28.373623 np0000007163 devstack@neutron-api.service[90855]: DEBUG neutron.api.v2.resource_helper [None req-4f0dfdfe-2abc-46fc-ad20-db89f0296548 None None] Service L3_ROUTER_NAT assigned prefix: {{(pid=90855) build_resource_info /opt/stack/neutron/neutron/api/v2/resource_helper.py:77}}
Aug 13 06:00:28.373818 np0000007163 devstack@neutron-api.service[90855]: INFO neutron.quota.resource_registry [None req-4f0dfdfe-2abc-46fc-ad20-db89f0296548 None None] Creating instance of TrackedResource for resource:router
Aug 13 06:00:28.374683 np0000007163 devstack@neutron-api.service[90855]: INFO neutron.quota.resource_registry [None req-4f0dfdfe-2abc-46fc-ad20-db89f0296548 None None] Creating instance of TrackedResource for resource:floatingip
Aug 13 06:00:28.376314 np0000007163 devstack@neutron-api.service[90855]: INFO neutron.quota.resource_registry [None req-4f0dfdfe-2abc-46fc-ad20-db89f0296548 None None] Creating instance of CountableResource for resource:rbac_policy
Aug 13 06:00:28.377246 np0000007163 devstack@neutron-api.service[90855]: INFO neutron.quota.resource_registry [None req-4f0dfdfe-2abc-46fc-ad20-db89f0296548 None None] Creating instance of TrackedResource for resource:security_group
Aug 13 06:00:28.377806 np0000007163 devstack@neutron-api.service[90855]: INFO neutron.quota.resource_registry [None req-4f0dfdfe-2abc-46fc-ad20-db89f0296548 None None] Creating instance of TrackedResource for resource:security_group_rule
Aug 13 06:00:28.378706 np0000007163 devstack@neutron-api.service[90855]: DEBUG neutron.api.v2.resource_helper [None req-4f0dfdfe-2abc-46fc-ad20-db89f0296548 None None] Service CORE assigned prefix: {{(pid=90855) build_resource_info /opt/stack/neutron/neutron/api/v2/resource_helper.py:77}}
Aug 13 06:00:28.378869 np0000007163 devstack@neutron-api.service[90855]: INFO neutron.quota.resource_registry [None req-4f0dfdfe-2abc-46fc-ad20-db89f0296548 None None] Creating instance of TrackedResource for resource:subnetpool
Aug 13 06:00:28.379072 np0000007163 devstack@neutron-api.service[90855]: WARNING neutron.quota.resource_registry [None req-4f0dfdfe-2abc-46fc-ad20-db89f0296548 None None] subnetpool is already registered
Aug 13 06:00:28.379890 np0000007163 devstack@neutron-api.service[90855]: DEBUG neutron.api.v2.resource_helper [None req-4f0dfdfe-2abc-46fc-ad20-db89f0296548 None None] Service CORE assigned prefix: {{(pid=90855) build_resource_info /opt/stack/neutron/neutron/api/v2/resource_helper.py:77}}
Aug 13 06:00:28.379974 np0000007163 devstack@neutron-api.service[90855]: INFO neutron.quota.resource_registry [None req-4f0dfdfe-2abc-46fc-ad20-db89f0296548 None None] Creating instance of TrackedResource for resource:subnetpool
Aug 13 06:00:28.380210 np0000007163 devstack@neutron-api.service[90855]: WARNING neutron.quota.resource_registry [None req-4f0dfdfe-2abc-46fc-ad20-db89f0296548 None None] subnetpool is already registered
Aug 13 06:00:28.383880 np0000007163 devstack@neutron-api.service[90855]: INFO neutron.quota.resource_registry [None req-4f0dfdfe-2abc-46fc-ad20-db89f0296548 None None] Creating instance of CountableResource for resource:router_route
Aug 13 06:00:28.384108 np0000007163 devstack@neutron-api.service[90855]: WARNING neutron.quota.resource_registry [None req-4f0dfdfe-2abc-46fc-ad20-db89f0296548 None None] router_route is already registered
Aug 13 06:00:28.384323 np0000007163 devstack@neutron-api.service[90855]: DEBUG neutron.api.v2.resource_helper [None req-4f0dfdfe-2abc-46fc-ad20-db89f0296548 None None] Service L3_ROUTER_NAT assigned prefix: {{(pid=90855) build_resource_info /opt/stack/neutron/neutron/api/v2/resource_helper.py:77}}
Aug 13 06:00:28.384943 np0000007163 devstack@neutron-api.service[90855]: DEBUG neutron.api.v2.resource_helper [None req-4f0dfdfe-2abc-46fc-ad20-db89f0296548 None None] Service FLAVORS assigned prefix: {{(pid=90855) build_resource_info /opt/stack/neutron/neutron/api/v2/resource_helper.py:77}}
Aug 13 06:00:28.386722 np0000007163 devstack@neutron-api.service[90855]: DEBUG neutron.api.v2.resource_helper [None req-4f0dfdfe-2abc-46fc-ad20-db89f0296548 None None] Service L3_ROUTER_NAT assigned prefix: {{(pid=90855) build_resource_info /opt/stack/neutron/neutron/api/v2/resource_helper.py:77}}
Aug 13 06:00:28.387029 np0000007163 devstack@neutron-api.service[90855]: DEBUG neutron.api.v2.resource_helper [None req-4f0dfdfe-2abc-46fc-ad20-db89f0296548 None None] Service L3_ROUTER_NAT assigned prefix: {{(pid=90855) build_resource_info /opt/stack/neutron/neutron/api/v2/resource_helper.py:77}}
Aug 13 06:00:28.387266 np0000007163 devstack@neutron-api.service[90855]: INFO neutron.quota.resource_registry [None req-4f0dfdfe-2abc-46fc-ad20-db89f0296548 None None] Creating instance of TrackedResource for resource:router
Aug 13 06:00:28.387547 np0000007163 devstack@neutron-api.service[90855]: WARNING neutron.quota.resource_registry [None req-4f0dfdfe-2abc-46fc-ad20-db89f0296548 None None] router is already registered
Aug 13 06:00:28.388077 np0000007163 devstack@neutron-api.service[90855]: INFO neutron.quota.resource_registry [None req-4f0dfdfe-2abc-46fc-ad20-db89f0296548 None None] Creating instance of TrackedResource for resource:floatingip
Aug 13 06:00:28.388302 np0000007163 devstack@neutron-api.service[90855]: WARNING neutron.quota.resource_registry [None req-4f0dfdfe-2abc-46fc-ad20-db89f0296548 None None] floatingip is already registered
Aug 13 06:00:28.388413 np0000007163 devstack@neutron-api.service[90856]: DEBUG oslo_concurrency.processutils [None req-2c459d86-8d8d-40a4-b0ee-86f93ef4d9e6 None None] CMD "ovsdb-client transact ssl:10.4.3.121:6641 --timeout 180 -p /opt/stack/data/CA/int-ca/private/devstack-cert.key -c /opt/stack/data/CA/int-ca/devstack-cert.crt -C /opt/stack/data/CA/int-ca/ca-chain.pem ["OVN_Northbound", {"op": "wait", "timeout": 0, "table": "Port_Group", "where": [["name", "==", "neutron_pg_drop"]], "until": "==", "rows": []}, {"op": "insert", "table": "ACL", "row": {"action": "drop", "direction": "to-lport", "match": "outport == @neutron_pg_drop && ip", "priority": 1000}, "uuid-name": "droptoport"}, {"op": "insert", "table": "ACL", "row": {"action": "drop", "direction": "from-lport", "match": "inport == @neutron_pg_drop && ip", "priority": 1000}, "uuid-name": "dropfromport"}, {"op": "insert", "table": "Port_Group", "row": {"name": "neutron_pg_drop", "acls": ["set", [["named-uuid", "droptoport"], ["named-uuid", "dropfromport"]]]}}]" returned: 0 in 0.047s {{(pid=90856) execute /opt/stack/data/venv/lib/python3.12/site-packages/oslo_concurrency/processutils.py:468}}
Aug 13 06:00:28.388923 np0000007163 devstack@neutron-api.service[90856]: DEBUG neutron_lib.callbacks.manager [None req-2c459d86-8d8d-40a4-b0ee-86f93ef4d9e6 None None] Publish callbacks ['neutron.plugins.ml2.drivers.ovn.mech_driver.mech_driver.OVNMechanismDriver.post_fork_initialize-215534', 'neutron.services.pvlan.drivers.ovn.driver._initialize_pvlan_pg_drop-8259379193990', 'neutron.services.ovn_l3.plugin.OVNL3RouterPlugin._post_fork_initialize-1451991'] for process (None), after_init {{(pid=90856) _notify_loop /opt/stack/data/venv/lib/python3.12/site-packages/neutron_lib/callbacks/manager.py:184}}
Aug 13 06:00:28.389522 np0000007163 devstack@neutron-api.service[90856]: DEBUG oslo_concurrency.lockutils [None req-2c459d86-8d8d-40a4-b0ee-86f93ef4d9e6 None None] Acquiring lock "singleton_lock" {{(pid=90856) lock /opt/stack/data/venv/lib/python3.12/site-packages/oslo_concurrency/lockutils.py:396}}
Aug 13 06:00:28.389948 np0000007163 devstack@neutron-api.service[90855]: INFO neutron.quota.resource_registry [None req-4f0dfdfe-2abc-46fc-ad20-db89f0296548 None None] Creating instance of CountableResource for resource:rbac_policy
Aug 13 06:00:28.390140 np0000007163 devstack@neutron-api.service[90855]: WARNING neutron.quota.resource_registry [None req-4f0dfdfe-2abc-46fc-ad20-db89f0296548 None None] rbac_policy is already registered
Aug 13 06:00:28.390327 np0000007163 devstack@neutron-api.service[90856]: DEBUG oslo_concurrency.lockutils [None req-2c459d86-8d8d-40a4-b0ee-86f93ef4d9e6 None None] Acquired lock "singleton_lock" {{(pid=90856) lock /opt/stack/data/venv/lib/python3.12/site-packages/oslo_concurrency/lockutils.py:399}}
Aug 13 06:00:28.390501 np0000007163 devstack@neutron-api.service[90856]: DEBUG oslo_concurrency.lockutils [None req-2c459d86-8d8d-40a4-b0ee-86f93ef4d9e6 None None] Releasing lock "singleton_lock" {{(pid=90856) lock /opt/stack/data/venv/lib/python3.12/site-packages/oslo_concurrency/lockutils.py:419}}
Aug 13 06:00:28.391509 np0000007163 devstack@neutron-api.service[90855]: INFO neutron.quota.resource_registry [None req-4f0dfdfe-2abc-46fc-ad20-db89f0296548 None None] Creating instance of TrackedResource for resource:security_group
Aug 13 06:00:28.391896 np0000007163 devstack@neutron-api.service[90855]: WARNING neutron.quota.resource_registry [None req-4f0dfdfe-2abc-46fc-ad20-db89f0296548 None None] security_group is already registered
Aug 13 06:00:28.392269 np0000007163 devstack@neutron-api.service[90855]: INFO neutron.quota.resource_registry [None req-4f0dfdfe-2abc-46fc-ad20-db89f0296548 None None] Creating instance of TrackedResource for resource:security_group_rule
Aug 13 06:00:28.392636 np0000007163 devstack@neutron-api.service[90855]: WARNING neutron.quota.resource_registry [None req-4f0dfdfe-2abc-46fc-ad20-db89f0296548 None None] security_group_rule is already registered
Aug 13 06:00:28.393411 np0000007163 devstack@neutron-api.service[90855]: DEBUG neutron.api.v2.resource_helper [None req-4f0dfdfe-2abc-46fc-ad20-db89f0296548 None None] Service CORE assigned prefix: {{(pid=90855) build_resource_info /opt/stack/neutron/neutron/api/v2/resource_helper.py:77}}
Aug 13 06:00:28.393593 np0000007163 devstack@neutron-api.service[90855]: INFO neutron.quota.resource_registry [None req-4f0dfdfe-2abc-46fc-ad20-db89f0296548 None None] Creating instance of TrackedResource for resource:subnetpool
Aug 13 06:00:28.393723 np0000007163 devstack@neutron-api.service[90855]: WARNING neutron.quota.resource_registry [None req-4f0dfdfe-2abc-46fc-ad20-db89f0296548 None None] subnetpool is already registered
Aug 13 06:00:28.394376 np0000007163 devstack@neutron-api.service[90855]: DEBUG neutron.api.v2.resource_helper [None req-4f0dfdfe-2abc-46fc-ad20-db89f0296548 None None] Service CORE assigned prefix: {{(pid=90855) build_resource_info /opt/stack/neutron/neutron/api/v2/resource_helper.py:77}}
Aug 13 06:00:28.394418 np0000007163 devstack@neutron-api.service[90856]: DEBUG neutron.plugins.ml2.drivers.ovn.mech_driver.mech_driver [None req-2c459d86-8d8d-40a4-b0ee-86f93ef4d9e6 None None] Hash Ring setup using WSGI start time 2026-08-13 06:00:27+00:00 {{(pid=90856) _init_hash_ring /opt/stack/neutron/neutron/plugins/ml2/drivers/ovn/mech_driver/mech_driver.py:382}}
Aug 13 06:00:28.394550 np0000007163 devstack@neutron-api.service[90855]: INFO neutron.quota.resource_registry [None req-4f0dfdfe-2abc-46fc-ad20-db89f0296548 None None] Creating instance of TrackedResource for resource:subnetpool
Aug 13 06:00:28.394729 np0000007163 devstack@neutron-api.service[90855]: WARNING neutron.quota.resource_registry [None req-4f0dfdfe-2abc-46fc-ad20-db89f0296548 None None] subnetpool is already registered
Aug 13 06:00:28.395394 np0000007163 devstack@neutron-api.service[90855]: DEBUG neutron.api.extensions [None req-4f0dfdfe-2abc-46fc-ad20-db89f0296548 None None] Extended resource: extensions {{(pid=90855) __init__ /opt/stack/neutron/neutron/api/extensions.py:156}}
Aug 13 06:00:28.396525 np0000007163 devstack@neutron-api.service[90855]: DEBUG neutron.api.extensions [None req-4f0dfdfe-2abc-46fc-ad20-db89f0296548 None None] Extended resource: address-groups {{(pid=90855) __init__ /opt/stack/neutron/neutron/api/extensions.py:156}}
Aug 13 06:00:28.399917 np0000007163 devstack@neutron-api.service[90855]: DEBUG neutron.api.extensions [None req-4f0dfdfe-2abc-46fc-ad20-db89f0296548 None None] Extended resource: address-scopes {{(pid=90855) __init__ /opt/stack/neutron/neutron/api/extensions.py:156}}
Aug 13 06:00:28.399917 np0000007163 devstack@neutron-api.service[90855]: DEBUG neutron.api.extensions [None req-4f0dfdfe-2abc-46fc-ad20-db89f0296548 None None] Extended resource: agents {{(pid=90855) __init__ /opt/stack/neutron/neutron/api/extensions.py:156}}
Aug 13 06:00:28.399917 np0000007163 devstack@neutron-api.service[90855]: DEBUG neutron.api.extensions [None req-4f0dfdfe-2abc-46fc-ad20-db89f0296548 None None] Extended resource: auto-allocated-topology {{(pid=90855) __init__ /opt/stack/neutron/neutron/api/extensions.py:156}}
Aug 13 06:00:28.401699 np0000007163 devstack@neutron-api.service[90856]: INFO neutron.db.ovn_hash_ring_db [None req-2c459d86-8d8d-40a4-b0ee-86f93ef4d9e6 None None] Nodes from host "np0000007163" and group "mechanism_driver" removed from the Hash Ring created at 2026-08-13 06:00:27+00:00
Aug 13 06:00:28.402025 np0000007163 devstack@neutron-api.service[90855]: DEBUG neutron.api.extensions [None req-4f0dfdfe-2abc-46fc-ad20-db89f0296548 None None] Extended resource: availability_zones {{(pid=90855) __init__ /opt/stack/neutron/neutron/api/extensions.py:156}}
Aug 13 06:00:28.402925 np0000007163 devstack@neutron-api.service[90855]: DEBUG neutron.api.extensions [None req-4f0dfdfe-2abc-46fc-ad20-db89f0296548 None None] Extended resource: dhcp-networks {{(pid=90855) __init__ /opt/stack/neutron/neutron/api/extensions.py:156}}
Aug 13 06:00:28.404793 np0000007163 devstack@neutron-api.service[90855]: DEBUG neutron.api.extensions [None req-4f0dfdfe-2abc-46fc-ad20-db89f0296548 None None] Extended resource: dhcp-agents {{(pid=90855) __init__ /opt/stack/neutron/neutron/api/extensions.py:156}}
Aug 13 06:00:28.404793 np0000007163 devstack@neutron-api.service[90855]: DEBUG neutron.api.extensions [None req-4f0dfdfe-2abc-46fc-ad20-db89f0296548 None None] Extended resource: routers {{(pid=90855) __init__ /opt/stack/neutron/neutron/api/extensions.py:156}}
Aug 13 06:00:28.407549 np0000007163 devstack@neutron-api.service[90855]: DEBUG neutron.api.extensions [None req-4f0dfdfe-2abc-46fc-ad20-db89f0296548 None None] Extended resource: flavors {{(pid=90855) __init__ /opt/stack/neutron/neutron/api/extensions.py:156}}
Aug 13 06:00:28.407980 np0000007163 devstack@neutron-api.service[90856]: INFO neutron.db.ovn_hash_ring_db [None req-2c459d86-8d8d-40a4-b0ee-86f93ef4d9e6 None None] Node 7eb2ca377d4d5f0d95245a3825d2caca from host "np0000007163" and group "mechanism_driver" added to the Hash Ring
Aug 13 06:00:28.408165 np0000007163 devstack@neutron-api.service[90855]: DEBUG neutron.api.extensions [None req-4f0dfdfe-2abc-46fc-ad20-db89f0296548 None None] Extended resource: service_profiles {{(pid=90855) __init__ /opt/stack/neutron/neutron/api/extensions.py:156}}
Aug 13 06:00:28.408165 np0000007163 devstack@neutron-api.service[90855]: DEBUG neutron.api.extensions [None req-4f0dfdfe-2abc-46fc-ad20-db89f0296548 None None] Extended resource: next_providers {{(pid=90855) __init__ /opt/stack/neutron/neutron/api/extensions.py:156}}
Aug 13 06:00:28.409235 np0000007163 devstack@neutron-api.service[90855]: DEBUG neutron.api.extensions [None req-4f0dfdfe-2abc-46fc-ad20-db89f0296548 None None] Extended resource: service_profiles {{(pid=90855) __init__ /opt/stack/neutron/neutron/api/extensions.py:156}}
Aug 13 06:00:28.410406 np0000007163 devstack@neutron-api.service[90855]: DEBUG neutron.api.extensions [None req-4f0dfdfe-2abc-46fc-ad20-db89f0296548 None None] Extended resource: floatingip-pools {{(pid=90855) __init__ /opt/stack/neutron/neutron/api/extensions.py:156}}
Aug 13 06:00:28.412172 np0000007163 devstack@neutron-api.service[90855]: DEBUG neutron.api.extensions [None req-4f0dfdfe-2abc-46fc-ad20-db89f0296548 None None] Extended resource: routers {{(pid=90855) __init__ /opt/stack/neutron/neutron/api/extensions.py:156}}
Aug 13 06:00:28.412542 np0000007163 devstack@neutron-api.service[90856]: DEBUG neutron.plugins.ml2.drivers.ovn.mech_driver.mech_driver [None req-2c459d86-8d8d-40a4-b0ee-86f93ef4d9e6 None None] Hash Ring setup, this worker has detected 3 OVN hash ring registers in the database {{(pid=90856) _init_hash_ring /opt/stack/neutron/neutron/plugins/ml2/drivers/ovn/mech_driver/mech_driver.py:392}}
Aug 13 06:00:28.412949 np0000007163 devstack@neutron-api.service[90855]: DEBUG neutron.api.extensions [None req-4f0dfdfe-2abc-46fc-ad20-db89f0296548 None None] Extended resource: floatingips {{(pid=90855) __init__ /opt/stack/neutron/neutron/api/extensions.py:156}}
Aug 13 06:00:28.413632 np0000007163 devstack@neutron-api.service[90855]: DEBUG neutron.api.extensions [None req-4f0dfdfe-2abc-46fc-ad20-db89f0296548 None None] Extended resource: l3-routers {{(pid=90855) __init__ /opt/stack/neutron/neutron/api/extensions.py:156}}
Aug 13 06:00:28.414636 np0000007163 devstack@neutron-api.service[90855]: DEBUG neutron.api.extensions [None req-4f0dfdfe-2abc-46fc-ad20-db89f0296548 None None] Extended resource: l3-agents {{(pid=90855) __init__ /opt/stack/neutron/neutron/api/extensions.py:156}}
Aug 13 06:00:28.415529 np0000007163 devstack@neutron-api.service[90855]: DEBUG neutron.api.extensions [None req-4f0dfdfe-2abc-46fc-ad20-db89f0296548 None None] Extended resource: network-ip-availabilities {{(pid=90855) __init__ /opt/stack/neutron/neutron/api/extensions.py:156}}
Aug 13 06:00:28.416494 np0000007163 devstack@neutron-api.service[90855]: DEBUG neutron.api.extensions [None req-4f0dfdfe-2abc-46fc-ad20-db89f0296548 None None] Extended resource: network-ip-availabilities {{(pid=90855) __init__ /opt/stack/neutron/neutron/api/extensions.py:156}}
Aug 13 06:00:28.417148 np0000007163 devstack@neutron-api.service[90855]: DEBUG neutron.api.extensions [None req-4f0dfdfe-2abc-46fc-ad20-db89f0296548 None None] Extended resource: bindings {{(pid=90855) __init__ /opt/stack/neutron/neutron/api/extensions.py:156}}
Aug 13 06:00:28.418017 np0000007163 devstack@neutron-api.service[90855]: DEBUG neutron.api.extensions [None req-4f0dfdfe-2abc-46fc-ad20-db89f0296548 None None] Extended resource: quotas {{(pid=90855) __init__ /opt/stack/neutron/neutron/api/extensions.py:156}}
Aug 13 06:00:28.418984 np0000007163 devstack@neutron-api.service[90855]: DEBUG neutron.api.extensions [None req-4f0dfdfe-2abc-46fc-ad20-db89f0296548 None None] Extended resource: quotas {{(pid=90855) __init__ /opt/stack/neutron/neutron/api/extensions.py:156}}
Aug 13 06:00:28.419991 np0000007163 devstack@neutron-api.service[90855]: DEBUG neutron.api.extensions [None req-4f0dfdfe-2abc-46fc-ad20-db89f0296548 None None] Extended resource: rbac-policies {{(pid=90855) __init__ /opt/stack/neutron/neutron/api/extensions.py:156}}
Aug 13 06:00:28.421082 np0000007163 devstack@neutron-api.service[90855]: DEBUG neutron.api.extensions [None req-4f0dfdfe-2abc-46fc-ad20-db89f0296548 None None] Extended resource: default-security-group-rules {{(pid=90855) __init__ /opt/stack/neutron/neutron/api/extensions.py:156}}
Aug 13 06:00:28.422235 np0000007163 devstack@neutron-api.service[90855]: DEBUG neutron.api.extensions [None req-4f0dfdfe-2abc-46fc-ad20-db89f0296548 None None] Extended resource: security-groups-default-statefulness {{(pid=90855) __init__ /opt/stack/neutron/neutron/api/extensions.py:156}}
Aug 13 06:00:28.422407 np0000007163 devstack@neutron-api.service[90855]: DEBUG neutron.api.extensions [None req-4f0dfdfe-2abc-46fc-ad20-db89f0296548 None None] Extended resource: security-groups {{(pid=90855) __init__ /opt/stack/neutron/neutron/api/extensions.py:156}}
Aug 13 06:00:28.422697 np0000007163 devstack@neutron-api.service[90853]: DEBUG ovsdbapp.backend.ovs_idl [None req-e6e4c55d-0fe1-40f6-bdd8-e3ea24295be8 None None] Created lookup_table index Logical_Switch.name {{(pid=90853) autocreate_indices /opt/stack/data/venv/lib/python3.12/site-packages/ovsdbapp/backend/ovs_idl/__init__.py:87}}
Aug 13 06:00:28.423510 np0000007163 devstack@neutron-api.service[90853]: DEBUG ovsdbapp.backend.ovs_idl [None req-e6e4c55d-0fe1-40f6-bdd8-e3ea24295be8 None None] Created lookup_table index Logical_Router.name {{(pid=90853) autocreate_indices /opt/stack/data/venv/lib/python3.12/site-packages/ovsdbapp/backend/ovs_idl/__init__.py:87}}
Aug 13 06:00:28.423986 np0000007163 devstack@neutron-api.service[90855]: DEBUG neutron.api.extensions [None req-4f0dfdfe-2abc-46fc-ad20-db89f0296548 None None] Extended resource: security-group-rules {{(pid=90855) __init__ /opt/stack/neutron/neutron/api/extensions.py:156}}
Aug 13 06:00:28.426061 np0000007163 devstack@neutron-api.service[90853]: DEBUG ovsdbapp.backend.ovs_idl [None req-e6e4c55d-0fe1-40f6-bdd8-e3ea24295be8 None None] Created lookup_table index Load_Balancer.name {{(pid=90853) autocreate_indices /opt/stack/data/venv/lib/python3.12/site-packages/ovsdbapp/backend/ovs_idl/__init__.py:87}}
Aug 13 06:00:28.426061 np0000007163 devstack@neutron-api.service[90853]: DEBUG ovsdbapp.backend.ovs_idl [None req-e6e4c55d-0fe1-40f6-bdd8-e3ea24295be8 None None] Created schema index Copp.name {{(pid=90853) autocreate_indices /opt/stack/data/venv/lib/python3.12/site-packages/ovsdbapp/backend/ovs_idl/__init__.py:106}}
Aug 13 06:00:28.426061 np0000007163 devstack@neutron-api.service[90853]: DEBUG ovsdbapp.backend.ovs_idl [None req-e6e4c55d-0fe1-40f6-bdd8-e3ea24295be8 None None] Created schema index Meter.name {{(pid=90853) autocreate_indices /opt/stack/data/venv/lib/python3.12/site-packages/ovsdbapp/backend/ovs_idl/__init__.py:106}}
Aug 13 06:00:28.426555 np0000007163 devstack@neutron-api.service[90855]: DEBUG neutron.api.extensions [None req-4f0dfdfe-2abc-46fc-ad20-db89f0296548 None None] Extended resource: service-providers {{(pid=90855) __init__ /opt/stack/neutron/neutron/api/extensions.py:156}}
Aug 13 06:00:28.426748 np0000007163 devstack@neutron-api.service[90853]: DEBUG ovsdbapp.backend.ovs_idl [None req-e6e4c55d-0fe1-40f6-bdd8-e3ea24295be8 None None] Created schema index Load_Balancer_Group.name {{(pid=90853) autocreate_indices /opt/stack/data/venv/lib/python3.12/site-packages/ovsdbapp/backend/ovs_idl/__init__.py:106}}
Aug 13 06:00:28.426748 np0000007163 devstack@neutron-api.service[90853]: DEBUG ovsdbapp.backend.ovs_idl [None req-e6e4c55d-0fe1-40f6-bdd8-e3ea24295be8 None None] Created schema index HA_Chassis_Group.name {{(pid=90853) autocreate_indices /opt/stack/data/venv/lib/python3.12/site-packages/ovsdbapp/backend/ovs_idl/__init__.py:106}}
Aug 13 06:00:28.426748 np0000007163 devstack@neutron-api.service[90853]: DEBUG ovsdbapp.backend.ovs_idl [None req-e6e4c55d-0fe1-40f6-bdd8-e3ea24295be8 None None] Created schema index Address_Set.name {{(pid=90853) autocreate_indices /opt/stack/data/venv/lib/python3.12/site-packages/ovsdbapp/backend/ovs_idl/__init__.py:106}}
Aug 13 06:00:28.427010 np0000007163 devstack@neutron-api.service[90856]: DEBUG neutron.plugins.ml2.drivers.ovn.mech_driver.ovsdb.maintenance [None req-2c459d86-8d8d-40a4-b0ee-86f93ef4d9e6 None None] Periodic task found: HashRingHealthCheckPeriodics.touch_hash_ring_node {{(pid=90856) add_periodics /opt/stack/neutron/neutron/plugins/ml2/drivers/ovn/mech_driver/ovsdb/maintenance.py:148}}
Aug 13 06:00:28.427127 np0000007163 devstack@neutron-api.service[90853]: DEBUG ovsdbapp.backend.ovs_idl [None req-e6e4c55d-0fe1-40f6-bdd8-e3ea24295be8 None None] Created schema index Connection.target {{(pid=90853) autocreate_indices /opt/stack/data/venv/lib/python3.12/site-packages/ovsdbapp/backend/ovs_idl/__init__.py:106}}
Aug 13 06:00:28.427127 np0000007163 devstack@neutron-api.service[90853]: DEBUG ovsdbapp.backend.ovs_idl [None req-e6e4c55d-0fe1-40f6-bdd8-e3ea24295be8 None None] Created schema index Gateway_Chassis.name {{(pid=90853) autocreate_indices /opt/stack/data/venv/lib/python3.12/site-packages/ovsdbapp/backend/ovs_idl/__init__.py:106}}
Aug 13 06:00:28.427127 np0000007163 devstack@neutron-api.service[90853]: DEBUG ovsdbapp.backend.ovs_idl [None req-e6e4c55d-0fe1-40f6-bdd8-e3ea24295be8 None None] Created schema index Mirror.name {{(pid=90853) autocreate_indices /opt/stack/data/venv/lib/python3.12/site-packages/ovsdbapp/backend/ovs_idl/__init__.py:106}}
Aug 13 06:00:28.427360 np0000007163 devstack@neutron-api.service[90855]: DEBUG neutron.api.extensions [None req-4f0dfdfe-2abc-46fc-ad20-db89f0296548 None None] Extended resource: subnetpools {{(pid=90855) __init__ /opt/stack/neutron/neutron/api/extensions.py:156}}
Aug 13 06:00:28.427538 np0000007163 devstack@neutron-api.service[90853]: DEBUG ovsdbapp.backend.ovs_idl [None req-e6e4c55d-0fe1-40f6-bdd8-e3ea24295be8 None None] Created schema index Chassis_Template_Var.chassis {{(pid=90853) autocreate_indices /opt/stack/data/venv/lib/python3.12/site-packages/ovsdbapp/backend/ovs_idl/__init__.py:106}}
Aug 13 06:00:28.427538 np0000007163 devstack@neutron-api.service[90853]: DEBUG ovsdbapp.backend.ovs_idl [None req-e6e4c55d-0fe1-40f6-bdd8-e3ea24295be8 None None] Created schema index Logical_Router_Port.name {{(pid=90853) autocreate_indices /opt/stack/data/venv/lib/python3.12/site-packages/ovsdbapp/backend/ovs_idl/__init__.py:106}}
Aug 13 06:00:28.427538 np0000007163 devstack@neutron-api.service[90853]: DEBUG ovsdbapp.backend.ovs_idl [None req-e6e4c55d-0fe1-40f6-bdd8-e3ea24295be8 None None] Created schema index Port_Group.name {{(pid=90853) autocreate_indices /opt/stack/data/venv/lib/python3.12/site-packages/ovsdbapp/backend/ovs_idl/__init__.py:106}}
Aug 13 06:00:28.427538 np0000007163 devstack@neutron-api.service[90853]: DEBUG ovsdbapp.backend.ovs_idl [None req-e6e4c55d-0fe1-40f6-bdd8-e3ea24295be8 None None] Created schema index Logical_Switch_Port.name {{(pid=90853) autocreate_indices /opt/stack/data/venv/lib/python3.12/site-packages/ovsdbapp/backend/ovs_idl/__init__.py:106}}
Aug 13 06:00:28.427876 np0000007163 devstack@neutron-api.service[90855]: DEBUG neutron.api.extensions [None req-4f0dfdfe-2abc-46fc-ad20-db89f0296548 None None] Extended resource: subnetpools {{(pid=90855) __init__ /opt/stack/neutron/neutron/api/extensions.py:156}}
