Jul 08 10:10:47.430786 np0000004808 devstack@g-api.service[102838]: DEBUG swiftclient [None req-6b5993b1-dcce-4356-9255-654fdf1afdf0 tempest-AttachSCSIVolumeTestJSON-1138880652 tempest-AttachSCSIVolumeTestJSON-1138880652-project-admin] RESP HEADERS: {'Date': 'Wed, 08 Jul 2026 10:10:47 GMT', 'Server': 'Apache/2.4.58 (Ubuntu)', 'Content-Type': 'application/json; charset=utf-8', 'Content-Length': '210', 'X-Container-Object-Count': '8', 'X-Container-Bytes-Used': '139592704', 'X-Timestamp': '1783505236.83221', 'Last-Modified': 'Wed, 08 Jul 2026 10:07:17 GMT', 'Accept-Ranges': 'bytes', 'X-Storage-Policy': 'Policy-0', 'X-Container-Sharding': 'False', 'X-Trans-Id': 'tx72d8cd7bf9d64c50be386-006a4e2227', 'X-Openstack-Request-Id': 'tx72d8cd7bf9d64c50be386-006a4e2227', 'Connection': 'close'} {{(pid=102838) http_log /opt/stack/data/venv/lib/python3.12/site-packages/swiftclient/client.py:162}}
Jul 08 10:10:47.431574 np0000004808 devstack@g-api.service[102838]: DEBUG swiftclient [None req-6b5993b1-dcce-4356-9255-654fdf1afdf0 tempest-AttachSCSIVolumeTestJSON-1138880652 tempest-AttachSCSIVolumeTestJSON-1138880652-project-admin] RESP BODY: b'[{"bytes": 21692416, "hash": "87617e24a5e30cb3b87fda8c0764838f", "name": "ea9f1c51-16a5-4ef1-812e-6802bf3ba8ed-00001", "content_type": "application/octet-stream", "last_modified": "2026-07-08T10:09:15.586700"}]' {{(pid=102838) http_log /opt/stack/data/venv/lib/python3.12/site-packages/swiftclient/client.py:166}}
Jul 08 10:10:47.452381 np0000004808 devstack@g-api.service[102838]: DEBUG swiftclient [None req-6b5993b1-dcce-4356-9255-654fdf1afdf0 tempest-AttachSCSIVolumeTestJSON-1138880652 tempest-AttachSCSIVolumeTestJSON-1138880652-project-admin] REQ: curl -i https://10.4.3.97:8080/v1/AUTH_4b3bf436ed414dff9721376a513f7c08/glance/ea9f1c51-16a5-4ef1-812e-6802bf3ba8ed-00001 DELETE -H "X-Auth-Token: gAAAAABqTiImVhWa..." {{(pid=102838) http_log /opt/stack/data/venv/lib/python3.12/site-packages/swiftclient/client.py:160}}
Jul 08 10:10:47.452478 np0000004808 devstack@g-api.service[102838]: DEBUG swiftclient [None req-6b5993b1-dcce-4356-9255-654fdf1afdf0 tempest-AttachSCSIVolumeTestJSON-1138880652 tempest-AttachSCSIVolumeTestJSON-1138880652-project-admin] RESP STATUS: 204 No Content {{(pid=102838) http_log /opt/stack/data/venv/lib/python3.12/site-packages/swiftclient/client.py:161}}
Jul 08 10:10:47.452622 np0000004808 devstack@g-api.service[102838]: DEBUG swiftclient [None req-6b5993b1-dcce-4356-9255-654fdf1afdf0 tempest-AttachSCSIVolumeTestJSON-1138880652 tempest-AttachSCSIVolumeTestJSON-1138880652-project-admin] RESP HEADERS: {'Date': 'Wed, 08 Jul 2026 10:10:47 GMT', 'Server': 'Apache/2.4.58 (Ubuntu)', 'Content-Type': 'text/html; charset=UTF-8', 'X-Trans-Id': 'tx184b94d3e31848afa566f-006a4e2227', 'X-Openstack-Request-Id': 'tx184b94d3e31848afa566f-006a4e2227', 'Connection': 'close'} {{(pid=102838) http_log /opt/stack/data/venv/lib/python3.12/site-packages/swiftclient/client.py:162}}
Jul 08 10:10:47.472191 np0000004808 devstack@g-api.service[102838]: DEBUG swiftclient [None req-6b5993b1-dcce-4356-9255-654fdf1afdf0 tempest-AttachSCSIVolumeTestJSON-1138880652 tempest-AttachSCSIVolumeTestJSON-1138880652-project-admin] REQ: curl -i https://10.4.3.97:8080/v1/AUTH_4b3bf436ed414dff9721376a513f7c08/glance/ea9f1c51-16a5-4ef1-812e-6802bf3ba8ed DELETE -H "X-Auth-Token: gAAAAABqTiImVhWa..." {{(pid=102838) http_log /opt/stack/data/venv/lib/python3.12/site-packages/swiftclient/client.py:160}}
Jul 08 10:10:47.472299 np0000004808 devstack@g-api.service[102838]: DEBUG swiftclient [None req-6b5993b1-dcce-4356-9255-654fdf1afdf0 tempest-AttachSCSIVolumeTestJSON-1138880652 tempest-AttachSCSIVolumeTestJSON-1138880652-project-admin] RESP STATUS: 204 No Content {{(pid=102838) http_log /opt/stack/data/venv/lib/python3.12/site-packages/swiftclient/client.py:161}}
Jul 08 10:10:47.472416 np0000004808 devstack@g-api.service[102838]: DEBUG swiftclient [None req-6b5993b1-dcce-4356-9255-654fdf1afdf0 tempest-AttachSCSIVolumeTestJSON-1138880652 tempest-AttachSCSIVolumeTestJSON-1138880652-project-admin] RESP HEADERS: {'Date': 'Wed, 08 Jul 2026 10:10:47 GMT', 'Server': 'Apache/2.4.58 (Ubuntu)', 'Content-Type': 'text/html; charset=UTF-8', 'X-Trans-Id': 'tx28ed9039e627475799358-006a4e2227', 'X-Openstack-Request-Id': 'tx28ed9039e627475799358-006a4e2227', 'Connection': 'close'} {{(pid=102838) http_log /opt/stack/data/venv/lib/python3.12/site-packages/swiftclient/client.py:162}}
Jul 08 10:10:47.517560 np0000004808 devstack@g-api.service[102838]: DEBUG glance.api.middleware.cache [None req-6b5993b1-dcce-4356-9255-654fdf1afdf0 tempest-AttachSCSIVolumeTestJSON-1138880652 tempest-AttachSCSIVolumeTestJSON-1138880652-project-admin] Removing image ea9f1c51-16a5-4ef1-812e-6802bf3ba8ed from cache {{(pid=102838) _process_DELETE_response /opt/stack/glance/glance/api/middleware/cache.py:264}}
Jul 08 10:10:47.517767 np0000004808 devstack@g-api.service[102838]: DEBUG glance.image_cache.drivers.centralized_db [None req-6b5993b1-dcce-4356-9255-654fdf1afdf0 tempest-AttachSCSIVolumeTestJSON-1138880652 tempest-AttachSCSIVolumeTestJSON-1138880652-project-admin] Deleting image cache file '/opt/stack/data/glance/cache/ea9f1c51-16a5-4ef1-812e-6802bf3ba8ed' {{(pid=102838) delete_cached_file /opt/stack/glance/glance/image_cache/drivers/centralized_db.py:400}}
Jul 08 10:10:47.528537 np0000004808 devstack@g-api.service[102838]: [pid: 102838|app: 0|req: 28/120] 127.0.0.1 () {40 vars in 837 bytes} [Wed Jul 8 10:10:46 2026] DELETE /v2/images/ea9f1c51-16a5-4ef1-812e-6802bf3ba8ed => generated 0 bytes in 705 msecs (HTTP/1.1 204) 4 headers in 171 bytes (1 switches on core 0)
Jul 08 10:10:47.534355 np0000004808 devstack@g-api.service[102835]: DEBUG glance.api.middleware.version_negotiation [None req-2bd8639d-11da-49ce-9c86-df88e37057e6 tempest-VolumesActionsTest-1022267834 tempest-VolumesActionsTest-1022267834-project-member] Determining version of request: GET /v2/images/ea9f1c51-16a5-4ef1-812e-6802bf3ba8ed Accept: application/json {{(pid=102835) process_request /opt/stack/glance/glance/api/middleware/version_negotiation.py:44}}
Jul 08 10:10:47.534676 np0000004808 devstack@g-api.service[102835]: DEBUG glance.api.middleware.version_negotiation [None req-2bd8639d-11da-49ce-9c86-df88e37057e6 tempest-VolumesActionsTest-1022267834 tempest-VolumesActionsTest-1022267834-project-member] Using url versioning {{(pid=102835) process_request /opt/stack/glance/glance/api/middleware/version_negotiation.py:57}}
Jul 08 10:10:47.534676 np0000004808 devstack@g-api.service[102835]: DEBUG glance.api.middleware.version_negotiation [None req-2bd8639d-11da-49ce-9c86-df88e37057e6 tempest-VolumesActionsTest-1022267834 tempest-VolumesActionsTest-1022267834-project-member] Matched version: v2 {{(pid=102835) process_request /opt/stack/glance/glance/api/middleware/version_negotiation.py:69}}
Jul 08 10:10:47.534835 np0000004808 devstack@g-api.service[102835]: DEBUG glance.api.middleware.version_negotiation [None req-2bd8639d-11da-49ce-9c86-df88e37057e6 tempest-VolumesActionsTest-1022267834 tempest-VolumesActionsTest-1022267834-project-member] new path /v2/images/ea9f1c51-16a5-4ef1-812e-6802bf3ba8ed {{(pid=102835) process_request /opt/stack/glance/glance/api/middleware/version_negotiation.py:70}}
Jul 08 10:10:47.539588 np0000004808 devstack@g-api.service[102835]: DEBUG glance.db.sqlalchemy.api [None req-6e5fc3a0-269e-490c-8ece-e2dd42070310 tempest-AttachSCSIVolumeTestJSON-281319463 tempest-AttachSCSIVolumeTestJSON-281319463-project-reader] No image found with ID ea9f1c51-16a5-4ef1-812e-6802bf3ba8ed {{(pid=102835) _image_get /opt/stack/glance/glance/db/sqlalchemy/api.py:303}}
Jul 08 10:10:47.541169 np0000004808 devstack@g-api.service[102835]: [pid: 102835|app: 0|req: 34/121] 127.0.0.1 () {40 vars in 834 bytes} [Wed Jul 8 10:10:47 2026] GET /v2/images/ea9f1c51-16a5-4ef1-812e-6802bf3ba8ed => generated 139 bytes in 7 msecs (HTTP/1.1 404) 4 headers in 164 bytes (1 switches on core 0)
Jul 08 10:10:47.629647 np0000004808 devstack@g-api.service[102836]: DEBUG glance.api.middleware.version_negotiation [None req-d7fd0167-687c-48fc-9b4a-2ba41a36a781 tempest-VolumesActionsTest-1022267834 tempest-VolumesActionsTest-1022267834-project-member] Determining version of request: GET /v2/images/ae14b512-d05b-4744-8042-f848391ffe74 Accept: application/json {{(pid=102836) process_request /opt/stack/glance/glance/api/middleware/version_negotiation.py:44}}
Jul 08 10:10:47.630003 np0000004808 devstack@g-api.service[102836]: DEBUG glance.api.middleware.version_negotiation [None req-d7fd0167-687c-48fc-9b4a-2ba41a36a781 tempest-VolumesActionsTest-1022267834 tempest-VolumesActionsTest-1022267834-project-member] Using url versioning {{(pid=102836) process_request /opt/stack/glance/glance/api/middleware/version_negotiation.py:57}}
Jul 08 10:10:47.630003 np0000004808 devstack@g-api.service[102836]: DEBUG glance.api.middleware.version_negotiation [None req-d7fd0167-687c-48fc-9b4a-2ba41a36a781 tempest-VolumesActionsTest-1022267834 tempest-VolumesActionsTest-1022267834-project-member] Matched version: v2 {{(pid=102836) process_request /opt/stack/glance/glance/api/middleware/version_negotiation.py:69}}
Jul 08 10:10:47.630003 np0000004808 devstack@g-api.service[102836]: DEBUG glance.api.middleware.version_negotiation [None req-d7fd0167-687c-48fc-9b4a-2ba41a36a781 tempest-VolumesActionsTest-1022267834 tempest-VolumesActionsTest-1022267834-project-member] new path /v2/images/ae14b512-d05b-4744-8042-f848391ffe74 {{(pid=102836) process_request /opt/stack/glance/glance/api/middleware/version_negotiation.py:70}}
Jul 08 10:10:47.639865 np0000004808 devstack@g-api.service[102836]: [pid: 102836|app: 0|req: 32/122] 127.0.0.1 () {40 vars in 834 bytes} [Wed Jul 8 10:10:47 2026] GET /v2/images/ae14b512-d05b-4744-8042-f848391ffe74 => generated 649 bytes in 10 msecs (HTTP/1.1 200) 4 headers in 157 bytes (1 switches on core 0)
Jul 08 10:10:48.652948 np0000004808 devstack@g-api.service[102837]: DEBUG glance.api.middleware.version_negotiation [None req-98618153-becf-4d7e-9b13-e952714c9605 tempest-VolumesActionsTest-1022267834 tempest-VolumesActionsTest-1022267834-project-member] Determining version of request: GET /v2/images/ae14b512-d05b-4744-8042-f848391ffe74 Accept: application/json {{(pid=102837) process_request /opt/stack/glance/glance/api/middleware/version_negotiation.py:44}}
Jul 08 10:10:48.653300 np0000004808 devstack@g-api.service[102837]: DEBUG glance.api.middleware.version_negotiation [None req-98618153-becf-4d7e-9b13-e952714c9605 tempest-VolumesActionsTest-1022267834 tempest-VolumesActionsTest-1022267834-project-member] Using url versioning {{(pid=102837) process_request /opt/stack/glance/glance/api/middleware/version_negotiation.py:57}}
Jul 08 10:10:48.653300 np0000004808 devstack@g-api.service[102837]: DEBUG glance.api.middleware.version_negotiation [None req-98618153-becf-4d7e-9b13-e952714c9605 tempest-VolumesActionsTest-1022267834 tempest-VolumesActionsTest-1022267834-project-member] Matched version: v2 {{(pid=102837) process_request /opt/stack/glance/glance/api/middleware/version_negotiation.py:69}}
Jul 08 10:10:48.653400 np0000004808 devstack@g-api.service[102837]: DEBUG glance.api.middleware.version_negotiation [None req-98618153-becf-4d7e-9b13-e952714c9605 tempest-VolumesActionsTest-1022267834 tempest-VolumesActionsTest-1022267834-project-member] new path /v2/images/ae14b512-d05b-4744-8042-f848391ffe74 {{(pid=102837) process_request /opt/stack/glance/glance/api/middleware/version_negotiation.py:70}}
Jul 08 10:10:48.664337 np0000004808 devstack@g-api.service[102837]: [pid: 102837|app: 0|req: 29/123] 127.0.0.1 () {40 vars in 834 bytes} [Wed Jul 8 10:10:48 2026] GET /v2/images/ae14b512-d05b-4744-8042-f848391ffe74 => generated 649 bytes in 11 msecs (HTTP/1.1 200) 4 headers in 157 bytes (1 switches on core 0)
Jul 08 10:10:49.206876 np0000004808 devstack@g-api.service[102838]: DEBUG glance.api.middleware.version_negotiation [None req-6b5993b1-dcce-4356-9255-654fdf1afdf0 tempest-AttachSCSIVolumeTestJSON-1138880652 tempest-AttachSCSIVolumeTestJSON-1138880652-project-admin] Determining version of request: PUT /v2/images/ae14b512-d05b-4744-8042-f848391ffe74/file Accept: */* {{(pid=102838) process_request /opt/stack/glance/glance/api/middleware/version_negotiation.py:44}}
Jul 08 10:10:49.207491 np0000004808 devstack@g-api.service[102838]: DEBUG glance.api.middleware.version_negotiation [None req-6b5993b1-dcce-4356-9255-654fdf1afdf0 tempest-AttachSCSIVolumeTestJSON-1138880652 tempest-AttachSCSIVolumeTestJSON-1138880652-project-admin] Using url versioning {{(pid=102838) process_request /opt/stack/glance/glance/api/middleware/version_negotiation.py:57}}
Jul 08 10:10:49.207491 np0000004808 devstack@g-api.service[102838]: DEBUG glance.api.middleware.version_negotiation [None req-6b5993b1-dcce-4356-9255-654fdf1afdf0 tempest-AttachSCSIVolumeTestJSON-1138880652 tempest-AttachSCSIVolumeTestJSON-1138880652-project-admin] Matched version: v2 {{(pid=102838) process_request /opt/stack/glance/glance/api/middleware/version_negotiation.py:69}}
Jul 08 10:10:49.207491 np0000004808 devstack@g-api.service[102838]: DEBUG glance.api.middleware.version_negotiation [None req-6b5993b1-dcce-4356-9255-654fdf1afdf0 tempest-AttachSCSIVolumeTestJSON-1138880652 tempest-AttachSCSIVolumeTestJSON-1138880652-project-admin] new path /v2/images/ae14b512-d05b-4744-8042-f848391ffe74/file {{(pid=102838) process_request /opt/stack/glance/glance/api/middleware/version_negotiation.py:70}}
Jul 08 10:10:49.672008 np0000004808 devstack@g-api.service[102835]: DEBUG glance.api.middleware.version_negotiation [None req-6e5fc3a0-269e-490c-8ece-e2dd42070310 tempest-AttachSCSIVolumeTestJSON-281319463 tempest-AttachSCSIVolumeTestJSON-281319463-project-reader] Determining version of request: GET /v2/images/ae14b512-d05b-4744-8042-f848391ffe74 Accept: application/json {{(pid=102835) process_request /opt/stack/glance/glance/api/middleware/version_negotiation.py:44}}
Jul 08 10:10:49.672346 np0000004808 devstack@g-api.service[102835]: DEBUG glance.api.middleware.version_negotiation [None req-6e5fc3a0-269e-490c-8ece-e2dd42070310 tempest-AttachSCSIVolumeTestJSON-281319463 tempest-AttachSCSIVolumeTestJSON-281319463-project-reader] Using url versioning {{(pid=102835) process_request /opt/stack/glance/glance/api/middleware/version_negotiation.py:57}}
Jul 08 10:10:49.672346 np0000004808 devstack@g-api.service[102835]: DEBUG glance.api.middleware.version_negotiation [None req-6e5fc3a0-269e-490c-8ece-e2dd42070310 tempest-AttachSCSIVolumeTestJSON-281319463 tempest-AttachSCSIVolumeTestJSON-281319463-project-reader] Matched version: v2 {{(pid=102835) process_request /opt/stack/glance/glance/api/middleware/version_negotiation.py:69}}
Jul 08 10:10:49.672482 np0000004808 devstack@g-api.service[102835]: DEBUG glance.api.middleware.version_negotiation [None req-6e5fc3a0-269e-490c-8ece-e2dd42070310 tempest-AttachSCSIVolumeTestJSON-281319463 tempest-AttachSCSIVolumeTestJSON-281319463-project-reader] new path /v2/images/ae14b512-d05b-4744-8042-f848391ffe74 {{(pid=102835) process_request /opt/stack/glance/glance/api/middleware/version_negotiation.py:70}}
Jul 08 10:10:49.689018 np0000004808 devstack@g-api.service[102835]: [pid: 102835|app: 0|req: 35/124] 127.0.0.1 () {40 vars in 834 bytes} [Wed Jul 8 10:10:49 2026] GET /v2/images/ae14b512-d05b-4744-8042-f848391ffe74 => generated 649 bytes in 17 msecs (HTTP/1.1 200) 4 headers in 157 bytes (1 switches on core 0)
Jul 08 10:10:49.998944 np0000004808 devstack@g-api.service[102836]: DEBUG glance.api.middleware.version_negotiation [None req-dd7cb292-cb37-4880-bcc2-a75e13443bae tempest-VolumesActionsTest-1022267834 tempest-VolumesActionsTest-1022267834-project-member] Determining version of request: GET /v2/images/e1d91eec-fec5-40aa-bbf5-3026d7b3c4b6 Accept: */* {{(pid=102836) process_request /opt/stack/glance/glance/api/middleware/version_negotiation.py:44}}
Jul 08 10:10:49.999428 np0000004808 devstack@g-api.service[102836]: DEBUG glance.api.middleware.version_negotiation [None req-dd7cb292-cb37-4880-bcc2-a75e13443bae tempest-VolumesActionsTest-1022267834 tempest-VolumesActionsTest-1022267834-project-member] Using url versioning {{(pid=102836) process_request /opt/stack/glance/glance/api/middleware/version_negotiation.py:57}}
Jul 08 10:10:49.999428 np0000004808 devstack@g-api.service[102836]: DEBUG glance.api.middleware.version_negotiation [None req-dd7cb292-cb37-4880-bcc2-a75e13443bae tempest-VolumesActionsTest-1022267834 tempest-VolumesActionsTest-1022267834-project-member] Matched version: v2 {{(pid=102836) process_request /opt/stack/glance/glance/api/middleware/version_negotiation.py:69}}
Jul 08 10:10:49.999428 np0000004808 devstack@g-api.service[102836]: DEBUG glance.api.middleware.version_negotiation [None req-dd7cb292-cb37-4880-bcc2-a75e13443bae tempest-VolumesActionsTest-1022267834 tempest-VolumesActionsTest-1022267834-project-member] new path /v2/images/e1d91eec-fec5-40aa-bbf5-3026d7b3c4b6 {{(pid=102836) process_request /opt/stack/glance/glance/api/middleware/version_negotiation.py:70}}
Jul 08 10:10:50.112230 np0000004808 devstack@g-api.service[102838]: INFO glance.api.v2.image_data [None req-b89193ec-4713-46e7-bbba-18ebb6af0be6 tempest-VolumesActionsTest-1022267834 tempest-VolumesActionsTest-1022267834-project-member] Unable to create trust: no such option collect_timing in group [keystone_authtoken] Use the existing user token.
Jul 08 10:10:50.247673 np0000004808 devstack@g-api.service[102836]: [pid: 102836|app: 0|req: 33/125] 127.0.0.1 () {44 vars in 1111 bytes} [Wed Jul 8 10:10:49 2026] GET /v2/images/e1d91eec-fec5-40aa-bbf5-3026d7b3c4b6 => generated 1619 bytes in 249 msecs (HTTP/1.1 200) 4 headers in 158 bytes (1 switches on core 0)
Jul 08 10:10:50.290583 np0000004808 devstack@g-api.service[102837]: DEBUG glance.api.middleware.version_negotiation [None req-ebfc6bbe-2167-4d8e-9164-66812d9d64c3 tempest-VolumesActionsTest-1022267834 tempest-VolumesActionsTest-1022267834-project-member] Determining version of request: GET /v2/schemas/image Accept: */* {{(pid=102837) process_request /opt/stack/glance/glance/api/middleware/version_negotiation.py:44}}
Jul 08 10:10:50.290583 np0000004808 devstack@g-api.service[102837]: DEBUG glance.api.middleware.version_negotiation [None req-ebfc6bbe-2167-4d8e-9164-66812d9d64c3 tempest-VolumesActionsTest-1022267834 tempest-VolumesActionsTest-1022267834-project-member] Using url versioning {{(pid=102837) process_request /opt/stack/glance/glance/api/middleware/version_negotiation.py:57}}
Jul 08 10:10:50.290583 np0000004808 devstack@g-api.service[102837]: DEBUG glance.api.middleware.version_negotiation [None req-ebfc6bbe-2167-4d8e-9164-66812d9d64c3 tempest-VolumesActionsTest-1022267834 tempest-VolumesActionsTest-1022267834-project-member] Matched version: v2 {{(pid=102837) process_request /opt/stack/glance/glance/api/middleware/version_negotiation.py:69}}
Jul 08 10:10:50.290583 np0000004808 devstack@g-api.service[102837]: DEBUG glance.api.middleware.version_negotiation [None req-ebfc6bbe-2167-4d8e-9164-66812d9d64c3 tempest-VolumesActionsTest-1022267834 tempest-VolumesActionsTest-1022267834-project-member] new path /v2/schemas/image {{(pid=102837) process_request /opt/stack/glance/glance/api/middleware/version_negotiation.py:70}}
Jul 08 10:10:50.294810 np0000004808 devstack@g-api.service[102837]: [pid: 102837|app: 0|req: 30/126] 127.0.0.1 () {44 vars in 1051 bytes} [Wed Jul 8 10:10:50 2026] GET /v2/schemas/image => generated 6083 bytes in 5 msecs (HTTP/1.1 200) 4 headers in 158 bytes (1 switches on core 0)
Jul 08 10:10:50.702349 np0000004808 devstack@g-api.service[102835]: DEBUG glance.api.middleware.version_negotiation [None req-503f2e46-a490-40cf-8ec0-4579b3dd474e tempest-VolumesActionsTest-1022267834 tempest-VolumesActionsTest-1022267834-project-member] Determining version of request: GET /v2/images/ae14b512-d05b-4744-8042-f848391ffe74 Accept: application/json {{(pid=102835) process_request /opt/stack/glance/glance/api/middleware/version_negotiation.py:44}}
Jul 08 10:10:50.702781 np0000004808 devstack@g-api.service[102835]: DEBUG glance.api.middleware.version_negotiation [None req-503f2e46-a490-40cf-8ec0-4579b3dd474e tempest-VolumesActionsTest-1022267834 tempest-VolumesActionsTest-1022267834-project-member] Using url versioning {{(pid=102835) process_request /opt/stack/glance/glance/api/middleware/version_negotiation.py:57}}
Jul 08 10:10:50.702781 np0000004808 devstack@g-api.service[102835]: DEBUG glance.api.middleware.version_negotiation [None req-503f2e46-a490-40cf-8ec0-4579b3dd474e tempest-VolumesActionsTest-1022267834 tempest-VolumesActionsTest-1022267834-project-member] Matched version: v2 {{(pid=102835) process_request /opt/stack/glance/glance/api/middleware/version_negotiation.py:69}}
Jul 08 10:10:50.702781 np0000004808 devstack@g-api.service[102835]: DEBUG glance.api.middleware.version_negotiation [None req-503f2e46-a490-40cf-8ec0-4579b3dd474e tempest-VolumesActionsTest-1022267834 tempest-VolumesActionsTest-1022267834-project-member] new path /v2/images/ae14b512-d05b-4744-8042-f848391ffe74 {{(pid=102835) process_request /opt/stack/glance/glance/api/middleware/version_negotiation.py:70}}
Jul 08 10:10:50.719488 np0000004808 devstack@g-api.service[102835]: [pid: 102835|app: 0|req: 36/127] 127.0.0.1 () {40 vars in 834 bytes} [Wed Jul 8 10:10:50 2026] GET /v2/images/ae14b512-d05b-4744-8042-f848391ffe74 => generated 649 bytes in 17 msecs (HTTP/1.1 200) 4 headers in 157 bytes (1 switches on core 0)
Jul 08 10:10:50.794789 np0000004808 devstack@g-api.service[102838]: DEBUG glance.location [None req-b89193ec-4713-46e7-bbba-18ebb6af0be6 tempest-VolumesActionsTest-1022267834 tempest-VolumesActionsTest-1022267834-project-member] Enabling in-flight format inspection for raw {{(pid=102838) set_data /opt/stack/glance/glance/location.py:596}}
Jul 08 10:10:50.794789 np0000004808 devstack@g-api.service[102838]: DEBUG glance_store.backend [None req-b89193ec-4713-46e7-bbba-18ebb6af0be6 tempest-VolumesActionsTest-1022267834 tempest-VolumesActionsTest-1022267834-project-member] Attempting to import store swift {{(pid=102838) _load_store /opt/stack/data/venv/lib/python3.12/site-packages/glance_store/backend.py:215}}
Jul 08 10:10:50.795725 np0000004808 devstack@g-api.service[102838]: DEBUG glance_store.capabilities [None req-b89193ec-4713-46e7-bbba-18ebb6af0be6 tempest-VolumesActionsTest-1022267834 tempest-VolumesActionsTest-1022267834-project-member] Store glance_store._drivers.swift.store.SingleTenantStore doesn't support updating dynamic storage capabilities. Please overwrite 'update_capabilities' method of the store to implement updating logics if needed. {{(pid=102838) update_capabilities /opt/stack/data/venv/lib/python3.12/site-packages/glance_store/capabilities.py:91}}
Jul 08 10:10:50.795831 np0000004808 devstack@g-api.service[102838]: DEBUG glance_store.driver [None req-b89193ec-4713-46e7-bbba-18ebb6af0be6 tempest-VolumesActionsTest-1022267834 tempest-VolumesActionsTest-1022267834-project-member] Late loading location class glance_store._drivers.swift.store.StoreLocation {{(pid=102838) get_store_location_class /opt/stack/data/venv/lib/python3.12/site-packages/glance_store/driver.py:134}}
Jul 08 10:10:50.795900 np0000004808 devstack@g-api.service[102838]: DEBUG glance_store.location [None req-b89193ec-4713-46e7-bbba-18ebb6af0be6 tempest-VolumesActionsTest-1022267834 tempest-VolumesActionsTest-1022267834-project-member] Registering scheme swift+https with {'store': , 'location_class': , 'store_entry': 'swift'} {{(pid=102838) register_scheme_map /opt/stack/data/venv/lib/python3.12/site-packages/glance_store/location.py:146}}
Jul 08 10:10:50.796001 np0000004808 devstack@g-api.service[102838]: DEBUG glance_store.location [None req-b89193ec-4713-46e7-bbba-18ebb6af0be6 tempest-VolumesActionsTest-1022267834 tempest-VolumesActionsTest-1022267834-project-member] Registering scheme swift+https with {'store': , 'location_class': , 'store_entry': 'swift'} {{(pid=102838) register_scheme_map /opt/stack/data/venv/lib/python3.12/site-packages/glance_store/location.py:146}}
Jul 08 10:10:50.796070 np0000004808 devstack@g-api.service[102838]: DEBUG glance_store.location [None req-b89193ec-4713-46e7-bbba-18ebb6af0be6 tempest-VolumesActionsTest-1022267834 tempest-VolumesActionsTest-1022267834-project-member] Registering scheme swift with {'store': , 'location_class': , 'store_entry': 'swift'} {{(pid=102838) register_scheme_map /opt/stack/data/venv/lib/python3.12/site-packages/glance_store/location.py:146}}
Jul 08 10:10:50.796140 np0000004808 devstack@g-api.service[102838]: DEBUG glance_store.location [None req-b89193ec-4713-46e7-bbba-18ebb6af0be6 tempest-VolumesActionsTest-1022267834 tempest-VolumesActionsTest-1022267834-project-member] Registering scheme swift+https with {'store': , 'location_class': , 'store_entry': 'swift'} {{(pid=102838) register_scheme_map /opt/stack/data/venv/lib/python3.12/site-packages/glance_store/location.py:146}}
Jul 08 10:10:50.796213 np0000004808 devstack@g-api.service[102838]: DEBUG glance_store.location [None req-b89193ec-4713-46e7-bbba-18ebb6af0be6 tempest-VolumesActionsTest-1022267834 tempest-VolumesActionsTest-1022267834-project-member] Registering scheme swift with {'store': , 'location_class': , 'store_entry': 'swift'} {{(pid=102838) register_scheme_map /opt/stack/data/venv/lib/python3.12/site-packages/glance_store/location.py:146}}
Jul 08 10:10:50.796275 np0000004808 devstack@g-api.service[102838]: DEBUG glance_store.location [None req-b89193ec-4713-46e7-bbba-18ebb6af0be6 tempest-VolumesActionsTest-1022267834 tempest-VolumesActionsTest-1022267834-project-member] Registering scheme swift+http with {'store': , 'location_class': , 'store_entry': 'swift'} {{(pid=102838) register_scheme_map /opt/stack/data/venv/lib/python3.12/site-packages/glance_store/location.py:146}}
Jul 08 10:10:50.796344 np0000004808 devstack@g-api.service[102838]: DEBUG glance_store.location [None req-b89193ec-4713-46e7-bbba-18ebb6af0be6 tempest-VolumesActionsTest-1022267834 tempest-VolumesActionsTest-1022267834-project-member] Registering scheme swift+https with {'store': , 'location_class': , 'store_entry': 'swift'} {{(pid=102838) register_scheme_map /opt/stack/data/venv/lib/python3.12/site-packages/glance_store/location.py:146}}
Jul 08 10:10:50.796410 np0000004808 devstack@g-api.service[102838]: DEBUG glance_store.location [None req-b89193ec-4713-46e7-bbba-18ebb6af0be6 tempest-VolumesActionsTest-1022267834 tempest-VolumesActionsTest-1022267834-project-member] Registering scheme swift with {'store': , 'location_class': , 'store_entry': 'swift'} {{(pid=102838) register_scheme_map /opt/stack/data/venv/lib/python3.12/site-packages/glance_store/location.py:146}}
Jul 08 10:10:50.796513 np0000004808 devstack@g-api.service[102838]: DEBUG glance_store.location [None req-b89193ec-4713-46e7-bbba-18ebb6af0be6 tempest-VolumesActionsTest-1022267834 tempest-VolumesActionsTest-1022267834-project-member] Registering scheme swift+http with {'store': , 'location_class': , 'store_entry': 'swift'} {{(pid=102838) register_scheme_map /opt/stack/data/venv/lib/python3.12/site-packages/glance_store/location.py:146}}
Jul 08 10:10:50.797355 np0000004808 devstack@g-api.service[102838]: DEBUG glance_store.location [None req-b89193ec-4713-46e7-bbba-18ebb6af0be6 tempest-VolumesActionsTest-1022267834 tempest-VolumesActionsTest-1022267834-project-member] Registering scheme swift+config with {'store': , 'location_class': , 'store_entry': 'swift'} {{(pid=102838) register_scheme_map /opt/stack/data/venv/lib/python3.12/site-packages/glance_store/location.py:146}}
Jul 08 10:10:51.263296 np0000004808 devstack@g-api.service[102838]: DEBUG swiftclient [None req-b89193ec-4713-46e7-bbba-18ebb6af0be6 tempest-VolumesActionsTest-1022267834 tempest-VolumesActionsTest-1022267834-project-member] REQ: curl -i https://10.4.3.97:8080/v1/AUTH_4b3bf436ed414dff9721376a513f7c08/glance -I -H "X-Auth-Token: gAAAAABqTiIq0rru..." {{(pid=102838) http_log /opt/stack/data/venv/lib/python3.12/site-packages/swiftclient/client.py:160}}
Jul 08 10:10:51.263482 np0000004808 devstack@g-api.service[102838]: DEBUG swiftclient [None req-b89193ec-4713-46e7-bbba-18ebb6af0be6 tempest-VolumesActionsTest-1022267834 tempest-VolumesActionsTest-1022267834-project-member] RESP STATUS: 204 No Content {{(pid=102838) http_log /opt/stack/data/venv/lib/python3.12/site-packages/swiftclient/client.py:161}}
Jul 08 10:10:51.263668 np0000004808 devstack@g-api.service[102838]: DEBUG swiftclient [None req-b89193ec-4713-46e7-bbba-18ebb6af0be6 tempest-VolumesActionsTest-1022267834 tempest-VolumesActionsTest-1022267834-project-member] RESP HEADERS: {'Date': 'Wed, 08 Jul 2026 10:10:51 GMT', 'Server': 'Apache/2.4.58 (Ubuntu)', 'Content-Type': 'text/plain; charset=utf-8', 'X-Container-Object-Count': '6', 'X-Container-Bytes-Used': '117900288', 'X-Timestamp': '1783505236.83221', 'Last-Modified': 'Wed, 08 Jul 2026 10:07:17 GMT', 'Accept-Ranges': 'bytes', 'X-Storage-Policy': 'Policy-0', 'X-Container-Sharding': 'False', 'Vary': 'Accept', 'X-Trans-Id': 'txa563dd36dd82477caf4fa-006a4e222a', 'X-Openstack-Request-Id': 'txa563dd36dd82477caf4fa-006a4e222a', 'Connection': 'close'} {{(pid=102838) http_log /opt/stack/data/venv/lib/python3.12/site-packages/swiftclient/client.py:162}}
Jul 08 10:10:51.263801 np0000004808 devstack@g-api.service[102838]: DEBUG glance_store._drivers.swift.store [None req-b89193ec-4713-46e7-bbba-18ebb6af0be6 tempest-VolumesActionsTest-1022267834 tempest-VolumesActionsTest-1022267834-project-member] Adding image object 'ae14b512-d05b-4744-8042-f848391ffe74' to Swift {{(pid=102838) add /opt/stack/data/venv/lib/python3.12/site-packages/glance_store/_drivers/swift/store.py:970}}
Jul 08 10:10:51.263867 np0000004808 devstack@g-api.service[102838]: DEBUG glance_store._drivers.swift.store [None req-b89193ec-4713-46e7-bbba-18ebb6af0be6 tempest-VolumesActionsTest-1022267834 tempest-VolumesActionsTest-1022267834-project-member] Cannot determine image size because it is either not provided in the request or chunked-transfer encoding is used. Adding image as a segmented object to Swift. {{(pid=102838) add /opt/stack/data/venv/lib/python3.12/site-packages/glance_store/_drivers/swift/store.py:994}}
Jul 08 10:10:51.270885 np0000004808 devstack@g-api.service[102838]: DEBUG oslo_utils.imageutils.format_inspector [None req-b89193ec-4713-46e7-bbba-18ebb6af0be6 tempest-VolumesActionsTest-1022267834 tempest-VolumesActionsTest-1022267834-project-member] Format inspector for vmdk does not match, excluding from consideration (Signature KDMV not found: b'\x00\x00\x00\x00') {{(pid=102838) _process_chunk /opt/stack/data/venv/lib/python3.12/site-packages/oslo_utils/imageutils/format_inspector.py:1758}}
Jul 08 10:10:51.274585 np0000004808 devstack@g-api.service[102838]: DEBUG oslo_utils.imageutils.format_inspector [None req-b89193ec-4713-46e7-bbba-18ebb6af0be6 tempest-VolumesActionsTest-1022267834 tempest-VolumesActionsTest-1022267834-project-member] Format inspector for vhdx does not match, excluding from consideration (Region signature not found at 30000) {{(pid=102838) _process_chunk /opt/stack/data/venv/lib/python3.12/site-packages/oslo_utils/imageutils/format_inspector.py:1758}}
Jul 08 10:10:51.739902 np0000004808 devstack@g-api.service[102836]: DEBUG glance.api.middleware.version_negotiation [None req-d23d9ddd-ed3c-463c-abb2-d994d85f80c0 tempest-AttachVolumeShelveTestJSON-1338600171 tempest-AttachVolumeShelveTestJSON-1338600171-project-member] Determining version of request: GET /v2/images/ae14b512-d05b-4744-8042-f848391ffe74 Accept: application/json {{(pid=102836) process_request /opt/stack/glance/glance/api/middleware/version_negotiation.py:44}}
Jul 08 10:10:51.739902 np0000004808 devstack@g-api.service[102836]: DEBUG glance.api.middleware.version_negotiation [None req-d23d9ddd-ed3c-463c-abb2-d994d85f80c0 tempest-AttachVolumeShelveTestJSON-1338600171 tempest-AttachVolumeShelveTestJSON-1338600171-project-member] Using url versioning {{(pid=102836) process_request /opt/stack/glance/glance/api/middleware/version_negotiation.py:57}}
Jul 08 10:10:51.739902 np0000004808 devstack@g-api.service[102836]: DEBUG glance.api.middleware.version_negotiation [None req-d23d9ddd-ed3c-463c-abb2-d994d85f80c0 tempest-AttachVolumeShelveTestJSON-1338600171 tempest-AttachVolumeShelveTestJSON-1338600171-project-member] Matched version: v2 {{(pid=102836) process_request /opt/stack/glance/glance/api/middleware/version_negotiation.py:69}}
Jul 08 10:10:51.739902 np0000004808 devstack@g-api.service[102836]: DEBUG glance.api.middleware.version_negotiation [None req-d23d9ddd-ed3c-463c-abb2-d994d85f80c0 tempest-AttachVolumeShelveTestJSON-1338600171 tempest-AttachVolumeShelveTestJSON-1338600171-project-member] new path /v2/images/ae14b512-d05b-4744-8042-f848391ffe74 {{(pid=102836) process_request /opt/stack/glance/glance/api/middleware/version_negotiation.py:70}}
Jul 08 10:10:51.791148 np0000004808 devstack@g-api.service[102836]: [pid: 102836|app: 0|req: 34/128] 127.0.0.1 () {40 vars in 834 bytes} [Wed Jul 8 10:10:51 2026] GET /v2/images/ae14b512-d05b-4744-8042-f848391ffe74 => generated 649 bytes in 58 msecs (HTTP/1.1 200) 4 headers in 157 bytes (1 switches on core 0)
Jul 08 10:10:52.802704 np0000004808 devstack@g-api.service[102837]: DEBUG glance.api.middleware.version_negotiation [None req-d23d9ddd-ed3c-463c-abb2-d994d85f80c0 tempest-AttachVolumeShelveTestJSON-1338600171 tempest-AttachVolumeShelveTestJSON-1338600171-project-member] Determining version of request: GET /v2/images/ae14b512-d05b-4744-8042-f848391ffe74 Accept: application/json {{(pid=102837) process_request /opt/stack/glance/glance/api/middleware/version_negotiation.py:44}}
Jul 08 10:10:52.803139 np0000004808 devstack@g-api.service[102837]: DEBUG glance.api.middleware.version_negotiation [None req-d23d9ddd-ed3c-463c-abb2-d994d85f80c0 tempest-AttachVolumeShelveTestJSON-1338600171 tempest-AttachVolumeShelveTestJSON-1338600171-project-member] Using url versioning {{(pid=102837) process_request /opt/stack/glance/glance/api/middleware/version_negotiation.py:57}}
Jul 08 10:10:52.803139 np0000004808 devstack@g-api.service[102837]: DEBUG glance.api.middleware.version_negotiation [None req-d23d9ddd-ed3c-463c-abb2-d994d85f80c0 tempest-AttachVolumeShelveTestJSON-1338600171 tempest-AttachVolumeShelveTestJSON-1338600171-project-member] Matched version: v2 {{(pid=102837) process_request /opt/stack/glance/glance/api/middleware/version_negotiation.py:69}}
Jul 08 10:10:52.803281 np0000004808 devstack@g-api.service[102837]: DEBUG glance.api.middleware.version_negotiation [None req-d23d9ddd-ed3c-463c-abb2-d994d85f80c0 tempest-AttachVolumeShelveTestJSON-1338600171 tempest-AttachVolumeShelveTestJSON-1338600171-project-member] new path /v2/images/ae14b512-d05b-4744-8042-f848391ffe74 {{(pid=102837) process_request /opt/stack/glance/glance/api/middleware/version_negotiation.py:70}}
Jul 08 10:10:52.814214 np0000004808 devstack@g-api.service[102837]: [pid: 102837|app: 0|req: 31/129] 127.0.0.1 () {40 vars in 834 bytes} [Wed Jul 8 10:10:52 2026] GET /v2/images/ae14b512-d05b-4744-8042-f848391ffe74 => generated 649 bytes in 11 msecs (HTTP/1.1 200) 4 headers in 157 bytes (1 switches on core 0)
Jul 08 10:10:53.168228 np0000004808 devstack@g-api.service[102838]: DEBUG swiftclient [None req-b89193ec-4713-46e7-bbba-18ebb6af0be6 tempest-VolumesActionsTest-1022267834 tempest-VolumesActionsTest-1022267834-project-member] REQ: curl -i https://10.4.3.97:8080/v1/AUTH_4b3bf436ed414dff9721376a513f7c08/glance/ae14b512-d05b-4744-8042-f848391ffe74-00001 -X PUT -H "X-Auth-Token: gAAAAABqTiIq0rru..." {{(pid=102838) http_log /opt/stack/data/venv/lib/python3.12/site-packages/swiftclient/client.py:160}}
Jul 08 10:10:53.168518 np0000004808 devstack@g-api.service[102838]: DEBUG swiftclient [None req-b89193ec-4713-46e7-bbba-18ebb6af0be6 tempest-VolumesActionsTest-1022267834 tempest-VolumesActionsTest-1022267834-project-member] RESP STATUS: 201 Created {{(pid=102838) http_log /opt/stack/data/venv/lib/python3.12/site-packages/swiftclient/client.py:161}}
Jul 08 10:10:53.168518 np0000004808 devstack@g-api.service[102838]: DEBUG swiftclient [None req-b89193ec-4713-46e7-bbba-18ebb6af0be6 tempest-VolumesActionsTest-1022267834 tempest-VolumesActionsTest-1022267834-project-member] RESP HEADERS: {'Date': 'Wed, 08 Jul 2026 10:10:53 GMT', 'Server': 'Apache/2.4.58 (Ubuntu)', 'Content-Type': 'text/html; charset=UTF-8', 'Content-Length': '0', 'Etag': 'eda9a9889837ac4bc81d6387d92c1bec', 'Last-Modified': 'Wed, 08 Jul 2026 10:10:52 GMT', 'X-Trans-Id': 'tx2874d80d973f49c3b5b8c-006a4e222b', 'X-Openstack-Request-Id': 'tx2874d80d973f49c3b5b8c-006a4e222b', 'Connection': 'close'} {{(pid=102838) http_log /opt/stack/data/venv/lib/python3.12/site-packages/swiftclient/client.py:162}}
Jul 08 10:10:53.168617 np0000004808 devstack@g-api.service[102838]: DEBUG glance_store._drivers.swift.store [None req-b89193ec-4713-46e7-bbba-18ebb6af0be6 tempest-VolumesActionsTest-1022267834 tempest-VolumesActionsTest-1022267834-project-member] Wrote chunk ae14b512-d05b-4744-8042-f848391ffe74-00001 (1/?) of length 204800000 to Swift returning MD5 of content: eda9a9889837ac4bc81d6387d92c1bec {{(pid=102838) add /opt/stack/data/venv/lib/python3.12/site-packages/glance_store/_drivers/swift/store.py:1059}}
Jul 08 10:10:53.821748 np0000004808 devstack@g-api.service[102835]: DEBUG glance.api.middleware.version_negotiation [None req-9d50e28b-234e-491f-b391-9b82251adc6a tempest-VolumesActionsTest-1022267834 tempest-VolumesActionsTest-1022267834-project-member] Determining version of request: GET /v2/images/ae14b512-d05b-4744-8042-f848391ffe74 Accept: application/json {{(pid=102835) process_request /opt/stack/glance/glance/api/middleware/version_negotiation.py:44}}
Jul 08 10:10:53.822139 np0000004808 devstack@g-api.service[102835]: DEBUG glance.api.middleware.version_negotiation [None req-9d50e28b-234e-491f-b391-9b82251adc6a tempest-VolumesActionsTest-1022267834 tempest-VolumesActionsTest-1022267834-project-member] Using url versioning {{(pid=102835) process_request /opt/stack/glance/glance/api/middleware/version_negotiation.py:57}}
Jul 08 10:10:53.822139 np0000004808 devstack@g-api.service[102835]: DEBUG glance.api.middleware.version_negotiation [None req-9d50e28b-234e-491f-b391-9b82251adc6a tempest-VolumesActionsTest-1022267834 tempest-VolumesActionsTest-1022267834-project-member] Matched version: v2 {{(pid=102835) process_request /opt/stack/glance/glance/api/middleware/version_negotiation.py:69}}
Jul 08 10:10:53.823216 np0000004808 devstack@g-api.service[102835]: DEBUG glance.api.middleware.version_negotiation [None req-9d50e28b-234e-491f-b391-9b82251adc6a tempest-VolumesActionsTest-1022267834 tempest-VolumesActionsTest-1022267834-project-member] new path /v2/images/ae14b512-d05b-4744-8042-f848391ffe74 {{(pid=102835) process_request /opt/stack/glance/glance/api/middleware/version_negotiation.py:70}}
Jul 08 10:10:53.838199 np0000004808 devstack@g-api.service[102835]: [pid: 102835|app: 0|req: 37/130] 127.0.0.1 () {40 vars in 834 bytes} [Wed Jul 8 10:10:53 2026] GET /v2/images/ae14b512-d05b-4744-8042-f848391ffe74 => generated 649 bytes in 16 msecs (HTTP/1.1 200) 4 headers in 157 bytes (1 switches on core 0)
Jul 08 10:10:54.849317 np0000004808 devstack@g-api.service[102836]: DEBUG glance.api.middleware.version_negotiation [None req-c2e34b4d-0214-460f-b50d-60aebacb57ef tempest-VolumesActionsTest-1022267834 tempest-VolumesActionsTest-1022267834-project-member] Determining version of request: GET /v2/images/ae14b512-d05b-4744-8042-f848391ffe74 Accept: application/json {{(pid=102836) process_request /opt/stack/glance/glance/api/middleware/version_negotiation.py:44}}
Jul 08 10:10:54.849764 np0000004808 devstack@g-api.service[102836]: DEBUG glance.api.middleware.version_negotiation [None req-c2e34b4d-0214-460f-b50d-60aebacb57ef tempest-VolumesActionsTest-1022267834 tempest-VolumesActionsTest-1022267834-project-member] Using url versioning {{(pid=102836) process_request /opt/stack/glance/glance/api/middleware/version_negotiation.py:57}}
Jul 08 10:10:54.849800 np0000004808 devstack@g-api.service[102836]: DEBUG glance.api.middleware.version_negotiation [None req-c2e34b4d-0214-460f-b50d-60aebacb57ef tempest-VolumesActionsTest-1022267834 tempest-VolumesActionsTest-1022267834-project-member] Matched version: v2 {{(pid=102836) process_request /opt/stack/glance/glance/api/middleware/version_negotiation.py:69}}
Jul 08 10:10:54.849933 np0000004808 devstack@g-api.service[102836]: DEBUG glance.api.middleware.version_negotiation [None req-c2e34b4d-0214-460f-b50d-60aebacb57ef tempest-VolumesActionsTest-1022267834 tempest-VolumesActionsTest-1022267834-project-member] new path /v2/images/ae14b512-d05b-4744-8042-f848391ffe74 {{(pid=102836) process_request /opt/stack/glance/glance/api/middleware/version_negotiation.py:70}}
Jul 08 10:10:54.860205 np0000004808 devstack@g-api.service[102836]: [pid: 102836|app: 0|req: 35/131] 127.0.0.1 () {40 vars in 834 bytes} [Wed Jul 8 10:10:54 2026] GET /v2/images/ae14b512-d05b-4744-8042-f848391ffe74 => generated 649 bytes in 11 msecs (HTTP/1.1 200) 4 headers in 157 bytes (1 switches on core 0)
Jul 08 10:10:55.165638 np0000004808 devstack@g-api.service[102838]: DEBUG swiftclient [None req-b89193ec-4713-46e7-bbba-18ebb6af0be6 tempest-VolumesActionsTest-1022267834 tempest-VolumesActionsTest-1022267834-project-member] REQ: curl -i https://10.4.3.97:8080/v1/AUTH_4b3bf436ed414dff9721376a513f7c08/glance/ae14b512-d05b-4744-8042-f848391ffe74-00002 -X PUT -H "X-Auth-Token: gAAAAABqTiIq0rru..." {{(pid=102838) http_log /opt/stack/data/venv/lib/python3.12/site-packages/swiftclient/client.py:160}}
Jul 08 10:10:55.166101 np0000004808 devstack@g-api.service[102838]: DEBUG swiftclient [None req-b89193ec-4713-46e7-bbba-18ebb6af0be6 tempest-VolumesActionsTest-1022267834 tempest-VolumesActionsTest-1022267834-project-member] RESP STATUS: 201 Created {{(pid=102838) http_log /opt/stack/data/venv/lib/python3.12/site-packages/swiftclient/client.py:161}}
Jul 08 10:10:55.166101 np0000004808 devstack@g-api.service[102838]: DEBUG swiftclient [None req-b89193ec-4713-46e7-bbba-18ebb6af0be6 tempest-VolumesActionsTest-1022267834 tempest-VolumesActionsTest-1022267834-project-member] RESP HEADERS: {'Date': 'Wed, 08 Jul 2026 10:10:55 GMT', 'Server': 'Apache/2.4.58 (Ubuntu)', 'Content-Type': 'text/html; charset=UTF-8', 'Content-Length': '0', 'Etag': 'eda9a9889837ac4bc81d6387d92c1bec', 'Last-Modified': 'Wed, 08 Jul 2026 10:10:54 GMT', 'X-Trans-Id': 'tx67d24a1a522d4294a02e1-006a4e222d', 'X-Openstack-Request-Id': 'tx67d24a1a522d4294a02e1-006a4e222d', 'Connection': 'close'} {{(pid=102838) http_log /opt/stack/data/venv/lib/python3.12/site-packages/swiftclient/client.py:162}}
Jul 08 10:10:55.166207 np0000004808 devstack@g-api.service[102838]: DEBUG glance_store._drivers.swift.store [None req-b89193ec-4713-46e7-bbba-18ebb6af0be6 tempest-VolumesActionsTest-1022267834 tempest-VolumesActionsTest-1022267834-project-member] Wrote chunk ae14b512-d05b-4744-8042-f848391ffe74-00002 (2/?) of length 204800000 to Swift returning MD5 of content: eda9a9889837ac4bc81d6387d92c1bec {{(pid=102838) add /opt/stack/data/venv/lib/python3.12/site-packages/glance_store/_drivers/swift/store.py:1059}}
Jul 08 10:10:55.869376 np0000004808 devstack@g-api.service[102837]: DEBUG glance.api.middleware.version_negotiation [None req-e3ff396d-2b72-426b-8e37-061930d336cb tempest-VolumesActionsTest-1022267834 tempest-VolumesActionsTest-1022267834-project-member] Determining version of request: GET /v2/images/ae14b512-d05b-4744-8042-f848391ffe74 Accept: application/json {{(pid=102837) process_request /opt/stack/glance/glance/api/middleware/version_negotiation.py:44}}
Jul 08 10:10:55.869869 np0000004808 devstack@g-api.service[102837]: DEBUG glance.api.middleware.version_negotiation [None req-e3ff396d-2b72-426b-8e37-061930d336cb tempest-VolumesActionsTest-1022267834 tempest-VolumesActionsTest-1022267834-project-member] Using url versioning {{(pid=102837) process_request /opt/stack/glance/glance/api/middleware/version_negotiation.py:57}}
Jul 08 10:10:55.869869 np0000004808 devstack@g-api.service[102837]: DEBUG glance.api.middleware.version_negotiation [None req-e3ff396d-2b72-426b-8e37-061930d336cb tempest-VolumesActionsTest-1022267834 tempest-VolumesActionsTest-1022267834-project-member] Matched version: v2 {{(pid=102837) process_request /opt/stack/glance/glance/api/middleware/version_negotiation.py:69}}
Jul 08 10:10:55.869869 np0000004808 devstack@g-api.service[102837]: DEBUG glance.api.middleware.version_negotiation [None req-e3ff396d-2b72-426b-8e37-061930d336cb tempest-VolumesActionsTest-1022267834 tempest-VolumesActionsTest-1022267834-project-member] new path /v2/images/ae14b512-d05b-4744-8042-f848391ffe74 {{(pid=102837) process_request /opt/stack/glance/glance/api/middleware/version_negotiation.py:70}}
Jul 08 10:10:55.880126 np0000004808 devstack@g-api.service[102837]: [pid: 102837|app: 0|req: 32/132] 127.0.0.1 () {40 vars in 834 bytes} [Wed Jul 8 10:10:55 2026] GET /v2/images/ae14b512-d05b-4744-8042-f848391ffe74 => generated 649 bytes in 11 msecs (HTTP/1.1 200) 4 headers in 157 bytes (1 switches on core 0)
Jul 08 10:10:56.888776 np0000004808 devstack@g-api.service[102835]: DEBUG glance.api.middleware.version_negotiation [None req-dc7b3271-19ac-4ac5-9ac4-aaa7e3bf0123 tempest-VolumesActionsTest-1022267834 tempest-VolumesActionsTest-1022267834-project-member] Determining version of request: GET /v2/images/ae14b512-d05b-4744-8042-f848391ffe74 Accept: application/json {{(pid=102835) process_request /opt/stack/glance/glance/api/middleware/version_negotiation.py:44}}
Jul 08 10:10:56.889323 np0000004808 devstack@g-api.service[102835]: DEBUG glance.api.middleware.version_negotiation [None req-dc7b3271-19ac-4ac5-9ac4-aaa7e3bf0123 tempest-VolumesActionsTest-1022267834 tempest-VolumesActionsTest-1022267834-project-member] Using url versioning {{(pid=102835) process_request /opt/stack/glance/glance/api/middleware/version_negotiation.py:57}}
Jul 08 10:10:56.889323 np0000004808 devstack@g-api.service[102835]: DEBUG glance.api.middleware.version_negotiation [None req-dc7b3271-19ac-4ac5-9ac4-aaa7e3bf0123 tempest-VolumesActionsTest-1022267834 tempest-VolumesActionsTest-1022267834-project-member] Matched version: v2 {{(pid=102835) process_request /opt/stack/glance/glance/api/middleware/version_negotiation.py:69}}
Jul 08 10:10:56.889323 np0000004808 devstack@g-api.service[102835]: DEBUG glance.api.middleware.version_negotiation [None req-dc7b3271-19ac-4ac5-9ac4-aaa7e3bf0123 tempest-VolumesActionsTest-1022267834 tempest-VolumesActionsTest-1022267834-project-member] new path /v2/images/ae14b512-d05b-4744-8042-f848391ffe74 {{(pid=102835) process_request /opt/stack/glance/glance/api/middleware/version_negotiation.py:70}}
Jul 08 10:10:56.906611 np0000004808 devstack@g-api.service[102835]: [pid: 102835|app: 0|req: 38/133] 127.0.0.1 () {40 vars in 834 bytes} [Wed Jul 8 10:10:56 2026] GET /v2/images/ae14b512-d05b-4744-8042-f848391ffe74 => generated 649 bytes in 18 msecs (HTTP/1.1 200) 4 headers in 157 bytes (1 switches on core 0)
Jul 08 10:10:57.239570 np0000004808 devstack@g-api.service[102838]: DEBUG swiftclient [None req-b89193ec-4713-46e7-bbba-18ebb6af0be6 tempest-VolumesActionsTest-1022267834 tempest-VolumesActionsTest-1022267834-project-member] REQ: curl -i https://10.4.3.97:8080/v1/AUTH_4b3bf436ed414dff9721376a513f7c08/glance/ae14b512-d05b-4744-8042-f848391ffe74-00003 -X PUT -H "X-Auth-Token: gAAAAABqTiIq0rru..." {{(pid=102838) http_log /opt/stack/data/venv/lib/python3.12/site-packages/swiftclient/client.py:160}}
Jul 08 10:10:57.239864 np0000004808 devstack@g-api.service[102838]: DEBUG swiftclient [None req-b89193ec-4713-46e7-bbba-18ebb6af0be6 tempest-VolumesActionsTest-1022267834 tempest-VolumesActionsTest-1022267834-project-member] RESP STATUS: 201 Created {{(pid=102838) http_log /opt/stack/data/venv/lib/python3.12/site-packages/swiftclient/client.py:161}}
Jul 08 10:10:57.239864 np0000004808 devstack@g-api.service[102838]: DEBUG swiftclient [None req-b89193ec-4713-46e7-bbba-18ebb6af0be6 tempest-VolumesActionsTest-1022267834 tempest-VolumesActionsTest-1022267834-project-member] RESP HEADERS: {'Date': 'Wed, 08 Jul 2026 10:10:57 GMT', 'Server': 'Apache/2.4.58 (Ubuntu)', 'Content-Type': 'text/html; charset=UTF-8', 'Content-Length': '0', 'Etag': 'eda9a9889837ac4bc81d6387d92c1bec', 'Last-Modified': 'Wed, 08 Jul 2026 10:10:56 GMT', 'X-Trans-Id': 'txd1f019cb747944c6a5670-006a4e222f', 'X-Openstack-Request-Id': 'txd1f019cb747944c6a5670-006a4e222f', 'Connection': 'close'} {{(pid=102838) http_log /opt/stack/data/venv/lib/python3.12/site-packages/swiftclient/client.py:162}}
Jul 08 10:10:57.240038 np0000004808 devstack@g-api.service[102838]: DEBUG glance_store._drivers.swift.store [None req-b89193ec-4713-46e7-bbba-18ebb6af0be6 tempest-VolumesActionsTest-1022267834 tempest-VolumesActionsTest-1022267834-project-member] Wrote chunk ae14b512-d05b-4744-8042-f848391ffe74-00003 (3/?) of length 204800000 to Swift returning MD5 of content: eda9a9889837ac4bc81d6387d92c1bec {{(pid=102838) add /opt/stack/data/venv/lib/python3.12/site-packages/glance_store/_drivers/swift/store.py:1059}}
Jul 08 10:10:57.918163 np0000004808 devstack@g-api.service[102836]: DEBUG glance.api.middleware.version_negotiation [None req-af082ca5-4e03-4ebf-af8e-a8ffe346e902 tempest-VolumesActionsTest-1022267834 tempest-VolumesActionsTest-1022267834-project-member] Determining version of request: GET /v2/images/ae14b512-d05b-4744-8042-f848391ffe74 Accept: application/json {{(pid=102836) process_request /opt/stack/glance/glance/api/middleware/version_negotiation.py:44}}
