Jul 08 10:06:48.173198 np0000004808 nova-scheduler[96461]: DEBUG cotyledon.oslo_config_glue [-] oslo_messaging_metrics.metrics_thread_stop_timeout = 10 {{(pid=96461) log_opt_values /opt/stack/data/venv/lib/python3.12/site-packages/oslo_config/cfg.py:3253}}
Jul 08 10:06:48.173292 np0000004808 nova-scheduler[96461]: DEBUG cotyledon.oslo_config_glue [-] profiler.connection_string = messaging:// {{(pid=96461) log_opt_values /opt/stack/data/venv/lib/python3.12/site-packages/oslo_config/cfg.py:3253}}
Jul 08 10:06:48.173372 np0000004808 nova-scheduler[96461]: DEBUG cotyledon.oslo_config_glue [-] profiler.enabled = False {{(pid=96461) log_opt_values /opt/stack/data/venv/lib/python3.12/site-packages/oslo_config/cfg.py:3253}}
Jul 08 10:06:48.173448 np0000004808 nova-scheduler[96461]: DEBUG cotyledon.oslo_config_glue [-] profiler.es_doc_type = notification {{(pid=96461) log_opt_values /opt/stack/data/venv/lib/python3.12/site-packages/oslo_config/cfg.py:3253}}
Jul 08 10:06:48.173527 np0000004808 nova-scheduler[96461]: DEBUG cotyledon.oslo_config_glue [-] profiler.es_scroll_size = 10000 {{(pid=96461) log_opt_values /opt/stack/data/venv/lib/python3.12/site-packages/oslo_config/cfg.py:3253}}
Jul 08 10:06:48.173596 np0000004808 nova-scheduler[96461]: DEBUG cotyledon.oslo_config_glue [-] profiler.es_scroll_time = 2m {{(pid=96461) log_opt_values /opt/stack/data/venv/lib/python3.12/site-packages/oslo_config/cfg.py:3253}}
Jul 08 10:06:48.173676 np0000004808 nova-scheduler[96461]: DEBUG cotyledon.oslo_config_glue [-] profiler.filter_error_trace = False {{(pid=96461) log_opt_values /opt/stack/data/venv/lib/python3.12/site-packages/oslo_config/cfg.py:3253}}
Jul 08 10:06:48.173745 np0000004808 nova-scheduler[96461]: DEBUG cotyledon.oslo_config_glue [-] profiler.hmac_keys = **** {{(pid=96461) log_opt_values /opt/stack/data/venv/lib/python3.12/site-packages/oslo_config/cfg.py:3253}}
Jul 08 10:06:48.173825 np0000004808 nova-scheduler[96461]: DEBUG cotyledon.oslo_config_glue [-] profiler.sentinel_service_name = mymaster {{(pid=96461) log_opt_values /opt/stack/data/venv/lib/python3.12/site-packages/oslo_config/cfg.py:3253}}
Jul 08 10:06:48.173900 np0000004808 nova-scheduler[96461]: DEBUG cotyledon.oslo_config_glue [-] profiler.socket_timeout = 0.1 {{(pid=96461) log_opt_values /opt/stack/data/venv/lib/python3.12/site-packages/oslo_config/cfg.py:3253}}
Jul 08 10:06:48.173970 np0000004808 nova-scheduler[96461]: DEBUG cotyledon.oslo_config_glue [-] profiler.trace_requests = False {{(pid=96461) log_opt_values /opt/stack/data/venv/lib/python3.12/site-packages/oslo_config/cfg.py:3253}}
Jul 08 10:06:48.174041 np0000004808 nova-scheduler[96461]: DEBUG cotyledon.oslo_config_glue [-] profiler.trace_sqlalchemy = False {{(pid=96461) log_opt_values /opt/stack/data/venv/lib/python3.12/site-packages/oslo_config/cfg.py:3253}}
Jul 08 10:06:48.174140 np0000004808 nova-scheduler[96461]: DEBUG cotyledon.oslo_config_glue [-] profiler_jaeger.process_tags = {} {{(pid=96461) log_opt_values /opt/stack/data/venv/lib/python3.12/site-packages/oslo_config/cfg.py:3253}}
Jul 08 10:06:48.174206 np0000004808 nova-scheduler[96461]: DEBUG cotyledon.oslo_config_glue [-] profiler_jaeger.service_name_prefix = None {{(pid=96461) log_opt_values /opt/stack/data/venv/lib/python3.12/site-packages/oslo_config/cfg.py:3253}}
Jul 08 10:06:48.174278 np0000004808 nova-scheduler[96461]: DEBUG cotyledon.oslo_config_glue [-] profiler_otlp.service_name_prefix = None {{(pid=96461) log_opt_values /opt/stack/data/venv/lib/python3.12/site-packages/oslo_config/cfg.py:3253}}
Jul 08 10:06:48.174393 np0000004808 nova-scheduler[96461]: DEBUG cotyledon.oslo_config_glue [-] oslo_messaging_rabbit.amqp_auto_delete = False {{(pid=96461) log_opt_values /opt/stack/data/venv/lib/python3.12/site-packages/oslo_config/cfg.py:3253}}
Jul 08 10:06:48.174734 np0000004808 nova-scheduler[96461]: DEBUG cotyledon.oslo_config_glue [-] oslo_messaging_rabbit.amqp_durable_queues = False {{(pid=96461) log_opt_values /opt/stack/data/venv/lib/python3.12/site-packages/oslo_config/cfg.py:3253}}
Jul 08 10:06:48.174816 np0000004808 nova-scheduler[96461]: DEBUG cotyledon.oslo_config_glue [-] oslo_messaging_rabbit.conn_pool_min_size = 2 {{(pid=96461) log_opt_values /opt/stack/data/venv/lib/python3.12/site-packages/oslo_config/cfg.py:3253}}
Jul 08 10:06:48.174868 np0000004808 nova-scheduler[96450]: DEBUG oslo_db.sqlalchemy.engines [None req-20593822-8673-428d-b10a-5f72c2c6af69 None None] MySQL server mode set to STRICT_TRANS_TABLES,STRICT_ALL_TABLES,NO_ZERO_IN_DATE,NO_ZERO_DATE,ERROR_FOR_DIVISION_BY_ZERO,TRADITIONAL,NO_ENGINE_SUBSTITUTION {{(pid=96450) _check_effective_sql_mode /opt/stack/data/venv/lib/python3.12/site-packages/oslo_db/sqlalchemy/engines.py:325}}
Jul 08 10:06:48.174901 np0000004808 nova-scheduler[96461]: DEBUG cotyledon.oslo_config_glue [-] oslo_messaging_rabbit.conn_pool_ttl = 1200 {{(pid=96461) log_opt_values /opt/stack/data/venv/lib/python3.12/site-packages/oslo_config/cfg.py:3253}}
Jul 08 10:06:48.174989 np0000004808 nova-scheduler[96461]: DEBUG cotyledon.oslo_config_glue [-] oslo_messaging_rabbit.direct_mandatory_flag = True {{(pid=96461) log_opt_values /opt/stack/data/venv/lib/python3.12/site-packages/oslo_config/cfg.py:3253}}
Jul 08 10:06:48.175053 np0000004808 nova-scheduler[96461]: DEBUG cotyledon.oslo_config_glue [-] oslo_messaging_rabbit.enable_cancel_on_failover = False {{(pid=96461) log_opt_values /opt/stack/data/venv/lib/python3.12/site-packages/oslo_config/cfg.py:3253}}
Jul 08 10:06:48.175139 np0000004808 nova-scheduler[96461]: DEBUG cotyledon.oslo_config_glue [-] oslo_messaging_rabbit.heartbeat_rate = 3 {{(pid=96461) log_opt_values /opt/stack/data/venv/lib/python3.12/site-packages/oslo_config/cfg.py:3253}}
Jul 08 10:06:48.175205 np0000004808 nova-scheduler[96461]: DEBUG cotyledon.oslo_config_glue [-] oslo_messaging_rabbit.heartbeat_timeout_threshold = 60 {{(pid=96461) log_opt_values /opt/stack/data/venv/lib/python3.12/site-packages/oslo_config/cfg.py:3253}}
Jul 08 10:06:48.175280 np0000004808 nova-scheduler[96461]: DEBUG cotyledon.oslo_config_glue [-] oslo_messaging_rabbit.hostname = np0000004808 {{(pid=96461) log_opt_values /opt/stack/data/venv/lib/python3.12/site-packages/oslo_config/cfg.py:3253}}
Jul 08 10:06:48.175358 np0000004808 nova-scheduler[96461]: DEBUG cotyledon.oslo_config_glue [-] oslo_messaging_rabbit.kombu_compression = None {{(pid=96461) log_opt_values /opt/stack/data/venv/lib/python3.12/site-packages/oslo_config/cfg.py:3253}}
Jul 08 10:06:48.175427 np0000004808 nova-scheduler[96461]: DEBUG cotyledon.oslo_config_glue [-] oslo_messaging_rabbit.kombu_failover_strategy = round-robin {{(pid=96461) log_opt_values /opt/stack/data/venv/lib/python3.12/site-packages/oslo_config/cfg.py:3253}}
Jul 08 10:06:48.175518 np0000004808 nova-scheduler[96461]: DEBUG cotyledon.oslo_config_glue [-] oslo_messaging_rabbit.kombu_missing_consumer_retry_timeout = 60 {{(pid=96461) log_opt_values /opt/stack/data/venv/lib/python3.12/site-packages/oslo_config/cfg.py:3253}}
Jul 08 10:06:48.175607 np0000004808 nova-scheduler[96461]: DEBUG cotyledon.oslo_config_glue [-] oslo_messaging_rabbit.kombu_reconnect_delay = 1.0 {{(pid=96461) log_opt_values /opt/stack/data/venv/lib/python3.12/site-packages/oslo_config/cfg.py:3253}}
Jul 08 10:06:48.175684 np0000004808 nova-scheduler[96461]: DEBUG cotyledon.oslo_config_glue [-] oslo_messaging_rabbit.kombu_reconnect_splay = 0.0 {{(pid=96461) log_opt_values /opt/stack/data/venv/lib/python3.12/site-packages/oslo_config/cfg.py:3253}}
Jul 08 10:06:48.175756 np0000004808 nova-scheduler[96461]: DEBUG cotyledon.oslo_config_glue [-] oslo_messaging_rabbit.processname = nova-scheduler {{(pid=96461) log_opt_values /opt/stack/data/venv/lib/python3.12/site-packages/oslo_config/cfg.py:3253}}
Jul 08 10:06:48.175827 np0000004808 nova-scheduler[96461]: DEBUG cotyledon.oslo_config_glue [-] oslo_messaging_rabbit.rabbit_ha_queues = False {{(pid=96461) log_opt_values /opt/stack/data/venv/lib/python3.12/site-packages/oslo_config/cfg.py:3253}}
Jul 08 10:06:48.175899 np0000004808 nova-scheduler[96461]: DEBUG cotyledon.oslo_config_glue [-] oslo_messaging_rabbit.rabbit_interval_max = 30 {{(pid=96461) log_opt_values /opt/stack/data/venv/lib/python3.12/site-packages/oslo_config/cfg.py:3253}}
Jul 08 10:06:48.175976 np0000004808 nova-scheduler[96461]: DEBUG cotyledon.oslo_config_glue [-] oslo_messaging_rabbit.rabbit_login_method = AMQPLAIN {{(pid=96461) log_opt_values /opt/stack/data/venv/lib/python3.12/site-packages/oslo_config/cfg.py:3253}}
Jul 08 10:06:48.176050 np0000004808 nova-scheduler[96461]: DEBUG cotyledon.oslo_config_glue [-] oslo_messaging_rabbit.rabbit_qos_prefetch_count = 0 {{(pid=96461) log_opt_values /opt/stack/data/venv/lib/python3.12/site-packages/oslo_config/cfg.py:3253}}
Jul 08 10:06:48.176138 np0000004808 nova-scheduler[96461]: DEBUG cotyledon.oslo_config_glue [-] oslo_messaging_rabbit.rabbit_quorum_delivery_limit = 0 {{(pid=96461) log_opt_values /opt/stack/data/venv/lib/python3.12/site-packages/oslo_config/cfg.py:3253}}
Jul 08 10:06:48.176203 np0000004808 nova-scheduler[96461]: DEBUG cotyledon.oslo_config_glue [-] oslo_messaging_rabbit.rabbit_quorum_max_memory_bytes = 0 {{(pid=96461) log_opt_values /opt/stack/data/venv/lib/python3.12/site-packages/oslo_config/cfg.py:3253}}
Jul 08 10:06:48.176268 np0000004808 nova-scheduler[96461]: DEBUG cotyledon.oslo_config_glue [-] oslo_messaging_rabbit.rabbit_quorum_max_memory_length = 0 {{(pid=96461) log_opt_values /opt/stack/data/venv/lib/python3.12/site-packages/oslo_config/cfg.py:3253}}
Jul 08 10:06:48.176342 np0000004808 nova-scheduler[96461]: DEBUG cotyledon.oslo_config_glue [-] oslo_messaging_rabbit.rabbit_quorum_queue = False {{(pid=96461) log_opt_values /opt/stack/data/venv/lib/python3.12/site-packages/oslo_config/cfg.py:3253}}
Jul 08 10:06:48.176417 np0000004808 nova-scheduler[96461]: DEBUG cotyledon.oslo_config_glue [-] oslo_messaging_rabbit.rabbit_retry_backoff = 2 {{(pid=96461) log_opt_values /opt/stack/data/venv/lib/python3.12/site-packages/oslo_config/cfg.py:3253}}
Jul 08 10:06:48.176508 np0000004808 nova-scheduler[96461]: DEBUG cotyledon.oslo_config_glue [-] oslo_messaging_rabbit.rabbit_retry_interval = 1 {{(pid=96461) log_opt_values /opt/stack/data/venv/lib/python3.12/site-packages/oslo_config/cfg.py:3253}}
Jul 08 10:06:48.176579 np0000004808 nova-scheduler[96461]: DEBUG cotyledon.oslo_config_glue [-] oslo_messaging_rabbit.rabbit_stream_fanout = False {{(pid=96461) log_opt_values /opt/stack/data/venv/lib/python3.12/site-packages/oslo_config/cfg.py:3253}}
Jul 08 10:06:48.176647 np0000004808 nova-scheduler[96461]: DEBUG cotyledon.oslo_config_glue [-] oslo_messaging_rabbit.rabbit_transient_queues_ttl = 1800 {{(pid=96461) log_opt_values /opt/stack/data/venv/lib/python3.12/site-packages/oslo_config/cfg.py:3253}}
Jul 08 10:06:48.176719 np0000004808 nova-scheduler[96461]: DEBUG cotyledon.oslo_config_glue [-] oslo_messaging_rabbit.rabbit_transient_quorum_queue = False {{(pid=96461) log_opt_values /opt/stack/data/venv/lib/python3.12/site-packages/oslo_config/cfg.py:3253}}
Jul 08 10:06:48.176786 np0000004808 nova-scheduler[96461]: DEBUG cotyledon.oslo_config_glue [-] oslo_messaging_rabbit.rpc_conn_pool_size = 30 {{(pid=96461) log_opt_values /opt/stack/data/venv/lib/python3.12/site-packages/oslo_config/cfg.py:3253}}
Jul 08 10:06:48.176866 np0000004808 nova-scheduler[96461]: DEBUG cotyledon.oslo_config_glue [-] oslo_messaging_rabbit.ssl = False {{(pid=96461) log_opt_values /opt/stack/data/venv/lib/python3.12/site-packages/oslo_config/cfg.py:3253}}
Jul 08 10:06:48.176945 np0000004808 nova-scheduler[96461]: DEBUG cotyledon.oslo_config_glue [-] oslo_messaging_rabbit.ssl_ca_file = {{(pid=96461) log_opt_values /opt/stack/data/venv/lib/python3.12/site-packages/oslo_config/cfg.py:3253}}
Jul 08 10:06:48.177011 np0000004808 nova-scheduler[96461]: DEBUG cotyledon.oslo_config_glue [-] oslo_messaging_rabbit.ssl_cert_file = {{(pid=96461) log_opt_values /opt/stack/data/venv/lib/python3.12/site-packages/oslo_config/cfg.py:3253}}
Jul 08 10:06:48.177093 np0000004808 nova-scheduler[96461]: DEBUG cotyledon.oslo_config_glue [-] oslo_messaging_rabbit.ssl_enforce_fips_mode = False {{(pid=96461) log_opt_values /opt/stack/data/venv/lib/python3.12/site-packages/oslo_config/cfg.py:3253}}
Jul 08 10:06:48.177168 np0000004808 nova-scheduler[96461]: DEBUG cotyledon.oslo_config_glue [-] oslo_messaging_rabbit.ssl_enforce_hostname_verification = True {{(pid=96461) log_opt_values /opt/stack/data/venv/lib/python3.12/site-packages/oslo_config/cfg.py:3253}}
Jul 08 10:06:48.177240 np0000004808 nova-scheduler[96461]: DEBUG cotyledon.oslo_config_glue [-] oslo_messaging_rabbit.ssl_key_file = {{(pid=96461) log_opt_values /opt/stack/data/venv/lib/python3.12/site-packages/oslo_config/cfg.py:3253}}
Jul 08 10:06:48.177316 np0000004808 nova-scheduler[96461]: DEBUG cotyledon.oslo_config_glue [-] oslo_messaging_rabbit.ssl_version = {{(pid=96461) log_opt_values /opt/stack/data/venv/lib/python3.12/site-packages/oslo_config/cfg.py:3253}}
Jul 08 10:06:48.177392 np0000004808 nova-scheduler[96461]: DEBUG cotyledon.oslo_config_glue [-] oslo_messaging_rabbit.use_queue_manager = False {{(pid=96461) log_opt_values /opt/stack/data/venv/lib/python3.12/site-packages/oslo_config/cfg.py:3253}}
Jul 08 10:06:48.177535 np0000004808 nova-scheduler[96461]: DEBUG cotyledon.oslo_config_glue [-] oslo_messaging_notifications.driver = ['messagingv2'] {{(pid=96461) log_opt_values /opt/stack/data/venv/lib/python3.12/site-packages/oslo_config/cfg.py:3253}}
Jul 08 10:06:48.177702 np0000004808 nova-scheduler[96461]: DEBUG cotyledon.oslo_config_glue [-] oslo_messaging_notifications.retry = -1 {{(pid=96461) log_opt_values /opt/stack/data/venv/lib/python3.12/site-packages/oslo_config/cfg.py:3253}}
Jul 08 10:06:48.177786 np0000004808 nova-scheduler[96461]: DEBUG cotyledon.oslo_config_glue [-] oslo_messaging_notifications.topics = ['notifications'] {{(pid=96461) log_opt_values /opt/stack/data/venv/lib/python3.12/site-packages/oslo_config/cfg.py:3253}}
Jul 08 10:06:48.177876 np0000004808 nova-scheduler[96461]: DEBUG cotyledon.oslo_config_glue [-] oslo_messaging_notifications.transport_url = **** {{(pid=96461) log_opt_values /opt/stack/data/venv/lib/python3.12/site-packages/oslo_config/cfg.py:3253}}
Jul 08 10:06:48.177970 np0000004808 nova-scheduler[96461]: DEBUG cotyledon.oslo_config_glue [-] oslo_limit.auth_section = None {{(pid=96461) log_opt_values /opt/stack/data/venv/lib/python3.12/site-packages/oslo_config/cfg.py:3253}}
Jul 08 10:06:48.178059 np0000004808 nova-scheduler[96461]: DEBUG cotyledon.oslo_config_glue [-] oslo_limit.auth_type = None {{(pid=96461) log_opt_values /opt/stack/data/venv/lib/python3.12/site-packages/oslo_config/cfg.py:3253}}
Jul 08 10:06:48.178175 np0000004808 nova-scheduler[96461]: DEBUG cotyledon.oslo_config_glue [-] oslo_limit.cafile = None {{(pid=96461) log_opt_values /opt/stack/data/venv/lib/python3.12/site-packages/oslo_config/cfg.py:3253}}
Jul 08 10:06:48.178262 np0000004808 nova-scheduler[96461]: DEBUG cotyledon.oslo_config_glue [-] oslo_limit.certfile = None {{(pid=96461) log_opt_values /opt/stack/data/venv/lib/python3.12/site-packages/oslo_config/cfg.py:3253}}
Jul 08 10:06:48.178327 np0000004808 nova-scheduler[96461]: DEBUG cotyledon.oslo_config_glue [-] oslo_limit.collect_timing = False {{(pid=96461) log_opt_values /opt/stack/data/venv/lib/python3.12/site-packages/oslo_config/cfg.py:3253}}
Jul 08 10:06:48.178401 np0000004808 nova-scheduler[96461]: DEBUG cotyledon.oslo_config_glue [-] oslo_limit.connect_retries = None {{(pid=96461) log_opt_values /opt/stack/data/venv/lib/python3.12/site-packages/oslo_config/cfg.py:3253}}
Jul 08 10:06:48.178495 np0000004808 nova-scheduler[96461]: DEBUG cotyledon.oslo_config_glue [-] oslo_limit.connect_retry_delay = None {{(pid=96461) log_opt_values /opt/stack/data/venv/lib/python3.12/site-packages/oslo_config/cfg.py:3253}}
Jul 08 10:06:48.178563 np0000004808 nova-scheduler[96461]: DEBUG cotyledon.oslo_config_glue [-] oslo_limit.endpoint_id = None {{(pid=96461) log_opt_values /opt/stack/data/venv/lib/python3.12/site-packages/oslo_config/cfg.py:3253}}
Jul 08 10:06:48.178640 np0000004808 nova-scheduler[96461]: DEBUG cotyledon.oslo_config_glue [-] oslo_limit.endpoint_interface = public {{(pid=96461) log_opt_values /opt/stack/data/venv/lib/python3.12/site-packages/oslo_config/cfg.py:3253}}
Jul 08 10:06:48.178722 np0000004808 nova-scheduler[96461]: DEBUG cotyledon.oslo_config_glue [-] oslo_limit.endpoint_override = None {{(pid=96461) log_opt_values /opt/stack/data/venv/lib/python3.12/site-packages/oslo_config/cfg.py:3253}}
Jul 08 10:06:48.178793 np0000004808 nova-scheduler[96461]: DEBUG cotyledon.oslo_config_glue [-] oslo_limit.endpoint_region_name = None {{(pid=96461) log_opt_values /opt/stack/data/venv/lib/python3.12/site-packages/oslo_config/cfg.py:3253}}
Jul 08 10:06:48.178880 np0000004808 nova-scheduler[96461]: DEBUG cotyledon.oslo_config_glue [-] oslo_limit.endpoint_service_name = None {{(pid=96461) log_opt_values /opt/stack/data/venv/lib/python3.12/site-packages/oslo_config/cfg.py:3253}}
Jul 08 10:06:48.178954 np0000004808 nova-scheduler[96461]: DEBUG cotyledon.oslo_config_glue [-] oslo_limit.endpoint_service_type = None {{(pid=96461) log_opt_values /opt/stack/data/venv/lib/python3.12/site-packages/oslo_config/cfg.py:3253}}
Jul 08 10:06:48.179045 np0000004808 nova-scheduler[96461]: DEBUG cotyledon.oslo_config_glue [-] oslo_limit.insecure = False {{(pid=96461) log_opt_values /opt/stack/data/venv/lib/python3.12/site-packages/oslo_config/cfg.py:3253}}
Jul 08 10:06:48.179128 np0000004808 nova-scheduler[96461]: DEBUG cotyledon.oslo_config_glue [-] oslo_limit.keyfile = None {{(pid=96461) log_opt_values /opt/stack/data/venv/lib/python3.12/site-packages/oslo_config/cfg.py:3253}}
Jul 08 10:06:48.179193 np0000004808 nova-scheduler[96461]: DEBUG cotyledon.oslo_config_glue [-] oslo_limit.max_version = None {{(pid=96461) log_opt_values /opt/stack/data/venv/lib/python3.12/site-packages/oslo_config/cfg.py:3253}}
Jul 08 10:06:48.179268 np0000004808 nova-scheduler[96461]: DEBUG cotyledon.oslo_config_glue [-] oslo_limit.min_version = None {{(pid=96461) log_opt_values /opt/stack/data/venv/lib/python3.12/site-packages/oslo_config/cfg.py:3253}}
Jul 08 10:06:48.179352 np0000004808 nova-scheduler[96461]: DEBUG cotyledon.oslo_config_glue [-] oslo_limit.region_name = None {{(pid=96461) log_opt_values /opt/stack/data/venv/lib/python3.12/site-packages/oslo_config/cfg.py:3253}}
Jul 08 10:06:48.179429 np0000004808 nova-scheduler[96461]: DEBUG cotyledon.oslo_config_glue [-] oslo_limit.retriable_status_codes = None {{(pid=96461) log_opt_values /opt/stack/data/venv/lib/python3.12/site-packages/oslo_config/cfg.py:3253}}
Jul 08 10:06:48.179532 np0000004808 nova-scheduler[96461]: DEBUG cotyledon.oslo_config_glue [-] oslo_limit.service_name = None {{(pid=96461) log_opt_values /opt/stack/data/venv/lib/python3.12/site-packages/oslo_config/cfg.py:3253}}
Jul 08 10:06:48.179618 np0000004808 nova-scheduler[96461]: DEBUG cotyledon.oslo_config_glue [-] oslo_limit.service_type = None {{(pid=96461) log_opt_values /opt/stack/data/venv/lib/python3.12/site-packages/oslo_config/cfg.py:3253}}
Jul 08 10:06:48.179686 np0000004808 nova-scheduler[96461]: DEBUG cotyledon.oslo_config_glue [-] oslo_limit.split_loggers = False {{(pid=96461) log_opt_values /opt/stack/data/venv/lib/python3.12/site-packages/oslo_config/cfg.py:3253}}
Jul 08 10:06:48.179769 np0000004808 nova-scheduler[96461]: DEBUG cotyledon.oslo_config_glue [-] oslo_limit.status_code_retries = None {{(pid=96461) log_opt_values /opt/stack/data/venv/lib/python3.12/site-packages/oslo_config/cfg.py:3253}}
Jul 08 10:06:48.179844 np0000004808 nova-scheduler[96461]: DEBUG cotyledon.oslo_config_glue [-] oslo_limit.status_code_retry_delay = None {{(pid=96461) log_opt_values /opt/stack/data/venv/lib/python3.12/site-packages/oslo_config/cfg.py:3253}}
Jul 08 10:06:48.179917 np0000004808 nova-scheduler[96461]: DEBUG cotyledon.oslo_config_glue [-] oslo_limit.timeout = None {{(pid=96461) log_opt_values /opt/stack/data/venv/lib/python3.12/site-packages/oslo_config/cfg.py:3253}}
Jul 08 10:06:48.180000 np0000004808 nova-scheduler[96461]: DEBUG cotyledon.oslo_config_glue [-] oslo_limit.valid_interfaces = None {{(pid=96461) log_opt_values /opt/stack/data/venv/lib/python3.12/site-packages/oslo_config/cfg.py:3253}}
Jul 08 10:06:48.180062 np0000004808 nova-scheduler[96461]: DEBUG cotyledon.oslo_config_glue [-] oslo_limit.version = None {{(pid=96461) log_opt_values /opt/stack/data/venv/lib/python3.12/site-packages/oslo_config/cfg.py:3253}}
Jul 08 10:06:48.180157 np0000004808 nova-scheduler[96461]: DEBUG cotyledon.oslo_config_glue [-] oslo_reports.file_event_handler = None {{(pid=96461) log_opt_values /opt/stack/data/venv/lib/python3.12/site-packages/oslo_config/cfg.py:3253}}
Jul 08 10:06:48.180230 np0000004808 nova-scheduler[96461]: DEBUG cotyledon.oslo_config_glue [-] oslo_reports.file_event_handler_interval = 1 {{(pid=96461) log_opt_values /opt/stack/data/venv/lib/python3.12/site-packages/oslo_config/cfg.py:3253}}
Jul 08 10:06:48.180300 np0000004808 nova-scheduler[96461]: DEBUG cotyledon.oslo_config_glue [-] oslo_reports.log_dir = None {{(pid=96461) log_opt_values /opt/stack/data/venv/lib/python3.12/site-packages/oslo_config/cfg.py:3253}}
Jul 08 10:06:48.180358 np0000004808 nova-scheduler[96461]: DEBUG cotyledon.oslo_config_glue [-] ******************************************************************************** {{(pid=96461) log_opt_values /opt/stack/data/venv/lib/python3.12/site-packages/oslo_config/cfg.py:3260}}
Jul 08 10:06:48.180557 np0000004808 nova-scheduler[96461]: DEBUG cotyledon._service_worker [-] Run service ServiceWrapper(3) [96461] {{(pid=96461) wait_forever /opt/stack/data/venv/lib/python3.12/site-packages/cotyledon/_service_worker.py:218}}
Jul 08 10:06:48.181972 np0000004808 nova-scheduler[96461]: INFO nova.service [-] Starting scheduler node (version 33.1.0)
Jul 08 10:06:48.183676 np0000004808 nova-scheduler[96458]: DEBUG oslo_db.sqlalchemy.engines [None req-d54ffcd1-7dd0-4f1f-b870-ec5a85cf4746 None None] MySQL server mode set to STRICT_TRANS_TABLES,STRICT_ALL_TABLES,NO_ZERO_IN_DATE,NO_ZERO_DATE,ERROR_FOR_DIVISION_BY_ZERO,TRADITIONAL,NO_ENGINE_SUBSTITUTION {{(pid=96458) _check_effective_sql_mode /opt/stack/data/venv/lib/python3.12/site-packages/oslo_db/sqlalchemy/engines.py:325}}
Jul 08 10:06:48.183732 np0000004808 nova-scheduler[96450]: DEBUG dbcounter [-] [96450] Writer thread running {{(pid=96450) stat_writer /opt/stack/data/venv/lib/python3.12/site-packages/dbcounter.py:102}}
Jul 08 10:06:48.187016 np0000004808 nova-scheduler[96461]: INFO dbcounter [None req-aebf0754-a118-44ab-a67f-e9c20aa872da None None] Registered counter for database nova_cell0
Jul 08 10:06:48.194357 np0000004808 nova-scheduler[96452]: DEBUG oslo_db.sqlalchemy.engines [None req-1af85a74-33ec-4048-a97c-7b24f506126f None None] MySQL server mode set to STRICT_TRANS_TABLES,STRICT_ALL_TABLES,NO_ZERO_IN_DATE,NO_ZERO_DATE,ERROR_FOR_DIVISION_BY_ZERO,TRADITIONAL,NO_ENGINE_SUBSTITUTION {{(pid=96452) _check_effective_sql_mode /opt/stack/data/venv/lib/python3.12/site-packages/oslo_db/sqlalchemy/engines.py:325}}
Jul 08 10:06:48.194427 np0000004808 nova-scheduler[96458]: DEBUG dbcounter [-] [96458] Writer thread running {{(pid=96458) stat_writer /opt/stack/data/venv/lib/python3.12/site-packages/dbcounter.py:102}}
Jul 08 10:06:48.202251 np0000004808 nova-scheduler[96450]: DEBUG nova.service [None req-20593822-8673-428d-b10a-5f72c2c6af69 None None] Creating RPC server for service: nova-scheduler on topic: scheduler {{(pid=96450) start /opt/stack/nova/nova/service.py:196}}
Jul 08 10:06:48.203846 np0000004808 nova-scheduler[96452]: DEBUG dbcounter [-] [96452] Writer thread running {{(pid=96452) stat_writer /opt/stack/data/venv/lib/python3.12/site-packages/dbcounter.py:102}}
Jul 08 10:06:48.207054 np0000004808 nova-scheduler[96452]: DEBUG nova.service [None req-1af85a74-33ec-4048-a97c-7b24f506126f None None] Creating RPC server for service: nova-scheduler on topic: scheduler {{(pid=96452) start /opt/stack/nova/nova/service.py:196}}
Jul 08 10:06:48.211083 np0000004808 nova-scheduler[96458]: DEBUG nova.service [None req-d54ffcd1-7dd0-4f1f-b870-ec5a85cf4746 None None] Creating RPC server for service: nova-scheduler on topic: scheduler {{(pid=96458) start /opt/stack/nova/nova/service.py:196}}
Jul 08 10:06:48.231498 np0000004808 nova-scheduler[96458]: DEBUG nova.service [None req-d54ffcd1-7dd0-4f1f-b870-ec5a85cf4746 None None] Join ServiceGroup membership for this service scheduler {{(pid=96458) start /opt/stack/nova/nova/service.py:222}}
Jul 08 10:06:48.231776 np0000004808 nova-scheduler[96458]: DEBUG nova.servicegroup.drivers.db [None req-d54ffcd1-7dd0-4f1f-b870-ec5a85cf4746 None None] DB_Driver: join new ServiceGroup member np0000004808 to the scheduler group, service = {{(pid=96458) join /opt/stack/nova/nova/servicegroup/drivers/db.py:44}}
Jul 08 10:06:48.232020 np0000004808 nova-scheduler[96450]: DEBUG nova.service [None req-20593822-8673-428d-b10a-5f72c2c6af69 None None] Join ServiceGroup membership for this service scheduler {{(pid=96450) start /opt/stack/nova/nova/service.py:222}}
Jul 08 10:06:48.232209 np0000004808 nova-scheduler[96450]: DEBUG nova.servicegroup.drivers.db [None req-20593822-8673-428d-b10a-5f72c2c6af69 None None] DB_Driver: join new ServiceGroup member np0000004808 to the scheduler group, service = {{(pid=96450) join /opt/stack/nova/nova/servicegroup/drivers/db.py:44}}
Jul 08 10:06:48.238335 np0000004808 nova-scheduler[96452]: DEBUG nova.service [None req-1af85a74-33ec-4048-a97c-7b24f506126f None None] Join ServiceGroup membership for this service scheduler {{(pid=96452) start /opt/stack/nova/nova/service.py:222}}
Jul 08 10:06:48.238536 np0000004808 nova-scheduler[96452]: DEBUG nova.servicegroup.drivers.db [None req-1af85a74-33ec-4048-a97c-7b24f506126f None None] DB_Driver: join new ServiceGroup member np0000004808 to the scheduler group, service = {{(pid=96452) join /opt/stack/nova/nova/servicegroup/drivers/db.py:44}}
Jul 08 10:06:48.245854 np0000004808 nova-scheduler[96461]: DEBUG oslo_db.sqlalchemy.engines [None req-aebf0754-a118-44ab-a67f-e9c20aa872da None None] MySQL server mode set to STRICT_TRANS_TABLES,STRICT_ALL_TABLES,NO_ZERO_IN_DATE,NO_ZERO_DATE,ERROR_FOR_DIVISION_BY_ZERO,TRADITIONAL,NO_ENGINE_SUBSTITUTION {{(pid=96461) _check_effective_sql_mode /opt/stack/data/venv/lib/python3.12/site-packages/oslo_db/sqlalchemy/engines.py:325}}
Jul 08 10:06:48.255810 np0000004808 nova-scheduler[96461]: DEBUG dbcounter [-] [96461] Writer thread running {{(pid=96461) stat_writer /opt/stack/data/venv/lib/python3.12/site-packages/dbcounter.py:102}}
Jul 08 10:06:48.258786 np0000004808 nova-scheduler[96461]: DEBUG nova.service [None req-aebf0754-a118-44ab-a67f-e9c20aa872da None None] Creating RPC server for service: nova-scheduler on topic: scheduler {{(pid=96461) start /opt/stack/nova/nova/service.py:196}}
Jul 08 10:06:48.276038 np0000004808 nova-scheduler[96461]: DEBUG nova.service [None req-aebf0754-a118-44ab-a67f-e9c20aa872da None None] Join ServiceGroup membership for this service scheduler {{(pid=96461) start /opt/stack/nova/nova/service.py:222}}
Jul 08 10:06:48.276335 np0000004808 nova-scheduler[96461]: DEBUG nova.servicegroup.drivers.db [None req-aebf0754-a118-44ab-a67f-e9c20aa872da None None] DB_Driver: join new ServiceGroup member np0000004808 to the scheduler group, service = {{(pid=96461) join /opt/stack/nova/nova/servicegroup/drivers/db.py:44}}
Jul 08 10:06:53.234347 np0000004808 nova-scheduler[96450]: DEBUG oslo.service.backend._threading.loopingcall [None req-2c9e51f4-1ac4-47dd-84a5-09665f6cdad4 None None] Dynamic interval looping call 'nova.service.Service.periodic_tasks' sleeping for 60.00 seconds {{(pid=96450) _run_loop /opt/stack/data/venv/lib/python3.12/site-packages/oslo_service/backend/_threading/loopingcall.py:125}}
Jul 08 10:06:53.246877 np0000004808 nova-scheduler[96458]: DEBUG oslo.service.backend._threading.loopingcall [-] Fixed interval looping call 'nova.servicegroup.drivers.db.DbDriver._report_state' sleeping for 119.99 seconds {{(pid=96458) _run_loop /opt/stack/data/venv/lib/python3.12/site-packages/oslo_service/backend/_threading/loopingcall.py:125}}
Jul 08 10:06:53.248465 np0000004808 nova-scheduler[96450]: DEBUG oslo.service.backend._threading.loopingcall [-] Fixed interval looping call 'nova.servicegroup.drivers.db.DbDriver._report_state' sleeping for 119.99 seconds {{(pid=96450) _run_loop /opt/stack/data/venv/lib/python3.12/site-packages/oslo_service/backend/_threading/loopingcall.py:125}}
Jul 08 10:06:53.250456 np0000004808 nova-scheduler[96452]: DEBUG oslo.service.backend._threading.loopingcall [-] Fixed interval looping call 'nova.servicegroup.drivers.db.DbDriver._report_state' sleeping for 119.99 seconds {{(pid=96452) _run_loop /opt/stack/data/venv/lib/python3.12/site-packages/oslo_service/backend/_threading/loopingcall.py:125}}
Jul 08 10:06:53.287914 np0000004808 nova-scheduler[96461]: DEBUG oslo.service.backend._threading.loopingcall [-] Fixed interval looping call 'nova.servicegroup.drivers.db.DbDriver._report_state' sleeping for 119.99 seconds {{(pid=96461) _run_loop /opt/stack/data/venv/lib/python3.12/site-packages/oslo_service/backend/_threading/loopingcall.py:125}}
Jul 08 10:06:55.240422 np0000004808 nova-scheduler[96452]: DEBUG oslo.service.backend._threading.loopingcall [None req-bb9ea14f-90d9-4e3a-9348-95be7eed0f27 None None] Dynamic interval looping call 'nova.service.Service.periodic_tasks' sleeping for 60.00 seconds {{(pid=96452) _run_loop /opt/stack/data/venv/lib/python3.12/site-packages/oslo_service/backend/_threading/loopingcall.py:125}}
Jul 08 10:06:56.814684 np0000004808 nova-scheduler[95246]: DEBUG dbcounter [-] [95246] Writing DB stats nova_api:SELECT=3 {{(pid=95246) stat_writer /opt/stack/data/venv/lib/python3.12/site-packages/dbcounter.py:115}}
Jul 08 10:06:56.931860 np0000004808 nova-scheduler[95246]: DEBUG dbcounter [-] [95246] Writing DB stats nova_cell0:SELECT=1 {{(pid=95246) stat_writer /opt/stack/data/venv/lib/python3.12/site-packages/dbcounter.py:115}}
Jul 08 10:06:56.936204 np0000004808 nova-scheduler[95246]: DEBUG dbcounter [-] [95246] Writing DB stats nova_cell1:SELECT=1 {{(pid=95246) stat_writer /opt/stack/data/venv/lib/python3.12/site-packages/dbcounter.py:115}}
Jul 08 10:07:03.246465 np0000004808 nova-scheduler[96458]: DEBUG dbcounter [-] [96458] Writing DB stats nova_cell0:SELECT=5,nova_cell0:INSERT=1,nova_cell0:UPDATE=1 {{(pid=96458) stat_writer /opt/stack/data/venv/lib/python3.12/site-packages/dbcounter.py:115}}
Jul 08 10:07:03.246812 np0000004808 nova-scheduler[96450]: DEBUG dbcounter [-] [96450] Writing DB stats nova_cell0:SELECT=4,nova_cell0:INSERT=1 {{(pid=96450) stat_writer /opt/stack/data/venv/lib/python3.12/site-packages/dbcounter.py:115}}
Jul 08 10:07:03.249355 np0000004808 nova-scheduler[96452]: DEBUG dbcounter [-] [96452] Writing DB stats nova_cell0:SELECT=3,nova_cell0:UPDATE=1 {{(pid=96452) stat_writer /opt/stack/data/venv/lib/python3.12/site-packages/dbcounter.py:115}}
Jul 08 10:07:03.285159 np0000004808 nova-scheduler[96461]: DEBUG dbcounter [-] [96461] Writing DB stats nova_cell0:SELECT=3 {{(pid=96461) stat_writer /opt/stack/data/venv/lib/python3.12/site-packages/dbcounter.py:115}}
Jul 08 10:07:19.278654 np0000004808 nova-scheduler[96461]: DEBUG oslo.service.backend._threading.loopingcall [None req-9db187f2-5044-46f4-a441-6e99ea4aeea9 None None] Dynamic interval looping call 'nova.service.Service.periodic_tasks' sleeping for 60.00 seconds {{(pid=96461) _run_loop /opt/stack/data/venv/lib/python3.12/site-packages/oslo_service/backend/_threading/loopingcall.py:125}}
Jul 08 10:07:37.234069 np0000004808 nova-scheduler[96458]: DEBUG oslo.service.backend._threading.loopingcall [None req-91ee1fe2-5576-44a2-b30b-a07078e25f90 None None] Dynamic interval looping call 'nova.service.Service.periodic_tasks' sleeping for 60.00 seconds {{(pid=96458) _run_loop /opt/stack/data/venv/lib/python3.12/site-packages/oslo_service/backend/_threading/loopingcall.py:125}}
Jul 08 10:07:53.234771 np0000004808 nova-scheduler[96450]: DEBUG oslo.service.backend._threading.loopingcall [None req-2c9e51f4-1ac4-47dd-84a5-09665f6cdad4 None None] Dynamic interval looping call 'nova.service.Service.periodic_tasks' sleeping for 60.00 seconds {{(pid=96450) _run_loop /opt/stack/data/venv/lib/python3.12/site-packages/oslo_service/backend/_threading/loopingcall.py:125}}
Jul 08 10:07:55.240923 np0000004808 nova-scheduler[96452]: DEBUG oslo.service.backend._threading.loopingcall [None req-bb9ea14f-90d9-4e3a-9348-95be7eed0f27 None None] Dynamic interval looping call 'nova.service.Service.periodic_tasks' sleeping for 60.00 seconds {{(pid=96452) _run_loop /opt/stack/data/venv/lib/python3.12/site-packages/oslo_service/backend/_threading/loopingcall.py:125}}
Jul 08 10:08:19.279053 np0000004808 nova-scheduler[96461]: DEBUG oslo.service.backend._threading.loopingcall [None req-9db187f2-5044-46f4-a441-6e99ea4aeea9 None None] Dynamic interval looping call 'nova.service.Service.periodic_tasks' sleeping for 60.00 seconds {{(pid=96461) _run_loop /opt/stack/data/venv/lib/python3.12/site-packages/oslo_service/backend/_threading/loopingcall.py:125}}
Jul 08 10:08:37.234952 np0000004808 nova-scheduler[96458]: DEBUG oslo.service.backend._threading.loopingcall [None req-91ee1fe2-5576-44a2-b30b-a07078e25f90 None None] Dynamic interval looping call 'nova.service.Service.periodic_tasks' sleeping for 60.00 seconds {{(pid=96458) _run_loop /opt/stack/data/venv/lib/python3.12/site-packages/oslo_service/backend/_threading/loopingcall.py:125}}
Jul 08 10:08:53.235272 np0000004808 nova-scheduler[96450]: DEBUG oslo.service.backend._threading.loopingcall [None req-2c9e51f4-1ac4-47dd-84a5-09665f6cdad4 None None] Dynamic interval looping call 'nova.service.Service.periodic_tasks' sleeping for 60.00 seconds {{(pid=96450) _run_loop /opt/stack/data/venv/lib/python3.12/site-packages/oslo_service/backend/_threading/loopingcall.py:125}}
Jul 08 10:08:53.250726 np0000004808 nova-scheduler[96450]: DEBUG oslo.service.backend._threading.loopingcall [-] Fixed interval looping call 'nova.servicegroup.drivers.db.DbDriver._report_state' sleeping for 119.99 seconds {{(pid=96450) _run_loop /opt/stack/data/venv/lib/python3.12/site-packages/oslo_service/backend/_threading/loopingcall.py:125}}
Jul 08 10:08:53.251618 np0000004808 nova-scheduler[96452]: DEBUG oslo.service.backend._threading.loopingcall [-] Fixed interval looping call 'nova.servicegroup.drivers.db.DbDriver._report_state' sleeping for 119.99 seconds {{(pid=96452) _run_loop /opt/stack/data/venv/lib/python3.12/site-packages/oslo_service/backend/_threading/loopingcall.py:125}}
Jul 08 10:08:53.253134 np0000004808 nova-scheduler[96458]: DEBUG oslo.service.backend._threading.loopingcall [-] Fixed interval looping call 'nova.servicegroup.drivers.db.DbDriver._report_state' sleeping for 119.98 seconds {{(pid=96458) _run_loop /opt/stack/data/venv/lib/python3.12/site-packages/oslo_service/backend/_threading/loopingcall.py:125}}
Jul 08 10:08:53.281735 np0000004808 nova-scheduler[96461]: DEBUG oslo.service.backend._threading.loopingcall [-] Fixed interval looping call 'nova.servicegroup.drivers.db.DbDriver._report_state' sleeping for 120.00 seconds {{(pid=96461) _run_loop /opt/stack/data/venv/lib/python3.12/site-packages/oslo_service/backend/_threading/loopingcall.py:125}}
Jul 08 10:08:55.241429 np0000004808 nova-scheduler[96452]: DEBUG oslo.service.backend._threading.loopingcall [None req-bb9ea14f-90d9-4e3a-9348-95be7eed0f27 None None] Dynamic interval looping call 'nova.service.Service.periodic_tasks' sleeping for 60.00 seconds {{(pid=96452) _run_loop /opt/stack/data/venv/lib/python3.12/site-packages/oslo_service/backend/_threading/loopingcall.py:125}}
Jul 08 10:09:03.248578 np0000004808 nova-scheduler[96450]: DEBUG dbcounter [-] [96450] Writing DB stats nova_cell0:SELECT=1,nova_cell0:UPDATE=1 {{(pid=96450) stat_writer /opt/stack/data/venv/lib/python3.12/site-packages/dbcounter.py:115}}
Jul 08 10:09:03.250953 np0000004808 nova-scheduler[96458]: DEBUG dbcounter [-] [96458] Writing DB stats nova_cell0:SELECT=1,nova_cell0:UPDATE=1 {{(pid=96458) stat_writer /opt/stack/data/venv/lib/python3.12/site-packages/dbcounter.py:115}}
Jul 08 10:09:03.251256 np0000004808 nova-scheduler[96452]: DEBUG dbcounter [-] [96452] Writing DB stats nova_cell0:SELECT=1,nova_cell0:UPDATE=1 {{(pid=96452) stat_writer /opt/stack/data/venv/lib/python3.12/site-packages/dbcounter.py:115}}
Jul 08 10:09:03.280456 np0000004808 nova-scheduler[96461]: DEBUG dbcounter [-] [96461] Writing DB stats nova_cell0:SELECT=1 {{(pid=96461) stat_writer /opt/stack/data/venv/lib/python3.12/site-packages/dbcounter.py:115}}
Jul 08 10:09:19.279577 np0000004808 nova-scheduler[96461]: DEBUG oslo.service.backend._threading.loopingcall [None req-9db187f2-5044-46f4-a441-6e99ea4aeea9 None None] Dynamic interval looping call 'nova.service.Service.periodic_tasks' sleeping for 60.00 seconds {{(pid=96461) _run_loop /opt/stack/data/venv/lib/python3.12/site-packages/oslo_service/backend/_threading/loopingcall.py:125}}
Jul 08 10:09:21.747424 np0000004808 nova-scheduler[96458]: DEBUG nova.scheduler.manager [None req-dc261da6-6429-4ed0-83f6-7636f7d4ef5c tempest-AttachSCSIVolumeTestJSON-281319463 tempest-AttachSCSIVolumeTestJSON-281319463-project-member] Starting to schedule for instances: ['eb52f01d-a2ca-4c28-95b1-b22e9c16bfb9'] {{(pid=96458) select_destinations /opt/stack/nova/nova/scheduler/manager.py:209}}
Jul 08 10:09:21.748280 np0000004808 nova-scheduler[96458]: DEBUG nova.scheduler.request_filter [None req-dc261da6-6429-4ed0-83f6-7636f7d4ef5c tempest-AttachSCSIVolumeTestJSON-281319463 tempest-AttachSCSIVolumeTestJSON-281319463-project-member] compute_status_filter request filter added forbidden trait COMPUTE_STATUS_DISABLED {{(pid=96458) compute_status_filter /opt/stack/nova/nova/scheduler/request_filter.py:253}}
Jul 08 10:09:21.748280 np0000004808 nova-scheduler[96458]: DEBUG nova.scheduler.request_filter [None req-dc261da6-6429-4ed0-83f6-7636f7d4ef5c tempest-AttachSCSIVolumeTestJSON-281319463 tempest-AttachSCSIVolumeTestJSON-281319463-project-member] Request filter 'compute_status_filter' took 0.0 seconds {{(pid=96458) wrapper /opt/stack/nova/nova/scheduler/request_filter.py:46}}
Jul 08 10:09:21.748280 np0000004808 nova-scheduler[96458]: DEBUG nova.scheduler.request_filter [None req-dc261da6-6429-4ed0-83f6-7636f7d4ef5c tempest-AttachSCSIVolumeTestJSON-281319463 tempest-AttachSCSIVolumeTestJSON-281319463-project-member] Request filter 'accelerators_filter' took 0.0 seconds {{(pid=96458) wrapper /opt/stack/nova/nova/scheduler/request_filter.py:46}}
Jul 08 10:09:21.748536 np0000004808 nova-scheduler[96458]: DEBUG nova.scheduler.request_filter [None req-dc261da6-6429-4ed0-83f6-7636f7d4ef5c tempest-AttachSCSIVolumeTestJSON-281319463 tempest-AttachSCSIVolumeTestJSON-281319463-project-member] Request filter 'packed_virtqueue_filter' took 0.0 seconds {{(pid=96458) wrapper /opt/stack/nova/nova/scheduler/request_filter.py:46}}
Jul 08 10:09:21.748733 np0000004808 nova-scheduler[96458]: DEBUG nova.scheduler.request_filter [None req-dc261da6-6429-4ed0-83f6-7636f7d4ef5c tempest-AttachSCSIVolumeTestJSON-281319463 tempest-AttachSCSIVolumeTestJSON-281319463-project-member] Request filter 'remote_managed_ports_filter' took 0.0 seconds {{(pid=96458) wrapper /opt/stack/nova/nova/scheduler/request_filter.py:46}}
Jul 08 10:09:21.748868 np0000004808 nova-scheduler[96458]: DEBUG nova.scheduler.request_filter [None req-dc261da6-6429-4ed0-83f6-7636f7d4ef5c tempest-AttachSCSIVolumeTestJSON-281319463 tempest-AttachSCSIVolumeTestJSON-281319463-project-member] ephemeral_encryption_filter skipped {{(pid=96458) ephemeral_encryption_filter /opt/stack/nova/nova/scheduler/request_filter.py:426}}
Jul 08 10:09:21.749012 np0000004808 nova-scheduler[96458]: DEBUG nova.scheduler.request_filter [None req-dc261da6-6429-4ed0-83f6-7636f7d4ef5c tempest-AttachSCSIVolumeTestJSON-281319463 tempest-AttachSCSIVolumeTestJSON-281319463-project-member] virtio_sound_filter skipped {{(pid=96458) virtio_sound_filter /opt/stack/nova/nova/scheduler/request_filter.py:460}}
Jul 08 10:09:21.749120 np0000004808 nova-scheduler[96458]: DEBUG nova.scheduler.request_filter [None req-dc261da6-6429-4ed0-83f6-7636f7d4ef5c tempest-AttachSCSIVolumeTestJSON-281319463 tempest-AttachSCSIVolumeTestJSON-281319463-project-member] tpm_secret_security_filter skipped {{(pid=96458) tpm_secret_security_filter /opt/stack/nova/nova/scheduler/request_filter.py:477}}
Jul 08 10:09:22.284327 np0000004808 nova-scheduler[96458]: INFO nova.utils [None req-dc261da6-6429-4ed0-83f6-7636f7d4ef5c tempest-AttachSCSIVolumeTestJSON-281319463 tempest-AttachSCSIVolumeTestJSON-281319463-project-member] The cell worker thread pool ForkProcess-3.cell_worker is initialized
Jul 08 10:09:22.284771 np0000004808 nova-scheduler[96458]: DEBUG oslo_concurrency.lockutils [None req-dc261da6-6429-4ed0-83f6-7636f7d4ef5c tempest-AttachSCSIVolumeTestJSON-281319463 tempest-AttachSCSIVolumeTestJSON-281319463-project-member] Acquiring lock "f305abe0-76f0-4b1b-80f1-6d76ac24d81e" by "nova.context.set_target_cell..get_or_set_cached_cell_and_set_connections" {{(pid=96458) inner /opt/stack/data/venv/lib/python3.12/site-packages/oslo_concurrency/lockutils.py:511}}
Jul 08 10:09:22.285023 np0000004808 nova-scheduler[96458]: DEBUG oslo_concurrency.lockutils [None req-dc261da6-6429-4ed0-83f6-7636f7d4ef5c tempest-AttachSCSIVolumeTestJSON-281319463 tempest-AttachSCSIVolumeTestJSON-281319463-project-member] Lock "f305abe0-76f0-4b1b-80f1-6d76ac24d81e" acquired by "nova.context.set_target_cell..get_or_set_cached_cell_and_set_connections" :: waited 0.000s {{(pid=96458) inner /opt/stack/data/venv/lib/python3.12/site-packages/oslo_concurrency/lockutils.py:524}}
Jul 08 10:09:22.286521 np0000004808 nova-scheduler[96458]: DEBUG oslo_concurrency.lockutils [None req-dc261da6-6429-4ed0-83f6-7636f7d4ef5c tempest-AttachSCSIVolumeTestJSON-281319463 tempest-AttachSCSIVolumeTestJSON-281319463-project-member] Lock "f305abe0-76f0-4b1b-80f1-6d76ac24d81e" "released" by "nova.context.set_target_cell..get_or_set_cached_cell_and_set_connections" :: held 0.001s {{(pid=96458) inner /opt/stack/data/venv/lib/python3.12/site-packages/oslo_concurrency/lockutils.py:543}}
Jul 08 10:09:22.290480 np0000004808 nova-scheduler[96458]: INFO dbcounter [None req-dc261da6-6429-4ed0-83f6-7636f7d4ef5c tempest-AttachSCSIVolumeTestJSON-281319463 tempest-AttachSCSIVolumeTestJSON-281319463-project-member] Registered counter for database nova_cell1
Jul 08 10:09:22.341308 np0000004808 nova-scheduler[96458]: DEBUG oslo_db.sqlalchemy.engines [None req-dc261da6-6429-4ed0-83f6-7636f7d4ef5c tempest-AttachSCSIVolumeTestJSON-281319463 tempest-AttachSCSIVolumeTestJSON-281319463-project-member] MySQL server mode set to STRICT_TRANS_TABLES,STRICT_ALL_TABLES,NO_ZERO_IN_DATE,NO_ZERO_DATE,ERROR_FOR_DIVISION_BY_ZERO,TRADITIONAL,NO_ENGINE_SUBSTITUTION {{(pid=96458) _check_effective_sql_mode /opt/stack/data/venv/lib/python3.12/site-packages/oslo_db/sqlalchemy/engines.py:325}}
Jul 08 10:09:22.346777 np0000004808 nova-scheduler[96458]: DEBUG dbcounter [-] [96458] Writer thread running {{(pid=96458) stat_writer /opt/stack/data/venv/lib/python3.12/site-packages/dbcounter.py:102}}
Jul 08 10:09:22.365619 np0000004808 nova-scheduler[96458]: DEBUG oslo_db.sqlalchemy.engines [None req-dc261da6-6429-4ed0-83f6-7636f7d4ef5c tempest-AttachSCSIVolumeTestJSON-281319463 tempest-AttachSCSIVolumeTestJSON-281319463-project-member] Parent process 95246 forked (96458) with an open database connection, which is being discarded and recreated. {{(pid=96458) checkout /opt/stack/data/venv/lib/python3.12/site-packages/oslo_db/sqlalchemy/engines.py:402}}
Jul 08 10:09:22.405355 np0000004808 nova-scheduler[96458]: DEBUG dbcounter [-] [96458] Writer thread running {{(pid=96458) stat_writer /opt/stack/data/venv/lib/python3.12/site-packages/dbcounter.py:102}}
Jul 08 10:09:22.408198 np0000004808 nova-scheduler[96458]: DEBUG oslo_concurrency.lockutils [None req-dc261da6-6429-4ed0-83f6-7636f7d4ef5c tempest-AttachSCSIVolumeTestJSON-281319463 tempest-AttachSCSIVolumeTestJSON-281319463-project-member] Acquiring lock "f305abe0-76f0-4b1b-80f1-6d76ac24d81e" by "nova.context.set_target_cell..get_or_set_cached_cell_and_set_connections" {{(pid=96458) inner /opt/stack/data/venv/lib/python3.12/site-packages/oslo_concurrency/lockutils.py:511}}
Jul 08 10:09:22.408364 np0000004808 nova-scheduler[96458]: DEBUG oslo_concurrency.lockutils [None req-dc261da6-6429-4ed0-83f6-7636f7d4ef5c tempest-AttachSCSIVolumeTestJSON-281319463 tempest-AttachSCSIVolumeTestJSON-281319463-project-member] Lock "f305abe0-76f0-4b1b-80f1-6d76ac24d81e" acquired by "nova.context.set_target_cell..get_or_set_cached_cell_and_set_connections" :: waited 0.000s {{(pid=96458) inner /opt/stack/data/venv/lib/python3.12/site-packages/oslo_concurrency/lockutils.py:524}}
Jul 08 10:09:22.408494 np0000004808 nova-scheduler[96458]: DEBUG oslo_concurrency.lockutils [None req-dc261da6-6429-4ed0-83f6-7636f7d4ef5c tempest-AttachSCSIVolumeTestJSON-281319463 tempest-AttachSCSIVolumeTestJSON-281319463-project-member] Lock "f305abe0-76f0-4b1b-80f1-6d76ac24d81e" "released" by "nova.context.set_target_cell..get_or_set_cached_cell_and_set_connections" :: held 0.000s {{(pid=96458) inner /opt/stack/data/venv/lib/python3.12/site-packages/oslo_concurrency/lockutils.py:543}}
Jul 08 10:09:22.411835 np0000004808 nova-scheduler[96458]: DEBUG oslo_concurrency.lockutils [None req-dc261da6-6429-4ed0-83f6-7636f7d4ef5c tempest-AttachSCSIVolumeTestJSON-281319463 tempest-AttachSCSIVolumeTestJSON-281319463-project-member] Acquiring lock "np0000004808-np0000004808" by "nova.scheduler.host_manager.HostState.update.._locked_update" {{(pid=96458) inner /opt/stack/data/venv/lib/python3.12/site-packages/oslo_concurrency/lockutils.py:511}}
Jul 08 10:09:22.411989 np0000004808 nova-scheduler[96458]: DEBUG oslo_concurrency.lockutils [None req-dc261da6-6429-4ed0-83f6-7636f7d4ef5c tempest-AttachSCSIVolumeTestJSON-281319463 tempest-AttachSCSIVolumeTestJSON-281319463-project-member] Lock "np0000004808-np0000004808" acquired by "nova.scheduler.host_manager.HostState.update.._locked_update" :: waited 0.000s {{(pid=96458) inner /opt/stack/data/venv/lib/python3.12/site-packages/oslo_concurrency/lockutils.py:524}}
