Jul 08 10:06:53.261364 np0000004808 nova-conductor[98936]: DEBUG cotyledon.oslo_config_glue [-] zvm.reachable_timeout = 300 {{(pid=98936) log_opt_values /opt/stack/data/venv/lib/python3.12/site-packages/oslo_config/cfg.py:3253}}
Jul 08 10:06:53.261364 np0000004808 nova-conductor[98936]: DEBUG cotyledon.oslo_config_glue [-] oslo_versionedobjects.fatal_exception_format_errors = False {{(pid=98936) log_opt_values /opt/stack/data/venv/lib/python3.12/site-packages/oslo_config/cfg.py:3253}}
Jul 08 10:06:53.261364 np0000004808 nova-conductor[98936]: DEBUG cotyledon.oslo_config_glue [-] oslo_middleware.http_basic_auth_user_file = /etc/htpasswd {{(pid=98936) log_opt_values /opt/stack/data/venv/lib/python3.12/site-packages/oslo_config/cfg.py:3253}}
Jul 08 10:06:53.261364 np0000004808 nova-conductor[98936]: DEBUG cotyledon.oslo_config_glue [-] profiler.connection_string = messaging:// {{(pid=98936) log_opt_values /opt/stack/data/venv/lib/python3.12/site-packages/oslo_config/cfg.py:3253}}
Jul 08 10:06:53.261709 np0000004808 nova-conductor[98936]: DEBUG cotyledon.oslo_config_glue [-] profiler.enabled = False {{(pid=98936) log_opt_values /opt/stack/data/venv/lib/python3.12/site-packages/oslo_config/cfg.py:3253}}
Jul 08 10:06:53.261709 np0000004808 nova-conductor[98936]: DEBUG cotyledon.oslo_config_glue [-] profiler.es_doc_type = notification {{(pid=98936) log_opt_values /opt/stack/data/venv/lib/python3.12/site-packages/oslo_config/cfg.py:3253}}
Jul 08 10:06:53.261709 np0000004808 nova-conductor[98936]: DEBUG cotyledon.oslo_config_glue [-] profiler.es_scroll_size = 10000 {{(pid=98936) log_opt_values /opt/stack/data/venv/lib/python3.12/site-packages/oslo_config/cfg.py:3253}}
Jul 08 10:06:53.261709 np0000004808 nova-conductor[98936]: DEBUG cotyledon.oslo_config_glue [-] profiler.es_scroll_time = 2m {{(pid=98936) log_opt_values /opt/stack/data/venv/lib/python3.12/site-packages/oslo_config/cfg.py:3253}}
Jul 08 10:06:53.261709 np0000004808 nova-conductor[98936]: DEBUG cotyledon.oslo_config_glue [-] profiler.filter_error_trace = False {{(pid=98936) log_opt_values /opt/stack/data/venv/lib/python3.12/site-packages/oslo_config/cfg.py:3253}}
Jul 08 10:06:53.261709 np0000004808 nova-conductor[98936]: DEBUG cotyledon.oslo_config_glue [-] profiler.hmac_keys = **** {{(pid=98936) log_opt_values /opt/stack/data/venv/lib/python3.12/site-packages/oslo_config/cfg.py:3253}}
Jul 08 10:06:53.261709 np0000004808 nova-conductor[98936]: DEBUG cotyledon.oslo_config_glue [-] profiler.sentinel_service_name = mymaster {{(pid=98936) log_opt_values /opt/stack/data/venv/lib/python3.12/site-packages/oslo_config/cfg.py:3253}}
Jul 08 10:06:53.261709 np0000004808 nova-conductor[98936]: DEBUG cotyledon.oslo_config_glue [-] profiler.socket_timeout = 0.1 {{(pid=98936) log_opt_values /opt/stack/data/venv/lib/python3.12/site-packages/oslo_config/cfg.py:3253}}
Jul 08 10:06:53.261709 np0000004808 nova-conductor[98936]: DEBUG cotyledon.oslo_config_glue [-] profiler.trace_requests = False {{(pid=98936) log_opt_values /opt/stack/data/venv/lib/python3.12/site-packages/oslo_config/cfg.py:3253}}
Jul 08 10:06:53.262133 np0000004808 nova-conductor[98936]: DEBUG cotyledon.oslo_config_glue [-] profiler.trace_sqlalchemy = False {{(pid=98936) log_opt_values /opt/stack/data/venv/lib/python3.12/site-packages/oslo_config/cfg.py:3253}}
Jul 08 10:06:53.262133 np0000004808 nova-conductor[98936]: DEBUG cotyledon.oslo_config_glue [-] profiler_jaeger.process_tags = {} {{(pid=98936) log_opt_values /opt/stack/data/venv/lib/python3.12/site-packages/oslo_config/cfg.py:3253}}
Jul 08 10:06:53.262133 np0000004808 nova-conductor[98936]: DEBUG cotyledon.oslo_config_glue [-] profiler_jaeger.service_name_prefix = None {{(pid=98936) log_opt_values /opt/stack/data/venv/lib/python3.12/site-packages/oslo_config/cfg.py:3253}}
Jul 08 10:06:53.262133 np0000004808 nova-conductor[98936]: DEBUG cotyledon.oslo_config_glue [-] profiler_otlp.service_name_prefix = None {{(pid=98936) log_opt_values /opt/stack/data/venv/lib/python3.12/site-packages/oslo_config/cfg.py:3253}}
Jul 08 10:06:53.262133 np0000004808 nova-conductor[98936]: DEBUG cotyledon.oslo_config_glue [-] oslo_messaging_rabbit.amqp_auto_delete = False {{(pid=98936) log_opt_values /opt/stack/data/venv/lib/python3.12/site-packages/oslo_config/cfg.py:3253}}
Jul 08 10:06:53.262133 np0000004808 nova-conductor[98936]: DEBUG cotyledon.oslo_config_glue [-] oslo_messaging_rabbit.amqp_durable_queues = False {{(pid=98936) log_opt_values /opt/stack/data/venv/lib/python3.12/site-packages/oslo_config/cfg.py:3253}}
Jul 08 10:06:53.262133 np0000004808 nova-conductor[98936]: DEBUG cotyledon.oslo_config_glue [-] oslo_messaging_rabbit.conn_pool_min_size = 2 {{(pid=98936) log_opt_values /opt/stack/data/venv/lib/python3.12/site-packages/oslo_config/cfg.py:3253}}
Jul 08 10:06:53.262133 np0000004808 nova-conductor[98936]: DEBUG cotyledon.oslo_config_glue [-] oslo_messaging_rabbit.conn_pool_ttl = 1200 {{(pid=98936) log_opt_values /opt/stack/data/venv/lib/python3.12/site-packages/oslo_config/cfg.py:3253}}
Jul 08 10:06:53.262133 np0000004808 nova-conductor[98936]: DEBUG cotyledon.oslo_config_glue [-] oslo_messaging_rabbit.direct_mandatory_flag = True {{(pid=98936) log_opt_values /opt/stack/data/venv/lib/python3.12/site-packages/oslo_config/cfg.py:3253}}
Jul 08 10:06:53.262454 np0000004808 nova-conductor[98936]: DEBUG cotyledon.oslo_config_glue [-] oslo_messaging_rabbit.enable_cancel_on_failover = False {{(pid=98936) log_opt_values /opt/stack/data/venv/lib/python3.12/site-packages/oslo_config/cfg.py:3253}}
Jul 08 10:06:53.262454 np0000004808 nova-conductor[98936]: DEBUG cotyledon.oslo_config_glue [-] oslo_messaging_rabbit.heartbeat_rate = 3 {{(pid=98936) log_opt_values /opt/stack/data/venv/lib/python3.12/site-packages/oslo_config/cfg.py:3253}}
Jul 08 10:06:53.262454 np0000004808 nova-conductor[98936]: DEBUG cotyledon.oslo_config_glue [-] oslo_messaging_rabbit.heartbeat_timeout_threshold = 60 {{(pid=98936) log_opt_values /opt/stack/data/venv/lib/python3.12/site-packages/oslo_config/cfg.py:3253}}
Jul 08 10:06:53.262454 np0000004808 nova-conductor[98936]: DEBUG cotyledon.oslo_config_glue [-] oslo_messaging_rabbit.hostname = np0000004808 {{(pid=98936) log_opt_values /opt/stack/data/venv/lib/python3.12/site-packages/oslo_config/cfg.py:3253}}
Jul 08 10:06:53.262454 np0000004808 nova-conductor[98936]: DEBUG cotyledon.oslo_config_glue [-] oslo_messaging_rabbit.kombu_compression = None {{(pid=98936) log_opt_values /opt/stack/data/venv/lib/python3.12/site-packages/oslo_config/cfg.py:3253}}
Jul 08 10:06:53.262454 np0000004808 nova-conductor[98936]: DEBUG cotyledon.oslo_config_glue [-] oslo_messaging_rabbit.kombu_failover_strategy = round-robin {{(pid=98936) log_opt_values /opt/stack/data/venv/lib/python3.12/site-packages/oslo_config/cfg.py:3253}}
Jul 08 10:06:53.262454 np0000004808 nova-conductor[98936]: DEBUG cotyledon.oslo_config_glue [-] oslo_messaging_rabbit.kombu_missing_consumer_retry_timeout = 60 {{(pid=98936) log_opt_values /opt/stack/data/venv/lib/python3.12/site-packages/oslo_config/cfg.py:3253}}
Jul 08 10:06:53.262454 np0000004808 nova-conductor[98936]: DEBUG cotyledon.oslo_config_glue [-] oslo_messaging_rabbit.kombu_reconnect_delay = 1.0 {{(pid=98936) log_opt_values /opt/stack/data/venv/lib/python3.12/site-packages/oslo_config/cfg.py:3253}}
Jul 08 10:06:53.262454 np0000004808 nova-conductor[98936]: DEBUG cotyledon.oslo_config_glue [-] oslo_messaging_rabbit.kombu_reconnect_splay = 0.0 {{(pid=98936) log_opt_values /opt/stack/data/venv/lib/python3.12/site-packages/oslo_config/cfg.py:3253}}
Jul 08 10:06:53.262780 np0000004808 nova-conductor[98936]: DEBUG cotyledon.oslo_config_glue [-] oslo_messaging_rabbit.processname = nova-conductor {{(pid=98936) log_opt_values /opt/stack/data/venv/lib/python3.12/site-packages/oslo_config/cfg.py:3253}}
Jul 08 10:06:53.262780 np0000004808 nova-conductor[98936]: DEBUG cotyledon.oslo_config_glue [-] oslo_messaging_rabbit.rabbit_ha_queues = False {{(pid=98936) log_opt_values /opt/stack/data/venv/lib/python3.12/site-packages/oslo_config/cfg.py:3253}}
Jul 08 10:06:53.262780 np0000004808 nova-conductor[98936]: DEBUG cotyledon.oslo_config_glue [-] oslo_messaging_rabbit.rabbit_interval_max = 30 {{(pid=98936) log_opt_values /opt/stack/data/venv/lib/python3.12/site-packages/oslo_config/cfg.py:3253}}
Jul 08 10:06:53.262780 np0000004808 nova-conductor[98936]: DEBUG cotyledon.oslo_config_glue [-] oslo_messaging_rabbit.rabbit_login_method = AMQPLAIN {{(pid=98936) log_opt_values /opt/stack/data/venv/lib/python3.12/site-packages/oslo_config/cfg.py:3253}}
Jul 08 10:06:53.262780 np0000004808 nova-conductor[98936]: DEBUG cotyledon.oslo_config_glue [-] oslo_messaging_rabbit.rabbit_qos_prefetch_count = 0 {{(pid=98936) log_opt_values /opt/stack/data/venv/lib/python3.12/site-packages/oslo_config/cfg.py:3253}}
Jul 08 10:06:53.262780 np0000004808 nova-conductor[98936]: DEBUG cotyledon.oslo_config_glue [-] oslo_messaging_rabbit.rabbit_quorum_delivery_limit = 0 {{(pid=98936) log_opt_values /opt/stack/data/venv/lib/python3.12/site-packages/oslo_config/cfg.py:3253}}
Jul 08 10:06:53.262780 np0000004808 nova-conductor[98936]: DEBUG cotyledon.oslo_config_glue [-] oslo_messaging_rabbit.rabbit_quorum_max_memory_bytes = 0 {{(pid=98936) log_opt_values /opt/stack/data/venv/lib/python3.12/site-packages/oslo_config/cfg.py:3253}}
Jul 08 10:06:53.262780 np0000004808 nova-conductor[98936]: DEBUG cotyledon.oslo_config_glue [-] oslo_messaging_rabbit.rabbit_quorum_max_memory_length = 0 {{(pid=98936) log_opt_values /opt/stack/data/venv/lib/python3.12/site-packages/oslo_config/cfg.py:3253}}
Jul 08 10:06:53.262780 np0000004808 nova-conductor[98936]: DEBUG cotyledon.oslo_config_glue [-] oslo_messaging_rabbit.rabbit_quorum_queue = False {{(pid=98936) log_opt_values /opt/stack/data/venv/lib/python3.12/site-packages/oslo_config/cfg.py:3253}}
Jul 08 10:06:53.263185 np0000004808 nova-conductor[98936]: DEBUG cotyledon.oslo_config_glue [-] oslo_messaging_rabbit.rabbit_retry_backoff = 2 {{(pid=98936) log_opt_values /opt/stack/data/venv/lib/python3.12/site-packages/oslo_config/cfg.py:3253}}
Jul 08 10:06:53.263185 np0000004808 nova-conductor[98936]: DEBUG cotyledon.oslo_config_glue [-] oslo_messaging_rabbit.rabbit_retry_interval = 1 {{(pid=98936) log_opt_values /opt/stack/data/venv/lib/python3.12/site-packages/oslo_config/cfg.py:3253}}
Jul 08 10:06:53.263185 np0000004808 nova-conductor[98936]: DEBUG cotyledon.oslo_config_glue [-] oslo_messaging_rabbit.rabbit_stream_fanout = False {{(pid=98936) log_opt_values /opt/stack/data/venv/lib/python3.12/site-packages/oslo_config/cfg.py:3253}}
Jul 08 10:06:53.263185 np0000004808 nova-conductor[98936]: DEBUG cotyledon.oslo_config_glue [-] oslo_messaging_rabbit.rabbit_transient_queues_ttl = 1800 {{(pid=98936) log_opt_values /opt/stack/data/venv/lib/python3.12/site-packages/oslo_config/cfg.py:3253}}
Jul 08 10:06:53.263185 np0000004808 nova-conductor[98936]: DEBUG cotyledon.oslo_config_glue [-] oslo_messaging_rabbit.rabbit_transient_quorum_queue = False {{(pid=98936) log_opt_values /opt/stack/data/venv/lib/python3.12/site-packages/oslo_config/cfg.py:3253}}
Jul 08 10:06:53.263185 np0000004808 nova-conductor[98936]: DEBUG cotyledon.oslo_config_glue [-] oslo_messaging_rabbit.rpc_conn_pool_size = 30 {{(pid=98936) log_opt_values /opt/stack/data/venv/lib/python3.12/site-packages/oslo_config/cfg.py:3253}}
Jul 08 10:06:53.263369 np0000004808 nova-conductor[98916]: INFO dbcounter [None req-4b887240-b36f-4a15-984d-30238dece154 None None] Registered counter for database nova_cell0
Jul 08 10:06:53.263414 np0000004808 nova-conductor[98936]: DEBUG cotyledon.oslo_config_glue [-] oslo_messaging_rabbit.ssl = False {{(pid=98936) log_opt_values /opt/stack/data/venv/lib/python3.12/site-packages/oslo_config/cfg.py:3253}}
Jul 08 10:06:53.263414 np0000004808 nova-conductor[98936]: DEBUG cotyledon.oslo_config_glue [-] oslo_messaging_rabbit.ssl_ca_file = {{(pid=98936) log_opt_values /opt/stack/data/venv/lib/python3.12/site-packages/oslo_config/cfg.py:3253}}
Jul 08 10:06:53.263414 np0000004808 nova-conductor[98936]: DEBUG cotyledon.oslo_config_glue [-] oslo_messaging_rabbit.ssl_cert_file = {{(pid=98936) log_opt_values /opt/stack/data/venv/lib/python3.12/site-packages/oslo_config/cfg.py:3253}}
Jul 08 10:06:53.263414 np0000004808 nova-conductor[98936]: DEBUG cotyledon.oslo_config_glue [-] oslo_messaging_rabbit.ssl_enforce_fips_mode = False {{(pid=98936) log_opt_values /opt/stack/data/venv/lib/python3.12/site-packages/oslo_config/cfg.py:3253}}
Jul 08 10:06:53.263414 np0000004808 nova-conductor[98936]: DEBUG cotyledon.oslo_config_glue [-] oslo_messaging_rabbit.ssl_enforce_hostname_verification = True {{(pid=98936) log_opt_values /opt/stack/data/venv/lib/python3.12/site-packages/oslo_config/cfg.py:3253}}
Jul 08 10:06:53.263414 np0000004808 nova-conductor[98936]: DEBUG cotyledon.oslo_config_glue [-] oslo_messaging_rabbit.ssl_key_file = {{(pid=98936) log_opt_values /opt/stack/data/venv/lib/python3.12/site-packages/oslo_config/cfg.py:3253}}
Jul 08 10:06:53.263414 np0000004808 nova-conductor[98936]: DEBUG cotyledon.oslo_config_glue [-] oslo_messaging_rabbit.ssl_version = {{(pid=98936) log_opt_values /opt/stack/data/venv/lib/python3.12/site-packages/oslo_config/cfg.py:3253}}
Jul 08 10:06:53.263414 np0000004808 nova-conductor[98936]: DEBUG cotyledon.oslo_config_glue [-] oslo_messaging_rabbit.use_queue_manager = False {{(pid=98936) log_opt_values /opt/stack/data/venv/lib/python3.12/site-packages/oslo_config/cfg.py:3253}}
Jul 08 10:06:53.263414 np0000004808 nova-conductor[98936]: DEBUG cotyledon.oslo_config_glue [-] oslo_messaging_notifications.driver = ['messagingv2'] {{(pid=98936) log_opt_values /opt/stack/data/venv/lib/python3.12/site-packages/oslo_config/cfg.py:3253}}
Jul 08 10:06:53.263750 np0000004808 nova-conductor[98936]: DEBUG cotyledon.oslo_config_glue [-] oslo_messaging_notifications.retry = -1 {{(pid=98936) log_opt_values /opt/stack/data/venv/lib/python3.12/site-packages/oslo_config/cfg.py:3253}}
Jul 08 10:06:53.263750 np0000004808 nova-conductor[98936]: DEBUG cotyledon.oslo_config_glue [-] oslo_messaging_notifications.topics = ['notifications'] {{(pid=98936) log_opt_values /opt/stack/data/venv/lib/python3.12/site-packages/oslo_config/cfg.py:3253}}
Jul 08 10:06:53.263750 np0000004808 nova-conductor[98936]: DEBUG cotyledon.oslo_config_glue [-] oslo_messaging_notifications.transport_url = **** {{(pid=98936) log_opt_values /opt/stack/data/venv/lib/python3.12/site-packages/oslo_config/cfg.py:3253}}
Jul 08 10:06:53.263750 np0000004808 nova-conductor[98936]: DEBUG cotyledon.oslo_config_glue [-] oslo_limit.auth_section = None {{(pid=98936) log_opt_values /opt/stack/data/venv/lib/python3.12/site-packages/oslo_config/cfg.py:3253}}
Jul 08 10:06:53.263750 np0000004808 nova-conductor[98936]: DEBUG cotyledon.oslo_config_glue [-] oslo_limit.auth_type = None {{(pid=98936) log_opt_values /opt/stack/data/venv/lib/python3.12/site-packages/oslo_config/cfg.py:3253}}
Jul 08 10:06:53.263750 np0000004808 nova-conductor[98936]: DEBUG cotyledon.oslo_config_glue [-] oslo_limit.cafile = None {{(pid=98936) log_opt_values /opt/stack/data/venv/lib/python3.12/site-packages/oslo_config/cfg.py:3253}}
Jul 08 10:06:53.263750 np0000004808 nova-conductor[98936]: DEBUG cotyledon.oslo_config_glue [-] oslo_limit.certfile = None {{(pid=98936) log_opt_values /opt/stack/data/venv/lib/python3.12/site-packages/oslo_config/cfg.py:3253}}
Jul 08 10:06:53.263750 np0000004808 nova-conductor[98936]: DEBUG cotyledon.oslo_config_glue [-] oslo_limit.collect_timing = False {{(pid=98936) log_opt_values /opt/stack/data/venv/lib/python3.12/site-packages/oslo_config/cfg.py:3253}}
Jul 08 10:06:53.263750 np0000004808 nova-conductor[98936]: DEBUG cotyledon.oslo_config_glue [-] oslo_limit.connect_retries = None {{(pid=98936) log_opt_values /opt/stack/data/venv/lib/python3.12/site-packages/oslo_config/cfg.py:3253}}
Jul 08 10:06:53.264063 np0000004808 nova-conductor[98936]: DEBUG cotyledon.oslo_config_glue [-] oslo_limit.connect_retry_delay = None {{(pid=98936) log_opt_values /opt/stack/data/venv/lib/python3.12/site-packages/oslo_config/cfg.py:3253}}
Jul 08 10:06:53.264063 np0000004808 nova-conductor[98936]: DEBUG cotyledon.oslo_config_glue [-] oslo_limit.endpoint_id = None {{(pid=98936) log_opt_values /opt/stack/data/venv/lib/python3.12/site-packages/oslo_config/cfg.py:3253}}
Jul 08 10:06:53.264063 np0000004808 nova-conductor[98936]: DEBUG cotyledon.oslo_config_glue [-] oslo_limit.endpoint_interface = public {{(pid=98936) log_opt_values /opt/stack/data/venv/lib/python3.12/site-packages/oslo_config/cfg.py:3253}}
Jul 08 10:06:53.264063 np0000004808 nova-conductor[98936]: DEBUG cotyledon.oslo_config_glue [-] oslo_limit.endpoint_override = None {{(pid=98936) log_opt_values /opt/stack/data/venv/lib/python3.12/site-packages/oslo_config/cfg.py:3253}}
Jul 08 10:06:53.264063 np0000004808 nova-conductor[98936]: DEBUG cotyledon.oslo_config_glue [-] oslo_limit.endpoint_region_name = None {{(pid=98936) log_opt_values /opt/stack/data/venv/lib/python3.12/site-packages/oslo_config/cfg.py:3253}}
Jul 08 10:06:53.264063 np0000004808 nova-conductor[98936]: DEBUG cotyledon.oslo_config_glue [-] oslo_limit.endpoint_service_name = None {{(pid=98936) log_opt_values /opt/stack/data/venv/lib/python3.12/site-packages/oslo_config/cfg.py:3253}}
Jul 08 10:06:53.264063 np0000004808 nova-conductor[98936]: DEBUG cotyledon.oslo_config_glue [-] oslo_limit.endpoint_service_type = None {{(pid=98936) log_opt_values /opt/stack/data/venv/lib/python3.12/site-packages/oslo_config/cfg.py:3253}}
Jul 08 10:06:53.264063 np0000004808 nova-conductor[98936]: DEBUG cotyledon.oslo_config_glue [-] oslo_limit.insecure = False {{(pid=98936) log_opt_values /opt/stack/data/venv/lib/python3.12/site-packages/oslo_config/cfg.py:3253}}
Jul 08 10:06:53.264063 np0000004808 nova-conductor[98936]: DEBUG cotyledon.oslo_config_glue [-] oslo_limit.keyfile = None {{(pid=98936) log_opt_values /opt/stack/data/venv/lib/python3.12/site-packages/oslo_config/cfg.py:3253}}
Jul 08 10:06:53.264377 np0000004808 nova-conductor[98936]: DEBUG cotyledon.oslo_config_glue [-] oslo_limit.max_version = None {{(pid=98936) log_opt_values /opt/stack/data/venv/lib/python3.12/site-packages/oslo_config/cfg.py:3253}}
Jul 08 10:06:53.264377 np0000004808 nova-conductor[98936]: DEBUG cotyledon.oslo_config_glue [-] oslo_limit.min_version = None {{(pid=98936) log_opt_values /opt/stack/data/venv/lib/python3.12/site-packages/oslo_config/cfg.py:3253}}
Jul 08 10:06:53.264377 np0000004808 nova-conductor[98936]: DEBUG cotyledon.oslo_config_glue [-] oslo_limit.region_name = None {{(pid=98936) log_opt_values /opt/stack/data/venv/lib/python3.12/site-packages/oslo_config/cfg.py:3253}}
Jul 08 10:06:53.264377 np0000004808 nova-conductor[98936]: DEBUG cotyledon.oslo_config_glue [-] oslo_limit.retriable_status_codes = None {{(pid=98936) log_opt_values /opt/stack/data/venv/lib/python3.12/site-packages/oslo_config/cfg.py:3253}}
Jul 08 10:06:53.264377 np0000004808 nova-conductor[98936]: DEBUG cotyledon.oslo_config_glue [-] oslo_limit.service_name = None {{(pid=98936) log_opt_values /opt/stack/data/venv/lib/python3.12/site-packages/oslo_config/cfg.py:3253}}
Jul 08 10:06:53.264377 np0000004808 nova-conductor[98936]: DEBUG cotyledon.oslo_config_glue [-] oslo_limit.service_type = None {{(pid=98936) log_opt_values /opt/stack/data/venv/lib/python3.12/site-packages/oslo_config/cfg.py:3253}}
Jul 08 10:06:53.264377 np0000004808 nova-conductor[98936]: DEBUG cotyledon.oslo_config_glue [-] oslo_limit.split_loggers = False {{(pid=98936) log_opt_values /opt/stack/data/venv/lib/python3.12/site-packages/oslo_config/cfg.py:3253}}
Jul 08 10:06:53.264377 np0000004808 nova-conductor[98936]: DEBUG cotyledon.oslo_config_glue [-] oslo_limit.status_code_retries = None {{(pid=98936) log_opt_values /opt/stack/data/venv/lib/python3.12/site-packages/oslo_config/cfg.py:3253}}
Jul 08 10:06:53.264377 np0000004808 nova-conductor[98936]: DEBUG cotyledon.oslo_config_glue [-] oslo_limit.status_code_retry_delay = None {{(pid=98936) log_opt_values /opt/stack/data/venv/lib/python3.12/site-packages/oslo_config/cfg.py:3253}}
Jul 08 10:06:53.264705 np0000004808 nova-conductor[98936]: DEBUG cotyledon.oslo_config_glue [-] oslo_limit.timeout = None {{(pid=98936) log_opt_values /opt/stack/data/venv/lib/python3.12/site-packages/oslo_config/cfg.py:3253}}
Jul 08 10:06:53.264705 np0000004808 nova-conductor[98936]: DEBUG cotyledon.oslo_config_glue [-] oslo_limit.valid_interfaces = None {{(pid=98936) log_opt_values /opt/stack/data/venv/lib/python3.12/site-packages/oslo_config/cfg.py:3253}}
Jul 08 10:06:53.264705 np0000004808 nova-conductor[98936]: DEBUG cotyledon.oslo_config_glue [-] oslo_limit.version = None {{(pid=98936) log_opt_values /opt/stack/data/venv/lib/python3.12/site-packages/oslo_config/cfg.py:3253}}
Jul 08 10:06:53.264705 np0000004808 nova-conductor[98936]: DEBUG cotyledon.oslo_config_glue [-] oslo_reports.file_event_handler = None {{(pid=98936) log_opt_values /opt/stack/data/venv/lib/python3.12/site-packages/oslo_config/cfg.py:3253}}
Jul 08 10:06:53.264705 np0000004808 nova-conductor[98936]: DEBUG cotyledon.oslo_config_glue [-] oslo_reports.file_event_handler_interval = 1 {{(pid=98936) log_opt_values /opt/stack/data/venv/lib/python3.12/site-packages/oslo_config/cfg.py:3253}}
Jul 08 10:06:53.264705 np0000004808 nova-conductor[98936]: DEBUG cotyledon.oslo_config_glue [-] oslo_reports.log_dir = None {{(pid=98936) log_opt_values /opt/stack/data/venv/lib/python3.12/site-packages/oslo_config/cfg.py:3253}}
Jul 08 10:06:53.264705 np0000004808 nova-conductor[98936]: DEBUG cotyledon.oslo_config_glue [-] ******************************************************************************** {{(pid=98936) log_opt_values /opt/stack/data/venv/lib/python3.12/site-packages/oslo_config/cfg.py:3260}}
Jul 08 10:06:53.264705 np0000004808 nova-conductor[98936]: DEBUG cotyledon._service_worker [-] Run service ServiceWrapper(3) [98936] {{(pid=98936) wait_forever /opt/stack/data/venv/lib/python3.12/site-packages/cotyledon/_service_worker.py:218}}
Jul 08 10:06:53.264705 np0000004808 nova-conductor[98936]: INFO nova.service [-] Starting conductor node (version 33.1.0)
Jul 08 10:06:53.264705 np0000004808 nova-conductor[98936]: INFO dbcounter [None req-29186ef6-2f8f-46a8-9cce-8fac22d7dbc6 None None] Registered counter for database nova_cell0
Jul 08 10:06:53.265069 np0000004808 nova-conductor[98906]: DEBUG oslo_db.sqlalchemy.engines [None req-fe1a4f41-e1c6-456d-9f85-7ce19a870597 None None] MySQL server mode set to STRICT_TRANS_TABLES,STRICT_ALL_TABLES,NO_ZERO_IN_DATE,NO_ZERO_DATE,ERROR_FOR_DIVISION_BY_ZERO,TRADITIONAL,NO_ENGINE_SUBSTITUTION {{(pid=98906) _check_effective_sql_mode /opt/stack/data/venv/lib/python3.12/site-packages/oslo_db/sqlalchemy/engines.py:325}}
Jul 08 10:06:53.265069 np0000004808 nova-conductor[98906]: DEBUG dbcounter [-] [98906] Writer thread running {{(pid=98906) stat_writer /opt/stack/data/venv/lib/python3.12/site-packages/dbcounter.py:102}}
Jul 08 10:06:53.265069 np0000004808 nova-conductor[98906]: DEBUG nova.service [None req-fe1a4f41-e1c6-456d-9f85-7ce19a870597 None None] Creating RPC server for service: nova-conductor on topic: conductor {{(pid=98906) start /opt/stack/nova/nova/service.py:196}}
Jul 08 10:06:53.265199 np0000004808 nova-conductor[98910]: DEBUG oslo_db.sqlalchemy.engines [None req-ed166f97-da2b-4cdd-ae7d-8f57112ffe20 None None] MySQL server mode set to STRICT_TRANS_TABLES,STRICT_ALL_TABLES,NO_ZERO_IN_DATE,NO_ZERO_DATE,ERROR_FOR_DIVISION_BY_ZERO,TRADITIONAL,NO_ENGINE_SUBSTITUTION {{(pid=98910) _check_effective_sql_mode /opt/stack/data/venv/lib/python3.12/site-packages/oslo_db/sqlalchemy/engines.py:325}}
Jul 08 10:06:53.268574 np0000004808 nova-conductor[98910]: DEBUG dbcounter [-] [98910] Writer thread running {{(pid=98910) stat_writer /opt/stack/data/venv/lib/python3.12/site-packages/dbcounter.py:102}}
Jul 08 10:06:53.269073 np0000004808 nova-conductor[98936]: DEBUG oslo_db.sqlalchemy.engines [None req-29186ef6-2f8f-46a8-9cce-8fac22d7dbc6 None None] MySQL server mode set to STRICT_TRANS_TABLES,STRICT_ALL_TABLES,NO_ZERO_IN_DATE,NO_ZERO_DATE,ERROR_FOR_DIVISION_BY_ZERO,TRADITIONAL,NO_ENGINE_SUBSTITUTION {{(pid=98936) _check_effective_sql_mode /opt/stack/data/venv/lib/python3.12/site-packages/oslo_db/sqlalchemy/engines.py:325}}
Jul 08 10:06:53.274603 np0000004808 nova-conductor[98910]: DEBUG nova.service [None req-ed166f97-da2b-4cdd-ae7d-8f57112ffe20 None None] Creating RPC server for service: nova-conductor on topic: conductor {{(pid=98910) start /opt/stack/nova/nova/service.py:196}}
Jul 08 10:06:53.275900 np0000004808 nova-conductor[98916]: DEBUG oslo_db.sqlalchemy.engines [None req-4b887240-b36f-4a15-984d-30238dece154 None None] MySQL server mode set to STRICT_TRANS_TABLES,STRICT_ALL_TABLES,NO_ZERO_IN_DATE,NO_ZERO_DATE,ERROR_FOR_DIVISION_BY_ZERO,TRADITIONAL,NO_ENGINE_SUBSTITUTION {{(pid=98916) _check_effective_sql_mode /opt/stack/data/venv/lib/python3.12/site-packages/oslo_db/sqlalchemy/engines.py:325}}
Jul 08 10:06:53.281259 np0000004808 nova-conductor[98936]: DEBUG dbcounter [-] [98936] Writer thread running {{(pid=98936) stat_writer /opt/stack/data/venv/lib/python3.12/site-packages/dbcounter.py:102}}
Jul 08 10:06:53.282798 np0000004808 nova-conductor[98906]: DEBUG nova.service [None req-fe1a4f41-e1c6-456d-9f85-7ce19a870597 None None] Join ServiceGroup membership for this service conductor {{(pid=98906) start /opt/stack/nova/nova/service.py:222}}
Jul 08 10:06:53.282996 np0000004808 nova-conductor[98906]: DEBUG nova.servicegroup.drivers.db [None req-fe1a4f41-e1c6-456d-9f85-7ce19a870597 None None] DB_Driver: join new ServiceGroup member np0000004808 to the conductor group, service = {{(pid=98906) join /opt/stack/nova/nova/servicegroup/drivers/db.py:44}}
Jul 08 10:06:53.284618 np0000004808 nova-conductor[98936]: DEBUG nova.service [None req-29186ef6-2f8f-46a8-9cce-8fac22d7dbc6 None None] Creating RPC server for service: nova-conductor on topic: conductor {{(pid=98936) start /opt/stack/nova/nova/service.py:196}}
Jul 08 10:06:53.286305 np0000004808 nova-conductor[98916]: DEBUG dbcounter [-] [98916] Writer thread running {{(pid=98916) stat_writer /opt/stack/data/venv/lib/python3.12/site-packages/dbcounter.py:102}}
Jul 08 10:06:53.289288 np0000004808 nova-conductor[98916]: DEBUG nova.service [None req-4b887240-b36f-4a15-984d-30238dece154 None None] Creating RPC server for service: nova-conductor on topic: conductor {{(pid=98916) start /opt/stack/nova/nova/service.py:196}}
Jul 08 10:06:53.290068 np0000004808 nova-conductor[98910]: DEBUG nova.service [None req-ed166f97-da2b-4cdd-ae7d-8f57112ffe20 None None] Join ServiceGroup membership for this service conductor {{(pid=98910) start /opt/stack/nova/nova/service.py:222}}
Jul 08 10:06:53.290280 np0000004808 nova-conductor[98910]: DEBUG nova.servicegroup.drivers.db [None req-ed166f97-da2b-4cdd-ae7d-8f57112ffe20 None None] DB_Driver: join new ServiceGroup member np0000004808 to the conductor group, service = {{(pid=98910) join /opt/stack/nova/nova/servicegroup/drivers/db.py:44}}
Jul 08 10:06:53.301603 np0000004808 nova-conductor[98936]: DEBUG nova.service [None req-29186ef6-2f8f-46a8-9cce-8fac22d7dbc6 None None] Join ServiceGroup membership for this service conductor {{(pid=98936) start /opt/stack/nova/nova/service.py:222}}
Jul 08 10:06:53.301770 np0000004808 nova-conductor[98936]: DEBUG nova.servicegroup.drivers.db [None req-29186ef6-2f8f-46a8-9cce-8fac22d7dbc6 None None] DB_Driver: join new ServiceGroup member np0000004808 to the conductor group, service = {{(pid=98936) join /opt/stack/nova/nova/servicegroup/drivers/db.py:44}}
Jul 08 10:06:53.306221 np0000004808 nova-conductor[98916]: DEBUG nova.service [None req-4b887240-b36f-4a15-984d-30238dece154 None None] Join ServiceGroup membership for this service conductor {{(pid=98916) start /opt/stack/nova/nova/service.py:222}}
Jul 08 10:06:53.306385 np0000004808 nova-conductor[98916]: DEBUG nova.servicegroup.drivers.db [None req-4b887240-b36f-4a15-984d-30238dece154 None None] DB_Driver: join new ServiceGroup member np0000004808 to the conductor group, service = {{(pid=98916) join /opt/stack/nova/nova/servicegroup/drivers/db.py:44}}
Jul 08 10:06:58.303842 np0000004808 nova-conductor[98906]: DEBUG oslo.service.backend._threading.loopingcall [-] Fixed interval looping call 'nova.servicegroup.drivers.db.DbDriver._report_state' sleeping for 119.98 seconds {{(pid=98906) _run_loop /opt/stack/data/venv/lib/python3.12/site-packages/oslo_service/backend/_threading/loopingcall.py:125}}
Jul 08 10:06:58.307027 np0000004808 nova-conductor[98910]: DEBUG oslo.service.backend._threading.loopingcall [-] Fixed interval looping call 'nova.servicegroup.drivers.db.DbDriver._report_state' sleeping for 119.98 seconds {{(pid=98910) _run_loop /opt/stack/data/venv/lib/python3.12/site-packages/oslo_service/backend/_threading/loopingcall.py:125}}
Jul 08 10:06:58.315398 np0000004808 nova-conductor[98916]: DEBUG oslo.service.backend._threading.loopingcall [-] Fixed interval looping call 'nova.servicegroup.drivers.db.DbDriver._report_state' sleeping for 119.99 seconds {{(pid=98916) _run_loop /opt/stack/data/venv/lib/python3.12/site-packages/oslo_service/backend/_threading/loopingcall.py:125}}
Jul 08 10:06:58.315896 np0000004808 nova-conductor[98936]: DEBUG oslo.service.backend._threading.loopingcall [-] Fixed interval looping call 'nova.servicegroup.drivers.db.DbDriver._report_state' sleeping for 119.99 seconds {{(pid=98936) _run_loop /opt/stack/data/venv/lib/python3.12/site-packages/oslo_service/backend/_threading/loopingcall.py:125}}
Jul 08 10:07:01.884907 np0000004808 nova-conductor[97401]: DEBUG dbcounter [-] [97401] Writing DB stats nova_api:SELECT=1 {{(pid=97401) stat_writer /opt/stack/data/venv/lib/python3.12/site-packages/dbcounter.py:115}}
Jul 08 10:07:02.011186 np0000004808 nova-conductor[97401]: DEBUG dbcounter [-] [97401] Writing DB stats nova_cell1:SELECT=1 {{(pid=97401) stat_writer /opt/stack/data/venv/lib/python3.12/site-packages/dbcounter.py:115}}
Jul 08 10:07:02.014767 np0000004808 nova-conductor[97401]: DEBUG dbcounter [-] [97401] Writing DB stats nova_cell0:SELECT=1 {{(pid=97401) stat_writer /opt/stack/data/venv/lib/python3.12/site-packages/dbcounter.py:115}}
Jul 08 10:07:08.295709 np0000004808 nova-conductor[98906]: DEBUG dbcounter [-] [98906] Writing DB stats nova_cell0:SELECT=4,nova_cell0:INSERT=1,nova_cell0:UPDATE=1 {{(pid=98906) stat_writer /opt/stack/data/venv/lib/python3.12/site-packages/dbcounter.py:115}}
Jul 08 10:07:08.303023 np0000004808 nova-conductor[98910]: DEBUG dbcounter [-] [98910] Writing DB stats nova_cell0:SELECT=3,nova_cell0:UPDATE=1 {{(pid=98910) stat_writer /opt/stack/data/venv/lib/python3.12/site-packages/dbcounter.py:115}}
Jul 08 10:07:08.311962 np0000004808 nova-conductor[98936]: DEBUG dbcounter [-] [98936] Writing DB stats nova_cell0:SELECT=3 {{(pid=98936) stat_writer /opt/stack/data/venv/lib/python3.12/site-packages/dbcounter.py:115}}
Jul 08 10:07:08.313635 np0000004808 nova-conductor[98916]: DEBUG dbcounter [-] [98916] Writing DB stats nova_cell0:SELECT=3 {{(pid=98916) stat_writer /opt/stack/data/venv/lib/python3.12/site-packages/dbcounter.py:115}}
Jul 08 10:07:10.308115 np0000004808 nova-conductor[98916]: DEBUG oslo.service.backend._threading.loopingcall [None req-56f8aeff-d823-4bd3-b825-c3da3497890e None None] Dynamic interval looping call 'nova.service.Service.periodic_tasks' sleeping for 60.00 seconds {{(pid=98916) _run_loop /opt/stack/data/venv/lib/python3.12/site-packages/oslo_service/backend/_threading/loopingcall.py:125}}
Jul 08 10:07:19.285346 np0000004808 nova-conductor[98906]: DEBUG oslo.service.backend._threading.loopingcall [None req-9a31dd13-1745-4975-9e62-d91b5ec72fe8 None None] Dynamic interval looping call 'nova.service.Service.periodic_tasks' sleeping for 60.00 seconds {{(pid=98906) _run_loop /opt/stack/data/venv/lib/python3.12/site-packages/oslo_service/backend/_threading/loopingcall.py:125}}
Jul 08 10:07:25.306982 np0000004808 nova-conductor[98936]: DEBUG oslo.service.backend._threading.loopingcall [None req-a32dc438-3c3a-46c6-aa72-05c87793bb9c None None] Dynamic interval looping call 'nova.service.Service.periodic_tasks' sleeping for 60.00 seconds {{(pid=98936) _run_loop /opt/stack/data/venv/lib/python3.12/site-packages/oslo_service/backend/_threading/loopingcall.py:125}}
Jul 08 10:07:36.291922 np0000004808 nova-conductor[98910]: DEBUG oslo.service.backend._threading.loopingcall [None req-26d7fdfe-afa8-4998-8c26-4e982994c1a5 None None] Dynamic interval looping call 'nova.service.Service.periodic_tasks' sleeping for 60.00 seconds {{(pid=98910) _run_loop /opt/stack/data/venv/lib/python3.12/site-packages/oslo_service/backend/_threading/loopingcall.py:125}}
Jul 08 10:08:10.308612 np0000004808 nova-conductor[98916]: DEBUG oslo.service.backend._threading.loopingcall [None req-56f8aeff-d823-4bd3-b825-c3da3497890e None None] Dynamic interval looping call 'nova.service.Service.periodic_tasks' sleeping for 60.00 seconds {{(pid=98916) _run_loop /opt/stack/data/venv/lib/python3.12/site-packages/oslo_service/backend/_threading/loopingcall.py:125}}
Jul 08 10:08:19.285775 np0000004808 nova-conductor[98906]: DEBUG oslo.service.backend._threading.loopingcall [None req-9a31dd13-1745-4975-9e62-d91b5ec72fe8 None None] Dynamic interval looping call 'nova.service.Service.periodic_tasks' sleeping for 60.00 seconds {{(pid=98906) _run_loop /opt/stack/data/venv/lib/python3.12/site-packages/oslo_service/backend/_threading/loopingcall.py:125}}
Jul 08 10:08:25.307536 np0000004808 nova-conductor[98936]: DEBUG oslo.service.backend._threading.loopingcall [None req-a32dc438-3c3a-46c6-aa72-05c87793bb9c None None] Dynamic interval looping call 'nova.service.Service.periodic_tasks' sleeping for 60.00 seconds {{(pid=98936) _run_loop /opt/stack/data/venv/lib/python3.12/site-packages/oslo_service/backend/_threading/loopingcall.py:125}}
Jul 08 10:08:36.292359 np0000004808 nova-conductor[98910]: DEBUG oslo.service.backend._threading.loopingcall [None req-26d7fdfe-afa8-4998-8c26-4e982994c1a5 None None] Dynamic interval looping call 'nova.service.Service.periodic_tasks' sleeping for 60.00 seconds {{(pid=98910) _run_loop /opt/stack/data/venv/lib/python3.12/site-packages/oslo_service/backend/_threading/loopingcall.py:125}}
Jul 08 10:08:58.292191 np0000004808 nova-conductor[98906]: DEBUG oslo.service.backend._threading.loopingcall [-] Fixed interval looping call 'nova.servicegroup.drivers.db.DbDriver._report_state' sleeping for 119.99 seconds {{(pid=98906) _run_loop /opt/stack/data/venv/lib/python3.12/site-packages/oslo_service/backend/_threading/loopingcall.py:125}}
Jul 08 10:08:58.292646 np0000004808 nova-conductor[98910]: DEBUG oslo.service.backend._threading.loopingcall [-] Fixed interval looping call 'nova.servicegroup.drivers.db.DbDriver._report_state' sleeping for 119.99 seconds {{(pid=98910) _run_loop /opt/stack/data/venv/lib/python3.12/site-packages/oslo_service/backend/_threading/loopingcall.py:125}}
Jul 08 10:08:58.310207 np0000004808 nova-conductor[98936]: DEBUG oslo.service.backend._threading.loopingcall [-] Fixed interval looping call 'nova.servicegroup.drivers.db.DbDriver._report_state' sleeping for 120.00 seconds {{(pid=98936) _run_loop /opt/stack/data/venv/lib/python3.12/site-packages/oslo_service/backend/_threading/loopingcall.py:125}}
Jul 08 10:08:58.311317 np0000004808 nova-conductor[98916]: DEBUG oslo.service.backend._threading.loopingcall [-] Fixed interval looping call 'nova.servicegroup.drivers.db.DbDriver._report_state' sleeping for 119.99 seconds {{(pid=98916) _run_loop /opt/stack/data/venv/lib/python3.12/site-packages/oslo_service/backend/_threading/loopingcall.py:125}}
Jul 08 10:09:08.286791 np0000004808 nova-conductor[98906]: DEBUG dbcounter [-] [98906] Writing DB stats nova_cell0:SELECT=1,nova_cell0:UPDATE=1 {{(pid=98906) stat_writer /opt/stack/data/venv/lib/python3.12/site-packages/dbcounter.py:115}}
Jul 08 10:09:08.292389 np0000004808 nova-conductor[98910]: DEBUG dbcounter [-] [98910] Writing DB stats nova_cell0:SELECT=1,nova_cell0:UPDATE=1 {{(pid=98910) stat_writer /opt/stack/data/venv/lib/python3.12/site-packages/dbcounter.py:115}}
Jul 08 10:09:08.308474 np0000004808 nova-conductor[98936]: DEBUG dbcounter [-] [98936] Writing DB stats nova_cell0:SELECT=1 {{(pid=98936) stat_writer /opt/stack/data/venv/lib/python3.12/site-packages/dbcounter.py:115}}
Jul 08 10:09:08.310620 np0000004808 nova-conductor[98916]: DEBUG dbcounter [-] [98916] Writing DB stats nova_cell0:SELECT=1 {{(pid=98916) stat_writer /opt/stack/data/venv/lib/python3.12/site-packages/dbcounter.py:115}}
Jul 08 10:09:10.309053 np0000004808 nova-conductor[98916]: DEBUG oslo.service.backend._threading.loopingcall [None req-56f8aeff-d823-4bd3-b825-c3da3497890e None None] Dynamic interval looping call 'nova.service.Service.periodic_tasks' sleeping for 60.00 seconds {{(pid=98916) _run_loop /opt/stack/data/venv/lib/python3.12/site-packages/oslo_service/backend/_threading/loopingcall.py:125}}
Jul 08 10:09:19.286551 np0000004808 nova-conductor[98906]: DEBUG oslo.service.backend._threading.loopingcall [None req-9a31dd13-1745-4975-9e62-d91b5ec72fe8 None None] Dynamic interval looping call 'nova.service.Service.periodic_tasks' sleeping for 60.00 seconds {{(pid=98906) _run_loop /opt/stack/data/venv/lib/python3.12/site-packages/oslo_service/backend/_threading/loopingcall.py:125}}
Jul 08 10:09:21.654066 np0000004808 nova-conductor[98906]: DEBUG oslo_db.sqlalchemy.engines [None req-dc261da6-6429-4ed0-83f6-7636f7d4ef5c tempest-AttachSCSIVolumeTestJSON-281319463 tempest-AttachSCSIVolumeTestJSON-281319463-project-member] Parent process 97401 forked (98906) with an open database connection, which is being discarded and recreated. {{(pid=98906) checkout /opt/stack/data/venv/lib/python3.12/site-packages/oslo_db/sqlalchemy/engines.py:402}}
Jul 08 10:09:21.698758 np0000004808 nova-conductor[98906]: DEBUG dbcounter [-] [98906] Writer thread running {{(pid=98906) stat_writer /opt/stack/data/venv/lib/python3.12/site-packages/dbcounter.py:102}}
Jul 08 10:09:22.594683 np0000004808 nova-conductor[98910]: DEBUG dbcounter [-] [98910] Writer thread running {{(pid=98910) stat_writer /opt/stack/data/venv/lib/python3.12/site-packages/dbcounter.py:102}}
Jul 08 10:09:22.736978 np0000004808 nova-conductor[98906]: DEBUG nova.conductor.manager [None req-dc261da6-6429-4ed0-83f6-7636f7d4ef5c tempest-AttachSCSIVolumeTestJSON-281319463 tempest-AttachSCSIVolumeTestJSON-281319463-project-member] Took 1.04 seconds to select destinations for 1 instance(s). {{(pid=98906) _schedule_instances /opt/stack/nova/nova/conductor/manager.py:968}}
Jul 08 10:09:22.768035 np0000004808 nova-conductor[98906]: DEBUG oslo_concurrency.lockutils [None req-dc261da6-6429-4ed0-83f6-7636f7d4ef5c tempest-AttachSCSIVolumeTestJSON-281319463 tempest-AttachSCSIVolumeTestJSON-281319463-project-member] Acquiring lock "f305abe0-76f0-4b1b-80f1-6d76ac24d81e" by "nova.context.set_target_cell..get_or_set_cached_cell_and_set_connections" {{(pid=98906) inner /opt/stack/data/venv/lib/python3.12/site-packages/oslo_concurrency/lockutils.py:511}}
Jul 08 10:09:22.768254 np0000004808 nova-conductor[98906]: DEBUG oslo_concurrency.lockutils [None req-dc261da6-6429-4ed0-83f6-7636f7d4ef5c tempest-AttachSCSIVolumeTestJSON-281319463 tempest-AttachSCSIVolumeTestJSON-281319463-project-member] Lock "f305abe0-76f0-4b1b-80f1-6d76ac24d81e" acquired by "nova.context.set_target_cell..get_or_set_cached_cell_and_set_connections" :: waited 0.000s {{(pid=98906) inner /opt/stack/data/venv/lib/python3.12/site-packages/oslo_concurrency/lockutils.py:524}}
Jul 08 10:09:22.769944 np0000004808 nova-conductor[98906]: DEBUG oslo_concurrency.lockutils [None req-dc261da6-6429-4ed0-83f6-7636f7d4ef5c tempest-AttachSCSIVolumeTestJSON-281319463 tempest-AttachSCSIVolumeTestJSON-281319463-project-member] Lock "f305abe0-76f0-4b1b-80f1-6d76ac24d81e" "released" by "nova.context.set_target_cell..get_or_set_cached_cell_and_set_connections" :: held 0.002s {{(pid=98906) inner /opt/stack/data/venv/lib/python3.12/site-packages/oslo_concurrency/lockutils.py:543}}
Jul 08 10:09:22.772532 np0000004808 nova-conductor[98906]: INFO dbcounter [None req-dc261da6-6429-4ed0-83f6-7636f7d4ef5c tempest-AttachSCSIVolumeTestJSON-281319463 tempest-AttachSCSIVolumeTestJSON-281319463-project-member] Registered counter for database nova_cell1
Jul 08 10:09:22.824651 np0000004808 nova-conductor[98906]: DEBUG oslo_db.sqlalchemy.engines [None req-dc261da6-6429-4ed0-83f6-7636f7d4ef5c tempest-AttachSCSIVolumeTestJSON-281319463 tempest-AttachSCSIVolumeTestJSON-281319463-project-member] MySQL server mode set to STRICT_TRANS_TABLES,STRICT_ALL_TABLES,NO_ZERO_IN_DATE,NO_ZERO_DATE,ERROR_FOR_DIVISION_BY_ZERO,TRADITIONAL,NO_ENGINE_SUBSTITUTION {{(pid=98906) _check_effective_sql_mode /opt/stack/data/venv/lib/python3.12/site-packages/oslo_db/sqlalchemy/engines.py:325}}
Jul 08 10:09:22.836535 np0000004808 nova-conductor[98906]: DEBUG dbcounter [-] [98906] Writer thread running {{(pid=98906) stat_writer /opt/stack/data/venv/lib/python3.12/site-packages/dbcounter.py:102}}
Jul 08 10:09:22.908057 np0000004808 nova-conductor[98906]: INFO nova.utils [None req-dc261da6-6429-4ed0-83f6-7636f7d4ef5c tempest-AttachSCSIVolumeTestJSON-281319463 tempest-AttachSCSIVolumeTestJSON-281319463-project-member] The cell worker thread pool ForkProcess-1.cell_worker is initialized
Jul 08 10:09:22.908320 np0000004808 nova-conductor[98906]: DEBUG oslo_concurrency.lockutils [None req-dc261da6-6429-4ed0-83f6-7636f7d4ef5c tempest-AttachSCSIVolumeTestJSON-281319463 tempest-AttachSCSIVolumeTestJSON-281319463-project-member] Acquiring lock "00000000-0000-0000-0000-000000000000" by "nova.context.set_target_cell..get_or_set_cached_cell_and_set_connections" {{(pid=98906) inner /opt/stack/data/venv/lib/python3.12/site-packages/oslo_concurrency/lockutils.py:511}}
Jul 08 10:09:22.908502 np0000004808 nova-conductor[98906]: DEBUG oslo_concurrency.lockutils [None req-dc261da6-6429-4ed0-83f6-7636f7d4ef5c tempest-AttachSCSIVolumeTestJSON-281319463 tempest-AttachSCSIVolumeTestJSON-281319463-project-member] Lock "00000000-0000-0000-0000-000000000000" acquired by "nova.context.set_target_cell..get_or_set_cached_cell_and_set_connections" :: waited 0.000s {{(pid=98906) inner /opt/stack/data/venv/lib/python3.12/site-packages/oslo_concurrency/lockutils.py:524}}
Jul 08 10:09:22.908835 np0000004808 nova-conductor[98906]: DEBUG oslo_concurrency.lockutils [None req-dc261da6-6429-4ed0-83f6-7636f7d4ef5c tempest-AttachSCSIVolumeTestJSON-281319463 tempest-AttachSCSIVolumeTestJSON-281319463-project-member] Lock "00000000-0000-0000-0000-000000000000" "released" by "nova.context.set_target_cell..get_or_set_cached_cell_and_set_connections" :: held 0.000s {{(pid=98906) inner /opt/stack/data/venv/lib/python3.12/site-packages/oslo_concurrency/lockutils.py:543}}
Jul 08 10:09:22.909502 np0000004808 nova-conductor[98906]: DEBUG oslo_concurrency.lockutils [None req-dc261da6-6429-4ed0-83f6-7636f7d4ef5c tempest-AttachSCSIVolumeTestJSON-281319463 tempest-AttachSCSIVolumeTestJSON-281319463-project-member] Acquiring lock "f305abe0-76f0-4b1b-80f1-6d76ac24d81e" by "nova.context.set_target_cell..get_or_set_cached_cell_and_set_connections" {{(pid=98906) inner /opt/stack/data/venv/lib/python3.12/site-packages/oslo_concurrency/lockutils.py:511}}
Jul 08 10:09:22.909684 np0000004808 nova-conductor[98906]: DEBUG oslo_concurrency.lockutils [None req-dc261da6-6429-4ed0-83f6-7636f7d4ef5c tempest-AttachSCSIVolumeTestJSON-281319463 tempest-AttachSCSIVolumeTestJSON-281319463-project-member] Lock "f305abe0-76f0-4b1b-80f1-6d76ac24d81e" acquired by "nova.context.set_target_cell..get_or_set_cached_cell_and_set_connections" :: waited 0.000s {{(pid=98906) inner /opt/stack/data/venv/lib/python3.12/site-packages/oslo_concurrency/lockutils.py:524}}
Jul 08 10:09:22.909831 np0000004808 nova-conductor[98906]: DEBUG oslo_concurrency.lockutils [None req-dc261da6-6429-4ed0-83f6-7636f7d4ef5c tempest-AttachSCSIVolumeTestJSON-281319463 tempest-AttachSCSIVolumeTestJSON-281319463-project-member] Lock "f305abe0-76f0-4b1b-80f1-6d76ac24d81e" "released" by "nova.context.set_target_cell..get_or_set_cached_cell_and_set_connections" :: held 0.000s {{(pid=98906) inner /opt/stack/data/venv/lib/python3.12/site-packages/oslo_concurrency/lockutils.py:543}}
Jul 08 10:09:22.913796 np0000004808 nova-conductor[98906]: INFO dbcounter [None req-dc261da6-6429-4ed0-83f6-7636f7d4ef5c tempest-AttachSCSIVolumeTestJSON-281319463 tempest-AttachSCSIVolumeTestJSON-281319463-project-member] Registered counter for database nova_cell0
Jul 08 10:09:22.943464 np0000004808 nova-conductor[98936]: DEBUG dbcounter [-] [98936] Writer thread running {{(pid=98936) stat_writer /opt/stack/data/venv/lib/python3.12/site-packages/dbcounter.py:102}}
Jul 08 10:09:22.964414 np0000004808 nova-conductor[98906]: DEBUG oslo_db.sqlalchemy.engines [None req-dc261da6-6429-4ed0-83f6-7636f7d4ef5c tempest-AttachSCSIVolumeTestJSON-281319463 tempest-AttachSCSIVolumeTestJSON-281319463-project-member] MySQL server mode set to STRICT_TRANS_TABLES,STRICT_ALL_TABLES,NO_ZERO_IN_DATE,NO_ZERO_DATE,ERROR_FOR_DIVISION_BY_ZERO,TRADITIONAL,NO_ENGINE_SUBSTITUTION {{(pid=98906) _check_effective_sql_mode /opt/stack/data/venv/lib/python3.12/site-packages/oslo_db/sqlalchemy/engines.py:325}}
Jul 08 10:09:22.972470 np0000004808 nova-conductor[98906]: DEBUG dbcounter [-] [98906] Writer thread running {{(pid=98906) stat_writer /opt/stack/data/venv/lib/python3.12/site-packages/dbcounter.py:102}}
Jul 08 10:09:22.987869 np0000004808 nova-conductor[98906]: DEBUG nova.quota [None req-dc261da6-6429-4ed0-83f6-7636f7d4ef5c tempest-AttachSCSIVolumeTestJSON-281319463 tempest-AttachSCSIVolumeTestJSON-281319463-project-member] Getting quotas for project c04c503c87f74c9ea572b17f2c91f43e. Resources: {'ram', 'instances', 'cores'} {{(pid=98906) _get_quotas /opt/stack/nova/nova/quota.py:389}}
Jul 08 10:09:22.993242 np0000004808 nova-conductor[98906]: DEBUG nova.quota [None req-dc261da6-6429-4ed0-83f6-7636f7d4ef5c tempest-AttachSCSIVolumeTestJSON-281319463 tempest-AttachSCSIVolumeTestJSON-281319463-project-member] Getting quotas for user 082f7cf001644c5d9502ba5aebe60b47 and project c04c503c87f74c9ea572b17f2c91f43e. Resources: {'ram', 'instances', 'cores'} {{(pid=98906) _get_quotas /opt/stack/nova/nova/quota.py:379}}
Jul 08 10:09:23.000390 np0000004808 nova-conductor[98906]: DEBUG nova.conductor.manager [None req-dc261da6-6429-4ed0-83f6-7636f7d4ef5c tempest-AttachSCSIVolumeTestJSON-281319463 tempest-AttachSCSIVolumeTestJSON-281319463-project-member] [instance: eb52f01d-a2ca-4c28-95b1-b22e9c16bfb9] Selected host: np0000004808; Selected node: np0000004808; Alternates: [] {{(pid=98906) schedule_and_build_instances /opt/stack/nova/nova/conductor/manager.py:1784}}
Jul 08 10:09:23.002020 np0000004808 nova-conductor[98906]: DEBUG oslo_concurrency.lockutils [None req-dc261da6-6429-4ed0-83f6-7636f7d4ef5c tempest-AttachSCSIVolumeTestJSON-281319463 tempest-AttachSCSIVolumeTestJSON-281319463-project-member] Acquiring lock "f305abe0-76f0-4b1b-80f1-6d76ac24d81e" by "nova.context.set_target_cell..get_or_set_cached_cell_and_set_connections" {{(pid=98906) inner /opt/stack/data/venv/lib/python3.12/site-packages/oslo_concurrency/lockutils.py:511}}
Jul 08 10:09:23.002020 np0000004808 nova-conductor[98906]: DEBUG oslo_concurrency.lockutils [None req-dc261da6-6429-4ed0-83f6-7636f7d4ef5c tempest-AttachSCSIVolumeTestJSON-281319463 tempest-AttachSCSIVolumeTestJSON-281319463-project-member] Lock "f305abe0-76f0-4b1b-80f1-6d76ac24d81e" acquired by "nova.context.set_target_cell..get_or_set_cached_cell_and_set_connections" :: waited 0.000s {{(pid=98906) inner /opt/stack/data/venv/lib/python3.12/site-packages/oslo_concurrency/lockutils.py:524}}
Jul 08 10:09:23.002020 np0000004808 nova-conductor[98906]: DEBUG oslo_concurrency.lockutils [None req-dc261da6-6429-4ed0-83f6-7636f7d4ef5c tempest-AttachSCSIVolumeTestJSON-281319463 tempest-AttachSCSIVolumeTestJSON-281319463-project-member] Lock "f305abe0-76f0-4b1b-80f1-6d76ac24d81e" "released" by "nova.context.set_target_cell..get_or_set_cached_cell_and_set_connections" :: held 0.000s {{(pid=98906) inner /opt/stack/data/venv/lib/python3.12/site-packages/oslo_concurrency/lockutils.py:543}}
Jul 08 10:09:23.010600 np0000004808 nova-conductor[98906]: DEBUG nova.conductor.manager [None req-dc261da6-6429-4ed0-83f6-7636f7d4ef5c tempest-AttachSCSIVolumeTestJSON-281319463 tempest-AttachSCSIVolumeTestJSON-281319463-project-member] [instance: eb52f01d-a2ca-4c28-95b1-b22e9c16bfb9] block_device_mapping [BlockDeviceMapping(attachment_id=,boot_index=0,connection_info=None,created_at=,delete_on_termination=True,deleted=,deleted_at=,destination_type='local',device_name=None,device_type='disk',disk_bus=None,encrypted=False,encryption_format=None,encryption_options=None,encryption_secret_uuid=None,guest_format=None,id=,image_id='ea9f1c51-16a5-4ef1-812e-6802bf3ba8ed',instance=,instance_uuid=,no_device=False,snapshot_id=None,source_type='image',tag=None,updated_at=,uuid=,volume_id=None,volume_size=None,volume_type=None)] {{(pid=98906) _create_block_device_mapping /opt/stack/nova/nova/conductor/manager.py:1529}}
Jul 08 10:09:23.012101 np0000004808 nova-conductor[98906]: DEBUG oslo_concurrency.lockutils [None req-dc261da6-6429-4ed0-83f6-7636f7d4ef5c tempest-AttachSCSIVolumeTestJSON-281319463 tempest-AttachSCSIVolumeTestJSON-281319463-project-member] Acquiring lock "f305abe0-76f0-4b1b-80f1-6d76ac24d81e" by "nova.context.set_target_cell..get_or_set_cached_cell_and_set_connections" {{(pid=98906) inner /opt/stack/data/venv/lib/python3.12/site-packages/oslo_concurrency/lockutils.py:511}}
