Jul 23 03:39:00.721478 np0000005702 systemd[1]: Starting devstack@n-api-meta.service - Devstack devstack@n-api-meta.service...
Jul 23 03:39:00.728816 np0000005702 devstack@n-api-meta.service[96019]: [uWSGI] getting INI configuration from /etc/nova/nova-metadata-uwsgi.ini
Jul 23 03:39:00.731960 np0000005702 devstack@n-api-meta.service[96019]: *** Starting uWSGI 2.0.24-debian (64bit) on [Thu Jul 23 03:39:00 2026] ***
Jul 23 03:39:00.731960 np0000005702 devstack@n-api-meta.service[96019]: compiled with version: 13.2.0 on 17 April 2024 16:23:48
Jul 23 03:39:00.731960 np0000005702 devstack@n-api-meta.service[96019]: os: Linux-6.8.0-100-generic #100-Ubuntu SMP PREEMPT_DYNAMIC Tue Jan 13 16:40:06 UTC 2026
Jul 23 03:39:00.731960 np0000005702 devstack@n-api-meta.service[96019]: nodename: np0000005702
Jul 23 03:39:00.731960 np0000005702 devstack@n-api-meta.service[96019]: machine: x86_64
Jul 23 03:39:00.731960 np0000005702 devstack@n-api-meta.service[96019]: clock source: unix
Jul 23 03:39:00.731960 np0000005702 devstack@n-api-meta.service[96019]: pcre jit disabled
Jul 23 03:39:00.731960 np0000005702 devstack@n-api-meta.service[96019]: detected number of CPU cores: 16
Jul 23 03:39:00.731960 np0000005702 devstack@n-api-meta.service[96019]: current working directory: /
Jul 23 03:39:00.731960 np0000005702 devstack@n-api-meta.service[96019]: detected binary path: /usr/bin/uwsgi-core
Jul 23 03:39:00.731960 np0000005702 devstack@n-api-meta.service[96019]: your processes number limit is 257052
Jul 23 03:39:00.732320 np0000005702 devstack@n-api-meta.service[96019]: your memory page size is 4096 bytes
Jul 23 03:39:00.732320 np0000005702 devstack@n-api-meta.service[96019]: detected max file descriptor number: 2048
Jul 23 03:39:00.732320 np0000005702 devstack@n-api-meta.service[96019]: lock engine: pthread robust mutexes
Jul 23 03:39:00.732320 np0000005702 devstack@n-api-meta.service[96019]: thunder lock: enabled
Jul 23 03:39:00.732539 np0000005702 devstack@n-api-meta.service[96019]: uWSGI http bound on 0.0.0.0:8775 fd 5
Jul 23 03:39:00.732586 np0000005702 devstack@n-api-meta.service[96019]: uwsgi socket 0 bound to TCP address 127.0.0.1:41649 (port auto-assigned) fd 4
Jul 23 03:39:00.732622 np0000005702 devstack@n-api-meta.service[96019]: Python version: 3.12.3 (main, Jun 19 2026, 12:46:00) [GCC 13.3.0]
Jul 23 03:39:00.732622 np0000005702 devstack@n-api-meta.service[96019]: PEP 405 virtualenv detected: /opt/stack/data/venv
Jul 23 03:39:00.732622 np0000005702 devstack@n-api-meta.service[96019]: Set PythonHome to /opt/stack/data/venv
Jul 23 03:39:00.770741 np0000005702 devstack@n-api-meta.service[96019]: Python main interpreter initialized at 0x754ab4ea4668
Jul 23 03:39:00.770741 np0000005702 devstack@n-api-meta.service[96019]: python threads support enabled
Jul 23 03:39:00.770741 np0000005702 devstack@n-api-meta.service[96019]: your server socket listen backlog is limited to 100 connections
Jul 23 03:39:00.770741 np0000005702 devstack@n-api-meta.service[96019]: your mercy for graceful operations on workers is 80 seconds
Jul 23 03:39:00.771298 np0000005702 devstack@n-api-meta.service[96019]: mapped 671795 bytes (656 KB) for 4 cores
Jul 23 03:39:00.771432 np0000005702 devstack@n-api-meta.service[96019]: *** Operational MODE: preforking ***
Jul 23 03:39:00.771639 np0000005702 devstack@n-api-meta.service[96019]: *** uWSGI is running in multiple interpreter mode ***
Jul 23 03:39:00.771639 np0000005702 devstack@n-api-meta.service[96019]: spawned uWSGI master process (pid: 96019)
Jul 23 03:39:00.771791 np0000005702 systemd[1]: Started devstack@n-api-meta.service - Devstack devstack@n-api-meta.service.
Jul 23 03:39:00.772258 np0000005702 devstack@n-api-meta.service[96019]: spawned uWSGI worker 1 (pid: 96024, cores: 1)
Jul 23 03:39:00.772745 np0000005702 devstack@n-api-meta.service[96019]: spawned uWSGI worker 2 (pid: 96025, cores: 1)
Jul 23 03:39:00.773329 np0000005702 devstack@n-api-meta.service[96019]: spawned uWSGI worker 3 (pid: 96026, cores: 1)
Jul 23 03:39:00.773817 np0000005702 devstack@n-api-meta.service[96019]: spawned uWSGI worker 4 (pid: 96027, cores: 1)
Jul 23 03:39:00.774396 np0000005702 devstack@n-api-meta.service[96019]: spawned uWSGI http 1 (pid: 96028)
Jul 23 03:39:00.774396 np0000005702 devstack@n-api-meta.service[96019]: running "unix_signal:15 gracefully_kill_them_all" (master-start)...
Jul 23 03:39:02.374369 np0000005702 devstack@n-api-meta.service[96027]: INFO dbcounter [None req-84a767ce-d545-4cea-8305-c935b446c1fb None None] Registered counter for database nova_api
Jul 23 03:39:02.416154 np0000005702 devstack@n-api-meta.service[96027]: DEBUG oslo_db.sqlalchemy.engines [None req-84a767ce-d545-4cea-8305-c935b446c1fb None None] MySQL server mode set to STRICT_TRANS_TABLES,STRICT_ALL_TABLES,NO_ZERO_IN_DATE,NO_ZERO_DATE,ERROR_FOR_DIVISION_BY_ZERO,TRADITIONAL,NO_ENGINE_SUBSTITUTION {{(pid=96027) _check_effective_sql_mode /opt/stack/data/venv/lib/python3.12/site-packages/oslo_db/sqlalchemy/engines.py:325}}
Jul 23 03:39:02.421952 np0000005702 devstack@n-api-meta.service[96025]: INFO dbcounter [None req-98ecdd51-05f6-4b6a-8c8b-ff9b89e8dd71 None None] Registered counter for database nova_api
Jul 23 03:39:02.426514 np0000005702 devstack@n-api-meta.service[96026]: INFO dbcounter [None req-7bbeea7d-a3d2-4a47-93eb-31a590edc5ac None None] Registered counter for database nova_api
Jul 23 03:39:02.434448 np0000005702 devstack@n-api-meta.service[96024]: INFO dbcounter [None req-53092cae-0edc-4b09-91c4-8969939aeb73 None None] Registered counter for database nova_api
Jul 23 03:39:02.445154 np0000005702 devstack@n-api-meta.service[96027]: DEBUG dbcounter [-] [96027] Writer thread running {{(pid=96027) stat_writer /opt/stack/data/venv/lib/python3.12/site-packages/dbcounter.py:102}}
Jul 23 03:39:02.447455 np0000005702 devstack@n-api-meta.service[96027]: DEBUG nova.context [None req-84a767ce-d545-4cea-8305-c935b446c1fb None None] Found 2 cells: 00000000-0000-0000-0000-000000000000(cell0),14b7ff64-08a4-4a9e-8c0f-afe5cac2a477(cell1) {{(pid=96027) load_cells /opt/stack/nova/nova/context.py:509}}
Jul 23 03:39:02.447708 np0000005702 devstack@n-api-meta.service[96027]: INFO nova.utils [None req-84a767ce-d545-4cea-8305-c935b446c1fb None None] The cell worker thread pool MainProcess.cell_worker is initialized
Jul 23 03:39:02.449878 np0000005702 devstack@n-api-meta.service[96027]: DEBUG oslo_concurrency.lockutils [None req-84a767ce-d545-4cea-8305-c935b446c1fb None None] Acquiring lock "00000000-0000-0000-0000-000000000000" by "nova.context.set_target_cell..get_or_set_cached_cell_and_set_connections" {{(pid=96027) inner /opt/stack/data/venv/lib/python3.12/site-packages/oslo_concurrency/lockutils.py:512}}
Jul 23 03:39:02.450096 np0000005702 devstack@n-api-meta.service[96027]: DEBUG oslo_concurrency.lockutils [None req-84a767ce-d545-4cea-8305-c935b446c1fb None None] Lock "00000000-0000-0000-0000-000000000000" acquired by "nova.context.set_target_cell..get_or_set_cached_cell_and_set_connections" :: waited 0.000s {{(pid=96027) inner /opt/stack/data/venv/lib/python3.12/site-packages/oslo_concurrency/lockutils.py:525}}
Jul 23 03:39:02.450449 np0000005702 devstack@n-api-meta.service[96027]: DEBUG oslo_concurrency.lockutils [None req-84a767ce-d545-4cea-8305-c935b446c1fb None None] Lock "00000000-0000-0000-0000-000000000000" "released" by "nova.context.set_target_cell..get_or_set_cached_cell_and_set_connections" :: held 0.000s {{(pid=96027) inner /opt/stack/data/venv/lib/python3.12/site-packages/oslo_concurrency/lockutils.py:544}}
Jul 23 03:39:02.451123 np0000005702 devstack@n-api-meta.service[96027]: DEBUG oslo_concurrency.lockutils [None req-84a767ce-d545-4cea-8305-c935b446c1fb None None] Acquiring lock "14b7ff64-08a4-4a9e-8c0f-afe5cac2a477" by "nova.context.set_target_cell..get_or_set_cached_cell_and_set_connections" {{(pid=96027) inner /opt/stack/data/venv/lib/python3.12/site-packages/oslo_concurrency/lockutils.py:512}}
Jul 23 03:39:02.452960 np0000005702 devstack@n-api-meta.service[96027]: INFO dbcounter [None req-84a767ce-d545-4cea-8305-c935b446c1fb None None] Registered counter for database nova_cell0
Jul 23 03:39:02.454139 np0000005702 devstack@n-api-meta.service[96027]: DEBUG oslo_concurrency.lockutils [None req-84a767ce-d545-4cea-8305-c935b446c1fb None None] Lock "14b7ff64-08a4-4a9e-8c0f-afe5cac2a477" acquired by "nova.context.set_target_cell..get_or_set_cached_cell_and_set_connections" :: waited 0.002s {{(pid=96027) inner /opt/stack/data/venv/lib/python3.12/site-packages/oslo_concurrency/lockutils.py:525}}
Jul 23 03:39:02.455326 np0000005702 devstack@n-api-meta.service[96027]: DEBUG oslo_concurrency.lockutils [None req-84a767ce-d545-4cea-8305-c935b446c1fb None None] Lock "14b7ff64-08a4-4a9e-8c0f-afe5cac2a477" "released" by "nova.context.set_target_cell..get_or_set_cached_cell_and_set_connections" :: held 0.002s {{(pid=96027) inner /opt/stack/data/venv/lib/python3.12/site-packages/oslo_concurrency/lockutils.py:544}}
Jul 23 03:39:02.458935 np0000005702 devstack@n-api-meta.service[96027]: INFO dbcounter [None req-84a767ce-d545-4cea-8305-c935b446c1fb None None] Registered counter for database nova_cell1
Jul 23 03:39:02.467845 np0000005702 devstack@n-api-meta.service[96025]: DEBUG oslo_db.sqlalchemy.engines [None req-98ecdd51-05f6-4b6a-8c8b-ff9b89e8dd71 None None] MySQL server mode set to STRICT_TRANS_TABLES,STRICT_ALL_TABLES,NO_ZERO_IN_DATE,NO_ZERO_DATE,ERROR_FOR_DIVISION_BY_ZERO,TRADITIONAL,NO_ENGINE_SUBSTITUTION {{(pid=96025) _check_effective_sql_mode /opt/stack/data/venv/lib/python3.12/site-packages/oslo_db/sqlalchemy/engines.py:325}}
Jul 23 03:39:02.470867 np0000005702 devstack@n-api-meta.service[96026]: DEBUG oslo_db.sqlalchemy.engines [None req-7bbeea7d-a3d2-4a47-93eb-31a590edc5ac None None] MySQL server mode set to STRICT_TRANS_TABLES,STRICT_ALL_TABLES,NO_ZERO_IN_DATE,NO_ZERO_DATE,ERROR_FOR_DIVISION_BY_ZERO,TRADITIONAL,NO_ENGINE_SUBSTITUTION {{(pid=96026) _check_effective_sql_mode /opt/stack/data/venv/lib/python3.12/site-packages/oslo_db/sqlalchemy/engines.py:325}}
Jul 23 03:39:02.478236 np0000005702 devstack@n-api-meta.service[96024]: DEBUG oslo_db.sqlalchemy.engines [None req-53092cae-0edc-4b09-91c4-8969939aeb73 None None] MySQL server mode set to STRICT_TRANS_TABLES,STRICT_ALL_TABLES,NO_ZERO_IN_DATE,NO_ZERO_DATE,ERROR_FOR_DIVISION_BY_ZERO,TRADITIONAL,NO_ENGINE_SUBSTITUTION {{(pid=96024) _check_effective_sql_mode /opt/stack/data/venv/lib/python3.12/site-packages/oslo_db/sqlalchemy/engines.py:325}}
Jul 23 03:39:02.499150 np0000005702 devstack@n-api-meta.service[96026]: DEBUG dbcounter [-] [96026] Writer thread running {{(pid=96026) stat_writer /opt/stack/data/venv/lib/python3.12/site-packages/dbcounter.py:102}}
Jul 23 03:39:02.501575 np0000005702 devstack@n-api-meta.service[96026]: DEBUG nova.context [None req-7bbeea7d-a3d2-4a47-93eb-31a590edc5ac None None] Found 2 cells: 00000000-0000-0000-0000-000000000000(cell0),14b7ff64-08a4-4a9e-8c0f-afe5cac2a477(cell1) {{(pid=96026) load_cells /opt/stack/nova/nova/context.py:509}}
Jul 23 03:39:02.501805 np0000005702 devstack@n-api-meta.service[96026]: INFO nova.utils [None req-7bbeea7d-a3d2-4a47-93eb-31a590edc5ac None None] The cell worker thread pool MainProcess.cell_worker is initialized
Jul 23 03:39:02.502456 np0000005702 devstack@n-api-meta.service[96025]: DEBUG dbcounter [-] [96025] Writer thread running {{(pid=96025) stat_writer /opt/stack/data/venv/lib/python3.12/site-packages/dbcounter.py:102}}
Jul 23 03:39:02.503397 np0000005702 devstack@n-api-meta.service[96026]: DEBUG oslo_concurrency.lockutils [None req-7bbeea7d-a3d2-4a47-93eb-31a590edc5ac None None] Acquiring lock "00000000-0000-0000-0000-000000000000" by "nova.context.set_target_cell..get_or_set_cached_cell_and_set_connections" {{(pid=96026) inner /opt/stack/data/venv/lib/python3.12/site-packages/oslo_concurrency/lockutils.py:512}}
Jul 23 03:39:02.503554 np0000005702 devstack@n-api-meta.service[96026]: DEBUG oslo_concurrency.lockutils [None req-7bbeea7d-a3d2-4a47-93eb-31a590edc5ac None None] Lock "00000000-0000-0000-0000-000000000000" acquired by "nova.context.set_target_cell..get_or_set_cached_cell_and_set_connections" :: waited 0.000s {{(pid=96026) inner /opt/stack/data/venv/lib/python3.12/site-packages/oslo_concurrency/lockutils.py:525}}
Jul 23 03:39:02.503902 np0000005702 devstack@n-api-meta.service[96026]: DEBUG oslo_concurrency.lockutils [None req-7bbeea7d-a3d2-4a47-93eb-31a590edc5ac None None] Lock "00000000-0000-0000-0000-000000000000" "released" by "nova.context.set_target_cell..get_or_set_cached_cell_and_set_connections" :: held 0.000s {{(pid=96026) inner /opt/stack/data/venv/lib/python3.12/site-packages/oslo_concurrency/lockutils.py:544}}
Jul 23 03:39:02.504695 np0000005702 devstack@n-api-meta.service[96026]: DEBUG oslo_concurrency.lockutils [None req-7bbeea7d-a3d2-4a47-93eb-31a590edc5ac None None] Acquiring lock "14b7ff64-08a4-4a9e-8c0f-afe5cac2a477" by "nova.context.set_target_cell..get_or_set_cached_cell_and_set_connections" {{(pid=96026) inner /opt/stack/data/venv/lib/python3.12/site-packages/oslo_concurrency/lockutils.py:512}}
Jul 23 03:39:02.504833 np0000005702 devstack@n-api-meta.service[96026]: DEBUG oslo_concurrency.lockutils [None req-7bbeea7d-a3d2-4a47-93eb-31a590edc5ac None None] Lock "14b7ff64-08a4-4a9e-8c0f-afe5cac2a477" acquired by "nova.context.set_target_cell..get_or_set_cached_cell_and_set_connections" :: waited 0.000s {{(pid=96026) inner /opt/stack/data/venv/lib/python3.12/site-packages/oslo_concurrency/lockutils.py:525}}
Jul 23 03:39:02.505184 np0000005702 devstack@n-api-meta.service[96025]: DEBUG nova.context [None req-98ecdd51-05f6-4b6a-8c8b-ff9b89e8dd71 None None] Found 2 cells: 00000000-0000-0000-0000-000000000000(cell0),14b7ff64-08a4-4a9e-8c0f-afe5cac2a477(cell1) {{(pid=96025) load_cells /opt/stack/nova/nova/context.py:509}}
Jul 23 03:39:02.505400 np0000005702 devstack@n-api-meta.service[96025]: INFO nova.utils [None req-98ecdd51-05f6-4b6a-8c8b-ff9b89e8dd71 None None] The cell worker thread pool MainProcess.cell_worker is initialized
Jul 23 03:39:02.505659 np0000005702 devstack@n-api-meta.service[96026]: DEBUG oslo_concurrency.lockutils [None req-7bbeea7d-a3d2-4a47-93eb-31a590edc5ac None None] Lock "14b7ff64-08a4-4a9e-8c0f-afe5cac2a477" "released" by "nova.context.set_target_cell..get_or_set_cached_cell_and_set_connections" :: held 0.001s {{(pid=96026) inner /opt/stack/data/venv/lib/python3.12/site-packages/oslo_concurrency/lockutils.py:544}}
Jul 23 03:39:02.506999 np0000005702 devstack@n-api-meta.service[96025]: DEBUG oslo_concurrency.lockutils [None req-98ecdd51-05f6-4b6a-8c8b-ff9b89e8dd71 None None] Acquiring lock "00000000-0000-0000-0000-000000000000" by "nova.context.set_target_cell..get_or_set_cached_cell_and_set_connections" {{(pid=96025) inner /opt/stack/data/venv/lib/python3.12/site-packages/oslo_concurrency/lockutils.py:512}}
Jul 23 03:39:02.507155 np0000005702 devstack@n-api-meta.service[96025]: DEBUG oslo_concurrency.lockutils [None req-98ecdd51-05f6-4b6a-8c8b-ff9b89e8dd71 None None] Lock "00000000-0000-0000-0000-000000000000" acquired by "nova.context.set_target_cell..get_or_set_cached_cell_and_set_connections" :: waited 0.000s {{(pid=96025) inner /opt/stack/data/venv/lib/python3.12/site-packages/oslo_concurrency/lockutils.py:525}}
Jul 23 03:39:02.507478 np0000005702 devstack@n-api-meta.service[96025]: DEBUG oslo_concurrency.lockutils [None req-98ecdd51-05f6-4b6a-8c8b-ff9b89e8dd71 None None] Lock "00000000-0000-0000-0000-000000000000" "released" by "nova.context.set_target_cell..get_or_set_cached_cell_and_set_connections" :: held 0.000s {{(pid=96025) inner /opt/stack/data/venv/lib/python3.12/site-packages/oslo_concurrency/lockutils.py:544}}
Jul 23 03:39:02.507574 np0000005702 devstack@n-api-meta.service[96026]: INFO dbcounter [None req-7bbeea7d-a3d2-4a47-93eb-31a590edc5ac None None] Registered counter for database nova_cell0
Jul 23 03:39:02.508080 np0000005702 devstack@n-api-meta.service[96025]: DEBUG oslo_concurrency.lockutils [None req-98ecdd51-05f6-4b6a-8c8b-ff9b89e8dd71 None None] Acquiring lock "14b7ff64-08a4-4a9e-8c0f-afe5cac2a477" by "nova.context.set_target_cell..get_or_set_cached_cell_and_set_connections" {{(pid=96025) inner /opt/stack/data/venv/lib/python3.12/site-packages/oslo_concurrency/lockutils.py:512}}
Jul 23 03:39:02.508209 np0000005702 devstack@n-api-meta.service[96025]: DEBUG oslo_concurrency.lockutils [None req-98ecdd51-05f6-4b6a-8c8b-ff9b89e8dd71 None None] Lock "14b7ff64-08a4-4a9e-8c0f-afe5cac2a477" acquired by "nova.context.set_target_cell..get_or_set_cached_cell_and_set_connections" :: waited 0.000s {{(pid=96025) inner /opt/stack/data/venv/lib/python3.12/site-packages/oslo_concurrency/lockutils.py:525}}
Jul 23 03:39:02.508986 np0000005702 devstack@n-api-meta.service[96025]: DEBUG oslo_concurrency.lockutils [None req-98ecdd51-05f6-4b6a-8c8b-ff9b89e8dd71 None None] Lock "14b7ff64-08a4-4a9e-8c0f-afe5cac2a477" "released" by "nova.context.set_target_cell..get_or_set_cached_cell_and_set_connections" :: held 0.001s {{(pid=96025) inner /opt/stack/data/venv/lib/python3.12/site-packages/oslo_concurrency/lockutils.py:544}}
Jul 23 03:39:02.510118 np0000005702 devstack@n-api-meta.service[96027]: DEBUG oslo_db.sqlalchemy.engines [None req-84a767ce-d545-4cea-8305-c935b446c1fb None None] MySQL server mode set to STRICT_TRANS_TABLES,STRICT_ALL_TABLES,NO_ZERO_IN_DATE,NO_ZERO_DATE,ERROR_FOR_DIVISION_BY_ZERO,TRADITIONAL,NO_ENGINE_SUBSTITUTION {{(pid=96027) _check_effective_sql_mode /opt/stack/data/venv/lib/python3.12/site-packages/oslo_db/sqlalchemy/engines.py:325}}
Jul 23 03:39:02.511092 np0000005702 devstack@n-api-meta.service[96025]: INFO dbcounter [None req-98ecdd51-05f6-4b6a-8c8b-ff9b89e8dd71 None None] Registered counter for database nova_cell0
Jul 23 03:39:02.513582 np0000005702 devstack@n-api-meta.service[96026]: INFO dbcounter [None req-7bbeea7d-a3d2-4a47-93eb-31a590edc5ac None None] Registered counter for database nova_cell1
Jul 23 03:39:02.513707 np0000005702 devstack@n-api-meta.service[96027]: DEBUG oslo_db.sqlalchemy.engines [None req-84a767ce-d545-4cea-8305-c935b446c1fb None None] MySQL server mode set to STRICT_TRANS_TABLES,STRICT_ALL_TABLES,NO_ZERO_IN_DATE,NO_ZERO_DATE,ERROR_FOR_DIVISION_BY_ZERO,TRADITIONAL,NO_ENGINE_SUBSTITUTION {{(pid=96027) _check_effective_sql_mode /opt/stack/data/venv/lib/python3.12/site-packages/oslo_db/sqlalchemy/engines.py:325}}
Jul 23 03:39:02.513924 np0000005702 devstack@n-api-meta.service[96024]: DEBUG dbcounter [-] [96024] Writer thread running {{(pid=96024) stat_writer /opt/stack/data/venv/lib/python3.12/site-packages/dbcounter.py:102}}
Jul 23 03:39:02.514878 np0000005702 devstack@n-api-meta.service[96025]: INFO dbcounter [None req-98ecdd51-05f6-4b6a-8c8b-ff9b89e8dd71 None None] Registered counter for database nova_cell1
Jul 23 03:39:02.519807 np0000005702 devstack@n-api-meta.service[96024]: DEBUG nova.context [None req-53092cae-0edc-4b09-91c4-8969939aeb73 None None] Found 2 cells: 00000000-0000-0000-0000-000000000000(cell0),14b7ff64-08a4-4a9e-8c0f-afe5cac2a477(cell1) {{(pid=96024) load_cells /opt/stack/nova/nova/context.py:509}}
Jul 23 03:39:02.520126 np0000005702 devstack@n-api-meta.service[96024]: INFO nova.utils [None req-53092cae-0edc-4b09-91c4-8969939aeb73 None None] The cell worker thread pool MainProcess.cell_worker is initialized
Jul 23 03:39:02.522153 np0000005702 devstack@n-api-meta.service[96024]: DEBUG oslo_concurrency.lockutils [None req-53092cae-0edc-4b09-91c4-8969939aeb73 None None] Acquiring lock "00000000-0000-0000-0000-000000000000" by "nova.context.set_target_cell..get_or_set_cached_cell_and_set_connections" {{(pid=96024) inner /opt/stack/data/venv/lib/python3.12/site-packages/oslo_concurrency/lockutils.py:512}}
Jul 23 03:39:02.522371 np0000005702 devstack@n-api-meta.service[96024]: DEBUG oslo_concurrency.lockutils [None req-53092cae-0edc-4b09-91c4-8969939aeb73 None None] Lock "00000000-0000-0000-0000-000000000000" acquired by "nova.context.set_target_cell..get_or_set_cached_cell_and_set_connections" :: waited 0.000s {{(pid=96024) inner /opt/stack/data/venv/lib/python3.12/site-packages/oslo_concurrency/lockutils.py:525}}
Jul 23 03:39:02.522774 np0000005702 devstack@n-api-meta.service[96024]: DEBUG oslo_concurrency.lockutils [None req-53092cae-0edc-4b09-91c4-8969939aeb73 None None] Lock "00000000-0000-0000-0000-000000000000" "released" by "nova.context.set_target_cell..get_or_set_cached_cell_and_set_connections" :: held 0.000s {{(pid=96024) inner /opt/stack/data/venv/lib/python3.12/site-packages/oslo_concurrency/lockutils.py:544}}
Jul 23 03:39:02.523425 np0000005702 devstack@n-api-meta.service[96024]: DEBUG oslo_concurrency.lockutils [None req-53092cae-0edc-4b09-91c4-8969939aeb73 None None] Acquiring lock "14b7ff64-08a4-4a9e-8c0f-afe5cac2a477" by "nova.context.set_target_cell..get_or_set_cached_cell_and_set_connections" {{(pid=96024) inner /opt/stack/data/venv/lib/python3.12/site-packages/oslo_concurrency/lockutils.py:512}}
Jul 23 03:39:02.523555 np0000005702 devstack@n-api-meta.service[96024]: DEBUG oslo_concurrency.lockutils [None req-53092cae-0edc-4b09-91c4-8969939aeb73 None None] Lock "14b7ff64-08a4-4a9e-8c0f-afe5cac2a477" acquired by "nova.context.set_target_cell..get_or_set_cached_cell_and_set_connections" :: waited 0.000s {{(pid=96024) inner /opt/stack/data/venv/lib/python3.12/site-packages/oslo_concurrency/lockutils.py:525}}
Jul 23 03:39:02.524434 np0000005702 devstack@n-api-meta.service[96024]: DEBUG oslo_concurrency.lockutils [None req-53092cae-0edc-4b09-91c4-8969939aeb73 None None] Lock "14b7ff64-08a4-4a9e-8c0f-afe5cac2a477" "released" by "nova.context.set_target_cell..get_or_set_cached_cell_and_set_connections" :: held 0.001s {{(pid=96024) inner /opt/stack/data/venv/lib/python3.12/site-packages/oslo_concurrency/lockutils.py:544}}
Jul 23 03:39:02.526005 np0000005702 devstack@n-api-meta.service[96024]: INFO dbcounter [None req-53092cae-0edc-4b09-91c4-8969939aeb73 None None] Registered counter for database nova_cell0
Jul 23 03:39:02.529693 np0000005702 devstack@n-api-meta.service[96024]: INFO dbcounter [None req-53092cae-0edc-4b09-91c4-8969939aeb73 None None] Registered counter for database nova_cell1
Jul 23 03:39:02.564254 np0000005702 devstack@n-api-meta.service[96026]: DEBUG oslo_db.sqlalchemy.engines [None req-7bbeea7d-a3d2-4a47-93eb-31a590edc5ac None None] MySQL server mode set to STRICT_TRANS_TABLES,STRICT_ALL_TABLES,NO_ZERO_IN_DATE,NO_ZERO_DATE,ERROR_FOR_DIVISION_BY_ZERO,TRADITIONAL,NO_ENGINE_SUBSTITUTION {{(pid=96026) _check_effective_sql_mode /opt/stack/data/venv/lib/python3.12/site-packages/oslo_db/sqlalchemy/engines.py:325}}
Jul 23 03:39:02.566582 np0000005702 devstack@n-api-meta.service[96026]: DEBUG oslo_db.sqlalchemy.engines [None req-7bbeea7d-a3d2-4a47-93eb-31a590edc5ac None None] MySQL server mode set to STRICT_TRANS_TABLES,STRICT_ALL_TABLES,NO_ZERO_IN_DATE,NO_ZERO_DATE,ERROR_FOR_DIVISION_BY_ZERO,TRADITIONAL,NO_ENGINE_SUBSTITUTION {{(pid=96026) _check_effective_sql_mode /opt/stack/data/venv/lib/python3.12/site-packages/oslo_db/sqlalchemy/engines.py:325}}
Jul 23 03:39:02.569438 np0000005702 devstack@n-api-meta.service[96025]: DEBUG oslo_db.sqlalchemy.engines [None req-98ecdd51-05f6-4b6a-8c8b-ff9b89e8dd71 None None] MySQL server mode set to STRICT_TRANS_TABLES,STRICT_ALL_TABLES,NO_ZERO_IN_DATE,NO_ZERO_DATE,ERROR_FOR_DIVISION_BY_ZERO,TRADITIONAL,NO_ENGINE_SUBSTITUTION {{(pid=96025) _check_effective_sql_mode /opt/stack/data/venv/lib/python3.12/site-packages/oslo_db/sqlalchemy/engines.py:325}}
Jul 23 03:39:02.574566 np0000005702 devstack@n-api-meta.service[96025]: DEBUG oslo_db.sqlalchemy.engines [None req-98ecdd51-05f6-4b6a-8c8b-ff9b89e8dd71 None None] MySQL server mode set to STRICT_TRANS_TABLES,STRICT_ALL_TABLES,NO_ZERO_IN_DATE,NO_ZERO_DATE,ERROR_FOR_DIVISION_BY_ZERO,TRADITIONAL,NO_ENGINE_SUBSTITUTION {{(pid=96025) _check_effective_sql_mode /opt/stack/data/venv/lib/python3.12/site-packages/oslo_db/sqlalchemy/engines.py:325}}
Jul 23 03:39:02.576308 np0000005702 devstack@n-api-meta.service[96024]: DEBUG oslo_db.sqlalchemy.engines [None req-53092cae-0edc-4b09-91c4-8969939aeb73 None None] MySQL server mode set to STRICT_TRANS_TABLES,STRICT_ALL_TABLES,NO_ZERO_IN_DATE,NO_ZERO_DATE,ERROR_FOR_DIVISION_BY_ZERO,TRADITIONAL,NO_ENGINE_SUBSTITUTION {{(pid=96024) _check_effective_sql_mode /opt/stack/data/venv/lib/python3.12/site-packages/oslo_db/sqlalchemy/engines.py:325}}
Jul 23 03:39:02.607063 np0000005702 devstack@n-api-meta.service[96027]: DEBUG dbcounter [-] [96027] Writer thread running {{(pid=96027) stat_writer /opt/stack/data/venv/lib/python3.12/site-packages/dbcounter.py:102}}
Jul 23 03:39:02.611711 np0000005702 devstack@n-api-meta.service[96027]: DEBUG dbcounter [-] [96027] Writer thread running {{(pid=96027) stat_writer /opt/stack/data/venv/lib/python3.12/site-packages/dbcounter.py:102}}
Jul 23 03:39:02.614758 np0000005702 devstack@n-api-meta.service[96027]: INFO dbcounter [None req-84a767ce-d545-4cea-8305-c935b446c1fb None None] Registered counter for database nova_cell0
Jul 23 03:39:02.643641 np0000005702 devstack@n-api-meta.service[96024]: DEBUG oslo_db.sqlalchemy.engines [None req-53092cae-0edc-4b09-91c4-8969939aeb73 None None] MySQL server mode set to STRICT_TRANS_TABLES,STRICT_ALL_TABLES,NO_ZERO_IN_DATE,NO_ZERO_DATE,ERROR_FOR_DIVISION_BY_ZERO,TRADITIONAL,NO_ENGINE_SUBSTITUTION {{(pid=96024) _check_effective_sql_mode /opt/stack/data/venv/lib/python3.12/site-packages/oslo_db/sqlalchemy/engines.py:325}}
Jul 23 03:39:02.647660 np0000005702 devstack@n-api-meta.service[96027]: DEBUG oslo_db.sqlalchemy.engines [None req-84a767ce-d545-4cea-8305-c935b446c1fb None None] MySQL server mode set to STRICT_TRANS_TABLES,STRICT_ALL_TABLES,NO_ZERO_IN_DATE,NO_ZERO_DATE,ERROR_FOR_DIVISION_BY_ZERO,TRADITIONAL,NO_ENGINE_SUBSTITUTION {{(pid=96027) _check_effective_sql_mode /opt/stack/data/venv/lib/python3.12/site-packages/oslo_db/sqlalchemy/engines.py:325}}
Jul 23 03:39:02.652176 np0000005702 devstack@n-api-meta.service[96026]: DEBUG dbcounter [-] [96026] Writer thread running {{(pid=96026) stat_writer /opt/stack/data/venv/lib/python3.12/site-packages/dbcounter.py:102}}
Jul 23 03:39:02.653647 np0000005702 devstack@n-api-meta.service[96027]: DEBUG dbcounter [-] [96027] Writer thread running {{(pid=96027) stat_writer /opt/stack/data/venv/lib/python3.12/site-packages/dbcounter.py:102}}
Jul 23 03:39:02.654894 np0000005702 devstack@n-api-meta.service[96025]: DEBUG dbcounter [-] [96025] Writer thread running {{(pid=96025) stat_writer /opt/stack/data/venv/lib/python3.12/site-packages/dbcounter.py:102}}
Jul 23 03:39:02.655320 np0000005702 devstack@n-api-meta.service[96026]: DEBUG dbcounter [-] [96026] Writer thread running {{(pid=96026) stat_writer /opt/stack/data/venv/lib/python3.12/site-packages/dbcounter.py:102}}
Jul 23 03:39:02.658609 np0000005702 devstack@n-api-meta.service[96025]: DEBUG dbcounter [-] [96025] Writer thread running {{(pid=96025) stat_writer /opt/stack/data/venv/lib/python3.12/site-packages/dbcounter.py:102}}
Jul 23 03:39:02.660229 np0000005702 devstack@n-api-meta.service[96026]: INFO dbcounter [None req-7bbeea7d-a3d2-4a47-93eb-31a590edc5ac None None] Registered counter for database nova_cell0
Jul 23 03:39:02.661160 np0000005702 devstack@n-api-meta.service[96025]: INFO dbcounter [None req-98ecdd51-05f6-4b6a-8c8b-ff9b89e8dd71 None None] Registered counter for database nova_cell0
Jul 23 03:39:02.664120 np0000005702 devstack@n-api-meta.service[96024]: DEBUG dbcounter [-] [96024] Writer thread running {{(pid=96024) stat_writer /opt/stack/data/venv/lib/python3.12/site-packages/dbcounter.py:102}}
Jul 23 03:39:02.673825 np0000005702 devstack@n-api-meta.service[96024]: DEBUG dbcounter [-] [96024] Writer thread running {{(pid=96024) stat_writer /opt/stack/data/venv/lib/python3.12/site-packages/dbcounter.py:102}}
Jul 23 03:39:02.678086 np0000005702 devstack@n-api-meta.service[96024]: INFO dbcounter [None req-53092cae-0edc-4b09-91c4-8969939aeb73 None None] Registered counter for database nova_cell0
Jul 23 03:39:02.696531 np0000005702 devstack@n-api-meta.service[96025]: DEBUG oslo_db.sqlalchemy.engines [None req-98ecdd51-05f6-4b6a-8c8b-ff9b89e8dd71 None None] MySQL server mode set to STRICT_TRANS_TABLES,STRICT_ALL_TABLES,NO_ZERO_IN_DATE,NO_ZERO_DATE,ERROR_FOR_DIVISION_BY_ZERO,TRADITIONAL,NO_ENGINE_SUBSTITUTION {{(pid=96025) _check_effective_sql_mode /opt/stack/data/venv/lib/python3.12/site-packages/oslo_db/sqlalchemy/engines.py:325}}
Jul 23 03:39:02.699339 np0000005702 devstack@n-api-meta.service[96026]: DEBUG oslo_db.sqlalchemy.engines [None req-7bbeea7d-a3d2-4a47-93eb-31a590edc5ac None None] MySQL server mode set to STRICT_TRANS_TABLES,STRICT_ALL_TABLES,NO_ZERO_IN_DATE,NO_ZERO_DATE,ERROR_FOR_DIVISION_BY_ZERO,TRADITIONAL,NO_ENGINE_SUBSTITUTION {{(pid=96026) _check_effective_sql_mode /opt/stack/data/venv/lib/python3.12/site-packages/oslo_db/sqlalchemy/engines.py:325}}
Jul 23 03:39:02.702719 np0000005702 devstack@n-api-meta.service[96025]: DEBUG dbcounter [-] [96025] Writer thread running {{(pid=96025) stat_writer /opt/stack/data/venv/lib/python3.12/site-packages/dbcounter.py:102}}
Jul 23 03:39:02.703516 np0000005702 devstack@n-api-meta.service[96027]: WARNING nova.api.metadata.handler [None req-84a767ce-d545-4cea-8305-c935b446c1fb None None] metadata_proxy_shared_secret is not configured, the metadata information returned by the proxy cannot be trusted
Jul 23 03:39:02.705020 np0000005702 devstack@n-api-meta.service[96026]: DEBUG dbcounter [-] [96026] Writer thread running {{(pid=96026) stat_writer /opt/stack/data/venv/lib/python3.12/site-packages/dbcounter.py:102}}
Jul 23 03:39:02.706059 np0000005702 devstack@n-api-meta.service[96027]: DEBUG nova.api.openstack.wsgi_app [None req-84a767ce-d545-4cea-8305-c935b446c1fb None None] ******************************************************************************** {{(pid=96027) log_opt_values /opt/stack/data/venv/lib/python3.12/site-packages/oslo_config/cfg.py:3226}}
Jul 23 03:39:02.706059 np0000005702 devstack@n-api-meta.service[96027]: DEBUG nova.api.openstack.wsgi_app [None req-84a767ce-d545-4cea-8305-c935b446c1fb None None] Configuration options gathered from: {{(pid=96027) log_opt_values /opt/stack/data/venv/lib/python3.12/site-packages/oslo_config/cfg.py:3227}}
Jul 23 03:39:02.706059 np0000005702 devstack@n-api-meta.service[96027]: DEBUG nova.api.openstack.wsgi_app [None req-84a767ce-d545-4cea-8305-c935b446c1fb None None] command line args: [] {{(pid=96027) log_opt_values /opt/stack/data/venv/lib/python3.12/site-packages/oslo_config/cfg.py:3228}}
Jul 23 03:39:02.706219 np0000005702 devstack@n-api-meta.service[96027]: DEBUG nova.api.openstack.wsgi_app [None req-84a767ce-d545-4cea-8305-c935b446c1fb None None] config files: ['/etc/nova/api-paste.ini', '/etc/nova/nova.conf'] {{(pid=96027) log_opt_values /opt/stack/data/venv/lib/python3.12/site-packages/oslo_config/cfg.py:3229}}
Jul 23 03:39:02.706354 np0000005702 devstack@n-api-meta.service[96027]: DEBUG nova.api.openstack.wsgi_app [None req-84a767ce-d545-4cea-8305-c935b446c1fb None None] ================================================================================ {{(pid=96027) log_opt_values /opt/stack/data/venv/lib/python3.12/site-packages/oslo_config/cfg.py:3234}}
Jul 23 03:39:02.706468 np0000005702 devstack@n-api-meta.service[96027]: DEBUG nova.api.openstack.wsgi_app [None req-84a767ce-d545-4cea-8305-c935b446c1fb None None] allow_resize_to_same_host = True {{(pid=96027) log_opt_values /opt/stack/data/venv/lib/python3.12/site-packages/oslo_config/cfg.py:3242}}
Jul 23 03:39:02.706610 np0000005702 devstack@n-api-meta.service[96027]: DEBUG nova.api.openstack.wsgi_app [None req-84a767ce-d545-4cea-8305-c935b446c1fb None None] arq_binding_timeout = 300 {{(pid=96027) log_opt_values /opt/stack/data/venv/lib/python3.12/site-packages/oslo_config/cfg.py:3242}}
Jul 23 03:39:02.706745 np0000005702 devstack@n-api-meta.service[96027]: DEBUG nova.api.openstack.wsgi_app [None req-84a767ce-d545-4cea-8305-c935b446c1fb None None] block_device_allocate_retries = 60 {{(pid=96027) log_opt_values /opt/stack/data/venv/lib/python3.12/site-packages/oslo_config/cfg.py:3242}}
Jul 23 03:39:02.706860 np0000005702 devstack@n-api-meta.service[96027]: DEBUG nova.api.openstack.wsgi_app [None req-84a767ce-d545-4cea-8305-c935b446c1fb None None] block_device_allocate_retries_interval = 3 {{(pid=96027) log_opt_values /opt/stack/data/venv/lib/python3.12/site-packages/oslo_config/cfg.py:3242}}
Jul 23 03:39:02.707003 np0000005702 devstack@n-api-meta.service[96027]: DEBUG nova.api.openstack.wsgi_app [None req-84a767ce-d545-4cea-8305-c935b446c1fb None None] cell_worker_thread_pool_size = 5 {{(pid=96027) log_opt_values /opt/stack/data/venv/lib/python3.12/site-packages/oslo_config/cfg.py:3242}}
Jul 23 03:39:02.707164 np0000005702 devstack@n-api-meta.service[96027]: DEBUG nova.api.openstack.wsgi_app [None req-84a767ce-d545-4cea-8305-c935b446c1fb None None] cert = self.pem {{(pid=96027) log_opt_values /opt/stack/data/venv/lib/python3.12/site-packages/oslo_config/cfg.py:3242}}
Jul 23 03:39:02.707285 np0000005702 devstack@n-api-meta.service[96027]: DEBUG nova.api.openstack.wsgi_app [None req-84a767ce-d545-4cea-8305-c935b446c1fb None None] compute_driver = libvirt.LibvirtDriver {{(pid=96027) log_opt_values /opt/stack/data/venv/lib/python3.12/site-packages/oslo_config/cfg.py:3242}}
Jul 23 03:39:02.707406 np0000005702 devstack@n-api-meta.service[96027]: DEBUG nova.api.openstack.wsgi_app [None req-84a767ce-d545-4cea-8305-c935b446c1fb None None] compute_monitors = [] {{(pid=96027) log_opt_values /opt/stack/data/venv/lib/python3.12/site-packages/oslo_config/cfg.py:3242}}
Jul 23 03:39:02.707527 np0000005702 devstack@n-api-meta.service[96027]: DEBUG nova.api.openstack.wsgi_app [None req-84a767ce-d545-4cea-8305-c935b446c1fb None None] concurrency_backend = auto {{(pid=96027) log_opt_values /opt/stack/data/venv/lib/python3.12/site-packages/oslo_config/cfg.py:3242}}
Jul 23 03:39:02.707685 np0000005702 devstack@n-api-meta.service[96027]: DEBUG nova.api.openstack.wsgi_app [None req-84a767ce-d545-4cea-8305-c935b446c1fb None None] config_dir = [] {{(pid=96027) log_opt_values /opt/stack/data/venv/lib/python3.12/site-packages/oslo_config/cfg.py:3242}}
Jul 23 03:39:02.707817 np0000005702 devstack@n-api-meta.service[96027]: DEBUG nova.api.openstack.wsgi_app [None req-84a767ce-d545-4cea-8305-c935b446c1fb None None] config_drive_format = iso9660 {{(pid=96027) log_opt_values /opt/stack/data/venv/lib/python3.12/site-packages/oslo_config/cfg.py:3242}}
Jul 23 03:39:02.707928 np0000005702 devstack@n-api-meta.service[96027]: DEBUG nova.api.openstack.wsgi_app [None req-84a767ce-d545-4cea-8305-c935b446c1fb None None] config_file = ['/etc/nova/api-paste.ini', '/etc/nova/nova.conf'] {{(pid=96027) log_opt_values /opt/stack/data/venv/lib/python3.12/site-packages/oslo_config/cfg.py:3242}}
Jul 23 03:39:02.708077 np0000005702 devstack@n-api-meta.service[96027]: DEBUG nova.api.openstack.wsgi_app [None req-84a767ce-d545-4cea-8305-c935b446c1fb None None] config_source = [] {{(pid=96027) log_opt_values /opt/stack/data/venv/lib/python3.12/site-packages/oslo_config/cfg.py:3242}}
Jul 23 03:39:02.708194 np0000005702 devstack@n-api-meta.service[96027]: DEBUG nova.api.openstack.wsgi_app [None req-84a767ce-d545-4cea-8305-c935b446c1fb None None] console_host = np0000005702 {{(pid=96027) log_opt_values /opt/stack/data/venv/lib/python3.12/site-packages/oslo_config/cfg.py:3242}}
Jul 23 03:39:02.708312 np0000005702 devstack@n-api-meta.service[96027]: DEBUG nova.api.openstack.wsgi_app [None req-84a767ce-d545-4cea-8305-c935b446c1fb None None] control_exchange = nova {{(pid=96027) log_opt_values /opt/stack/data/venv/lib/python3.12/site-packages/oslo_config/cfg.py:3242}}
Jul 23 03:39:02.708425 np0000005702 devstack@n-api-meta.service[96027]: DEBUG nova.api.openstack.wsgi_app [None req-84a767ce-d545-4cea-8305-c935b446c1fb None None] cpu_allocation_ratio = None {{(pid=96027) log_opt_values /opt/stack/data/venv/lib/python3.12/site-packages/oslo_config/cfg.py:3242}}
Jul 23 03:39:02.708538 np0000005702 devstack@n-api-meta.service[96027]: DEBUG nova.api.openstack.wsgi_app [None req-84a767ce-d545-4cea-8305-c935b446c1fb None None] daemon = False {{(pid=96027) log_opt_values /opt/stack/data/venv/lib/python3.12/site-packages/oslo_config/cfg.py:3242}}
Jul 23 03:39:02.708665 np0000005702 devstack@n-api-meta.service[96027]: DEBUG nova.api.openstack.wsgi_app [None req-84a767ce-d545-4cea-8305-c935b446c1fb None None] debug = True {{(pid=96027) log_opt_values /opt/stack/data/venv/lib/python3.12/site-packages/oslo_config/cfg.py:3242}}
Jul 23 03:39:02.708835 np0000005702 devstack@n-api-meta.service[96027]: DEBUG nova.api.openstack.wsgi_app [None req-84a767ce-d545-4cea-8305-c935b446c1fb None None] default_access_ip_network_name = None {{(pid=96027) log_opt_values /opt/stack/data/venv/lib/python3.12/site-packages/oslo_config/cfg.py:3242}}
Jul 23 03:39:02.708981 np0000005702 devstack@n-api-meta.service[96027]: DEBUG nova.api.openstack.wsgi_app [None req-84a767ce-d545-4cea-8305-c935b446c1fb None None] default_availability_zone = nova {{(pid=96027) log_opt_values /opt/stack/data/venv/lib/python3.12/site-packages/oslo_config/cfg.py:3242}}
Jul 23 03:39:02.709548 np0000005702 devstack@n-api-meta.service[96027]: DEBUG nova.api.openstack.wsgi_app [None req-84a767ce-d545-4cea-8305-c935b446c1fb None None] default_ephemeral_format = ext4 {{(pid=96027) log_opt_values /opt/stack/data/venv/lib/python3.12/site-packages/oslo_config/cfg.py:3242}}
Jul 23 03:39:02.709548 np0000005702 devstack@n-api-meta.service[96027]: DEBUG nova.api.openstack.wsgi_app [None req-84a767ce-d545-4cea-8305-c935b446c1fb None None] default_green_pool_size = 1000 {{(pid=96027) log_opt_values /opt/stack/data/venv/lib/python3.12/site-packages/oslo_config/cfg.py:3242}}
Jul 23 03:39:02.709548 np0000005702 devstack@n-api-meta.service[96027]: DEBUG nova.api.openstack.wsgi_app [None req-84a767ce-d545-4cea-8305-c935b446c1fb None None] default_log_levels = ['amqp=WARN', 'boto=WARN', 'sqlalchemy=WARN', 'suds=INFO', 'oslo.messaging=INFO', 'oslo_messaging=INFO', 'iso8601=WARN', 'requests.packages.urllib3.connectionpool=WARN', 'urllib3.connectionpool=WARN', 'websocket=WARN', 'requests.packages.urllib3.util.retry=WARN', 'urllib3.util.retry=WARN', 'keystonemiddleware=WARN', 'routes.middleware=WARN', 'stevedore=WARN', 'taskflow=WARN', 'keystoneauth=WARN', 'oslo.cache=INFO', 'oslo_policy=INFO', 'dogpile.core.dogpile=INFO', 'glanceclient=WARN', 'oslo.privsep.daemon=INFO'] {{(pid=96027) log_opt_values /opt/stack/data/venv/lib/python3.12/site-packages/oslo_config/cfg.py:3242}}
Jul 23 03:39:02.709548 np0000005702 devstack@n-api-meta.service[96027]: DEBUG nova.api.openstack.wsgi_app [None req-84a767ce-d545-4cea-8305-c935b446c1fb None None] default_schedule_zone = None {{(pid=96027) log_opt_values /opt/stack/data/venv/lib/python3.12/site-packages/oslo_config/cfg.py:3242}}
Jul 23 03:39:02.709770 np0000005702 devstack@n-api-meta.service[96027]: DEBUG nova.api.openstack.wsgi_app [None req-84a767ce-d545-4cea-8305-c935b446c1fb None None] default_thread_pool_size = 10 {{(pid=96027) log_opt_values /opt/stack/data/venv/lib/python3.12/site-packages/oslo_config/cfg.py:3242}}
Jul 23 03:39:02.709770 np0000005702 devstack@n-api-meta.service[96027]: DEBUG nova.api.openstack.wsgi_app [None req-84a767ce-d545-4cea-8305-c935b446c1fb None None] disk_allocation_ratio = None {{(pid=96027) log_opt_values /opt/stack/data/venv/lib/python3.12/site-packages/oslo_config/cfg.py:3242}}
Jul 23 03:39:02.709856 np0000005702 devstack@n-api-meta.service[96027]: DEBUG nova.api.openstack.wsgi_app [None req-84a767ce-d545-4cea-8305-c935b446c1fb None None] enable_new_services = True {{(pid=96027) log_opt_values /opt/stack/data/venv/lib/python3.12/site-packages/oslo_config/cfg.py:3242}}
Jul 23 03:39:02.709976 np0000005702 devstack@n-api-meta.service[96027]: DEBUG nova.api.openstack.wsgi_app [None req-84a767ce-d545-4cea-8305-c935b446c1fb None None] flat_injected = False {{(pid=96027) log_opt_values /opt/stack/data/venv/lib/python3.12/site-packages/oslo_config/cfg.py:3242}}
Jul 23 03:39:02.710103 np0000005702 devstack@n-api-meta.service[96027]: DEBUG nova.api.openstack.wsgi_app [None req-84a767ce-d545-4cea-8305-c935b446c1fb None None] force_config_drive = True {{(pid=96027) log_opt_values /opt/stack/data/venv/lib/python3.12/site-packages/oslo_config/cfg.py:3242}}
Jul 23 03:39:02.710217 np0000005702 devstack@n-api-meta.service[96027]: DEBUG nova.api.openstack.wsgi_app [None req-84a767ce-d545-4cea-8305-c935b446c1fb None None] force_raw_images = True {{(pid=96027) log_opt_values /opt/stack/data/venv/lib/python3.12/site-packages/oslo_config/cfg.py:3242}}
Jul 23 03:39:02.710340 np0000005702 devstack@n-api-meta.service[96027]: DEBUG nova.api.openstack.wsgi_app [None req-84a767ce-d545-4cea-8305-c935b446c1fb None None] graceful_shutdown_timeout = 5 {{(pid=96027) log_opt_values /opt/stack/data/venv/lib/python3.12/site-packages/oslo_config/cfg.py:3242}}
Jul 23 03:39:02.710452 np0000005702 devstack@n-api-meta.service[96027]: DEBUG nova.api.openstack.wsgi_app [None req-84a767ce-d545-4cea-8305-c935b446c1fb None None] heal_instance_info_cache_interval = -1 {{(pid=96027) log_opt_values /opt/stack/data/venv/lib/python3.12/site-packages/oslo_config/cfg.py:3242}}
Jul 23 03:39:02.710640 np0000005702 devstack@n-api-meta.service[96027]: DEBUG nova.api.openstack.wsgi_app [None req-84a767ce-d545-4cea-8305-c935b446c1fb None None] host = np0000005702 {{(pid=96027) log_opt_values /opt/stack/data/venv/lib/python3.12/site-packages/oslo_config/cfg.py:3242}}
Jul 23 03:39:02.710774 np0000005702 devstack@n-api-meta.service[96027]: DEBUG nova.api.openstack.wsgi_app [None req-84a767ce-d545-4cea-8305-c935b446c1fb None None] initial_cpu_allocation_ratio = 4.0 {{(pid=96027) log_opt_values /opt/stack/data/venv/lib/python3.12/site-packages/oslo_config/cfg.py:3242}}
Jul 23 03:39:02.710896 np0000005702 devstack@n-api-meta.service[96027]: DEBUG nova.api.openstack.wsgi_app [None req-84a767ce-d545-4cea-8305-c935b446c1fb None None] initial_disk_allocation_ratio = 1.0 {{(pid=96027) log_opt_values /opt/stack/data/venv/lib/python3.12/site-packages/oslo_config/cfg.py:3242}}
Jul 23 03:39:02.711031 np0000005702 devstack@n-api-meta.service[96027]: DEBUG nova.api.openstack.wsgi_app [None req-84a767ce-d545-4cea-8305-c935b446c1fb None None] initial_ram_allocation_ratio = 1.0 {{(pid=96027) log_opt_values /opt/stack/data/venv/lib/python3.12/site-packages/oslo_config/cfg.py:3242}}
Jul 23 03:39:02.711188 np0000005702 devstack@n-api-meta.service[96027]: DEBUG nova.api.openstack.wsgi_app [None req-84a767ce-d545-4cea-8305-c935b446c1fb None None] injected_network_template = /opt/stack/nova/nova/virt/interfaces.template {{(pid=96027) log_opt_values /opt/stack/data/venv/lib/python3.12/site-packages/oslo_config/cfg.py:3242}}
Jul 23 03:39:02.711302 np0000005702 devstack@n-api-meta.service[96027]: DEBUG nova.api.openstack.wsgi_app [None req-84a767ce-d545-4cea-8305-c935b446c1fb None None] instance_build_timeout = 0 {{(pid=96027) log_opt_values /opt/stack/data/venv/lib/python3.12/site-packages/oslo_config/cfg.py:3242}}
Jul 23 03:39:02.711416 np0000005702 devstack@n-api-meta.service[96027]: DEBUG nova.api.openstack.wsgi_app [None req-84a767ce-d545-4cea-8305-c935b446c1fb None None] instance_delete_interval = 300 {{(pid=96027) log_opt_values /opt/stack/data/venv/lib/python3.12/site-packages/oslo_config/cfg.py:3242}}
Jul 23 03:39:02.711532 np0000005702 devstack@n-api-meta.service[96027]: DEBUG nova.api.openstack.wsgi_app [None req-84a767ce-d545-4cea-8305-c935b446c1fb None None] instance_format = [instance: %(uuid)s] {{(pid=96027) log_opt_values /opt/stack/data/venv/lib/python3.12/site-packages/oslo_config/cfg.py:3242}}
Jul 23 03:39:02.711661 np0000005702 devstack@n-api-meta.service[96027]: DEBUG nova.api.openstack.wsgi_app [None req-84a767ce-d545-4cea-8305-c935b446c1fb None None] instance_name_template = instance-%08x {{(pid=96027) log_opt_values /opt/stack/data/venv/lib/python3.12/site-packages/oslo_config/cfg.py:3242}}
Jul 23 03:39:02.711774 np0000005702 devstack@n-api-meta.service[96027]: DEBUG nova.api.openstack.wsgi_app [None req-84a767ce-d545-4cea-8305-c935b446c1fb None None] instance_usage_audit = False {{(pid=96027) log_opt_values /opt/stack/data/venv/lib/python3.12/site-packages/oslo_config/cfg.py:3242}}
Jul 23 03:39:02.711895 np0000005702 devstack@n-api-meta.service[96027]: DEBUG nova.api.openstack.wsgi_app [None req-84a767ce-d545-4cea-8305-c935b446c1fb None None] instance_usage_audit_period = month {{(pid=96027) log_opt_values /opt/stack/data/venv/lib/python3.12/site-packages/oslo_config/cfg.py:3242}}
Jul 23 03:39:02.712041 np0000005702 devstack@n-api-meta.service[96027]: DEBUG nova.api.openstack.wsgi_app [None req-84a767ce-d545-4cea-8305-c935b446c1fb None None] instance_uuid_format = [instance: %(uuid)s] {{(pid=96027) log_opt_values /opt/stack/data/venv/lib/python3.12/site-packages/oslo_config/cfg.py:3242}}
Jul 23 03:39:02.712180 np0000005702 devstack@n-api-meta.service[96027]: DEBUG nova.api.openstack.wsgi_app [None req-84a767ce-d545-4cea-8305-c935b446c1fb None None] instances_path = /opt/stack/data/nova/instances {{(pid=96027) log_opt_values /opt/stack/data/venv/lib/python3.12/site-packages/oslo_config/cfg.py:3242}}
Jul 23 03:39:02.712294 np0000005702 devstack@n-api-meta.service[96027]: DEBUG nova.api.openstack.wsgi_app [None req-84a767ce-d545-4cea-8305-c935b446c1fb None None] internal_service_availability_zone = internal {{(pid=96027) log_opt_values /opt/stack/data/venv/lib/python3.12/site-packages/oslo_config/cfg.py:3242}}
Jul 23 03:39:02.712412 np0000005702 devstack@n-api-meta.service[96027]: DEBUG nova.api.openstack.wsgi_app [None req-84a767ce-d545-4cea-8305-c935b446c1fb None None] key = None {{(pid=96027) log_opt_values /opt/stack/data/venv/lib/python3.12/site-packages/oslo_config/cfg.py:3242}}
Jul 23 03:39:02.712524 np0000005702 devstack@n-api-meta.service[96027]: DEBUG nova.api.openstack.wsgi_app [None req-84a767ce-d545-4cea-8305-c935b446c1fb None None] live_migration_retry_count = 30 {{(pid=96027) log_opt_values /opt/stack/data/venv/lib/python3.12/site-packages/oslo_config/cfg.py:3242}}
Jul 23 03:39:02.712653 np0000005702 devstack@n-api-meta.service[96027]: DEBUG nova.api.openstack.wsgi_app [None req-84a767ce-d545-4cea-8305-c935b446c1fb None None] log_color = False {{(pid=96027) log_opt_values /opt/stack/data/venv/lib/python3.12/site-packages/oslo_config/cfg.py:3242}}
Jul 23 03:39:02.712771 np0000005702 devstack@n-api-meta.service[96027]: DEBUG nova.api.openstack.wsgi_app [None req-84a767ce-d545-4cea-8305-c935b446c1fb None None] log_config_append = None {{(pid=96027) log_opt_values /opt/stack/data/venv/lib/python3.12/site-packages/oslo_config/cfg.py:3242}}
Jul 23 03:39:02.712892 np0000005702 devstack@n-api-meta.service[96027]: DEBUG nova.api.openstack.wsgi_app [None req-84a767ce-d545-4cea-8305-c935b446c1fb None None] log_date_format = %Y-%m-%d %H:%M:%S {{(pid=96027) log_opt_values /opt/stack/data/venv/lib/python3.12/site-packages/oslo_config/cfg.py:3242}}
Jul 23 03:39:02.713454 np0000005702 devstack@n-api-meta.service[96027]: DEBUG nova.api.openstack.wsgi_app [None req-84a767ce-d545-4cea-8305-c935b446c1fb None None] log_dir = None {{(pid=96027) log_opt_values /opt/stack/data/venv/lib/python3.12/site-packages/oslo_config/cfg.py:3242}}
Jul 23 03:39:02.713454 np0000005702 devstack@n-api-meta.service[96027]: DEBUG nova.api.openstack.wsgi_app [None req-84a767ce-d545-4cea-8305-c935b446c1fb None None] log_file = None {{(pid=96027) log_opt_values /opt/stack/data/venv/lib/python3.12/site-packages/oslo_config/cfg.py:3242}}
Jul 23 03:39:02.713454 np0000005702 devstack@n-api-meta.service[96027]: DEBUG nova.api.openstack.wsgi_app [None req-84a767ce-d545-4cea-8305-c935b446c1fb None None] log_options = True {{(pid=96027) log_opt_values /opt/stack/data/venv/lib/python3.12/site-packages/oslo_config/cfg.py:3242}}
Jul 23 03:39:02.713454 np0000005702 devstack@n-api-meta.service[96027]: DEBUG nova.api.openstack.wsgi_app [None req-84a767ce-d545-4cea-8305-c935b446c1fb None None] log_rotate_interval = 1 {{(pid=96027) log_opt_values /opt/stack/data/venv/lib/python3.12/site-packages/oslo_config/cfg.py:3242}}
Jul 23 03:39:02.713454 np0000005702 devstack@n-api-meta.service[96027]: DEBUG nova.api.openstack.wsgi_app [None req-84a767ce-d545-4cea-8305-c935b446c1fb None None] log_rotate_interval_type = days {{(pid=96027) log_opt_values /opt/stack/data/venv/lib/python3.12/site-packages/oslo_config/cfg.py:3242}}
Jul 23 03:39:02.714039 np0000005702 devstack@n-api-meta.service[96027]: DEBUG nova.api.openstack.wsgi_app [None req-84a767ce-d545-4cea-8305-c935b446c1fb None None] log_rotation_type = none {{(pid=96027) log_opt_values /opt/stack/data/venv/lib/python3.12/site-packages/oslo_config/cfg.py:3242}}
Jul 23 03:39:02.714039 np0000005702 devstack@n-api-meta.service[96027]: DEBUG nova.api.openstack.wsgi_app [None req-84a767ce-d545-4cea-8305-c935b446c1fb None None] logging_context_format_string = %(color)s%(levelname)s %(name)s [%(global_request_id)s %(request_id)s %(project_name)s %(user_name)s%(color)s] %(instance)s%(color)s%(message)s {{(pid=96027) log_opt_values /opt/stack/data/venv/lib/python3.12/site-packages/oslo_config/cfg.py:3242}}
Jul 23 03:39:02.714039 np0000005702 devstack@n-api-meta.service[96027]: DEBUG nova.api.openstack.wsgi_app [None req-84a767ce-d545-4cea-8305-c935b446c1fb None None] logging_debug_format_suffix = {{(pid=%(process)d) %(funcName)s %(pathname)s:%(lineno)d}} {{(pid=96027) log_opt_values /opt/stack/data/venv/lib/python3.12/site-packages/oslo_config/cfg.py:3242}}
Jul 23 03:39:02.714039 np0000005702 devstack@n-api-meta.service[96027]: DEBUG nova.api.openstack.wsgi_app [None req-84a767ce-d545-4cea-8305-c935b446c1fb None None] logging_default_format_string = %(color)s%(levelname)s %(name)s [-%(color)s] %(instance)s%(color)s%(message)s {{(pid=96027) log_opt_values /opt/stack/data/venv/lib/python3.12/site-packages/oslo_config/cfg.py:3242}}
