Jul 23 03:39:02.103153 np0000005702 nova-scheduler[96599]: DEBUG cotyledon.oslo_config_glue [-] workarounds.ensure_libvirt_rbd_instance_dir_cleanup = False {{(pid=96599) log_opt_values /opt/stack/data/venv/lib/python3.12/site-packages/oslo_config/cfg.py:3253}}
Jul 23 03:39:02.103153 np0000005702 nova-scheduler[96599]: DEBUG cotyledon.oslo_config_glue [-] workarounds.handle_virt_lifecycle_events = True {{(pid=96599) log_opt_values /opt/stack/data/venv/lib/python3.12/site-packages/oslo_config/cfg.py:3253}}
Jul 23 03:39:02.103153 np0000005702 nova-scheduler[96599]: DEBUG cotyledon.oslo_config_glue [-] workarounds.libvirt_disable_apic = False {{(pid=96599) log_opt_values /opt/stack/data/venv/lib/python3.12/site-packages/oslo_config/cfg.py:3253}}
Jul 23 03:39:02.103153 np0000005702 nova-scheduler[96599]: DEBUG cotyledon.oslo_config_glue [-] workarounds.never_download_image_if_on_rbd = False {{(pid=96599) log_opt_values /opt/stack/data/venv/lib/python3.12/site-packages/oslo_config/cfg.py:3253}}
Jul 23 03:39:02.103153 np0000005702 nova-scheduler[96599]: DEBUG cotyledon.oslo_config_glue [-] workarounds.qemu_monitor_announce_self_count = 3 {{(pid=96599) log_opt_values /opt/stack/data/venv/lib/python3.12/site-packages/oslo_config/cfg.py:3253}}
Jul 23 03:39:02.103153 np0000005702 nova-scheduler[96599]: DEBUG cotyledon.oslo_config_glue [-] workarounds.qemu_monitor_announce_self_interval = 1 {{(pid=96599) log_opt_values /opt/stack/data/venv/lib/python3.12/site-packages/oslo_config/cfg.py:3253}}
Jul 23 03:39:02.103153 np0000005702 nova-scheduler[96599]: DEBUG cotyledon.oslo_config_glue [-] workarounds.reserve_disk_resource_for_image_cache = False {{(pid=96599) log_opt_values /opt/stack/data/venv/lib/python3.12/site-packages/oslo_config/cfg.py:3253}}
Jul 23 03:39:02.103468 np0000005702 nova-scheduler[96599]: DEBUG cotyledon.oslo_config_glue [-] workarounds.skip_cpu_compare_at_startup = False {{(pid=96599) log_opt_values /opt/stack/data/venv/lib/python3.12/site-packages/oslo_config/cfg.py:3253}}
Jul 23 03:39:02.103468 np0000005702 nova-scheduler[96599]: DEBUG cotyledon.oslo_config_glue [-] workarounds.skip_cpu_compare_on_dest = False {{(pid=96599) log_opt_values /opt/stack/data/venv/lib/python3.12/site-packages/oslo_config/cfg.py:3253}}
Jul 23 03:39:02.103468 np0000005702 nova-scheduler[96599]: DEBUG cotyledon.oslo_config_glue [-] workarounds.skip_hypervisor_version_check_on_lm = False {{(pid=96599) log_opt_values /opt/stack/data/venv/lib/python3.12/site-packages/oslo_config/cfg.py:3253}}
Jul 23 03:39:02.103468 np0000005702 nova-scheduler[96599]: DEBUG cotyledon.oslo_config_glue [-] workarounds.skip_reserve_in_use_ironic_nodes = False {{(pid=96599) log_opt_values /opt/stack/data/venv/lib/python3.12/site-packages/oslo_config/cfg.py:3253}}
Jul 23 03:39:02.103468 np0000005702 nova-scheduler[96599]: DEBUG cotyledon.oslo_config_glue [-] workarounds.unified_limits_count_pcpu_as_vcpu = False {{(pid=96599) log_opt_values /opt/stack/data/venv/lib/python3.12/site-packages/oslo_config/cfg.py:3253}}
Jul 23 03:39:02.103468 np0000005702 nova-scheduler[96599]: DEBUG cotyledon.oslo_config_glue [-] workarounds.wait_for_vif_plugged_event_during_hard_reboot = [] {{(pid=96599) log_opt_values /opt/stack/data/venv/lib/python3.12/site-packages/oslo_config/cfg.py:3253}}
Jul 23 03:39:02.103468 np0000005702 nova-scheduler[96599]: DEBUG cotyledon.oslo_config_glue [-] wsgi.api_paste_config = /etc/nova/api-paste.ini {{(pid=96599) log_opt_values /opt/stack/data/venv/lib/python3.12/site-packages/oslo_config/cfg.py:3253}}
Jul 23 03:39:02.103468 np0000005702 nova-scheduler[96599]: DEBUG cotyledon.oslo_config_glue [-] wsgi.secure_proxy_ssl_header = None {{(pid=96599) log_opt_values /opt/stack/data/venv/lib/python3.12/site-packages/oslo_config/cfg.py:3253}}
Jul 23 03:39:02.103468 np0000005702 nova-scheduler[96599]: DEBUG cotyledon.oslo_config_glue [-] zvm.ca_file = None {{(pid=96599) log_opt_values /opt/stack/data/venv/lib/python3.12/site-packages/oslo_config/cfg.py:3253}}
Jul 23 03:39:02.103728 np0000005702 nova-scheduler[96599]: DEBUG cotyledon.oslo_config_glue [-] zvm.cloud_connector_url = None {{(pid=96599) log_opt_values /opt/stack/data/venv/lib/python3.12/site-packages/oslo_config/cfg.py:3253}}
Jul 23 03:39:02.103728 np0000005702 nova-scheduler[96599]: DEBUG cotyledon.oslo_config_glue [-] zvm.image_tmp_path = /opt/stack/data/nova/images {{(pid=96599) log_opt_values /opt/stack/data/venv/lib/python3.12/site-packages/oslo_config/cfg.py:3253}}
Jul 23 03:39:02.103728 np0000005702 nova-scheduler[96599]: DEBUG cotyledon.oslo_config_glue [-] zvm.reachable_timeout = 300 {{(pid=96599) log_opt_values /opt/stack/data/venv/lib/python3.12/site-packages/oslo_config/cfg.py:3253}}
Jul 23 03:39:02.103728 np0000005702 nova-scheduler[96599]: DEBUG cotyledon.oslo_config_glue [-] oslo_versionedobjects.fatal_exception_format_errors = False {{(pid=96599) log_opt_values /opt/stack/data/venv/lib/python3.12/site-packages/oslo_config/cfg.py:3253}}
Jul 23 03:39:02.103728 np0000005702 nova-scheduler[96599]: DEBUG cotyledon.oslo_config_glue [-] oslo_middleware.http_basic_auth_user_file = /etc/htpasswd {{(pid=96599) log_opt_values /opt/stack/data/venv/lib/python3.12/site-packages/oslo_config/cfg.py:3253}}
Jul 23 03:39:02.103728 np0000005702 nova-scheduler[96599]: DEBUG cotyledon.oslo_config_glue [-] oslo_messaging_metrics.metrics_buffer_size = 1000 {{(pid=96599) log_opt_values /opt/stack/data/venv/lib/python3.12/site-packages/oslo_config/cfg.py:3253}}
Jul 23 03:39:02.103728 np0000005702 nova-scheduler[96599]: DEBUG cotyledon.oslo_config_glue [-] oslo_messaging_metrics.metrics_enabled = False {{(pid=96599) log_opt_values /opt/stack/data/venv/lib/python3.12/site-packages/oslo_config/cfg.py:3253}}
Jul 23 03:39:02.103728 np0000005702 nova-scheduler[96599]: DEBUG cotyledon.oslo_config_glue [-] oslo_messaging_metrics.metrics_process_name = {{(pid=96599) log_opt_values /opt/stack/data/venv/lib/python3.12/site-packages/oslo_config/cfg.py:3253}}
Jul 23 03:39:02.103971 np0000005702 nova-scheduler[96599]: DEBUG cotyledon.oslo_config_glue [-] oslo_messaging_metrics.metrics_socket_file = /var/tmp/metrics_collector.sock {{(pid=96599) log_opt_values /opt/stack/data/venv/lib/python3.12/site-packages/oslo_config/cfg.py:3253}}
Jul 23 03:39:02.103971 np0000005702 nova-scheduler[96599]: DEBUG cotyledon.oslo_config_glue [-] oslo_messaging_metrics.metrics_thread_stop_timeout = 10 {{(pid=96599) log_opt_values /opt/stack/data/venv/lib/python3.12/site-packages/oslo_config/cfg.py:3253}}
Jul 23 03:39:02.103971 np0000005702 nova-scheduler[96599]: DEBUG cotyledon.oslo_config_glue [-] profiler.connection_string = messaging:// {{(pid=96599) log_opt_values /opt/stack/data/venv/lib/python3.12/site-packages/oslo_config/cfg.py:3253}}
Jul 23 03:39:02.103971 np0000005702 nova-scheduler[96599]: DEBUG cotyledon.oslo_config_glue [-] profiler.enabled = False {{(pid=96599) log_opt_values /opt/stack/data/venv/lib/python3.12/site-packages/oslo_config/cfg.py:3253}}
Jul 23 03:39:02.103971 np0000005702 nova-scheduler[96599]: DEBUG cotyledon.oslo_config_glue [-] profiler.es_doc_type = notification {{(pid=96599) log_opt_values /opt/stack/data/venv/lib/python3.12/site-packages/oslo_config/cfg.py:3253}}
Jul 23 03:39:02.103971 np0000005702 nova-scheduler[96599]: DEBUG cotyledon.oslo_config_glue [-] profiler.es_scroll_size = 10000 {{(pid=96599) log_opt_values /opt/stack/data/venv/lib/python3.12/site-packages/oslo_config/cfg.py:3253}}
Jul 23 03:39:02.103971 np0000005702 nova-scheduler[96599]: DEBUG cotyledon.oslo_config_glue [-] profiler.es_scroll_time = 2m {{(pid=96599) log_opt_values /opt/stack/data/venv/lib/python3.12/site-packages/oslo_config/cfg.py:3253}}
Jul 23 03:39:02.103971 np0000005702 nova-scheduler[96599]: DEBUG cotyledon.oslo_config_glue [-] profiler.filter_error_trace = False {{(pid=96599) log_opt_values /opt/stack/data/venv/lib/python3.12/site-packages/oslo_config/cfg.py:3253}}
Jul 23 03:39:02.103971 np0000005702 nova-scheduler[96599]: DEBUG cotyledon.oslo_config_glue [-] profiler.hmac_keys = **** {{(pid=96599) log_opt_values /opt/stack/data/venv/lib/python3.12/site-packages/oslo_config/cfg.py:3253}}
Jul 23 03:39:02.104222 np0000005702 nova-scheduler[96599]: DEBUG cotyledon.oslo_config_glue [-] profiler.sentinel_service_name = mymaster {{(pid=96599) log_opt_values /opt/stack/data/venv/lib/python3.12/site-packages/oslo_config/cfg.py:3253}}
Jul 23 03:39:02.104222 np0000005702 nova-scheduler[96599]: DEBUG cotyledon.oslo_config_glue [-] profiler.socket_timeout = 0.1 {{(pid=96599) log_opt_values /opt/stack/data/venv/lib/python3.12/site-packages/oslo_config/cfg.py:3253}}
Jul 23 03:39:02.104222 np0000005702 nova-scheduler[96599]: DEBUG cotyledon.oslo_config_glue [-] profiler.trace_requests = False {{(pid=96599) log_opt_values /opt/stack/data/venv/lib/python3.12/site-packages/oslo_config/cfg.py:3253}}
Jul 23 03:39:02.104222 np0000005702 nova-scheduler[96599]: DEBUG cotyledon.oslo_config_glue [-] profiler.trace_sqlalchemy = False {{(pid=96599) log_opt_values /opt/stack/data/venv/lib/python3.12/site-packages/oslo_config/cfg.py:3253}}
Jul 23 03:39:02.104222 np0000005702 nova-scheduler[96599]: DEBUG cotyledon.oslo_config_glue [-] profiler_jaeger.process_tags = {} {{(pid=96599) log_opt_values /opt/stack/data/venv/lib/python3.12/site-packages/oslo_config/cfg.py:3253}}
Jul 23 03:39:02.104222 np0000005702 nova-scheduler[96599]: DEBUG cotyledon.oslo_config_glue [-] profiler_jaeger.service_name_prefix = None {{(pid=96599) log_opt_values /opt/stack/data/venv/lib/python3.12/site-packages/oslo_config/cfg.py:3253}}
Jul 23 03:39:02.104222 np0000005702 nova-scheduler[96599]: DEBUG cotyledon.oslo_config_glue [-] profiler_otlp.service_name_prefix = None {{(pid=96599) log_opt_values /opt/stack/data/venv/lib/python3.12/site-packages/oslo_config/cfg.py:3253}}
Jul 23 03:39:02.104222 np0000005702 nova-scheduler[96599]: DEBUG cotyledon.oslo_config_glue [-] oslo_messaging_rabbit.amqp_auto_delete = False {{(pid=96599) log_opt_values /opt/stack/data/venv/lib/python3.12/site-packages/oslo_config/cfg.py:3253}}
Jul 23 03:39:02.104222 np0000005702 nova-scheduler[96599]: DEBUG cotyledon.oslo_config_glue [-] oslo_messaging_rabbit.amqp_durable_queues = False {{(pid=96599) log_opt_values /opt/stack/data/venv/lib/python3.12/site-packages/oslo_config/cfg.py:3253}}
Jul 23 03:39:02.104490 np0000005702 nova-scheduler[96599]: DEBUG cotyledon.oslo_config_glue [-] oslo_messaging_rabbit.conn_pool_min_size = 2 {{(pid=96599) log_opt_values /opt/stack/data/venv/lib/python3.12/site-packages/oslo_config/cfg.py:3253}}
Jul 23 03:39:02.104490 np0000005702 nova-scheduler[96599]: DEBUG cotyledon.oslo_config_glue [-] oslo_messaging_rabbit.conn_pool_ttl = 1200 {{(pid=96599) log_opt_values /opt/stack/data/venv/lib/python3.12/site-packages/oslo_config/cfg.py:3253}}
Jul 23 03:39:02.104490 np0000005702 nova-scheduler[96599]: DEBUG cotyledon.oslo_config_glue [-] oslo_messaging_rabbit.direct_mandatory_flag = True {{(pid=96599) log_opt_values /opt/stack/data/venv/lib/python3.12/site-packages/oslo_config/cfg.py:3253}}
Jul 23 03:39:02.104490 np0000005702 nova-scheduler[96599]: DEBUG cotyledon.oslo_config_glue [-] oslo_messaging_rabbit.enable_cancel_on_failover = False {{(pid=96599) log_opt_values /opt/stack/data/venv/lib/python3.12/site-packages/oslo_config/cfg.py:3253}}
Jul 23 03:39:02.104490 np0000005702 nova-scheduler[96599]: DEBUG cotyledon.oslo_config_glue [-] oslo_messaging_rabbit.heartbeat_rate = 3 {{(pid=96599) log_opt_values /opt/stack/data/venv/lib/python3.12/site-packages/oslo_config/cfg.py:3253}}
Jul 23 03:39:02.104490 np0000005702 nova-scheduler[96599]: DEBUG cotyledon.oslo_config_glue [-] oslo_messaging_rabbit.heartbeat_timeout_threshold = 60 {{(pid=96599) log_opt_values /opt/stack/data/venv/lib/python3.12/site-packages/oslo_config/cfg.py:3253}}
Jul 23 03:39:02.104490 np0000005702 nova-scheduler[96599]: DEBUG cotyledon.oslo_config_glue [-] oslo_messaging_rabbit.hostname = np0000005702 {{(pid=96599) log_opt_values /opt/stack/data/venv/lib/python3.12/site-packages/oslo_config/cfg.py:3253}}
Jul 23 03:39:02.104490 np0000005702 nova-scheduler[96599]: DEBUG cotyledon.oslo_config_glue [-] oslo_messaging_rabbit.kombu_compression = None {{(pid=96599) log_opt_values /opt/stack/data/venv/lib/python3.12/site-packages/oslo_config/cfg.py:3253}}
Jul 23 03:39:02.104490 np0000005702 nova-scheduler[96599]: DEBUG cotyledon.oslo_config_glue [-] oslo_messaging_rabbit.kombu_failover_strategy = round-robin {{(pid=96599) log_opt_values /opt/stack/data/venv/lib/python3.12/site-packages/oslo_config/cfg.py:3253}}
Jul 23 03:39:02.104740 np0000005702 nova-scheduler[96599]: DEBUG cotyledon.oslo_config_glue [-] oslo_messaging_rabbit.kombu_missing_consumer_retry_timeout = 60 {{(pid=96599) log_opt_values /opt/stack/data/venv/lib/python3.12/site-packages/oslo_config/cfg.py:3253}}
Jul 23 03:39:02.104740 np0000005702 nova-scheduler[96599]: DEBUG cotyledon.oslo_config_glue [-] oslo_messaging_rabbit.kombu_reconnect_delay = 1.0 {{(pid=96599) log_opt_values /opt/stack/data/venv/lib/python3.12/site-packages/oslo_config/cfg.py:3253}}
Jul 23 03:39:02.104740 np0000005702 nova-scheduler[96599]: DEBUG cotyledon.oslo_config_glue [-] oslo_messaging_rabbit.kombu_reconnect_splay = 0.0 {{(pid=96599) log_opt_values /opt/stack/data/venv/lib/python3.12/site-packages/oslo_config/cfg.py:3253}}
Jul 23 03:39:02.104824 np0000005702 nova-scheduler[96592]: DEBUG dbcounter [-] [96592] Writer thread running {{(pid=96592) stat_writer /opt/stack/data/venv/lib/python3.12/site-packages/dbcounter.py:102}}
Jul 23 03:39:02.104868 np0000005702 nova-scheduler[96599]: DEBUG cotyledon.oslo_config_glue [-] oslo_messaging_rabbit.processname = nova-scheduler {{(pid=96599) log_opt_values /opt/stack/data/venv/lib/python3.12/site-packages/oslo_config/cfg.py:3253}}
Jul 23 03:39:02.104868 np0000005702 nova-scheduler[96599]: DEBUG cotyledon.oslo_config_glue [-] oslo_messaging_rabbit.rabbit_ha_queues = False {{(pid=96599) log_opt_values /opt/stack/data/venv/lib/python3.12/site-packages/oslo_config/cfg.py:3253}}
Jul 23 03:39:02.104868 np0000005702 nova-scheduler[96599]: DEBUG cotyledon.oslo_config_glue [-] oslo_messaging_rabbit.rabbit_interval_max = 30 {{(pid=96599) log_opt_values /opt/stack/data/venv/lib/python3.12/site-packages/oslo_config/cfg.py:3253}}
Jul 23 03:39:02.104868 np0000005702 nova-scheduler[96599]: DEBUG cotyledon.oslo_config_glue [-] oslo_messaging_rabbit.rabbit_login_method = AMQPLAIN {{(pid=96599) log_opt_values /opt/stack/data/venv/lib/python3.12/site-packages/oslo_config/cfg.py:3253}}
Jul 23 03:39:02.104868 np0000005702 nova-scheduler[96599]: DEBUG cotyledon.oslo_config_glue [-] oslo_messaging_rabbit.rabbit_qos_prefetch_count = 0 {{(pid=96599) log_opt_values /opt/stack/data/venv/lib/python3.12/site-packages/oslo_config/cfg.py:3253}}
Jul 23 03:39:02.104868 np0000005702 nova-scheduler[96599]: DEBUG cotyledon.oslo_config_glue [-] oslo_messaging_rabbit.rabbit_quorum_delivery_limit = 0 {{(pid=96599) log_opt_values /opt/stack/data/venv/lib/python3.12/site-packages/oslo_config/cfg.py:3253}}
Jul 23 03:39:02.104868 np0000005702 nova-scheduler[96599]: DEBUG cotyledon.oslo_config_glue [-] oslo_messaging_rabbit.rabbit_quorum_max_memory_bytes = 0 {{(pid=96599) log_opt_values /opt/stack/data/venv/lib/python3.12/site-packages/oslo_config/cfg.py:3253}}
Jul 23 03:39:02.104868 np0000005702 nova-scheduler[96599]: DEBUG cotyledon.oslo_config_glue [-] oslo_messaging_rabbit.rabbit_quorum_max_memory_length = 0 {{(pid=96599) log_opt_values /opt/stack/data/venv/lib/python3.12/site-packages/oslo_config/cfg.py:3253}}
Jul 23 03:39:02.104868 np0000005702 nova-scheduler[96599]: DEBUG cotyledon.oslo_config_glue [-] oslo_messaging_rabbit.rabbit_quorum_queue = False {{(pid=96599) log_opt_values /opt/stack/data/venv/lib/python3.12/site-packages/oslo_config/cfg.py:3253}}
Jul 23 03:39:02.105160 np0000005702 nova-scheduler[96599]: DEBUG cotyledon.oslo_config_glue [-] oslo_messaging_rabbit.rabbit_retry_backoff = 2 {{(pid=96599) log_opt_values /opt/stack/data/venv/lib/python3.12/site-packages/oslo_config/cfg.py:3253}}
Jul 23 03:39:02.105160 np0000005702 nova-scheduler[96599]: DEBUG cotyledon.oslo_config_glue [-] oslo_messaging_rabbit.rabbit_retry_interval = 1 {{(pid=96599) log_opt_values /opt/stack/data/venv/lib/python3.12/site-packages/oslo_config/cfg.py:3253}}
Jul 23 03:39:02.105160 np0000005702 nova-scheduler[96599]: DEBUG cotyledon.oslo_config_glue [-] oslo_messaging_rabbit.rabbit_stream_fanout = False {{(pid=96599) log_opt_values /opt/stack/data/venv/lib/python3.12/site-packages/oslo_config/cfg.py:3253}}
Jul 23 03:39:02.105160 np0000005702 nova-scheduler[96599]: DEBUG cotyledon.oslo_config_glue [-] oslo_messaging_rabbit.rabbit_transient_queues_ttl = 1800 {{(pid=96599) log_opt_values /opt/stack/data/venv/lib/python3.12/site-packages/oslo_config/cfg.py:3253}}
Jul 23 03:39:02.105160 np0000005702 nova-scheduler[96599]: DEBUG cotyledon.oslo_config_glue [-] oslo_messaging_rabbit.rabbit_transient_quorum_queue = False {{(pid=96599) log_opt_values /opt/stack/data/venv/lib/python3.12/site-packages/oslo_config/cfg.py:3253}}
Jul 23 03:39:02.105160 np0000005702 nova-scheduler[96599]: DEBUG cotyledon.oslo_config_glue [-] oslo_messaging_rabbit.rpc_conn_pool_size = 30 {{(pid=96599) log_opt_values /opt/stack/data/venv/lib/python3.12/site-packages/oslo_config/cfg.py:3253}}
Jul 23 03:39:02.105160 np0000005702 nova-scheduler[96599]: DEBUG cotyledon.oslo_config_glue [-] oslo_messaging_rabbit.ssl = False {{(pid=96599) log_opt_values /opt/stack/data/venv/lib/python3.12/site-packages/oslo_config/cfg.py:3253}}
Jul 23 03:39:02.105160 np0000005702 nova-scheduler[96599]: DEBUG cotyledon.oslo_config_glue [-] oslo_messaging_rabbit.ssl_ca_file = {{(pid=96599) log_opt_values /opt/stack/data/venv/lib/python3.12/site-packages/oslo_config/cfg.py:3253}}
Jul 23 03:39:02.105160 np0000005702 nova-scheduler[96599]: DEBUG cotyledon.oslo_config_glue [-] oslo_messaging_rabbit.ssl_cert_file = {{(pid=96599) log_opt_values /opt/stack/data/venv/lib/python3.12/site-packages/oslo_config/cfg.py:3253}}
Jul 23 03:39:02.105466 np0000005702 nova-scheduler[96599]: DEBUG cotyledon.oslo_config_glue [-] oslo_messaging_rabbit.ssl_enforce_fips_mode = False {{(pid=96599) log_opt_values /opt/stack/data/venv/lib/python3.12/site-packages/oslo_config/cfg.py:3253}}
Jul 23 03:39:02.105466 np0000005702 nova-scheduler[96599]: DEBUG cotyledon.oslo_config_glue [-] oslo_messaging_rabbit.ssl_enforce_hostname_verification = True {{(pid=96599) log_opt_values /opt/stack/data/venv/lib/python3.12/site-packages/oslo_config/cfg.py:3253}}
Jul 23 03:39:02.105466 np0000005702 nova-scheduler[96599]: DEBUG cotyledon.oslo_config_glue [-] oslo_messaging_rabbit.ssl_key_file = {{(pid=96599) log_opt_values /opt/stack/data/venv/lib/python3.12/site-packages/oslo_config/cfg.py:3253}}
Jul 23 03:39:02.105466 np0000005702 nova-scheduler[96599]: DEBUG cotyledon.oslo_config_glue [-] oslo_messaging_rabbit.ssl_version = {{(pid=96599) log_opt_values /opt/stack/data/venv/lib/python3.12/site-packages/oslo_config/cfg.py:3253}}
Jul 23 03:39:02.105466 np0000005702 nova-scheduler[96599]: DEBUG cotyledon.oslo_config_glue [-] oslo_messaging_rabbit.use_queue_manager = False {{(pid=96599) log_opt_values /opt/stack/data/venv/lib/python3.12/site-packages/oslo_config/cfg.py:3253}}
Jul 23 03:39:02.105466 np0000005702 nova-scheduler[96599]: DEBUG cotyledon.oslo_config_glue [-] oslo_messaging_notifications.driver = ['messagingv2'] {{(pid=96599) log_opt_values /opt/stack/data/venv/lib/python3.12/site-packages/oslo_config/cfg.py:3253}}
Jul 23 03:39:02.105466 np0000005702 nova-scheduler[96599]: DEBUG cotyledon.oslo_config_glue [-] oslo_messaging_notifications.retry = -1 {{(pid=96599) log_opt_values /opt/stack/data/venv/lib/python3.12/site-packages/oslo_config/cfg.py:3253}}
Jul 23 03:39:02.105466 np0000005702 nova-scheduler[96599]: DEBUG cotyledon.oslo_config_glue [-] oslo_messaging_notifications.topics = ['notifications'] {{(pid=96599) log_opt_values /opt/stack/data/venv/lib/python3.12/site-packages/oslo_config/cfg.py:3253}}
Jul 23 03:39:02.105466 np0000005702 nova-scheduler[96599]: DEBUG cotyledon.oslo_config_glue [-] oslo_messaging_notifications.transport_url = **** {{(pid=96599) log_opt_values /opt/stack/data/venv/lib/python3.12/site-packages/oslo_config/cfg.py:3253}}
Jul 23 03:39:02.105727 np0000005702 nova-scheduler[96599]: DEBUG cotyledon.oslo_config_glue [-] oslo_limit.auth_section = None {{(pid=96599) log_opt_values /opt/stack/data/venv/lib/python3.12/site-packages/oslo_config/cfg.py:3253}}
Jul 23 03:39:02.105727 np0000005702 nova-scheduler[96599]: DEBUG cotyledon.oslo_config_glue [-] oslo_limit.auth_type = None {{(pid=96599) log_opt_values /opt/stack/data/venv/lib/python3.12/site-packages/oslo_config/cfg.py:3253}}
Jul 23 03:39:02.105727 np0000005702 nova-scheduler[96599]: DEBUG cotyledon.oslo_config_glue [-] oslo_limit.cafile = None {{(pid=96599) log_opt_values /opt/stack/data/venv/lib/python3.12/site-packages/oslo_config/cfg.py:3253}}
Jul 23 03:39:02.105727 np0000005702 nova-scheduler[96599]: DEBUG cotyledon.oslo_config_glue [-] oslo_limit.certfile = None {{(pid=96599) log_opt_values /opt/stack/data/venv/lib/python3.12/site-packages/oslo_config/cfg.py:3253}}
Jul 23 03:39:02.105727 np0000005702 nova-scheduler[96599]: DEBUG cotyledon.oslo_config_glue [-] oslo_limit.collect_timing = False {{(pid=96599) log_opt_values /opt/stack/data/venv/lib/python3.12/site-packages/oslo_config/cfg.py:3253}}
Jul 23 03:39:02.105727 np0000005702 nova-scheduler[96599]: DEBUG cotyledon.oslo_config_glue [-] oslo_limit.connect_retries = None {{(pid=96599) log_opt_values /opt/stack/data/venv/lib/python3.12/site-packages/oslo_config/cfg.py:3253}}
Jul 23 03:39:02.105727 np0000005702 nova-scheduler[96599]: DEBUG cotyledon.oslo_config_glue [-] oslo_limit.connect_retry_delay = None {{(pid=96599) log_opt_values /opt/stack/data/venv/lib/python3.12/site-packages/oslo_config/cfg.py:3253}}
Jul 23 03:39:02.105727 np0000005702 nova-scheduler[96599]: DEBUG cotyledon.oslo_config_glue [-] oslo_limit.endpoint_id = None {{(pid=96599) log_opt_values /opt/stack/data/venv/lib/python3.12/site-packages/oslo_config/cfg.py:3253}}
Jul 23 03:39:02.105727 np0000005702 nova-scheduler[96599]: DEBUG cotyledon.oslo_config_glue [-] oslo_limit.endpoint_interface = public {{(pid=96599) log_opt_values /opt/stack/data/venv/lib/python3.12/site-packages/oslo_config/cfg.py:3253}}
Jul 23 03:39:02.106002 np0000005702 nova-scheduler[96599]: DEBUG cotyledon.oslo_config_glue [-] oslo_limit.endpoint_override = None {{(pid=96599) log_opt_values /opt/stack/data/venv/lib/python3.12/site-packages/oslo_config/cfg.py:3253}}
Jul 23 03:39:02.106002 np0000005702 nova-scheduler[96599]: DEBUG cotyledon.oslo_config_glue [-] oslo_limit.endpoint_region_name = None {{(pid=96599) log_opt_values /opt/stack/data/venv/lib/python3.12/site-packages/oslo_config/cfg.py:3253}}
Jul 23 03:39:02.106002 np0000005702 nova-scheduler[96599]: DEBUG cotyledon.oslo_config_glue [-] oslo_limit.endpoint_service_name = None {{(pid=96599) log_opt_values /opt/stack/data/venv/lib/python3.12/site-packages/oslo_config/cfg.py:3253}}
Jul 23 03:39:02.106002 np0000005702 nova-scheduler[96599]: DEBUG cotyledon.oslo_config_glue [-] oslo_limit.endpoint_service_type = None {{(pid=96599) log_opt_values /opt/stack/data/venv/lib/python3.12/site-packages/oslo_config/cfg.py:3253}}
Jul 23 03:39:02.106002 np0000005702 nova-scheduler[96599]: DEBUG cotyledon.oslo_config_glue [-] oslo_limit.insecure = False {{(pid=96599) log_opt_values /opt/stack/data/venv/lib/python3.12/site-packages/oslo_config/cfg.py:3253}}
Jul 23 03:39:02.106002 np0000005702 nova-scheduler[96599]: DEBUG cotyledon.oslo_config_glue [-] oslo_limit.keyfile = None {{(pid=96599) log_opt_values /opt/stack/data/venv/lib/python3.12/site-packages/oslo_config/cfg.py:3253}}
Jul 23 03:39:02.106002 np0000005702 nova-scheduler[96599]: DEBUG cotyledon.oslo_config_glue [-] oslo_limit.max_version = None {{(pid=96599) log_opt_values /opt/stack/data/venv/lib/python3.12/site-packages/oslo_config/cfg.py:3253}}
Jul 23 03:39:02.106002 np0000005702 nova-scheduler[96599]: DEBUG cotyledon.oslo_config_glue [-] oslo_limit.min_version = None {{(pid=96599) log_opt_values /opt/stack/data/venv/lib/python3.12/site-packages/oslo_config/cfg.py:3253}}
Jul 23 03:39:02.106002 np0000005702 nova-scheduler[96599]: DEBUG cotyledon.oslo_config_glue [-] oslo_limit.region_name = None {{(pid=96599) log_opt_values /opt/stack/data/venv/lib/python3.12/site-packages/oslo_config/cfg.py:3253}}
Jul 23 03:39:02.106267 np0000005702 nova-scheduler[96599]: DEBUG cotyledon.oslo_config_glue [-] oslo_limit.retriable_status_codes = None {{(pid=96599) log_opt_values /opt/stack/data/venv/lib/python3.12/site-packages/oslo_config/cfg.py:3253}}
Jul 23 03:39:02.106267 np0000005702 nova-scheduler[96599]: DEBUG cotyledon.oslo_config_glue [-] oslo_limit.service_name = None {{(pid=96599) log_opt_values /opt/stack/data/venv/lib/python3.12/site-packages/oslo_config/cfg.py:3253}}
Jul 23 03:39:02.106267 np0000005702 nova-scheduler[96599]: DEBUG cotyledon.oslo_config_glue [-] oslo_limit.service_type = None {{(pid=96599) log_opt_values /opt/stack/data/venv/lib/python3.12/site-packages/oslo_config/cfg.py:3253}}
Jul 23 03:39:02.106267 np0000005702 nova-scheduler[96599]: DEBUG cotyledon.oslo_config_glue [-] oslo_limit.split_loggers = False {{(pid=96599) log_opt_values /opt/stack/data/venv/lib/python3.12/site-packages/oslo_config/cfg.py:3253}}
Jul 23 03:39:02.106267 np0000005702 nova-scheduler[96599]: DEBUG cotyledon.oslo_config_glue [-] oslo_limit.status_code_retries = None {{(pid=96599) log_opt_values /opt/stack/data/venv/lib/python3.12/site-packages/oslo_config/cfg.py:3253}}
Jul 23 03:39:02.106267 np0000005702 nova-scheduler[96599]: DEBUG cotyledon.oslo_config_glue [-] oslo_limit.status_code_retry_delay = None {{(pid=96599) log_opt_values /opt/stack/data/venv/lib/python3.12/site-packages/oslo_config/cfg.py:3253}}
Jul 23 03:39:02.106442 np0000005702 nova-scheduler[96599]: DEBUG cotyledon.oslo_config_glue [-] oslo_limit.timeout = None {{(pid=96599) log_opt_values /opt/stack/data/venv/lib/python3.12/site-packages/oslo_config/cfg.py:3253}}
Jul 23 03:39:02.106442 np0000005702 nova-scheduler[96599]: DEBUG cotyledon.oslo_config_glue [-] oslo_limit.valid_interfaces = None {{(pid=96599) log_opt_values /opt/stack/data/venv/lib/python3.12/site-packages/oslo_config/cfg.py:3253}}
Jul 23 03:39:02.106497 np0000005702 nova-scheduler[96599]: DEBUG cotyledon.oslo_config_glue [-] oslo_limit.version = None {{(pid=96599) log_opt_values /opt/stack/data/venv/lib/python3.12/site-packages/oslo_config/cfg.py:3253}}
Jul 23 03:39:02.106559 np0000005702 nova-scheduler[96599]: DEBUG cotyledon.oslo_config_glue [-] oslo_reports.file_event_handler = None {{(pid=96599) log_opt_values /opt/stack/data/venv/lib/python3.12/site-packages/oslo_config/cfg.py:3253}}
Jul 23 03:39:02.106682 np0000005702 nova-scheduler[96599]: DEBUG cotyledon.oslo_config_glue [-] oslo_reports.file_event_handler_interval = 1 {{(pid=96599) log_opt_values /opt/stack/data/venv/lib/python3.12/site-packages/oslo_config/cfg.py:3253}}
Jul 23 03:39:02.106728 np0000005702 nova-scheduler[96599]: DEBUG cotyledon.oslo_config_glue [-] oslo_reports.log_dir = None {{(pid=96599) log_opt_values /opt/stack/data/venv/lib/python3.12/site-packages/oslo_config/cfg.py:3253}}
Jul 23 03:39:02.106807 np0000005702 nova-scheduler[96599]: DEBUG cotyledon.oslo_config_glue [-] ******************************************************************************** {{(pid=96599) log_opt_values /opt/stack/data/venv/lib/python3.12/site-packages/oslo_config/cfg.py:3260}}
Jul 23 03:39:02.107032 np0000005702 nova-scheduler[96599]: DEBUG cotyledon._service_worker [-] Run service ServiceWrapper(3) [96599] {{(pid=96599) wait_forever /opt/stack/data/venv/lib/python3.12/site-packages/cotyledon/_service_worker.py:218}}
Jul 23 03:39:02.108300 np0000005702 nova-scheduler[96599]: INFO nova.service [-] Starting scheduler node (version 33.1.0)
Jul 23 03:39:02.113588 np0000005702 nova-scheduler[96599]: INFO dbcounter [None req-2e25fdd1-24a7-4360-b589-bdfd7be5e3cc None None] Registered counter for database nova_cell0
Jul 23 03:39:02.123141 np0000005702 nova-scheduler[96592]: DEBUG nova.service [None req-7144e79c-5704-4041-9ace-1dd20ba217f0 None None] Creating RPC server for service: nova-scheduler on topic: scheduler {{(pid=96592) start /opt/stack/nova/nova/service.py:196}}
Jul 23 03:39:02.142424 np0000005702 nova-scheduler[96594]: DEBUG oslo_db.sqlalchemy.engines [None req-6f58ca44-dfc2-4c2a-8645-b88a28bd4655 None None] MySQL server mode set to STRICT_TRANS_TABLES,STRICT_ALL_TABLES,NO_ZERO_IN_DATE,NO_ZERO_DATE,ERROR_FOR_DIVISION_BY_ZERO,TRADITIONAL,NO_ENGINE_SUBSTITUTION {{(pid=96594) _check_effective_sql_mode /opt/stack/data/venv/lib/python3.12/site-packages/oslo_db/sqlalchemy/engines.py:325}}
Jul 23 03:39:02.149355 np0000005702 nova-scheduler[96596]: DEBUG oslo_db.sqlalchemy.engines [None req-f5ab0e60-4581-44b0-b2de-e003d716f48c None None] MySQL server mode set to STRICT_TRANS_TABLES,STRICT_ALL_TABLES,NO_ZERO_IN_DATE,NO_ZERO_DATE,ERROR_FOR_DIVISION_BY_ZERO,TRADITIONAL,NO_ENGINE_SUBSTITUTION {{(pid=96596) _check_effective_sql_mode /opt/stack/data/venv/lib/python3.12/site-packages/oslo_db/sqlalchemy/engines.py:325}}
Jul 23 03:39:02.154661 np0000005702 nova-scheduler[96592]: DEBUG nova.service [None req-7144e79c-5704-4041-9ace-1dd20ba217f0 None None] Join ServiceGroup membership for this service scheduler {{(pid=96592) start /opt/stack/nova/nova/service.py:222}}
Jul 23 03:39:02.154827 np0000005702 nova-scheduler[96594]: DEBUG dbcounter [-] [96594] Writer thread running {{(pid=96594) stat_writer /opt/stack/data/venv/lib/python3.12/site-packages/dbcounter.py:102}}
Jul 23 03:39:02.154883 np0000005702 nova-scheduler[96592]: DEBUG nova.servicegroup.drivers.db [None req-7144e79c-5704-4041-9ace-1dd20ba217f0 None None] DB_Driver: join new ServiceGroup member np0000005702 to the scheduler group, service = {{(pid=96592) join /opt/stack/nova/nova/servicegroup/drivers/db.py:44}}
Jul 23 03:39:02.158341 np0000005702 nova-scheduler[96594]: DEBUG nova.service [None req-6f58ca44-dfc2-4c2a-8645-b88a28bd4655 None None] Creating RPC server for service: nova-scheduler on topic: scheduler {{(pid=96594) start /opt/stack/nova/nova/service.py:196}}
Jul 23 03:39:02.160413 np0000005702 nova-scheduler[96596]: DEBUG dbcounter [-] [96596] Writer thread running {{(pid=96596) stat_writer /opt/stack/data/venv/lib/python3.12/site-packages/dbcounter.py:102}}
Jul 23 03:39:02.164369 np0000005702 nova-scheduler[96599]: DEBUG oslo_db.sqlalchemy.engines [None req-2e25fdd1-24a7-4360-b589-bdfd7be5e3cc None None] MySQL server mode set to STRICT_TRANS_TABLES,STRICT_ALL_TABLES,NO_ZERO_IN_DATE,NO_ZERO_DATE,ERROR_FOR_DIVISION_BY_ZERO,TRADITIONAL,NO_ENGINE_SUBSTITUTION {{(pid=96599) _check_effective_sql_mode /opt/stack/data/venv/lib/python3.12/site-packages/oslo_db/sqlalchemy/engines.py:325}}
Jul 23 03:39:02.164629 np0000005702 nova-scheduler[96596]: DEBUG nova.service [None req-f5ab0e60-4581-44b0-b2de-e003d716f48c None None] Creating RPC server for service: nova-scheduler on topic: scheduler {{(pid=96596) start /opt/stack/nova/nova/service.py:196}}
Jul 23 03:39:02.176092 np0000005702 nova-scheduler[96599]: DEBUG dbcounter [-] [96599] Writer thread running {{(pid=96599) stat_writer /opt/stack/data/venv/lib/python3.12/site-packages/dbcounter.py:102}}
Jul 23 03:39:02.179191 np0000005702 nova-scheduler[96594]: DEBUG nova.service [None req-6f58ca44-dfc2-4c2a-8645-b88a28bd4655 None None] Join ServiceGroup membership for this service scheduler {{(pid=96594) start /opt/stack/nova/nova/service.py:222}}
Jul 23 03:39:02.179606 np0000005702 nova-scheduler[96594]: DEBUG nova.servicegroup.drivers.db [None req-6f58ca44-dfc2-4c2a-8645-b88a28bd4655 None None] DB_Driver: join new ServiceGroup member np0000005702 to the scheduler group, service = {{(pid=96594) join /opt/stack/nova/nova/servicegroup/drivers/db.py:44}}
Jul 23 03:39:02.180275 np0000005702 nova-scheduler[96599]: DEBUG nova.service [None req-2e25fdd1-24a7-4360-b589-bdfd7be5e3cc None None] Creating RPC server for service: nova-scheduler on topic: scheduler {{(pid=96599) start /opt/stack/nova/nova/service.py:196}}
Jul 23 03:39:02.183454 np0000005702 nova-scheduler[96596]: DEBUG nova.service [None req-f5ab0e60-4581-44b0-b2de-e003d716f48c None None] Join ServiceGroup membership for this service scheduler {{(pid=96596) start /opt/stack/nova/nova/service.py:222}}
Jul 23 03:39:02.183935 np0000005702 nova-scheduler[96596]: DEBUG nova.servicegroup.drivers.db [None req-f5ab0e60-4581-44b0-b2de-e003d716f48c None None] DB_Driver: join new ServiceGroup member np0000005702 to the scheduler group, service = {{(pid=96596) join /opt/stack/nova/nova/servicegroup/drivers/db.py:44}}
Jul 23 03:39:02.198019 np0000005702 nova-scheduler[96599]: DEBUG nova.service [None req-2e25fdd1-24a7-4360-b589-bdfd7be5e3cc None None] Join ServiceGroup membership for this service scheduler {{(pid=96599) start /opt/stack/nova/nova/service.py:222}}
Jul 23 03:39:02.198187 np0000005702 nova-scheduler[96599]: DEBUG nova.servicegroup.drivers.db [None req-2e25fdd1-24a7-4360-b589-bdfd7be5e3cc None None] DB_Driver: join new ServiceGroup member np0000005702 to the scheduler group, service = {{(pid=96599) join /opt/stack/nova/nova/servicegroup/drivers/db.py:44}}
Jul 23 03:39:07.167980 np0000005702 nova-scheduler[96592]: DEBUG oslo.service.backend._threading.loopingcall [-] Fixed interval looping call 'nova.servicegroup.drivers.db.DbDriver._report_state' sleeping for 119.99 seconds {{(pid=96592) _run_loop /opt/stack/data/venv/lib/python3.12/site-packages/oslo_service/backend/_threading/loopingcall.py:125}}
Jul 23 03:39:07.195358 np0000005702 nova-scheduler[96594]: DEBUG oslo.service.backend._threading.loopingcall [-] Fixed interval looping call 'nova.servicegroup.drivers.db.DbDriver._report_state' sleeping for 119.99 seconds {{(pid=96594) _run_loop /opt/stack/data/venv/lib/python3.12/site-packages/oslo_service/backend/_threading/loopingcall.py:125}}
Jul 23 03:39:07.197313 np0000005702 nova-scheduler[96596]: DEBUG oslo.service.backend._threading.loopingcall [-] Fixed interval looping call 'nova.servicegroup.drivers.db.DbDriver._report_state' sleeping for 119.99 seconds {{(pid=96596) _run_loop /opt/stack/data/venv/lib/python3.12/site-packages/oslo_service/backend/_threading/loopingcall.py:125}}
Jul 23 03:39:07.209132 np0000005702 nova-scheduler[96599]: DEBUG oslo.service.backend._threading.loopingcall [-] Fixed interval looping call 'nova.servicegroup.drivers.db.DbDriver._report_state' sleeping for 119.99 seconds {{(pid=96599) _run_loop /opt/stack/data/venv/lib/python3.12/site-packages/oslo_service/backend/_threading/loopingcall.py:125}}
Jul 23 03:39:10.714660 np0000005702 nova-scheduler[95386]: DEBUG dbcounter [-] [95386] Writing DB stats nova_api:SELECT=3 {{(pid=95386) stat_writer /opt/stack/data/venv/lib/python3.12/site-packages/dbcounter.py:115}}
Jul 23 03:39:10.861367 np0000005702 nova-scheduler[95386]: DEBUG dbcounter [-] [95386] Writing DB stats nova_cell0:SELECT=1 {{(pid=95386) stat_writer /opt/stack/data/venv/lib/python3.12/site-packages/dbcounter.py:115}}
Jul 23 03:39:10.865163 np0000005702 nova-scheduler[95386]: DEBUG dbcounter [-] [95386] Writing DB stats nova_cell1:SELECT=1 {{(pid=95386) stat_writer /opt/stack/data/venv/lib/python3.12/site-packages/dbcounter.py:115}}
Jul 23 03:39:17.167932 np0000005702 nova-scheduler[96592]: DEBUG dbcounter [-] [96592] Writing DB stats nova_cell0:SELECT=4,nova_cell0:INSERT=1,nova_cell0:UPDATE=1 {{(pid=96592) stat_writer /opt/stack/data/venv/lib/python3.12/site-packages/dbcounter.py:115}}
Jul 23 03:39:17.192032 np0000005702 nova-scheduler[96594]: DEBUG dbcounter [-] [96594] Writing DB stats nova_cell0:SELECT=3 {{(pid=96594) stat_writer /opt/stack/data/venv/lib/python3.12/site-packages/dbcounter.py:115}}
Jul 23 03:39:17.192932 np0000005702 nova-scheduler[96596]: DEBUG dbcounter [-] [96596] Writing DB stats nova_cell0:SELECT=3 {{(pid=96596) stat_writer /opt/stack/data/venv/lib/python3.12/site-packages/dbcounter.py:115}}
Jul 23 03:39:17.206205 np0000005702 nova-scheduler[96599]: DEBUG dbcounter [-] [96599] Writing DB stats nova_cell0:SELECT=3 {{(pid=96599) stat_writer /opt/stack/data/venv/lib/python3.12/site-packages/dbcounter.py:115}}
Jul 23 03:39:18.182024 np0000005702 nova-scheduler[96594]: DEBUG oslo.service.backend._threading.loopingcall [None req-361f60e0-2898-473e-b7d2-ff4bfbaa198a None None] Dynamic interval looping call 'nova.service.Service.periodic_tasks' sleeping for 60.00 seconds {{(pid=96594) _run_loop /opt/stack/data/venv/lib/python3.12/site-packages/oslo_service/backend/_threading/loopingcall.py:125}}
Jul 23 03:39:21.158551 np0000005702 nova-scheduler[96592]: DEBUG oslo.service.backend._threading.loopingcall [None req-c519e35a-e922-4a0d-b100-df5112eb8ac5 None None] Dynamic interval looping call 'nova.service.Service.periodic_tasks' sleeping for 60.00 seconds {{(pid=96592) _run_loop /opt/stack/data/venv/lib/python3.12/site-packages/oslo_service/backend/_threading/loopingcall.py:125}}
Jul 23 03:39:24.186153 np0000005702 nova-scheduler[96596]: DEBUG oslo.service.backend._threading.loopingcall [None req-513ef845-a393-4389-9dd9-2f57fddcb0fd None None] Dynamic interval looping call 'nova.service.Service.periodic_tasks' sleeping for 60.00 seconds {{(pid=96596) _run_loop /opt/stack/data/venv/lib/python3.12/site-packages/oslo_service/backend/_threading/loopingcall.py:125}}
Jul 23 03:39:33.200132 np0000005702 nova-scheduler[96599]: DEBUG oslo.service.backend._threading.loopingcall [None req-739fac68-f638-4fd6-b08e-c61914a1d6ad None None] Dynamic interval looping call 'nova.service.Service.periodic_tasks' sleeping for 60.00 seconds {{(pid=96599) _run_loop /opt/stack/data/venv/lib/python3.12/site-packages/oslo_service/backend/_threading/loopingcall.py:125}}
Jul 23 03:40:18.182522 np0000005702 nova-scheduler[96594]: DEBUG oslo.service.backend._threading.loopingcall [None req-361f60e0-2898-473e-b7d2-ff4bfbaa198a None None] Dynamic interval looping call 'nova.service.Service.periodic_tasks' sleeping for 60.00 seconds {{(pid=96594) _run_loop /opt/stack/data/venv/lib/python3.12/site-packages/oslo_service/backend/_threading/loopingcall.py:125}}
Jul 23 03:40:21.158236 np0000005702 nova-scheduler[96592]: DEBUG oslo.service.backend._threading.loopingcall [None req-c519e35a-e922-4a0d-b100-df5112eb8ac5 None None] Dynamic interval looping call 'nova.service.Service.periodic_tasks' sleeping for 60.00 seconds {{(pid=96592) _run_loop /opt/stack/data/venv/lib/python3.12/site-packages/oslo_service/backend/_threading/loopingcall.py:125}}
Jul 23 03:40:24.186625 np0000005702 nova-scheduler[96596]: DEBUG oslo.service.backend._threading.loopingcall [None req-513ef845-a393-4389-9dd9-2f57fddcb0fd None None] Dynamic interval looping call 'nova.service.Service.periodic_tasks' sleeping for 60.00 seconds {{(pid=96596) _run_loop /opt/stack/data/venv/lib/python3.12/site-packages/oslo_service/backend/_threading/loopingcall.py:125}}
Jul 23 03:40:33.200670 np0000005702 nova-scheduler[96599]: DEBUG oslo.service.backend._threading.loopingcall [None req-739fac68-f638-4fd6-b08e-c61914a1d6ad None None] Dynamic interval looping call 'nova.service.Service.periodic_tasks' sleeping for 60.00 seconds {{(pid=96599) _run_loop /opt/stack/data/venv/lib/python3.12/site-packages/oslo_service/backend/_threading/loopingcall.py:125}}
Jul 23 03:41:07.166203 np0000005702 nova-scheduler[96592]: DEBUG oslo.service.backend._threading.loopingcall [-] Fixed interval looping call 'nova.servicegroup.drivers.db.DbDriver._report_state' sleeping for 119.99 seconds {{(pid=96592) _run_loop /opt/stack/data/venv/lib/python3.12/site-packages/oslo_service/backend/_threading/loopingcall.py:125}}
Jul 23 03:41:07.192946 np0000005702 nova-scheduler[96594]: DEBUG oslo.service.backend._threading.loopingcall [-] Fixed interval looping call 'nova.servicegroup.drivers.db.DbDriver._report_state' sleeping for 120.00 seconds {{(pid=96594) _run_loop /opt/stack/data/venv/lib/python3.12/site-packages/oslo_service/backend/_threading/loopingcall.py:125}}
Jul 23 03:41:07.193382 np0000005702 nova-scheduler[96596]: DEBUG oslo.service.backend._threading.loopingcall [-] Fixed interval looping call 'nova.servicegroup.drivers.db.DbDriver._report_state' sleeping for 119.99 seconds {{(pid=96596) _run_loop /opt/stack/data/venv/lib/python3.12/site-packages/oslo_service/backend/_threading/loopingcall.py:125}}
Jul 23 03:41:07.203976 np0000005702 nova-scheduler[96599]: DEBUG oslo.service.backend._threading.loopingcall [-] Fixed interval looping call 'nova.servicegroup.drivers.db.DbDriver._report_state' sleeping for 120.00 seconds {{(pid=96599) _run_loop /opt/stack/data/venv/lib/python3.12/site-packages/oslo_service/backend/_threading/loopingcall.py:125}}
Jul 23 03:41:17.161686 np0000005702 nova-scheduler[96592]: DEBUG dbcounter [-] [96592] Writing DB stats nova_cell0:SELECT=1,nova_cell0:UPDATE=1 {{(pid=96592) stat_writer /opt/stack/data/venv/lib/python3.12/site-packages/dbcounter.py:115}}
Jul 23 03:41:17.190557 np0000005702 nova-scheduler[96594]: DEBUG dbcounter [-] [96594] Writing DB stats nova_cell0:SELECT=1 {{(pid=96594) stat_writer /opt/stack/data/venv/lib/python3.12/site-packages/dbcounter.py:115}}
Jul 23 03:41:17.191659 np0000005702 nova-scheduler[96596]: DEBUG dbcounter [-] [96596] Writing DB stats nova_cell0:SELECT=1 {{(pid=96596) stat_writer /opt/stack/data/venv/lib/python3.12/site-packages/dbcounter.py:115}}
Jul 23 03:41:17.203050 np0000005702 nova-scheduler[96599]: DEBUG dbcounter [-] [96599] Writing DB stats nova_cell0:SELECT=1 {{(pid=96599) stat_writer /opt/stack/data/venv/lib/python3.12/site-packages/dbcounter.py:115}}
Jul 23 03:41:18.182971 np0000005702 nova-scheduler[96594]: DEBUG oslo.service.backend._threading.loopingcall [None req-361f60e0-2898-473e-b7d2-ff4bfbaa198a None None] Dynamic interval looping call 'nova.service.Service.periodic_tasks' sleeping for 60.00 seconds {{(pid=96594) _run_loop /opt/stack/data/venv/lib/python3.12/site-packages/oslo_service/backend/_threading/loopingcall.py:125}}
Jul 23 03:41:21.158763 np0000005702 nova-scheduler[96592]: DEBUG oslo.service.backend._threading.loopingcall [None req-c519e35a-e922-4a0d-b100-df5112eb8ac5 None None] Dynamic interval looping call 'nova.service.Service.periodic_tasks' sleeping for 60.00 seconds {{(pid=96592) _run_loop /opt/stack/data/venv/lib/python3.12/site-packages/oslo_service/backend/_threading/loopingcall.py:125}}
Jul 23 03:41:22.281973 np0000005702 nova-scheduler[96592]: DEBUG nova.scheduler.manager [None req-c1f39851-cd3f-439e-b6a5-933bedbbe3ca tempest-ServerRescueNegativeTestJSON-2102486367 tempest-ServerRescueNegativeTestJSON-2102486367-project-member] Starting to schedule for instances: ['018fe9dd-1b33-4131-8f9f-448016a024d2'] {{(pid=96592) select_destinations /opt/stack/nova/nova/scheduler/manager.py:209}}
Jul 23 03:41:22.282466 np0000005702 nova-scheduler[96592]: DEBUG nova.scheduler.request_filter [None req-c1f39851-cd3f-439e-b6a5-933bedbbe3ca tempest-ServerRescueNegativeTestJSON-2102486367 tempest-ServerRescueNegativeTestJSON-2102486367-project-member] compute_status_filter request filter added forbidden trait COMPUTE_STATUS_DISABLED {{(pid=96592) compute_status_filter /opt/stack/nova/nova/scheduler/request_filter.py:253}}
Jul 23 03:41:22.282601 np0000005702 nova-scheduler[96592]: DEBUG nova.scheduler.request_filter [None req-c1f39851-cd3f-439e-b6a5-933bedbbe3ca tempest-ServerRescueNegativeTestJSON-2102486367 tempest-ServerRescueNegativeTestJSON-2102486367-project-member] Request filter 'compute_status_filter' took 0.0 seconds {{(pid=96592) wrapper /opt/stack/nova/nova/scheduler/request_filter.py:46}}
Jul 23 03:41:22.284461 np0000005702 nova-scheduler[96592]: DEBUG nova.scheduler.request_filter [None req-c1f39851-cd3f-439e-b6a5-933bedbbe3ca tempest-ServerRescueNegativeTestJSON-2102486367 tempest-ServerRescueNegativeTestJSON-2102486367-project-member] Request filter 'accelerators_filter' took 0.0 seconds {{(pid=96592) wrapper /opt/stack/nova/nova/scheduler/request_filter.py:46}}
Jul 23 03:41:22.284461 np0000005702 nova-scheduler[96592]: DEBUG nova.scheduler.request_filter [None req-c1f39851-cd3f-439e-b6a5-933bedbbe3ca tempest-ServerRescueNegativeTestJSON-2102486367 tempest-ServerRescueNegativeTestJSON-2102486367-project-member] Request filter 'packed_virtqueue_filter' took 0.0 seconds {{(pid=96592) wrapper /opt/stack/nova/nova/scheduler/request_filter.py:46}}
Jul 23 03:41:22.284461 np0000005702 nova-scheduler[96592]: DEBUG nova.scheduler.request_filter [None req-c1f39851-cd3f-439e-b6a5-933bedbbe3ca tempest-ServerRescueNegativeTestJSON-2102486367 tempest-ServerRescueNegativeTestJSON-2102486367-project-member] Request filter 'remote_managed_ports_filter' took 0.0 seconds {{(pid=96592) wrapper /opt/stack/nova/nova/scheduler/request_filter.py:46}}
Jul 23 03:41:22.284461 np0000005702 nova-scheduler[96592]: DEBUG nova.scheduler.request_filter [None req-c1f39851-cd3f-439e-b6a5-933bedbbe3ca tempest-ServerRescueNegativeTestJSON-2102486367 tempest-ServerRescueNegativeTestJSON-2102486367-project-member] ephemeral_encryption_filter skipped {{(pid=96592) ephemeral_encryption_filter /opt/stack/nova/nova/scheduler/request_filter.py:426}}
Jul 23 03:41:22.284461 np0000005702 nova-scheduler[96592]: DEBUG nova.scheduler.request_filter [None req-c1f39851-cd3f-439e-b6a5-933bedbbe3ca tempest-ServerRescueNegativeTestJSON-2102486367 tempest-ServerRescueNegativeTestJSON-2102486367-project-member] virtio_sound_filter skipped {{(pid=96592) virtio_sound_filter /opt/stack/nova/nova/scheduler/request_filter.py:460}}
Jul 23 03:41:22.284709 np0000005702 nova-scheduler[96592]: DEBUG nova.scheduler.request_filter [None req-c1f39851-cd3f-439e-b6a5-933bedbbe3ca tempest-ServerRescueNegativeTestJSON-2102486367 tempest-ServerRescueNegativeTestJSON-2102486367-project-member] tpm_secret_security_filter skipped {{(pid=96592) tpm_secret_security_filter /opt/stack/nova/nova/scheduler/request_filter.py:477}}
Jul 23 03:41:22.792617 np0000005702 nova-scheduler[96592]: INFO nova.utils [None req-c1f39851-cd3f-439e-b6a5-933bedbbe3ca tempest-ServerRescueNegativeTestJSON-2102486367 tempest-ServerRescueNegativeTestJSON-2102486367-project-member] The cell worker thread pool ForkProcess-1.cell_worker is initialized
Jul 23 03:41:22.792617 np0000005702 nova-scheduler[96592]: DEBUG oslo_concurrency.lockutils [None req-c1f39851-cd3f-439e-b6a5-933bedbbe3ca tempest-ServerRescueNegativeTestJSON-2102486367 tempest-ServerRescueNegativeTestJSON-2102486367-project-member] Acquiring lock "14b7ff64-08a4-4a9e-8c0f-afe5cac2a477" by "nova.context.set_target_cell..get_or_set_cached_cell_and_set_connections" {{(pid=96592) inner /opt/stack/data/venv/lib/python3.12/site-packages/oslo_concurrency/lockutils.py:512}}
Jul 23 03:41:22.792617 np0000005702 nova-scheduler[96592]: DEBUG oslo_concurrency.lockutils [None req-c1f39851-cd3f-439e-b6a5-933bedbbe3ca tempest-ServerRescueNegativeTestJSON-2102486367 tempest-ServerRescueNegativeTestJSON-2102486367-project-member] Lock "14b7ff64-08a4-4a9e-8c0f-afe5cac2a477" acquired by "nova.context.set_target_cell..get_or_set_cached_cell_and_set_connections" :: waited 0.000s {{(pid=96592) inner /opt/stack/data/venv/lib/python3.12/site-packages/oslo_concurrency/lockutils.py:525}}
Jul 23 03:41:22.794939 np0000005702 nova-scheduler[96592]: DEBUG oslo_concurrency.lockutils [None req-c1f39851-cd3f-439e-b6a5-933bedbbe3ca tempest-ServerRescueNegativeTestJSON-2102486367 tempest-ServerRescueNegativeTestJSON-2102486367-project-member] Lock "14b7ff64-08a4-4a9e-8c0f-afe5cac2a477" "released" by "nova.context.set_target_cell..get_or_set_cached_cell_and_set_connections" :: held 0.001s {{(pid=96592) inner /opt/stack/data/venv/lib/python3.12/site-packages/oslo_concurrency/lockutils.py:544}}
Jul 23 03:41:22.796597 np0000005702 nova-scheduler[96592]: INFO dbcounter [None req-c1f39851-cd3f-439e-b6a5-933bedbbe3ca tempest-ServerRescueNegativeTestJSON-2102486367 tempest-ServerRescueNegativeTestJSON-2102486367-project-member] Registered counter for database nova_cell1
Jul 23 03:41:22.839997 np0000005702 nova-scheduler[96592]: DEBUG oslo_db.sqlalchemy.engines [None req-c1f39851-cd3f-439e-b6a5-933bedbbe3ca tempest-ServerRescueNegativeTestJSON-2102486367 tempest-ServerRescueNegativeTestJSON-2102486367-project-member] MySQL server mode set to STRICT_TRANS_TABLES,STRICT_ALL_TABLES,NO_ZERO_IN_DATE,NO_ZERO_DATE,ERROR_FOR_DIVISION_BY_ZERO,TRADITIONAL,NO_ENGINE_SUBSTITUTION {{(pid=96592) _check_effective_sql_mode /opt/stack/data/venv/lib/python3.12/site-packages/oslo_db/sqlalchemy/engines.py:325}}
Jul 23 03:41:22.845807 np0000005702 nova-scheduler[96592]: DEBUG dbcounter [-] [96592] Writer thread running {{(pid=96592) stat_writer /opt/stack/data/venv/lib/python3.12/site-packages/dbcounter.py:102}}
Jul 23 03:41:22.859610 np0000005702 nova-scheduler[96592]: DEBUG oslo_db.sqlalchemy.engines [None req-c1f39851-cd3f-439e-b6a5-933bedbbe3ca tempest-ServerRescueNegativeTestJSON-2102486367 tempest-ServerRescueNegativeTestJSON-2102486367-project-member] Parent process 95386 forked (96592) with an open database connection, which is being discarded and recreated. {{(pid=96592) checkout /opt/stack/data/venv/lib/python3.12/site-packages/oslo_db/sqlalchemy/engines.py:402}}
Jul 23 03:41:22.914863 np0000005702 nova-scheduler[96592]: DEBUG dbcounter [-] [96592] Writer thread running {{(pid=96592) stat_writer /opt/stack/data/venv/lib/python3.12/site-packages/dbcounter.py:102}}
Jul 23 03:41:22.917479 np0000005702 nova-scheduler[96592]: DEBUG oslo_concurrency.lockutils [None req-c1f39851-cd3f-439e-b6a5-933bedbbe3ca tempest-ServerRescueNegativeTestJSON-2102486367 tempest-ServerRescueNegativeTestJSON-2102486367-project-member] Acquiring lock "14b7ff64-08a4-4a9e-8c0f-afe5cac2a477" by "nova.context.set_target_cell..get_or_set_cached_cell_and_set_connections" {{(pid=96592) inner /opt/stack/data/venv/lib/python3.12/site-packages/oslo_concurrency/lockutils.py:512}}
