Jun 02 20:50:16.263541 np0000001976 devstack@g-api.service[101985]: DEBUG glance_store.location [-] Registering scheme swift+config with {'store': , 'location_class': , 'store_entry': 'swift'} {{(pid=101985) register_scheme_map /opt/stack/data/venv/lib/python3.12/site-packages/glance_store/location.py:146}}
Jun 02 20:50:16.263591 np0000001976 devstack@g-api.service[101985]: DEBUG glance_store.backend [-] Attempting to import store http {{(pid=101985) _load_store /opt/stack/data/venv/lib/python3.12/site-packages/glance_store/backend.py:215}}
Jun 02 20:50:16.263803 np0000001976 devstack@g-api.service[101985]: DEBUG glance_store.capabilities [-] Store glance_store._drivers.http.Store doesn't support updating dynamic storage capabilities. Please overwrite 'update_capabilities' method of the store to implement updating logics if needed. {{(pid=101985) update_capabilities /opt/stack/data/venv/lib/python3.12/site-packages/glance_store/capabilities.py:91}}
Jun 02 20:50:16.263860 np0000001976 devstack@g-api.service[101985]: DEBUG glance_store.backend [-] Registering store http with schemes ('http', 'https') {{(pid=101985) create_stores /opt/stack/data/venv/lib/python3.12/site-packages/glance_store/backend.py:261}}
Jun 02 20:50:16.263914 np0000001976 devstack@g-api.service[101985]: DEBUG glance_store.driver [-] Late loading location class glance_store._drivers.http.StoreLocation {{(pid=101985) get_store_location_class /opt/stack/data/venv/lib/python3.12/site-packages/glance_store/driver.py:134}}
Jun 02 20:50:16.263971 np0000001976 devstack@g-api.service[101985]: DEBUG glance_store.location [-] Registering scheme http with {'store': , 'location_class': , 'store_entry': 'http'} {{(pid=101985) register_scheme_map /opt/stack/data/venv/lib/python3.12/site-packages/glance_store/location.py:146}}
Jun 02 20:50:16.264024 np0000001976 devstack@g-api.service[101985]: DEBUG glance_store.location [-] Registering scheme https with {'store': , 'location_class': , 'store_entry': 'http'} {{(pid=101985) register_scheme_map /opt/stack/data/venv/lib/python3.12/site-packages/glance_store/location.py:146}}
Jun 02 20:50:16.264073 np0000001976 devstack@g-api.service[101985]: DEBUG glance_store.backend [-] Attempting to import store file {{(pid=101985) _load_store /opt/stack/data/venv/lib/python3.12/site-packages/glance_store/backend.py:215}}
Jun 02 20:50:16.264521 np0000001976 devstack@g-api.service[101985]: DEBUG glance_store.capabilities [-] Store glance_store._drivers.filesystem.Store doesn't support updating dynamic storage capabilities. Please overwrite 'update_capabilities' method of the store to implement updating logics if needed. {{(pid=101985) update_capabilities /opt/stack/data/venv/lib/python3.12/site-packages/glance_store/capabilities.py:91}}
Jun 02 20:50:16.264579 np0000001976 devstack@g-api.service[101985]: DEBUG glance_store.backend [-] Registering store file with schemes ('file', 'filesystem') {{(pid=101985) create_stores /opt/stack/data/venv/lib/python3.12/site-packages/glance_store/backend.py:261}}
Jun 02 20:50:16.264621 np0000001976 devstack@g-api.service[101985]: DEBUG glance_store.driver [-] Late loading location class glance_store._drivers.filesystem.StoreLocation {{(pid=101985) get_store_location_class /opt/stack/data/venv/lib/python3.12/site-packages/glance_store/driver.py:134}}
Jun 02 20:50:16.264685 np0000001976 devstack@g-api.service[101985]: DEBUG glance_store.location [-] Registering scheme file with {'store': , 'location_class': , 'store_entry': 'file'} {{(pid=101985) register_scheme_map /opt/stack/data/venv/lib/python3.12/site-packages/glance_store/location.py:146}}
Jun 02 20:50:16.264791 np0000001976 devstack@g-api.service[101985]: DEBUG glance_store.location [-] Registering scheme filesystem with {'store': , 'location_class': , 'store_entry': 'file'} {{(pid=101985) register_scheme_map /opt/stack/data/venv/lib/python3.12/site-packages/glance_store/location.py:146}}
Jun 02 20:50:16.264887 np0000001976 devstack@g-api.service[101985]: DEBUG glance_store.backend [-] Attempting to import store swift {{(pid=101985) _load_store /opt/stack/data/venv/lib/python3.12/site-packages/glance_store/backend.py:215}}
Jun 02 20:50:16.266019 np0000001976 devstack@g-api.service[101985]: DEBUG glance_store.capabilities [-] Store glance_store._drivers.swift.store.SingleTenantStore doesn't support updating dynamic storage capabilities. Please overwrite 'update_capabilities' method of the store to implement updating logics if needed. {{(pid=101985) update_capabilities /opt/stack/data/venv/lib/python3.12/site-packages/glance_store/capabilities.py:91}}
Jun 02 20:50:16.266083 np0000001976 devstack@g-api.service[101985]: DEBUG glance_store.driver [-] Late loading location class glance_store._drivers.swift.store.StoreLocation {{(pid=101985) get_store_location_class /opt/stack/data/venv/lib/python3.12/site-packages/glance_store/driver.py:134}}
Jun 02 20:50:16.266162 np0000001976 devstack@g-api.service[101985]: DEBUG glance_store.location [-] Registering scheme swift+https with {'store': , 'location_class': , 'store_entry': 'swift'} {{(pid=101985) register_scheme_map /opt/stack/data/venv/lib/python3.12/site-packages/glance_store/location.py:146}}
Jun 02 20:50:16.266217 np0000001976 devstack@g-api.service[101985]: DEBUG glance_store.location [-] Registering scheme swift+https with {'store': , 'location_class': , 'store_entry': 'swift'} {{(pid=101985) register_scheme_map /opt/stack/data/venv/lib/python3.12/site-packages/glance_store/location.py:146}}
Jun 02 20:50:16.266269 np0000001976 devstack@g-api.service[101985]: DEBUG glance_store.location [-] Registering scheme swift with {'store': , 'location_class': , 'store_entry': 'swift'} {{(pid=101985) register_scheme_map /opt/stack/data/venv/lib/python3.12/site-packages/glance_store/location.py:146}}
Jun 02 20:50:16.266318 np0000001976 devstack@g-api.service[101985]: DEBUG glance_store.location [-] Registering scheme swift+https with {'store': , 'location_class': , 'store_entry': 'swift'} {{(pid=101985) register_scheme_map /opt/stack/data/venv/lib/python3.12/site-packages/glance_store/location.py:146}}
Jun 02 20:50:16.266365 np0000001976 devstack@g-api.service[101985]: DEBUG glance_store.location [-] Registering scheme swift with {'store': , 'location_class': , 'store_entry': 'swift'} {{(pid=101985) register_scheme_map /opt/stack/data/venv/lib/python3.12/site-packages/glance_store/location.py:146}}
Jun 02 20:50:16.266404 np0000001976 devstack@g-api.service[101985]: DEBUG glance_store.location [-] Registering scheme swift+http with {'store': , 'location_class': , 'store_entry': 'swift'} {{(pid=101985) register_scheme_map /opt/stack/data/venv/lib/python3.12/site-packages/glance_store/location.py:146}}
Jun 02 20:50:16.266457 np0000001976 devstack@g-api.service[101985]: DEBUG glance_store.location [-] Registering scheme swift+https with {'store': , 'location_class': , 'store_entry': 'swift'} {{(pid=101985) register_scheme_map /opt/stack/data/venv/lib/python3.12/site-packages/glance_store/location.py:146}}
Jun 02 20:50:16.266527 np0000001976 devstack@g-api.service[101985]: DEBUG glance_store.location [-] Registering scheme swift with {'store': , 'location_class': , 'store_entry': 'swift'} {{(pid=101985) register_scheme_map /opt/stack/data/venv/lib/python3.12/site-packages/glance_store/location.py:146}}
Jun 02 20:50:16.266580 np0000001976 devstack@g-api.service[101985]: DEBUG glance_store.location [-] Registering scheme swift+http with {'store': , 'location_class': , 'store_entry': 'swift'} {{(pid=101985) register_scheme_map /opt/stack/data/venv/lib/python3.12/site-packages/glance_store/location.py:146}}
Jun 02 20:50:16.266629 np0000001976 devstack@g-api.service[101985]: DEBUG glance_store.location [-] Registering scheme swift+config with {'store': , 'location_class': , 'store_entry': 'swift'} {{(pid=101985) register_scheme_map /opt/stack/data/venv/lib/python3.12/site-packages/glance_store/location.py:146}}
Jun 02 20:50:16.266897 np0000001976 devstack@g-api.service[101985]: DEBUG glance.sqlite_migration [-] SQLite caching database not located, skipping migration {{(pid=101985) get_db_path /opt/stack/glance/glance/sqlite_migration.py:68}}
Jun 02 20:50:16.267080 np0000001976 devstack@g-api.service[101985]: WARNING glance.common.wsgi_app [-] Import methods are enabled but staging directory /tmp/staging/ does not exist; Imports will fail!
Jun 02 20:50:16.499496 np0000001976 devstack@g-api.service[101984]: DEBUG glance.common.config [None req-ec375c4c-ff9a-44b3-956a-5e2819e82680 None None] Loading glance-api-keystone+cachemanagement from /etc/glance/glance-api-paste.ini {{(pid=101984) load_paste_app /opt/stack/glance/glance/common/config.py:758}}
Jun 02 20:50:16.513828 np0000001976 devstack@g-api.service[101983]: DEBUG glance.common.config [None req-d7e0cffc-f984-4d26-a7f3-e069e6741bad None None] Loading glance-api-keystone+cachemanagement from /etc/glance/glance-api-paste.ini {{(pid=101983) load_paste_app /opt/stack/glance/glance/common/config.py:758}}
Jun 02 20:50:16.532354 np0000001976 devstack@g-api.service[101985]: DEBUG glance.common.config [None req-777f10d2-2d11-4414-a4a8-bda20e934641 None None] Loading glance-api-keystone+cachemanagement from /etc/glance/glance-api-paste.ini {{(pid=101985) load_paste_app /opt/stack/glance/glance/common/config.py:758}}
Jun 02 20:50:17.065966 np0000001976 devstack@g-api.service[101984]: INFO glance.image_cache [None req-ec375c4c-ff9a-44b3-956a-5e2819e82680 None None] Image cache loaded driver 'centralized_db'.
Jun 02 20:50:17.073436 np0000001976 devstack@g-api.service[101983]: INFO glance.image_cache [None req-d7e0cffc-f984-4d26-a7f3-e069e6741bad None None] Image cache loaded driver 'centralized_db'.
Jun 02 20:50:17.074448 np0000001976 devstack@g-api.service[101985]: INFO glance.image_cache [None req-777f10d2-2d11-4414-a4a8-bda20e934641 None None] Image cache loaded driver 'centralized_db'.
Jun 02 20:50:17.112148 np0000001976 devstack@g-api.service[101984]: INFO dbcounter [None req-ec375c4c-ff9a-44b3-956a-5e2819e82680 None None] Registered counter for database glance
Jun 02 20:50:17.118042 np0000001976 devstack@g-api.service[101983]: INFO dbcounter [None req-d7e0cffc-f984-4d26-a7f3-e069e6741bad None None] Registered counter for database glance
Jun 02 20:50:17.118841 np0000001976 devstack@g-api.service[101985]: INFO dbcounter [None req-777f10d2-2d11-4414-a4a8-bda20e934641 None None] Registered counter for database glance
Jun 02 20:50:17.152847 np0000001976 devstack@g-api.service[101984]: DEBUG oslo_db.sqlalchemy.engines [None req-ec375c4c-ff9a-44b3-956a-5e2819e82680 None None] MySQL server mode set to STRICT_TRANS_TABLES,STRICT_ALL_TABLES,NO_ZERO_IN_DATE,NO_ZERO_DATE,ERROR_FOR_DIVISION_BY_ZERO,TRADITIONAL,NO_ENGINE_SUBSTITUTION {{(pid=101984) _check_effective_sql_mode /opt/stack/data/venv/lib/python3.12/site-packages/oslo_db/sqlalchemy/engines.py:325}}
Jun 02 20:50:17.162626 np0000001976 devstack@g-api.service[101983]: DEBUG oslo_db.sqlalchemy.engines [None req-d7e0cffc-f984-4d26-a7f3-e069e6741bad None None] MySQL server mode set to STRICT_TRANS_TABLES,STRICT_ALL_TABLES,NO_ZERO_IN_DATE,NO_ZERO_DATE,ERROR_FOR_DIVISION_BY_ZERO,TRADITIONAL,NO_ENGINE_SUBSTITUTION {{(pid=101983) _check_effective_sql_mode /opt/stack/data/venv/lib/python3.12/site-packages/oslo_db/sqlalchemy/engines.py:325}}
Jun 02 20:50:17.165377 np0000001976 devstack@g-api.service[101985]: DEBUG oslo_db.sqlalchemy.engines [None req-777f10d2-2d11-4414-a4a8-bda20e934641 None None] MySQL server mode set to STRICT_TRANS_TABLES,STRICT_ALL_TABLES,NO_ZERO_IN_DATE,NO_ZERO_DATE,ERROR_FOR_DIVISION_BY_ZERO,TRADITIONAL,NO_ENGINE_SUBSTITUTION {{(pid=101985) _check_effective_sql_mode /opt/stack/data/venv/lib/python3.12/site-packages/oslo_db/sqlalchemy/engines.py:325}}
Jun 02 20:50:17.173001 np0000001976 devstack@g-api.service[101984]: DEBUG dbcounter [-] [101984] Writer thread running {{(pid=101984) stat_writer /opt/stack/data/venv/lib/python3.12/site-packages/dbcounter.py:102}}
Jun 02 20:50:17.185326 np0000001976 devstack@g-api.service[101984]: INFO glance.image_cache [None req-ec375c4c-ff9a-44b3-956a-5e2819e82680 None None] Image cache loaded driver 'centralized_db'.
Jun 02 20:50:17.187898 np0000001976 devstack@g-api.service[101983]: DEBUG dbcounter [-] [101983] Writer thread running {{(pid=101983) stat_writer /opt/stack/data/venv/lib/python3.12/site-packages/dbcounter.py:102}}
Jun 02 20:50:17.191295 np0000001976 devstack@g-api.service[101983]: DEBUG glance.image_cache.drivers.centralized_db [None req-d7e0cffc-f984-4d26-a7f3-e069e6741bad None None] Node reference is already recorded, ignoring it {{(pid=101983) configure /opt/stack/glance/glance/image_cache/drivers/centralized_db.py:71}}
Jun 02 20:50:17.192553 np0000001976 devstack@g-api.service[101985]: DEBUG dbcounter [-] [101985] Writer thread running {{(pid=101985) stat_writer /opt/stack/data/venv/lib/python3.12/site-packages/dbcounter.py:102}}
Jun 02 20:50:17.193836 np0000001976 devstack@g-api.service[101984]: DEBUG glance.image_cache.drivers.centralized_db [None req-ec375c4c-ff9a-44b3-956a-5e2819e82680 None None] Node reference is already recorded, ignoring it {{(pid=101984) configure /opt/stack/glance/glance/image_cache/drivers/centralized_db.py:71}}
Jun 02 20:50:17.195528 np0000001976 devstack@g-api.service[101985]: DEBUG glance.image_cache.drivers.centralized_db [None req-777f10d2-2d11-4414-a4a8-bda20e934641 None None] Node reference is already recorded, ignoring it {{(pid=101985) configure /opt/stack/glance/glance/image_cache/drivers/centralized_db.py:71}}
Jun 02 20:50:17.197623 np0000001976 devstack@g-api.service[101983]: INFO glance.image_cache [None req-d7e0cffc-f984-4d26-a7f3-e069e6741bad None None] Image cache loaded driver 'centralized_db'.
Jun 02 20:50:17.198358 np0000001976 devstack@g-api.service[101984]: DEBUG glance.api.v2.cached_images [None req-ec375c4c-ff9a-44b3-956a-5e2819e82680 None None] Started cache worker thread {{(pid=101984) __init__ /opt/stack/glance/glance/api/v2/cached_images.py:69}}
Jun 02 20:50:17.198993 np0000001976 devstack@g-api.service[101984]: INFO glance.image_cache [None req-ec375c4c-ff9a-44b3-956a-5e2819e82680 None None] Image cache loaded driver 'centralized_db'.
Jun 02 20:50:17.203231 np0000001976 devstack@g-api.service[101985]: INFO glance.image_cache [None req-777f10d2-2d11-4414-a4a8-bda20e934641 None None] Image cache loaded driver 'centralized_db'.
Jun 02 20:50:17.205431 np0000001976 devstack@g-api.service[101983]: DEBUG glance.image_cache.drivers.centralized_db [None req-d7e0cffc-f984-4d26-a7f3-e069e6741bad None None] Node reference is already recorded, ignoring it {{(pid=101983) configure /opt/stack/glance/glance/image_cache/drivers/centralized_db.py:71}}
Jun 02 20:50:17.205588 np0000001976 devstack@g-api.service[101984]: DEBUG glance.image_cache.drivers.centralized_db [None req-ec375c4c-ff9a-44b3-956a-5e2819e82680 None None] Node reference is already recorded, ignoring it {{(pid=101984) configure /opt/stack/glance/glance/image_cache/drivers/centralized_db.py:71}}
Jun 02 20:50:17.210207 np0000001976 devstack@g-api.service[101984]: INFO glance.api.middleware.cache_manage [None req-ec375c4c-ff9a-44b3-956a-5e2819e82680 None None] Initialized image cache management middleware
Jun 02 20:50:17.210398 np0000001976 devstack@g-api.service[101984]: INFO glance.image_cache [None req-ec375c4c-ff9a-44b3-956a-5e2819e82680 None None] Image cache loaded driver 'centralized_db'.
Jun 02 20:50:17.211229 np0000001976 devstack@g-api.service[101983]: DEBUG glance.api.v2.cached_images [None req-d7e0cffc-f984-4d26-a7f3-e069e6741bad None None] Started cache worker thread {{(pid=101983) __init__ /opt/stack/glance/glance/api/v2/cached_images.py:69}}
Jun 02 20:50:17.211345 np0000001976 devstack@g-api.service[101985]: DEBUG glance.image_cache.drivers.centralized_db [None req-777f10d2-2d11-4414-a4a8-bda20e934641 None None] Node reference is already recorded, ignoring it {{(pid=101985) configure /opt/stack/glance/glance/image_cache/drivers/centralized_db.py:71}}
Jun 02 20:50:17.212079 np0000001976 devstack@g-api.service[101983]: INFO glance.image_cache [None req-d7e0cffc-f984-4d26-a7f3-e069e6741bad None None] Image cache loaded driver 'centralized_db'.
Jun 02 20:50:17.217336 np0000001976 devstack@g-api.service[101984]: DEBUG glance.image_cache.drivers.centralized_db [None req-ec375c4c-ff9a-44b3-956a-5e2819e82680 None None] Node reference is already recorded, ignoring it {{(pid=101984) configure /opt/stack/glance/glance/image_cache/drivers/centralized_db.py:71}}
Jun 02 20:50:17.217536 np0000001976 devstack@g-api.service[101985]: DEBUG glance.api.v2.cached_images [None req-777f10d2-2d11-4414-a4a8-bda20e934641 None None] Started cache worker thread {{(pid=101985) __init__ /opt/stack/glance/glance/api/v2/cached_images.py:69}}
Jun 02 20:50:17.218286 np0000001976 devstack@g-api.service[101985]: INFO glance.image_cache [None req-777f10d2-2d11-4414-a4a8-bda20e934641 None None] Image cache loaded driver 'centralized_db'.
Jun 02 20:50:17.219993 np0000001976 devstack@g-api.service[101983]: DEBUG glance.image_cache.drivers.centralized_db [None req-d7e0cffc-f984-4d26-a7f3-e069e6741bad None None] Node reference is already recorded, ignoring it {{(pid=101983) configure /opt/stack/glance/glance/image_cache/drivers/centralized_db.py:71}}
Jun 02 20:50:17.222537 np0000001976 devstack@g-api.service[101984]: INFO glance.api.middleware.cache [None req-ec375c4c-ff9a-44b3-956a-5e2819e82680 None None] Initialized image cache middleware
Jun 02 20:50:17.225904 np0000001976 devstack@g-api.service[101983]: INFO glance.api.middleware.cache_manage [None req-d7e0cffc-f984-4d26-a7f3-e069e6741bad None None] Initialized image cache management middleware
Jun 02 20:50:17.226097 np0000001976 devstack@g-api.service[101983]: INFO glance.image_cache [None req-d7e0cffc-f984-4d26-a7f3-e069e6741bad None None] Image cache loaded driver 'centralized_db'.
Jun 02 20:50:17.226861 np0000001976 devstack@g-api.service[101985]: DEBUG glance.image_cache.drivers.centralized_db [None req-777f10d2-2d11-4414-a4a8-bda20e934641 None None] Node reference is already recorded, ignoring it {{(pid=101985) configure /opt/stack/glance/glance/image_cache/drivers/centralized_db.py:71}}
Jun 02 20:50:17.232552 np0000001976 devstack@g-api.service[101985]: INFO glance.api.middleware.cache_manage [None req-777f10d2-2d11-4414-a4a8-bda20e934641 None None] Initialized image cache management middleware
Jun 02 20:50:17.232711 np0000001976 devstack@g-api.service[101985]: INFO glance.image_cache [None req-777f10d2-2d11-4414-a4a8-bda20e934641 None None] Image cache loaded driver 'centralized_db'.
Jun 02 20:50:17.234462 np0000001976 devstack@g-api.service[101983]: DEBUG glance.image_cache.drivers.centralized_db [None req-d7e0cffc-f984-4d26-a7f3-e069e6741bad None None] Node reference is already recorded, ignoring it {{(pid=101983) configure /opt/stack/glance/glance/image_cache/drivers/centralized_db.py:71}}
Jun 02 20:50:17.239358 np0000001976 devstack@g-api.service[101983]: INFO glance.api.middleware.cache [None req-d7e0cffc-f984-4d26-a7f3-e069e6741bad None None] Initialized image cache middleware
Jun 02 20:50:17.241309 np0000001976 devstack@g-api.service[101985]: DEBUG glance.image_cache.drivers.centralized_db [None req-777f10d2-2d11-4414-a4a8-bda20e934641 None None] Node reference is already recorded, ignoring it {{(pid=101985) configure /opt/stack/glance/glance/image_cache/drivers/centralized_db.py:71}}
Jun 02 20:50:17.246146 np0000001976 devstack@g-api.service[101985]: INFO glance.api.middleware.cache [None req-777f10d2-2d11-4414-a4a8-bda20e934641 None None] Initialized image cache middleware
Jun 02 20:50:17.254398 np0000001976 devstack@g-api.service[101983]: DEBUG glance.common.config [None req-d7e0cffc-f984-4d26-a7f3-e069e6741bad None None] ******************************************************************************** {{(pid=101983) log_opt_values /opt/stack/data/venv/lib/python3.12/site-packages/oslo_config/cfg.py:3229}}
Jun 02 20:50:17.254582 np0000001976 devstack@g-api.service[101983]: DEBUG glance.common.config [None req-d7e0cffc-f984-4d26-a7f3-e069e6741bad None None] Configuration options gathered from: {{(pid=101983) log_opt_values /opt/stack/data/venv/lib/python3.12/site-packages/oslo_config/cfg.py:3230}}
Jun 02 20:50:17.254803 np0000001976 devstack@g-api.service[101983]: DEBUG glance.common.config [None req-d7e0cffc-f984-4d26-a7f3-e069e6741bad None None] command line args: [] {{(pid=101983) log_opt_values /opt/stack/data/venv/lib/python3.12/site-packages/oslo_config/cfg.py:3231}}
Jun 02 20:50:17.254940 np0000001976 devstack@g-api.service[101983]: DEBUG glance.common.config [None req-d7e0cffc-f984-4d26-a7f3-e069e6741bad None None] config files: ['/etc/glance/glance-image-import.conf', '/etc/glance/glance-api.conf'] {{(pid=101983) log_opt_values /opt/stack/data/venv/lib/python3.12/site-packages/oslo_config/cfg.py:3232}}
Jun 02 20:50:17.255005 np0000001976 devstack@g-api.service[101983]: DEBUG glance.common.config [None req-d7e0cffc-f984-4d26-a7f3-e069e6741bad None None] ================================================================================ {{(pid=101983) log_opt_values /opt/stack/data/venv/lib/python3.12/site-packages/oslo_config/cfg.py:3237}}
Jun 02 20:50:17.255148 np0000001976 devstack@g-api.service[101983]: DEBUG glance.common.config [None req-d7e0cffc-f984-4d26-a7f3-e069e6741bad None None] allow_anonymous_access = False {{(pid=101983) log_opt_values /opt/stack/data/venv/lib/python3.12/site-packages/oslo_config/cfg.py:3245}}
Jun 02 20:50:17.255267 np0000001976 devstack@g-api.service[101983]: DEBUG glance.common.config [None req-d7e0cffc-f984-4d26-a7f3-e069e6741bad None None] api_limit_max = 1000 {{(pid=101983) log_opt_values /opt/stack/data/venv/lib/python3.12/site-packages/oslo_config/cfg.py:3245}}
Jun 02 20:50:17.255371 np0000001976 devstack@g-api.service[101983]: DEBUG glance.common.config [None req-d7e0cffc-f984-4d26-a7f3-e069e6741bad None None] backlog = 4096 {{(pid=101983) log_opt_values /opt/stack/data/venv/lib/python3.12/site-packages/oslo_config/cfg.py:3245}}
Jun 02 20:50:17.255529 np0000001976 devstack@g-api.service[101983]: DEBUG glance.common.config [None req-d7e0cffc-f984-4d26-a7f3-e069e6741bad None None] bind_host = 0.0.0.0 {{(pid=101983) log_opt_values /opt/stack/data/venv/lib/python3.12/site-packages/oslo_config/cfg.py:3245}}
Jun 02 20:50:17.255642 np0000001976 devstack@g-api.service[101983]: DEBUG glance.common.config [None req-d7e0cffc-f984-4d26-a7f3-e069e6741bad None None] bind_port = 19292 {{(pid=101983) log_opt_values /opt/stack/data/venv/lib/python3.12/site-packages/oslo_config/cfg.py:3245}}
Jun 02 20:50:17.255769 np0000001976 devstack@g-api.service[101983]: DEBUG glance.common.config [None req-d7e0cffc-f984-4d26-a7f3-e069e6741bad None None] client_socket_timeout = 900 {{(pid=101983) log_opt_values /opt/stack/data/venv/lib/python3.12/site-packages/oslo_config/cfg.py:3245}}
Jun 02 20:50:17.255870 np0000001976 devstack@g-api.service[101983]: DEBUG glance.common.config [None req-d7e0cffc-f984-4d26-a7f3-e069e6741bad None None] config_dir = [] {{(pid=101983) log_opt_values /opt/stack/data/venv/lib/python3.12/site-packages/oslo_config/cfg.py:3245}}
Jun 02 20:50:17.255943 np0000001976 devstack@g-api.service[101983]: DEBUG glance.common.config [None req-d7e0cffc-f984-4d26-a7f3-e069e6741bad None None] config_file = ['/etc/glance/glance-image-import.conf', '/etc/glance/glance-api.conf'] {{(pid=101983) log_opt_values /opt/stack/data/venv/lib/python3.12/site-packages/oslo_config/cfg.py:3245}}
Jun 02 20:50:17.256046 np0000001976 devstack@g-api.service[101983]: DEBUG glance.common.config [None req-d7e0cffc-f984-4d26-a7f3-e069e6741bad None None] config_source = [] {{(pid=101983) log_opt_values /opt/stack/data/venv/lib/python3.12/site-packages/oslo_config/cfg.py:3245}}
Jun 02 20:50:17.256154 np0000001976 devstack@g-api.service[101983]: DEBUG glance.common.config [None req-d7e0cffc-f984-4d26-a7f3-e069e6741bad None None] control_exchange = glance {{(pid=101983) log_opt_values /opt/stack/data/venv/lib/python3.12/site-packages/oslo_config/cfg.py:3245}}
Jun 02 20:50:17.256226 np0000001976 devstack@g-api.service[101983]: DEBUG glance.common.config [None req-d7e0cffc-f984-4d26-a7f3-e069e6741bad None None] debug = True {{(pid=101983) log_opt_values /opt/stack/data/venv/lib/python3.12/site-packages/oslo_config/cfg.py:3245}}
Jun 02 20:50:17.256409 np0000001976 devstack@g-api.service[101983]: DEBUG glance.common.config [None req-d7e0cffc-f984-4d26-a7f3-e069e6741bad None None] default_log_levels = ['amqp=WARN', 'boto=WARN', 'sqlalchemy=WARN', 'suds=INFO', 'oslo.messaging=INFO', 'oslo_messaging=INFO', 'iso8601=WARN', 'requests.packages.urllib3.connectionpool=WARN', 'urllib3.connectionpool=WARN', 'websocket=WARN', 'requests.packages.urllib3.util.retry=WARN', 'urllib3.util.retry=WARN', 'keystonemiddleware=WARN', 'routes.middleware=WARN', 'stevedore=WARN', 'taskflow=WARN', 'keystoneauth=WARN', 'oslo.cache=INFO', 'oslo_policy=INFO', 'dogpile.core.dogpile=INFO'] {{(pid=101983) log_opt_values /opt/stack/data/venv/lib/python3.12/site-packages/oslo_config/cfg.py:3245}}
Jun 02 20:50:17.256539 np0000001976 devstack@g-api.service[101983]: DEBUG glance.common.config [None req-d7e0cffc-f984-4d26-a7f3-e069e6741bad None None] default_publisher_id = image.localhost {{(pid=101983) log_opt_values /opt/stack/data/venv/lib/python3.12/site-packages/oslo_config/cfg.py:3245}}
Jun 02 20:50:17.256633 np0000001976 devstack@g-api.service[101983]: DEBUG glance.common.config [None req-d7e0cffc-f984-4d26-a7f3-e069e6741bad None None] delayed_delete = False {{(pid=101983) log_opt_values /opt/stack/data/venv/lib/python3.12/site-packages/oslo_config/cfg.py:3245}}
Jun 02 20:50:17.256743 np0000001976 devstack@g-api.service[101983]: DEBUG glance.common.config [None req-d7e0cffc-f984-4d26-a7f3-e069e6741bad None None] digest_algorithm = sha256 {{(pid=101983) log_opt_values /opt/stack/data/venv/lib/python3.12/site-packages/oslo_config/cfg.py:3245}}
Jun 02 20:50:17.256861 np0000001976 devstack@g-api.service[101983]: DEBUG glance.common.config [None req-d7e0cffc-f984-4d26-a7f3-e069e6741bad None None] disabled_notifications = [] {{(pid=101983) log_opt_values /opt/stack/data/venv/lib/python3.12/site-packages/oslo_config/cfg.py:3245}}
Jun 02 20:50:17.256955 np0000001976 devstack@g-api.service[101983]: DEBUG glance.common.config [None req-d7e0cffc-f984-4d26-a7f3-e069e6741bad None None] do_secure_hash = True {{(pid=101983) log_opt_values /opt/stack/data/venv/lib/python3.12/site-packages/oslo_config/cfg.py:3245}}
Jun 02 20:50:17.257045 np0000001976 devstack@g-api.service[101983]: DEBUG glance.common.config [None req-d7e0cffc-f984-4d26-a7f3-e069e6741bad None None] enabled_backends = None {{(pid=101983) log_opt_values /opt/stack/data/venv/lib/python3.12/site-packages/oslo_config/cfg.py:3245}}
Jun 02 20:50:17.257150 np0000001976 devstack@g-api.service[101983]: DEBUG glance.common.config [None req-d7e0cffc-f984-4d26-a7f3-e069e6741bad None None] enabled_import_methods = ['glance-direct', 'web-download', 'copy-image'] {{(pid=101983) log_opt_values /opt/stack/data/venv/lib/python3.12/site-packages/oslo_config/cfg.py:3245}}
Jun 02 20:50:17.257253 np0000001976 devstack@g-api.service[101983]: DEBUG glance.common.config [None req-d7e0cffc-f984-4d26-a7f3-e069e6741bad None None] fatal_deprecations = False {{(pid=101983) log_opt_values /opt/stack/data/venv/lib/python3.12/site-packages/oslo_config/cfg.py:3245}}
Jun 02 20:50:17.257345 np0000001976 devstack@g-api.service[101983]: DEBUG glance.common.config [None req-d7e0cffc-f984-4d26-a7f3-e069e6741bad None None] hashing_algorithm = sha512 {{(pid=101983) log_opt_values /opt/stack/data/venv/lib/python3.12/site-packages/oslo_config/cfg.py:3245}}
Jun 02 20:50:17.257435 np0000001976 devstack@g-api.service[101983]: DEBUG glance.common.config [None req-d7e0cffc-f984-4d26-a7f3-e069e6741bad None None] http_keepalive = True {{(pid=101983) log_opt_values /opt/stack/data/venv/lib/python3.12/site-packages/oslo_config/cfg.py:3245}}
Jun 02 20:50:17.257563 np0000001976 devstack@g-api.service[101983]: DEBUG glance.common.config [None req-d7e0cffc-f984-4d26-a7f3-e069e6741bad None None] http_retries = 3 {{(pid=101983) log_opt_values /opt/stack/data/venv/lib/python3.12/site-packages/oslo_config/cfg.py:3245}}
Jun 02 20:50:17.257675 np0000001976 devstack@g-api.service[101983]: DEBUG glance.common.config [None req-d7e0cffc-f984-4d26-a7f3-e069e6741bad None None] image_cache_dir = /opt/stack/data/glance/cache/ {{(pid=101983) log_opt_values /opt/stack/data/venv/lib/python3.12/site-packages/oslo_config/cfg.py:3245}}
Jun 02 20:50:17.257783 np0000001976 devstack@g-api.service[101983]: DEBUG glance.common.config [None req-d7e0cffc-f984-4d26-a7f3-e069e6741bad None None] image_cache_driver = centralized_db {{(pid=101983) log_opt_values /opt/stack/data/venv/lib/python3.12/site-packages/oslo_config/cfg.py:3245}}
Jun 02 20:50:17.257892 np0000001976 devstack@g-api.service[101983]: DEBUG glance.common.config [None req-d7e0cffc-f984-4d26-a7f3-e069e6741bad None None] image_cache_max_size = 10737418240 {{(pid=101983) log_opt_values /opt/stack/data/venv/lib/python3.12/site-packages/oslo_config/cfg.py:3245}}
Jun 02 20:50:17.258003 np0000001976 devstack@g-api.service[101983]: DEBUG glance.common.config [None req-d7e0cffc-f984-4d26-a7f3-e069e6741bad None None] image_cache_sqlite_db = cache.db {{(pid=101983) log_opt_values /opt/stack/data/venv/lib/python3.12/site-packages/oslo_config/cfg.py:3245}}
Jun 02 20:50:17.258101 np0000001976 devstack@g-api.service[101983]: DEBUG glance.common.config [None req-d7e0cffc-f984-4d26-a7f3-e069e6741bad None None] image_cache_stall_time = 86400 {{(pid=101983) log_opt_values /opt/stack/data/venv/lib/python3.12/site-packages/oslo_config/cfg.py:3245}}
Jun 02 20:50:17.258188 np0000001976 devstack@g-api.service[101983]: DEBUG glance.common.config [None req-d7e0cffc-f984-4d26-a7f3-e069e6741bad None None] image_location_quota = 10 {{(pid=101983) log_opt_values /opt/stack/data/venv/lib/python3.12/site-packages/oslo_config/cfg.py:3245}}
Jun 02 20:50:17.258276 np0000001976 devstack@g-api.service[101983]: DEBUG glance.common.config [None req-d7e0cffc-f984-4d26-a7f3-e069e6741bad None None] image_member_quota = 128 {{(pid=101983) log_opt_values /opt/stack/data/venv/lib/python3.12/site-packages/oslo_config/cfg.py:3245}}
Jun 02 20:50:17.258367 np0000001976 devstack@g-api.service[101983]: DEBUG glance.common.config [None req-d7e0cffc-f984-4d26-a7f3-e069e6741bad None None] image_property_quota = 128 {{(pid=101983) log_opt_values /opt/stack/data/venv/lib/python3.12/site-packages/oslo_config/cfg.py:3245}}
Jun 02 20:50:17.258448 np0000001976 devstack@g-api.service[101983]: DEBUG glance.common.config [None req-d7e0cffc-f984-4d26-a7f3-e069e6741bad None None] image_size_cap = 1099511627776 {{(pid=101983) log_opt_values /opt/stack/data/venv/lib/python3.12/site-packages/oslo_config/cfg.py:3245}}
Jun 02 20:50:17.258559 np0000001976 devstack@g-api.service[101983]: DEBUG glance.common.config [None req-d7e0cffc-f984-4d26-a7f3-e069e6741bad None None] image_tag_quota = 128 {{(pid=101983) log_opt_values /opt/stack/data/venv/lib/python3.12/site-packages/oslo_config/cfg.py:3245}}
Jun 02 20:50:17.258656 np0000001976 devstack@g-api.service[101983]: DEBUG glance.common.config [None req-d7e0cffc-f984-4d26-a7f3-e069e6741bad None None] instance_format = [instance: %(uuid)s] {{(pid=101983) log_opt_values /opt/stack/data/venv/lib/python3.12/site-packages/oslo_config/cfg.py:3245}}
Jun 02 20:50:17.258767 np0000001976 devstack@g-api.service[101983]: DEBUG glance.common.config [None req-d7e0cffc-f984-4d26-a7f3-e069e6741bad None None] instance_uuid_format = [instance: %(uuid)s] {{(pid=101983) log_opt_values /opt/stack/data/venv/lib/python3.12/site-packages/oslo_config/cfg.py:3245}}
Jun 02 20:50:17.258865 np0000001976 devstack@g-api.service[101983]: DEBUG glance.common.config [None req-d7e0cffc-f984-4d26-a7f3-e069e6741bad None None] limit_param_default = 25 {{(pid=101983) log_opt_values /opt/stack/data/venv/lib/python3.12/site-packages/oslo_config/cfg.py:3245}}
Jun 02 20:50:17.258978 np0000001976 devstack@g-api.service[101983]: DEBUG glance.common.config [None req-d7e0cffc-f984-4d26-a7f3-e069e6741bad None None] log_color = False {{(pid=101983) log_opt_values /opt/stack/data/venv/lib/python3.12/site-packages/oslo_config/cfg.py:3245}}
Jun 02 20:50:17.259081 np0000001976 devstack@g-api.service[101983]: DEBUG glance.common.config [None req-d7e0cffc-f984-4d26-a7f3-e069e6741bad None None] log_config_append = None {{(pid=101983) log_opt_values /opt/stack/data/venv/lib/python3.12/site-packages/oslo_config/cfg.py:3245}}
Jun 02 20:50:17.259192 np0000001976 devstack@g-api.service[101983]: DEBUG glance.common.config [None req-d7e0cffc-f984-4d26-a7f3-e069e6741bad None None] log_date_format = %Y-%m-%d %H:%M:%S {{(pid=101983) log_opt_values /opt/stack/data/venv/lib/python3.12/site-packages/oslo_config/cfg.py:3245}}
Jun 02 20:50:17.259286 np0000001976 devstack@g-api.service[101983]: DEBUG glance.common.config [None req-d7e0cffc-f984-4d26-a7f3-e069e6741bad None None] log_dir = None {{(pid=101983) log_opt_values /opt/stack/data/venv/lib/python3.12/site-packages/oslo_config/cfg.py:3245}}
Jun 02 20:50:17.259375 np0000001976 devstack@g-api.service[101983]: DEBUG glance.common.config [None req-d7e0cffc-f984-4d26-a7f3-e069e6741bad None None] log_file = None {{(pid=101983) log_opt_values /opt/stack/data/venv/lib/python3.12/site-packages/oslo_config/cfg.py:3245}}
Jun 02 20:50:17.259483 np0000001976 devstack@g-api.service[101983]: DEBUG glance.common.config [None req-d7e0cffc-f984-4d26-a7f3-e069e6741bad None None] log_rotate_interval = 1 {{(pid=101983) log_opt_values /opt/stack/data/venv/lib/python3.12/site-packages/oslo_config/cfg.py:3245}}
Jun 02 20:50:17.259600 np0000001976 devstack@g-api.service[101983]: DEBUG glance.common.config [None req-d7e0cffc-f984-4d26-a7f3-e069e6741bad None None] log_rotate_interval_type = days {{(pid=101983) log_opt_values /opt/stack/data/venv/lib/python3.12/site-packages/oslo_config/cfg.py:3245}}
Jun 02 20:50:17.259718 np0000001976 devstack@g-api.service[101983]: DEBUG glance.common.config [None req-d7e0cffc-f984-4d26-a7f3-e069e6741bad None None] log_rotation_type = none {{(pid=101983) log_opt_values /opt/stack/data/venv/lib/python3.12/site-packages/oslo_config/cfg.py:3245}}
Jun 02 20:50:17.259802 np0000001976 devstack@g-api.service[101983]: DEBUG glance.common.config [None req-d7e0cffc-f984-4d26-a7f3-e069e6741bad None None] logging_context_format_string = %(color)s%(levelname)s %(name)s [%(global_request_id)s %(request_id)s %(project_name)s %(user_name)s%(color)s] %(instance)s%(color)s%(message)s {{(pid=101983) log_opt_values /opt/stack/data/venv/lib/python3.12/site-packages/oslo_config/cfg.py:3245}}
Jun 02 20:50:17.259896 np0000001976 devstack@g-api.service[101983]: DEBUG glance.common.config [None req-d7e0cffc-f984-4d26-a7f3-e069e6741bad None None] logging_debug_format_suffix = {{(pid=%(process)d) %(funcName)s %(pathname)s:%(lineno)d}} {{(pid=101983) log_opt_values /opt/stack/data/venv/lib/python3.12/site-packages/oslo_config/cfg.py:3245}}
Jun 02 20:50:17.260003 np0000001976 devstack@g-api.service[101983]: DEBUG glance.common.config [None req-d7e0cffc-f984-4d26-a7f3-e069e6741bad None None] logging_default_format_string = %(color)s%(levelname)s %(name)s [-%(color)s] %(instance)s%(color)s%(message)s {{(pid=101983) log_opt_values /opt/stack/data/venv/lib/python3.12/site-packages/oslo_config/cfg.py:3245}}
Jun 02 20:50:17.260110 np0000001976 devstack@g-api.service[101983]: DEBUG glance.common.config [None req-d7e0cffc-f984-4d26-a7f3-e069e6741bad None None] logging_exception_prefix = ERROR %(name)s %(instance)s {{(pid=101983) log_opt_values /opt/stack/data/venv/lib/python3.12/site-packages/oslo_config/cfg.py:3245}}
Jun 02 20:50:17.260189 np0000001976 devstack@g-api.service[101983]: DEBUG glance.common.config [None req-d7e0cffc-f984-4d26-a7f3-e069e6741bad None None] logging_user_identity_format = %(user)s %(project)s %(domain)s %(system_scope)s %(user_domain)s %(project_domain)s {{(pid=101983) log_opt_values /opt/stack/data/venv/lib/python3.12/site-packages/oslo_config/cfg.py:3245}}
Jun 02 20:50:17.260271 np0000001976 devstack@g-api.service[101983]: DEBUG glance.common.config [None req-d7e0cffc-f984-4d26-a7f3-e069e6741bad None None] max_header_line = 16384 {{(pid=101983) log_opt_values /opt/stack/data/venv/lib/python3.12/site-packages/oslo_config/cfg.py:3245}}
Jun 02 20:50:17.260359 np0000001976 devstack@g-api.service[101983]: DEBUG glance.common.config [None req-d7e0cffc-f984-4d26-a7f3-e069e6741bad None None] max_logfile_count = 30 {{(pid=101983) log_opt_values /opt/stack/data/venv/lib/python3.12/site-packages/oslo_config/cfg.py:3245}}
Jun 02 20:50:17.260448 np0000001976 devstack@g-api.service[101983]: DEBUG glance.common.config [None req-d7e0cffc-f984-4d26-a7f3-e069e6741bad None None] max_logfile_size_mb = 200 {{(pid=101983) log_opt_values /opt/stack/data/venv/lib/python3.12/site-packages/oslo_config/cfg.py:3245}}
Jun 02 20:50:17.260577 np0000001976 devstack@g-api.service[101983]: DEBUG glance.common.config [None req-d7e0cffc-f984-4d26-a7f3-e069e6741bad None None] max_request_id_length = 64 {{(pid=101983) log_opt_values /opt/stack/data/venv/lib/python3.12/site-packages/oslo_config/cfg.py:3245}}
Jun 02 20:50:17.260638 np0000001976 devstack@g-api.service[101983]: DEBUG glance.common.config [None req-d7e0cffc-f984-4d26-a7f3-e069e6741bad None None] metadata_encryption_key = **** {{(pid=101983) log_opt_values /opt/stack/data/venv/lib/python3.12/site-packages/oslo_config/cfg.py:3245}}
Jun 02 20:50:17.260732 np0000001976 devstack@g-api.service[101983]: DEBUG glance.common.config [None req-d7e0cffc-f984-4d26-a7f3-e069e6741bad None None] node_staging_uri = file:///tmp/staging/ {{(pid=101983) log_opt_values /opt/stack/data/venv/lib/python3.12/site-packages/oslo_config/cfg.py:3245}}
Jun 02 20:50:17.260836 np0000001976 devstack@g-api.service[101983]: DEBUG glance.common.config [None req-d7e0cffc-f984-4d26-a7f3-e069e6741bad None None] property_protection_file = None {{(pid=101983) log_opt_values /opt/stack/data/venv/lib/python3.12/site-packages/oslo_config/cfg.py:3245}}
Jun 02 20:50:17.260945 np0000001976 devstack@g-api.service[101983]: DEBUG glance.common.config [None req-d7e0cffc-f984-4d26-a7f3-e069e6741bad None None] property_protection_rule_format = roles {{(pid=101983) log_opt_values /opt/stack/data/venv/lib/python3.12/site-packages/oslo_config/cfg.py:3245}}
Jun 02 20:50:17.261042 np0000001976 devstack@g-api.service[101983]: DEBUG glance.common.config [None req-d7e0cffc-f984-4d26-a7f3-e069e6741bad None None] public_endpoint = https://10.4.3.203/image {{(pid=101983) log_opt_values /opt/stack/data/venv/lib/python3.12/site-packages/oslo_config/cfg.py:3245}}
Jun 02 20:50:17.261158 np0000001976 devstack@g-api.service[101983]: DEBUG glance.common.config [None req-d7e0cffc-f984-4d26-a7f3-e069e6741bad None None] publish_errors = False {{(pid=101983) log_opt_values /opt/stack/data/venv/lib/python3.12/site-packages/oslo_config/cfg.py:3245}}
Jun 02 20:50:17.261250 np0000001976 devstack@g-api.service[101983]: DEBUG glance.common.config [None req-d7e0cffc-f984-4d26-a7f3-e069e6741bad None None] pydev_worker_debug_host = None {{(pid=101983) log_opt_values /opt/stack/data/venv/lib/python3.12/site-packages/oslo_config/cfg.py:3245}}
Jun 02 20:50:17.261344 np0000001976 devstack@g-api.service[101983]: DEBUG glance.common.config [None req-d7e0cffc-f984-4d26-a7f3-e069e6741bad None None] pydev_worker_debug_port = 5678 {{(pid=101983) log_opt_values /opt/stack/data/venv/lib/python3.12/site-packages/oslo_config/cfg.py:3245}}
Jun 02 20:50:17.261428 np0000001976 devstack@g-api.service[101983]: DEBUG glance.common.config [None req-d7e0cffc-f984-4d26-a7f3-e069e6741bad None None] rate_limit_burst = 0 {{(pid=101983) log_opt_values /opt/stack/data/venv/lib/python3.12/site-packages/oslo_config/cfg.py:3245}}
Jun 02 20:50:17.261558 np0000001976 devstack@g-api.service[101983]: DEBUG glance.common.config [None req-d7e0cffc-f984-4d26-a7f3-e069e6741bad None None] rate_limit_except_level = CRITICAL {{(pid=101983) log_opt_values /opt/stack/data/venv/lib/python3.12/site-packages/oslo_config/cfg.py:3245}}
Jun 02 20:50:17.261664 np0000001976 devstack@g-api.service[101983]: DEBUG glance.common.config [None req-d7e0cffc-f984-4d26-a7f3-e069e6741bad None None] rate_limit_interval = 0 {{(pid=101983) log_opt_values /opt/stack/data/venv/lib/python3.12/site-packages/oslo_config/cfg.py:3245}}
Jun 02 20:50:17.261763 np0000001976 devstack@g-api.service[101983]: DEBUG glance.common.config [None req-d7e0cffc-f984-4d26-a7f3-e069e6741bad None None] scrub_pool_size = 1 {{(pid=101983) log_opt_values /opt/stack/data/venv/lib/python3.12/site-packages/oslo_config/cfg.py:3245}}
Jun 02 20:50:17.261853 np0000001976 devstack@g-api.service[101983]: DEBUG glance.common.config [None req-d7e0cffc-f984-4d26-a7f3-e069e6741bad None None] scrub_time = 0 {{(pid=101983) log_opt_values /opt/stack/data/venv/lib/python3.12/site-packages/oslo_config/cfg.py:3245}}
Jun 02 20:50:17.261939 np0000001976 devstack@g-api.service[101983]: DEBUG glance.common.config [None req-d7e0cffc-f984-4d26-a7f3-e069e6741bad None None] shell_completion = None {{(pid=101983) log_opt_values /opt/stack/data/venv/lib/python3.12/site-packages/oslo_config/cfg.py:3245}}
Jun 02 20:50:17.262042 np0000001976 devstack@g-api.service[101983]: DEBUG glance.common.config [None req-d7e0cffc-f984-4d26-a7f3-e069e6741bad None None] show_image_direct_url = False {{(pid=101983) log_opt_values /opt/stack/data/venv/lib/python3.12/site-packages/oslo_config/cfg.py:3245}}
Jun 02 20:50:17.262251 np0000001976 devstack@g-api.service[101983]: WARNING oslo_config.cfg [None req-d7e0cffc-f984-4d26-a7f3-e069e6741bad None None] Deprecated: Option "show_multiple_locations" from group "DEFAULT" is deprecated for removal (Use of this option, deprecated since Newton, is a security risk and will be removed once we figure out a way to satisfy those use cases that currently require it. An earlier announcement that the same functionality can be achieved with greater granularity by using policies is incorrect. You cannot work around this option via policy configuration at the present time, though that is the direction we believe the fix will take. Please keep an eye on the Glance release notes to stay up to date on progress in addressing this issue.). Its value may be silently ignored in the future.
Jun 02 20:50:17.262362 np0000001976 devstack@g-api.service[101983]: DEBUG glance.common.config [None req-d7e0cffc-f984-4d26-a7f3-e069e6741bad None None] show_multiple_locations = False {{(pid=101983) log_opt_values /opt/stack/data/venv/lib/python3.12/site-packages/oslo_config/cfg.py:3245}}
Jun 02 20:50:17.262465 np0000001976 devstack@g-api.service[101983]: DEBUG glance.common.config [None req-d7e0cffc-f984-4d26-a7f3-e069e6741bad None None] syslog_log_facility = LOG_USER {{(pid=101983) log_opt_values /opt/stack/data/venv/lib/python3.12/site-packages/oslo_config/cfg.py:3245}}
Jun 02 20:50:17.262616 np0000001976 devstack@g-api.service[101983]: DEBUG glance.common.config [None req-d7e0cffc-f984-4d26-a7f3-e069e6741bad None None] tcp_keepidle = 600 {{(pid=101983) log_opt_values /opt/stack/data/venv/lib/python3.12/site-packages/oslo_config/cfg.py:3245}}
Jun 02 20:50:17.262730 np0000001976 devstack@g-api.service[101983]: DEBUG glance.common.config [None req-d7e0cffc-f984-4d26-a7f3-e069e6741bad None None] transport_url = **** {{(pid=101983) log_opt_values /opt/stack/data/venv/lib/python3.12/site-packages/oslo_config/cfg.py:3245}}
Jun 02 20:50:17.262865 np0000001976 devstack@g-api.service[101983]: DEBUG glance.common.config [None req-d7e0cffc-f984-4d26-a7f3-e069e6741bad None None] use_journal = False {{(pid=101983) log_opt_values /opt/stack/data/venv/lib/python3.12/site-packages/oslo_config/cfg.py:3245}}
Jun 02 20:50:17.262969 np0000001976 devstack@g-api.service[101983]: DEBUG glance.common.config [None req-d7e0cffc-f984-4d26-a7f3-e069e6741bad None None] use_json = False {{(pid=101983) log_opt_values /opt/stack/data/venv/lib/python3.12/site-packages/oslo_config/cfg.py:3245}}
Jun 02 20:50:17.263277 np0000001976 devstack@g-api.service[101983]: DEBUG glance.common.config [None req-d7e0cffc-f984-4d26-a7f3-e069e6741bad None None] use_keystone_limits = True {{(pid=101983) log_opt_values /opt/stack/data/venv/lib/python3.12/site-packages/oslo_config/cfg.py:3245}}
Jun 02 20:50:17.263277 np0000001976 devstack@g-api.service[101983]: DEBUG glance.common.config [None req-d7e0cffc-f984-4d26-a7f3-e069e6741bad None None] use_stderr = False {{(pid=101983) log_opt_values /opt/stack/data/venv/lib/python3.12/site-packages/oslo_config/cfg.py:3245}}
Jun 02 20:50:17.263277 np0000001976 devstack@g-api.service[101983]: DEBUG glance.common.config [None req-d7e0cffc-f984-4d26-a7f3-e069e6741bad None None] use_syslog = False {{(pid=101983) log_opt_values /opt/stack/data/venv/lib/python3.12/site-packages/oslo_config/cfg.py:3245}}
Jun 02 20:50:17.263423 np0000001976 devstack@g-api.service[101983]: DEBUG glance.common.config [None req-d7e0cffc-f984-4d26-a7f3-e069e6741bad None None] user_storage_quota = 0 {{(pid=101983) log_opt_values /opt/stack/data/venv/lib/python3.12/site-packages/oslo_config/cfg.py:3245}}
Jun 02 20:50:17.263588 np0000001976 devstack@g-api.service[101983]: DEBUG glance.common.config [None req-d7e0cffc-f984-4d26-a7f3-e069e6741bad None None] worker_self_reference_url = http://127.0.0.1:60999 {{(pid=101983) log_opt_values /opt/stack/data/venv/lib/python3.12/site-packages/oslo_config/cfg.py:3245}}
Jun 02 20:50:17.263721 np0000001976 devstack@g-api.service[101983]: DEBUG glance.common.config [None req-d7e0cffc-f984-4d26-a7f3-e069e6741bad None None] workers = None {{(pid=101983) log_opt_values /opt/stack/data/venv/lib/python3.12/site-packages/oslo_config/cfg.py:3245}}
Jun 02 20:50:17.263884 np0000001976 devstack@g-api.service[101983]: DEBUG glance.common.config [None req-d7e0cffc-f984-4d26-a7f3-e069e6741bad None None] oslo_concurrency.disable_process_locking = False {{(pid=101983) log_opt_values /opt/stack/data/venv/lib/python3.12/site-packages/oslo_config/cfg.py:3256}}
Jun 02 20:50:17.264017 np0000001976 devstack@g-api.service[101983]: DEBUG glance.common.config [None req-d7e0cffc-f984-4d26-a7f3-e069e6741bad None None] oslo_concurrency.lock_path = /opt/stack/data/glance/locks {{(pid=101983) log_opt_values /opt/stack/data/venv/lib/python3.12/site-packages/oslo_config/cfg.py:3256}}
Jun 02 20:50:17.264152 np0000001976 devstack@g-api.service[101983]: DEBUG glance.common.config [None req-d7e0cffc-f984-4d26-a7f3-e069e6741bad None None] oslo_middleware.enable_proxy_headers_parsing = False {{(pid=101983) log_opt_values /opt/stack/data/venv/lib/python3.12/site-packages/oslo_config/cfg.py:3256}}
Jun 02 20:50:17.264299 np0000001976 devstack@g-api.service[101983]: DEBUG glance.common.config [None req-d7e0cffc-f984-4d26-a7f3-e069e6741bad None None] oslo_middleware.http_basic_auth_user_file = /etc/htpasswd {{(pid=101983) log_opt_values /opt/stack/data/venv/lib/python3.12/site-packages/oslo_config/cfg.py:3256}}
Jun 02 20:50:17.264418 np0000001976 devstack@g-api.service[101983]: DEBUG glance.common.config [None req-d7e0cffc-f984-4d26-a7f3-e069e6741bad None None] paste_deploy.config_file = None {{(pid=101983) log_opt_values /opt/stack/data/venv/lib/python3.12/site-packages/oslo_config/cfg.py:3256}}
Jun 02 20:50:17.264571 np0000001976 devstack@g-api.service[101983]: DEBUG glance.common.config [None req-d7e0cffc-f984-4d26-a7f3-e069e6741bad None None] paste_deploy.flavor = keystone+cachemanagement {{(pid=101983) log_opt_values /opt/stack/data/venv/lib/python3.12/site-packages/oslo_config/cfg.py:3256}}
Jun 02 20:50:17.264780 np0000001976 devstack@g-api.service[101983]: DEBUG glance.common.config [None req-d7e0cffc-f984-4d26-a7f3-e069e6741bad None None] image_format.container_formats = ['ami', 'ari', 'aki', 'bare', 'ovf', 'ova', 'docker', 'compressed'] {{(pid=101983) log_opt_values /opt/stack/data/venv/lib/python3.12/site-packages/oslo_config/cfg.py:3256}}
Jun 02 20:50:17.264976 np0000001976 devstack@g-api.service[101983]: DEBUG glance.common.config [None req-d7e0cffc-f984-4d26-a7f3-e069e6741bad None None] image_format.disk_formats = ['ami', 'ari', 'aki', 'vhd', 'vhdx', 'vmdk', 'raw', 'qcow2', 'vdi', 'iso', 'ploop'] {{(pid=101983) log_opt_values /opt/stack/data/venv/lib/python3.12/site-packages/oslo_config/cfg.py:3256}}
Jun 02 20:50:17.265104 np0000001976 devstack@g-api.service[101983]: DEBUG glance.common.config [None req-d7e0cffc-f984-4d26-a7f3-e069e6741bad None None] image_format.gpt_safety_checks_nonfatal = [] {{(pid=101983) log_opt_values /opt/stack/data/venv/lib/python3.12/site-packages/oslo_config/cfg.py:3256}}
Jun 02 20:50:17.265246 np0000001976 devstack@g-api.service[101983]: DEBUG glance.common.config [None req-d7e0cffc-f984-4d26-a7f3-e069e6741bad None None] image_format.require_image_format_match = True {{(pid=101983) log_opt_values /opt/stack/data/venv/lib/python3.12/site-packages/oslo_config/cfg.py:3256}}
Jun 02 20:50:17.265381 np0000001976 devstack@g-api.service[101983]: DEBUG glance.common.config [None req-d7e0cffc-f984-4d26-a7f3-e069e6741bad None None] image_format.vmdk_allowed_types = ['streamOptimized', 'monolithicSparse'] {{(pid=101983) log_opt_values /opt/stack/data/venv/lib/python3.12/site-packages/oslo_config/cfg.py:3256}}
Jun 02 20:50:17.265548 np0000001976 devstack@g-api.service[101983]: DEBUG glance.common.config [None req-d7e0cffc-f984-4d26-a7f3-e069e6741bad None None] task.task_executor = taskflow {{(pid=101983) log_opt_values /opt/stack/data/venv/lib/python3.12/site-packages/oslo_config/cfg.py:3256}}
