Jun 02 20:49:54.688315 np0000001976 nova-scheduler[95662]: DEBUG cotyledon.oslo_config_glue [-] oslo_limit.connect_retries = None {{(pid=95662) log_opt_values /opt/stack/data/venv/lib/python3.12/site-packages/oslo_config/cfg.py:3256}}
Jun 02 20:49:54.688315 np0000001976 nova-scheduler[95662]: DEBUG cotyledon.oslo_config_glue [-] oslo_limit.connect_retry_delay = None {{(pid=95662) log_opt_values /opt/stack/data/venv/lib/python3.12/site-packages/oslo_config/cfg.py:3256}}
Jun 02 20:49:54.688315 np0000001976 nova-scheduler[95662]: DEBUG cotyledon.oslo_config_glue [-] oslo_limit.endpoint_id = None {{(pid=95662) log_opt_values /opt/stack/data/venv/lib/python3.12/site-packages/oslo_config/cfg.py:3256}}
Jun 02 20:49:54.688315 np0000001976 nova-scheduler[95662]: DEBUG cotyledon.oslo_config_glue [-] oslo_limit.endpoint_interface = public {{(pid=95662) log_opt_values /opt/stack/data/venv/lib/python3.12/site-packages/oslo_config/cfg.py:3256}}
Jun 02 20:49:54.688640 np0000001976 nova-scheduler[95662]: DEBUG cotyledon.oslo_config_glue [-] oslo_limit.endpoint_override = None {{(pid=95662) log_opt_values /opt/stack/data/venv/lib/python3.12/site-packages/oslo_config/cfg.py:3256}}
Jun 02 20:49:54.688640 np0000001976 nova-scheduler[95662]: DEBUG cotyledon.oslo_config_glue [-] oslo_limit.endpoint_region_name = None {{(pid=95662) log_opt_values /opt/stack/data/venv/lib/python3.12/site-packages/oslo_config/cfg.py:3256}}
Jun 02 20:49:54.688640 np0000001976 nova-scheduler[95662]: DEBUG cotyledon.oslo_config_glue [-] oslo_limit.endpoint_service_name = None {{(pid=95662) log_opt_values /opt/stack/data/venv/lib/python3.12/site-packages/oslo_config/cfg.py:3256}}
Jun 02 20:49:54.688640 np0000001976 nova-scheduler[95662]: DEBUG cotyledon.oslo_config_glue [-] oslo_limit.endpoint_service_type = None {{(pid=95662) log_opt_values /opt/stack/data/venv/lib/python3.12/site-packages/oslo_config/cfg.py:3256}}
Jun 02 20:49:54.688640 np0000001976 nova-scheduler[95662]: DEBUG cotyledon.oslo_config_glue [-] oslo_limit.insecure = False {{(pid=95662) log_opt_values /opt/stack/data/venv/lib/python3.12/site-packages/oslo_config/cfg.py:3256}}
Jun 02 20:49:54.688640 np0000001976 nova-scheduler[95662]: DEBUG cotyledon.oslo_config_glue [-] oslo_limit.keyfile = None {{(pid=95662) log_opt_values /opt/stack/data/venv/lib/python3.12/site-packages/oslo_config/cfg.py:3256}}
Jun 02 20:49:54.688640 np0000001976 nova-scheduler[95662]: DEBUG cotyledon.oslo_config_glue [-] oslo_limit.max_version = None {{(pid=95662) log_opt_values /opt/stack/data/venv/lib/python3.12/site-packages/oslo_config/cfg.py:3256}}
Jun 02 20:49:54.688640 np0000001976 nova-scheduler[95662]: DEBUG cotyledon.oslo_config_glue [-] oslo_limit.min_version = None {{(pid=95662) log_opt_values /opt/stack/data/venv/lib/python3.12/site-packages/oslo_config/cfg.py:3256}}
Jun 02 20:49:54.688640 np0000001976 nova-scheduler[95662]: DEBUG cotyledon.oslo_config_glue [-] oslo_limit.region_name = None {{(pid=95662) log_opt_values /opt/stack/data/venv/lib/python3.12/site-packages/oslo_config/cfg.py:3256}}
Jun 02 20:49:54.689017 np0000001976 nova-scheduler[95662]: DEBUG cotyledon.oslo_config_glue [-] oslo_limit.retriable_status_codes = None {{(pid=95662) log_opt_values /opt/stack/data/venv/lib/python3.12/site-packages/oslo_config/cfg.py:3256}}
Jun 02 20:49:54.689017 np0000001976 nova-scheduler[95662]: DEBUG cotyledon.oslo_config_glue [-] oslo_limit.service_name = None {{(pid=95662) log_opt_values /opt/stack/data/venv/lib/python3.12/site-packages/oslo_config/cfg.py:3256}}
Jun 02 20:49:54.689017 np0000001976 nova-scheduler[95662]: DEBUG cotyledon.oslo_config_glue [-] oslo_limit.service_type = None {{(pid=95662) log_opt_values /opt/stack/data/venv/lib/python3.12/site-packages/oslo_config/cfg.py:3256}}
Jun 02 20:49:54.689017 np0000001976 nova-scheduler[95662]: DEBUG cotyledon.oslo_config_glue [-] oslo_limit.split_loggers = False {{(pid=95662) log_opt_values /opt/stack/data/venv/lib/python3.12/site-packages/oslo_config/cfg.py:3256}}
Jun 02 20:49:54.689017 np0000001976 nova-scheduler[95662]: DEBUG cotyledon.oslo_config_glue [-] oslo_limit.status_code_retries = None {{(pid=95662) log_opt_values /opt/stack/data/venv/lib/python3.12/site-packages/oslo_config/cfg.py:3256}}
Jun 02 20:49:54.689017 np0000001976 nova-scheduler[95662]: DEBUG cotyledon.oslo_config_glue [-] oslo_limit.status_code_retry_delay = None {{(pid=95662) log_opt_values /opt/stack/data/venv/lib/python3.12/site-packages/oslo_config/cfg.py:3256}}
Jun 02 20:49:54.689017 np0000001976 nova-scheduler[95662]: DEBUG cotyledon.oslo_config_glue [-] oslo_limit.timeout = None {{(pid=95662) log_opt_values /opt/stack/data/venv/lib/python3.12/site-packages/oslo_config/cfg.py:3256}}
Jun 02 20:49:54.689017 np0000001976 nova-scheduler[95662]: DEBUG cotyledon.oslo_config_glue [-] oslo_limit.valid_interfaces = None {{(pid=95662) log_opt_values /opt/stack/data/venv/lib/python3.12/site-packages/oslo_config/cfg.py:3256}}
Jun 02 20:49:54.689017 np0000001976 nova-scheduler[95662]: DEBUG cotyledon.oslo_config_glue [-] oslo_limit.version = None {{(pid=95662) log_opt_values /opt/stack/data/venv/lib/python3.12/site-packages/oslo_config/cfg.py:3256}}
Jun 02 20:49:54.689281 np0000001976 nova-scheduler[95662]: DEBUG cotyledon.oslo_config_glue [-] oslo_reports.file_event_handler = None {{(pid=95662) log_opt_values /opt/stack/data/venv/lib/python3.12/site-packages/oslo_config/cfg.py:3256}}
Jun 02 20:49:54.689281 np0000001976 nova-scheduler[95662]: DEBUG cotyledon.oslo_config_glue [-] oslo_reports.file_event_handler_interval = 1 {{(pid=95662) log_opt_values /opt/stack/data/venv/lib/python3.12/site-packages/oslo_config/cfg.py:3256}}
Jun 02 20:49:54.689281 np0000001976 nova-scheduler[95662]: DEBUG cotyledon.oslo_config_glue [-] oslo_reports.log_dir = None {{(pid=95662) log_opt_values /opt/stack/data/venv/lib/python3.12/site-packages/oslo_config/cfg.py:3256}}
Jun 02 20:49:54.689281 np0000001976 nova-scheduler[95662]: DEBUG cotyledon.oslo_config_glue [-] ******************************************************************************** {{(pid=95662) log_opt_values /opt/stack/data/venv/lib/python3.12/site-packages/oslo_config/cfg.py:3263}}
Jun 02 20:49:54.689281 np0000001976 nova-scheduler[95662]: DEBUG cotyledon._service_worker [-] Run service ServiceWrapper(2) [95662] {{(pid=95662) wait_forever /opt/stack/data/venv/lib/python3.12/site-packages/cotyledon/_service_worker.py:218}}
Jun 02 20:49:54.689281 np0000001976 nova-scheduler[95662]: INFO nova.service [-] Starting scheduler node (version 33.1.0)
Jun 02 20:49:54.689281 np0000001976 nova-scheduler[95662]: INFO dbcounter [None req-b478c23a-2286-4e70-b367-137bd9925a1d None None] Registered counter for database nova_cell0
Jun 02 20:49:54.689519 np0000001976 nova-scheduler[95619]: DEBUG oslo_db.sqlalchemy.engines [None req-cef3d0d0-4fd5-409f-94d6-33df98dfc07d None None] MySQL server mode set to STRICT_TRANS_TABLES,STRICT_ALL_TABLES,NO_ZERO_IN_DATE,NO_ZERO_DATE,ERROR_FOR_DIVISION_BY_ZERO,TRADITIONAL,NO_ENGINE_SUBSTITUTION {{(pid=95619) _check_effective_sql_mode /opt/stack/data/venv/lib/python3.12/site-packages/oslo_db/sqlalchemy/engines.py:325}}
Jun 02 20:49:54.689519 np0000001976 nova-scheduler[95619]: DEBUG dbcounter [-] [95619] Writer thread running {{(pid=95619) stat_writer /opt/stack/data/venv/lib/python3.12/site-packages/dbcounter.py:102}}
Jun 02 20:49:54.703292 np0000001976 nova-scheduler[95619]: DEBUG nova.service [None req-cef3d0d0-4fd5-409f-94d6-33df98dfc07d None None] Creating RPC server for service: nova-scheduler on topic: scheduler {{(pid=95619) start /opt/stack/nova/nova/service.py:195}}
Jun 02 20:49:54.709225 np0000001976 nova-scheduler[95621]: DEBUG oslo_db.sqlalchemy.engines [None req-f5ec1b9a-97d0-4b91-b23f-4e0b17d9fd79 None None] MySQL server mode set to STRICT_TRANS_TABLES,STRICT_ALL_TABLES,NO_ZERO_IN_DATE,NO_ZERO_DATE,ERROR_FOR_DIVISION_BY_ZERO,TRADITIONAL,NO_ENGINE_SUBSTITUTION {{(pid=95621) _check_effective_sql_mode /opt/stack/data/venv/lib/python3.12/site-packages/oslo_db/sqlalchemy/engines.py:325}}
Jun 02 20:49:54.721833 np0000001976 nova-scheduler[95621]: DEBUG dbcounter [-] [95621] Writer thread running {{(pid=95621) stat_writer /opt/stack/data/venv/lib/python3.12/site-packages/dbcounter.py:102}}
Jun 02 20:49:54.722161 np0000001976 nova-scheduler[95662]: DEBUG oslo_db.sqlalchemy.engines [None req-b478c23a-2286-4e70-b367-137bd9925a1d None None] MySQL server mode set to STRICT_TRANS_TABLES,STRICT_ALL_TABLES,NO_ZERO_IN_DATE,NO_ZERO_DATE,ERROR_FOR_DIVISION_BY_ZERO,TRADITIONAL,NO_ENGINE_SUBSTITUTION {{(pid=95662) _check_effective_sql_mode /opt/stack/data/venv/lib/python3.12/site-packages/oslo_db/sqlalchemy/engines.py:325}}
Jun 02 20:49:54.725659 np0000001976 nova-scheduler[95621]: DEBUG nova.service [None req-f5ec1b9a-97d0-4b91-b23f-4e0b17d9fd79 None None] Creating RPC server for service: nova-scheduler on topic: scheduler {{(pid=95621) start /opt/stack/nova/nova/service.py:195}}
Jun 02 20:49:54.731775 np0000001976 nova-scheduler[95662]: DEBUG dbcounter [-] [95662] Writer thread running {{(pid=95662) stat_writer /opt/stack/data/venv/lib/python3.12/site-packages/dbcounter.py:102}}
Jun 02 20:49:54.734318 np0000001976 nova-scheduler[95662]: DEBUG nova.service [None req-b478c23a-2286-4e70-b367-137bd9925a1d None None] Creating RPC server for service: nova-scheduler on topic: scheduler {{(pid=95662) start /opt/stack/nova/nova/service.py:195}}
Jun 02 20:49:54.735944 np0000001976 nova-scheduler[95619]: DEBUG nova.service [None req-cef3d0d0-4fd5-409f-94d6-33df98dfc07d None None] Join ServiceGroup membership for this service scheduler {{(pid=95619) start /opt/stack/nova/nova/service.py:221}}
Jun 02 20:49:54.736133 np0000001976 nova-scheduler[95619]: DEBUG nova.servicegroup.drivers.db [None req-cef3d0d0-4fd5-409f-94d6-33df98dfc07d None None] DB_Driver: join new ServiceGroup member np0000001976 to the scheduler group, service = {{(pid=95619) join /opt/stack/nova/nova/servicegroup/drivers/db.py:44}}
Jun 02 20:49:54.746643 np0000001976 nova-scheduler[95621]: DEBUG nova.service [None req-f5ec1b9a-97d0-4b91-b23f-4e0b17d9fd79 None None] Join ServiceGroup membership for this service scheduler {{(pid=95621) start /opt/stack/nova/nova/service.py:221}}
Jun 02 20:49:54.746798 np0000001976 nova-scheduler[95621]: DEBUG nova.servicegroup.drivers.db [None req-f5ec1b9a-97d0-4b91-b23f-4e0b17d9fd79 None None] DB_Driver: join new ServiceGroup member np0000001976 to the scheduler group, service = {{(pid=95621) join /opt/stack/nova/nova/servicegroup/drivers/db.py:44}}
Jun 02 20:49:54.751831 np0000001976 nova-scheduler[95662]: DEBUG nova.service [None req-b478c23a-2286-4e70-b367-137bd9925a1d None None] Join ServiceGroup membership for this service scheduler {{(pid=95662) start /opt/stack/nova/nova/service.py:221}}
Jun 02 20:49:54.752036 np0000001976 nova-scheduler[95662]: DEBUG nova.servicegroup.drivers.db [None req-b478c23a-2286-4e70-b367-137bd9925a1d None None] DB_Driver: join new ServiceGroup member np0000001976 to the scheduler group, service = {{(pid=95662) join /opt/stack/nova/nova/servicegroup/drivers/db.py:44}}
Jun 02 20:49:59.760764 np0000001976 nova-scheduler[95619]: DEBUG oslo.service.backend._threading.loopingcall [-] Fixed interval looping call 'nova.servicegroup.drivers.db.DbDriver._report_state' sleeping for 119.98 seconds {{(pid=95619) _run_loop /opt/stack/data/venv/lib/python3.12/site-packages/oslo_service/backend/_threading/loopingcall.py:125}}
Jun 02 20:49:59.764940 np0000001976 nova-scheduler[95621]: DEBUG oslo.service.backend._threading.loopingcall [-] Fixed interval looping call 'nova.servicegroup.drivers.db.DbDriver._report_state' sleeping for 119.99 seconds {{(pid=95621) _run_loop /opt/stack/data/venv/lib/python3.12/site-packages/oslo_service/backend/_threading/loopingcall.py:125}}
Jun 02 20:49:59.777286 np0000001976 nova-scheduler[95662]: DEBUG oslo.service.backend._threading.loopingcall [-] Fixed interval looping call 'nova.servicegroup.drivers.db.DbDriver._report_state' sleeping for 119.98 seconds {{(pid=95662) _run_loop /opt/stack/data/venv/lib/python3.12/site-packages/oslo_service/backend/_threading/loopingcall.py:125}}
Jun 02 20:50:03.330524 np0000001976 nova-scheduler[94414]: DEBUG dbcounter [-] [94414] Writing DB stats nova_api:SELECT=3 {{(pid=94414) stat_writer /opt/stack/data/venv/lib/python3.12/site-packages/dbcounter.py:115}}
Jun 02 20:50:03.451685 np0000001976 nova-scheduler[94414]: DEBUG dbcounter [-] [94414] Writing DB stats nova_cell0:SELECT=1 {{(pid=94414) stat_writer /opt/stack/data/venv/lib/python3.12/site-packages/dbcounter.py:115}}
Jun 02 20:50:03.461682 np0000001976 nova-scheduler[94414]: DEBUG dbcounter [-] [94414] Writing DB stats nova_cell1:SELECT=1 {{(pid=94414) stat_writer /opt/stack/data/venv/lib/python3.12/site-packages/dbcounter.py:115}}
Jun 02 20:50:09.749513 np0000001976 nova-scheduler[95619]: DEBUG dbcounter [-] [95619] Writing DB stats nova_cell0:SELECT=4,nova_cell0:INSERT=1,nova_cell0:UPDATE=1 {{(pid=95619) stat_writer /opt/stack/data/venv/lib/python3.12/site-packages/dbcounter.py:115}}
Jun 02 20:50:09.762325 np0000001976 nova-scheduler[95621]: DEBUG dbcounter [-] [95621] Writing DB stats nova_cell0:SELECT=3 {{(pid=95621) stat_writer /opt/stack/data/venv/lib/python3.12/site-packages/dbcounter.py:115}}
Jun 02 20:50:09.776567 np0000001976 nova-scheduler[95662]: DEBUG dbcounter [-] [95662] Writing DB stats nova_cell0:SELECT=3 {{(pid=95662) stat_writer /opt/stack/data/venv/lib/python3.12/site-packages/dbcounter.py:115}}
Jun 02 20:50:21.756255 np0000001976 nova-scheduler[95662]: DEBUG oslo.service.backend._threading.loopingcall [None req-292957a4-a779-4521-9216-9c039b38e766 None None] Dynamic interval looping call 'nova.service.Service.periodic_tasks' sleeping for 60.00 seconds {{(pid=95662) _run_loop /opt/stack/data/venv/lib/python3.12/site-packages/oslo_service/backend/_threading/loopingcall.py:125}}
Jun 02 20:50:29.751073 np0000001976 nova-scheduler[95621]: DEBUG oslo.service.backend._threading.loopingcall [None req-8e33a4b1-1188-49f9-aefb-a4319f75f7ef None None] Dynamic interval looping call 'nova.service.Service.periodic_tasks' sleeping for 60.00 seconds {{(pid=95621) _run_loop /opt/stack/data/venv/lib/python3.12/site-packages/oslo_service/backend/_threading/loopingcall.py:125}}
Jun 02 20:50:44.737727 np0000001976 nova-scheduler[95619]: DEBUG oslo.service.backend._threading.loopingcall [None req-6cd37379-533f-4960-b39f-87054cfa105f None None] Dynamic interval looping call 'nova.service.Service.periodic_tasks' sleeping for 60.00 seconds {{(pid=95619) _run_loop /opt/stack/data/venv/lib/python3.12/site-packages/oslo_service/backend/_threading/loopingcall.py:125}}
Jun 02 20:51:21.756730 np0000001976 nova-scheduler[95662]: DEBUG oslo.service.backend._threading.loopingcall [None req-292957a4-a779-4521-9216-9c039b38e766 None None] Dynamic interval looping call 'nova.service.Service.periodic_tasks' sleeping for 60.00 seconds {{(pid=95662) _run_loop /opt/stack/data/venv/lib/python3.12/site-packages/oslo_service/backend/_threading/loopingcall.py:125}}
Jun 02 20:51:29.751484 np0000001976 nova-scheduler[95621]: DEBUG oslo.service.backend._threading.loopingcall [None req-8e33a4b1-1188-49f9-aefb-a4319f75f7ef None None] Dynamic interval looping call 'nova.service.Service.periodic_tasks' sleeping for 60.00 seconds {{(pid=95621) _run_loop /opt/stack/data/venv/lib/python3.12/site-packages/oslo_service/backend/_threading/loopingcall.py:125}}
Jun 02 20:51:44.738207 np0000001976 nova-scheduler[95619]: DEBUG oslo.service.backend._threading.loopingcall [None req-6cd37379-533f-4960-b39f-87054cfa105f None None] Dynamic interval looping call 'nova.service.Service.periodic_tasks' sleeping for 60.00 seconds {{(pid=95619) _run_loop /opt/stack/data/venv/lib/python3.12/site-packages/oslo_service/backend/_threading/loopingcall.py:125}}
Jun 02 20:51:59.753714 np0000001976 nova-scheduler[95619]: DEBUG oslo.service.backend._threading.loopingcall [-] Fixed interval looping call 'nova.servicegroup.drivers.db.DbDriver._report_state' sleeping for 119.99 seconds {{(pid=95619) _run_loop /opt/stack/data/venv/lib/python3.12/site-packages/oslo_service/backend/_threading/loopingcall.py:125}}
Jun 02 20:51:59.757979 np0000001976 nova-scheduler[95621]: DEBUG oslo.service.backend._threading.loopingcall [-] Fixed interval looping call 'nova.servicegroup.drivers.db.DbDriver._report_state' sleeping for 120.00 seconds {{(pid=95621) _run_loop /opt/stack/data/venv/lib/python3.12/site-packages/oslo_service/backend/_threading/loopingcall.py:125}}
Jun 02 20:51:59.761121 np0000001976 nova-scheduler[95662]: DEBUG oslo.service.backend._threading.loopingcall [-] Fixed interval looping call 'nova.servicegroup.drivers.db.DbDriver._report_state' sleeping for 120.00 seconds {{(pid=95662) _run_loop /opt/stack/data/venv/lib/python3.12/site-packages/oslo_service/backend/_threading/loopingcall.py:125}}
Jun 02 20:52:09.743633 np0000001976 nova-scheduler[95619]: DEBUG dbcounter [-] [95619] Writing DB stats nova_cell0:SELECT=1,nova_cell0:UPDATE=1 {{(pid=95619) stat_writer /opt/stack/data/venv/lib/python3.12/site-packages/dbcounter.py:115}}
Jun 02 20:52:09.756537 np0000001976 nova-scheduler[95621]: DEBUG dbcounter [-] [95621] Writing DB stats nova_cell0:SELECT=1 {{(pid=95621) stat_writer /opt/stack/data/venv/lib/python3.12/site-packages/dbcounter.py:115}}
Jun 02 20:52:09.759772 np0000001976 nova-scheduler[95662]: DEBUG dbcounter [-] [95662] Writing DB stats nova_cell0:SELECT=1 {{(pid=95662) stat_writer /opt/stack/data/venv/lib/python3.12/site-packages/dbcounter.py:115}}
Jun 02 20:52:21.757222 np0000001976 nova-scheduler[95662]: DEBUG oslo.service.backend._threading.loopingcall [None req-292957a4-a779-4521-9216-9c039b38e766 None None] Dynamic interval looping call 'nova.service.Service.periodic_tasks' sleeping for 60.00 seconds {{(pid=95662) _run_loop /opt/stack/data/venv/lib/python3.12/site-packages/oslo_service/backend/_threading/loopingcall.py:125}}
Jun 02 20:52:27.334557 np0000001976 nova-scheduler[95619]: DEBUG nova.scheduler.manager [None req-a7cd3c19-47b4-4fa7-af8b-0270ed1725fb tempest-ServerBootFromVolumeStableRescueTest-373578675 tempest-ServerBootFromVolumeStableRescueTest-373578675-project-member] Starting to schedule for instances: ['a1b74ff3-507a-42d1-9b5c-ac9cf1dc0238'] {{(pid=95619) select_destinations /opt/stack/nova/nova/scheduler/manager.py:210}}
Jun 02 20:52:27.335209 np0000001976 nova-scheduler[95619]: DEBUG nova.scheduler.request_filter [None req-a7cd3c19-47b4-4fa7-af8b-0270ed1725fb tempest-ServerBootFromVolumeStableRescueTest-373578675 tempest-ServerBootFromVolumeStableRescueTest-373578675-project-member] compute_status_filter request filter added forbidden trait COMPUTE_STATUS_DISABLED {{(pid=95619) compute_status_filter /opt/stack/nova/nova/scheduler/request_filter.py:253}}
Jun 02 20:52:27.335325 np0000001976 nova-scheduler[95619]: DEBUG nova.scheduler.request_filter [None req-a7cd3c19-47b4-4fa7-af8b-0270ed1725fb tempest-ServerBootFromVolumeStableRescueTest-373578675 tempest-ServerBootFromVolumeStableRescueTest-373578675-project-member] Request filter 'compute_status_filter' took 0.0 seconds {{(pid=95619) wrapper /opt/stack/nova/nova/scheduler/request_filter.py:46}}
Jun 02 20:52:27.335569 np0000001976 nova-scheduler[95619]: DEBUG nova.scheduler.request_filter [None req-a7cd3c19-47b4-4fa7-af8b-0270ed1725fb tempest-ServerBootFromVolumeStableRescueTest-373578675 tempest-ServerBootFromVolumeStableRescueTest-373578675-project-member] Request filter 'accelerators_filter' took 0.0 seconds {{(pid=95619) wrapper /opt/stack/nova/nova/scheduler/request_filter.py:46}}
Jun 02 20:52:27.335717 np0000001976 nova-scheduler[95619]: DEBUG nova.scheduler.request_filter [None req-a7cd3c19-47b4-4fa7-af8b-0270ed1725fb tempest-ServerBootFromVolumeStableRescueTest-373578675 tempest-ServerBootFromVolumeStableRescueTest-373578675-project-member] Request filter 'packed_virtqueue_filter' took 0.0 seconds {{(pid=95619) wrapper /opt/stack/nova/nova/scheduler/request_filter.py:46}}
Jun 02 20:52:27.335937 np0000001976 nova-scheduler[95619]: DEBUG nova.scheduler.request_filter [None req-a7cd3c19-47b4-4fa7-af8b-0270ed1725fb tempest-ServerBootFromVolumeStableRescueTest-373578675 tempest-ServerBootFromVolumeStableRescueTest-373578675-project-member] Request filter 'remote_managed_ports_filter' took 0.0 seconds {{(pid=95619) wrapper /opt/stack/nova/nova/scheduler/request_filter.py:46}}
Jun 02 20:52:27.336058 np0000001976 nova-scheduler[95619]: DEBUG nova.scheduler.request_filter [None req-a7cd3c19-47b4-4fa7-af8b-0270ed1725fb tempest-ServerBootFromVolumeStableRescueTest-373578675 tempest-ServerBootFromVolumeStableRescueTest-373578675-project-member] ephemeral_encryption_filter skipped {{(pid=95619) ephemeral_encryption_filter /opt/stack/nova/nova/scheduler/request_filter.py:426}}
Jun 02 20:52:27.336190 np0000001976 nova-scheduler[95619]: DEBUG nova.scheduler.request_filter [None req-a7cd3c19-47b4-4fa7-af8b-0270ed1725fb tempest-ServerBootFromVolumeStableRescueTest-373578675 tempest-ServerBootFromVolumeStableRescueTest-373578675-project-member] virtio_sound_filter skipped {{(pid=95619) virtio_sound_filter /opt/stack/nova/nova/scheduler/request_filter.py:460}}
Jun 02 20:52:27.336336 np0000001976 nova-scheduler[95619]: DEBUG nova.scheduler.request_filter [None req-a7cd3c19-47b4-4fa7-af8b-0270ed1725fb tempest-ServerBootFromVolumeStableRescueTest-373578675 tempest-ServerBootFromVolumeStableRescueTest-373578675-project-member] tpm_secret_security_filter skipped {{(pid=95619) tpm_secret_security_filter /opt/stack/nova/nova/scheduler/request_filter.py:477}}
Jun 02 20:52:27.905315 np0000001976 nova-scheduler[95619]: INFO nova.utils [None req-a7cd3c19-47b4-4fa7-af8b-0270ed1725fb tempest-ServerBootFromVolumeStableRescueTest-373578675 tempest-ServerBootFromVolumeStableRescueTest-373578675-project-member] The cell worker thread pool ForkProcess-1.cell_worker is initialized
Jun 02 20:52:27.905744 np0000001976 nova-scheduler[95619]: DEBUG oslo_concurrency.lockutils [None req-a7cd3c19-47b4-4fa7-af8b-0270ed1725fb tempest-ServerBootFromVolumeStableRescueTest-373578675 tempest-ServerBootFromVolumeStableRescueTest-373578675-project-member] Acquiring lock "c538cf96-f129-475f-a918-76302e7fd1af" by "nova.context.set_target_cell..get_or_set_cached_cell_and_set_connections" {{(pid=95619) inner /opt/stack/data/venv/lib/python3.12/site-packages/oslo_concurrency/lockutils.py:511}}
Jun 02 20:52:27.905992 np0000001976 nova-scheduler[95619]: DEBUG oslo_concurrency.lockutils [None req-a7cd3c19-47b4-4fa7-af8b-0270ed1725fb tempest-ServerBootFromVolumeStableRescueTest-373578675 tempest-ServerBootFromVolumeStableRescueTest-373578675-project-member] Lock "c538cf96-f129-475f-a918-76302e7fd1af" acquired by "nova.context.set_target_cell..get_or_set_cached_cell_and_set_connections" :: waited 0.000s {{(pid=95619) inner /opt/stack/data/venv/lib/python3.12/site-packages/oslo_concurrency/lockutils.py:524}}
Jun 02 20:52:27.907638 np0000001976 nova-scheduler[95619]: DEBUG oslo_concurrency.lockutils [None req-a7cd3c19-47b4-4fa7-af8b-0270ed1725fb tempest-ServerBootFromVolumeStableRescueTest-373578675 tempest-ServerBootFromVolumeStableRescueTest-373578675-project-member] Lock "c538cf96-f129-475f-a918-76302e7fd1af" "released" by "nova.context.set_target_cell..get_or_set_cached_cell_and_set_connections" :: held 0.001s {{(pid=95619) inner /opt/stack/data/venv/lib/python3.12/site-packages/oslo_concurrency/lockutils.py:543}}
Jun 02 20:52:27.909774 np0000001976 nova-scheduler[95619]: INFO dbcounter [None req-a7cd3c19-47b4-4fa7-af8b-0270ed1725fb tempest-ServerBootFromVolumeStableRescueTest-373578675 tempest-ServerBootFromVolumeStableRescueTest-373578675-project-member] Registered counter for database nova_cell1
Jun 02 20:52:27.961672 np0000001976 nova-scheduler[95619]: DEBUG oslo_db.sqlalchemy.engines [None req-a7cd3c19-47b4-4fa7-af8b-0270ed1725fb tempest-ServerBootFromVolumeStableRescueTest-373578675 tempest-ServerBootFromVolumeStableRescueTest-373578675-project-member] MySQL server mode set to STRICT_TRANS_TABLES,STRICT_ALL_TABLES,NO_ZERO_IN_DATE,NO_ZERO_DATE,ERROR_FOR_DIVISION_BY_ZERO,TRADITIONAL,NO_ENGINE_SUBSTITUTION {{(pid=95619) _check_effective_sql_mode /opt/stack/data/venv/lib/python3.12/site-packages/oslo_db/sqlalchemy/engines.py:325}}
Jun 02 20:52:27.966206 np0000001976 nova-scheduler[95619]: DEBUG dbcounter [-] [95619] Writer thread running {{(pid=95619) stat_writer /opt/stack/data/venv/lib/python3.12/site-packages/dbcounter.py:102}}
Jun 02 20:52:27.981787 np0000001976 nova-scheduler[95619]: DEBUG oslo_db.sqlalchemy.engines [None req-a7cd3c19-47b4-4fa7-af8b-0270ed1725fb tempest-ServerBootFromVolumeStableRescueTest-373578675 tempest-ServerBootFromVolumeStableRescueTest-373578675-project-member] Parent process 94414 forked (95619) with an open database connection, which is being discarded and recreated. {{(pid=95619) checkout /opt/stack/data/venv/lib/python3.12/site-packages/oslo_db/sqlalchemy/engines.py:402}}
Jun 02 20:52:28.023050 np0000001976 nova-scheduler[95619]: DEBUG dbcounter [-] [95619] Writer thread running {{(pid=95619) stat_writer /opt/stack/data/venv/lib/python3.12/site-packages/dbcounter.py:102}}
Jun 02 20:52:28.025779 np0000001976 nova-scheduler[95619]: DEBUG oslo_concurrency.lockutils [None req-a7cd3c19-47b4-4fa7-af8b-0270ed1725fb tempest-ServerBootFromVolumeStableRescueTest-373578675 tempest-ServerBootFromVolumeStableRescueTest-373578675-project-member] Acquiring lock "c538cf96-f129-475f-a918-76302e7fd1af" by "nova.context.set_target_cell..get_or_set_cached_cell_and_set_connections" {{(pid=95619) inner /opt/stack/data/venv/lib/python3.12/site-packages/oslo_concurrency/lockutils.py:511}}
Jun 02 20:52:28.025929 np0000001976 nova-scheduler[95619]: DEBUG oslo_concurrency.lockutils [None req-a7cd3c19-47b4-4fa7-af8b-0270ed1725fb tempest-ServerBootFromVolumeStableRescueTest-373578675 tempest-ServerBootFromVolumeStableRescueTest-373578675-project-member] Lock "c538cf96-f129-475f-a918-76302e7fd1af" acquired by "nova.context.set_target_cell..get_or_set_cached_cell_and_set_connections" :: waited 0.000s {{(pid=95619) inner /opt/stack/data/venv/lib/python3.12/site-packages/oslo_concurrency/lockutils.py:524}}
Jun 02 20:52:28.026163 np0000001976 nova-scheduler[95619]: DEBUG oslo_concurrency.lockutils [None req-a7cd3c19-47b4-4fa7-af8b-0270ed1725fb tempest-ServerBootFromVolumeStableRescueTest-373578675 tempest-ServerBootFromVolumeStableRescueTest-373578675-project-member] Lock "c538cf96-f129-475f-a918-76302e7fd1af" "released" by "nova.context.set_target_cell..get_or_set_cached_cell_and_set_connections" :: held 0.000s {{(pid=95619) inner /opt/stack/data/venv/lib/python3.12/site-packages/oslo_concurrency/lockutils.py:543}}
Jun 02 20:52:28.028826 np0000001976 nova-scheduler[95619]: DEBUG oslo_concurrency.lockutils [None req-a7cd3c19-47b4-4fa7-af8b-0270ed1725fb tempest-ServerBootFromVolumeStableRescueTest-373578675 tempest-ServerBootFromVolumeStableRescueTest-373578675-project-member] Acquiring lock "('np0000001976', 'np0000001976')" by "nova.scheduler.host_manager.HostState.update.._locked_update" {{(pid=95619) inner /opt/stack/data/venv/lib/python3.12/site-packages/oslo_concurrency/lockutils.py:511}}
Jun 02 20:52:28.028964 np0000001976 nova-scheduler[95619]: DEBUG oslo_concurrency.lockutils [None req-a7cd3c19-47b4-4fa7-af8b-0270ed1725fb tempest-ServerBootFromVolumeStableRescueTest-373578675 tempest-ServerBootFromVolumeStableRescueTest-373578675-project-member] Lock "('np0000001976', 'np0000001976')" acquired by "nova.scheduler.host_manager.HostState.update.._locked_update" :: waited 0.000s {{(pid=95619) inner /opt/stack/data/venv/lib/python3.12/site-packages/oslo_concurrency/lockutils.py:524}}
Jun 02 20:52:28.030056 np0000001976 nova-scheduler[95619]: DEBUG nova.scheduler.host_manager [None req-a7cd3c19-47b4-4fa7-af8b-0270ed1725fb tempest-ServerBootFromVolumeStableRescueTest-373578675 tempest-ServerBootFromVolumeStableRescueTest-373578675-project-member] Update host state from compute node: ComputeNode(cpu_allocation_ratio=4.0,cpu_info='{"arch": "x86_64", "model": "EPYC-Milan", "vendor": "AMD", "topology": {"cells": 1, "sockets": 12, "cores": 1, "threads": 1}, "maxphysaddr": {"mode": "emulate", "bits": 40}, "features": ["pschange-mc-no", "xsave", "gds-no", "cmp_legacy", "stibp", "clwb", "rdpid", "vme", "no-nested-data-bp", "xsaves", "bmi2", "pdpe1gb", "pae", "sse", "vaes", "cx8", "misalignsse", "svm", "pse36", "xsaveopt", "perfctr_core", "fxsr_opt", "wbnoinvd", "sse4.1", "nrip-save", "rdctl-no", "virt-ssbd", "rdtscp", "umip", "pat", "sse4a", "abm", "tsc_adjust", "arch-capabilities", "tsc", "amd-ssbd", "osvw", "ssbd", "null-sel-clr-base", "de", "hypervisor", "avx", "rdseed", "npt", "mtrr", "sha-ni", "amd-stibp", "fsrm", "vpclmulqdq", "mce", "bmi1", "f16c", "fsgsbase", "erms", "invpcid", "mca", "clflush", "lm", "svme-addr-chk", "aes", "lbrv", "sse2", "fpu", "ibrs", "adx", "mmxext", "xsaveerptr", "apic", "movbe", "spec-ctrl", "pku", "smap", "fma", "skip-l1dfl-vmentry", "ssse3", "topoext", "vmcb-clean", "lahf_lm", "mmx", "arat", "x2apic", "cmov", "pge", "ibpb", "clflushopt", "nx", "avx2", "syscall", "pclmuldq", "pse", "msr", "smep", "clzero", "xgetbv1", "pause-filter", "xsavec", "rdrand", "fxsr", "amd-psfd", "lfence-always-serializing", "sse4.2", "v-vmsave-vmload", "pfthreshold", "popcnt", "sep", "cr8legacy", "mds-no", "tsc-deadline", "pcid", "cx16", "vgif", "3dnowprefetch", "flushbyasid", "pni", "tsc-scale", "stibp-always-on"]}',created_at=2026-06-02T20:50:19Z,current_workload=0,deleted=False,deleted_at=None,disk_allocation_ratio=1.0,disk_available_least=74,free_disk_gb=95,free_ram_mb=23518,host='np0000001976',host_ip=10.4.3.203,hypervisor_hostname='np0000001976',hypervisor_type='QEMU',hypervisor_version=8002002,id=1,local_gb=95,local_gb_used=0,mapped=1,memory_mb=24030,memory_mb_used=512,metrics='[]',numa_topology='{"nova_object.name": "NUMATopology", "nova_object.namespace": "nova", "nova_object.version": "1.2", "nova_object.data": {"cells": [{"nova_object.name": "NUMACell", "nova_object.namespace": "nova", "nova_object.version": "1.5", "nova_object.data": {"id": 0, "cpuset": [0, 1, 2, 3, 4, 5, 6, 7, 8, 9, 10, 11], "pcpuset": [0, 1, 2, 3, 4, 5, 6, 7, 8, 9, 10, 11], "memory": 24030, "cpu_usage": 0, "memory_usage": 0, "pinned_cpus": [], "siblings": [[6], [2], [5], [11], [8], [4], [1], [7], [10], [0], [3], [9]], "mempages": [{"nova_object.name": "NUMAPagesTopology", "nova_object.namespace": "nova", "nova_object.version": "1.1", "nova_object.data": {"size_kb": 4, "total": 6151798, "used": 0, "reserved": 0}, "nova_object.changes": ["size_kb", "reserved", "total", "used"]}, {"nova_object.name": "NUMAPagesTopology", "nova_object.namespace": "nova", "nova_object.version": "1.1", "nova_object.data": {"size_kb": 2048, "total": 0, "used": 0, "reserved": 0}, "nova_object.changes": ["size_kb", "reserved", "total", "used"]}, {"nova_object.name": "NUMAPagesTopology", "nova_object.namespace": "nova", "nova_object.version": "1.1", "nova_object.data": {"size_kb": 1048576, "total": 0, "used": 0, "reserved": 0}, "nova_object.changes": ["size_kb", "reserved", "total", "used"]}], "network_metadata": {"nova_object.name": "NetworkMetadata", "nova_object.namespace": "nova", "nova_object.version": "1.0", "nova_object.data": {"physnets": [], "tunneled": false}, "nova_object.changes": ["tunneled", "physnets"]}, "socket": null}, "nova_object.changes": ["siblings", "pcpuset", "mempages", "memory", "cpuset", "cpu_usage", "network_metadata", "memory_usage", "pinned_cpus", "id", "socket"]}]}, "nova_object.changes": ["cells"]}',pci_device_pools=PciDevicePoolList,ram_allocation_ratio=1.0,running_vms=0,service_id=3,stats={failed_builds='0',uptime=' 20:52:05 up 28 min, 2 users, load average: 1.49, 1.40, 0.83
Jun 02 20:52:28.030056 np0000001976 nova-scheduler[95619]: '},supported_hv_specs=[HVSpec,HVSpec,HVSpec,HVSpec,HVSpec,HVSpec,HVSpec,HVSpec,HVSpec,HVSpec,HVSpec,HVSpec,HVSpec,HVSpec,HVSpec,HVSpec,HVSpec,HVSpec,HVSpec,HVSpec,HVSpec,HVSpec,HVSpec,HVSpec,HVSpec],updated_at=2026-06-02T20:52:07Z,uuid=3932a78a-7887-4f48-95f3-b7fb252e661c,vcpus=12,vcpus_used=0) {{(pid=95619) _locked_update /opt/stack/nova/nova/scheduler/host_manager.py:168}}
Jun 02 20:52:28.030701 np0000001976 nova-scheduler[95619]: DEBUG nova.scheduler.host_manager [None req-a7cd3c19-47b4-4fa7-af8b-0270ed1725fb tempest-ServerBootFromVolumeStableRescueTest-373578675 tempest-ServerBootFromVolumeStableRescueTest-373578675-project-member] Update host state with aggregates: [] {{(pid=95619) _locked_update /opt/stack/nova/nova/scheduler/host_manager.py:171}}
Jun 02 20:52:28.030849 np0000001976 nova-scheduler[95619]: DEBUG nova.scheduler.host_manager [None req-a7cd3c19-47b4-4fa7-af8b-0270ed1725fb tempest-ServerBootFromVolumeStableRescueTest-373578675 tempest-ServerBootFromVolumeStableRescueTest-373578675-project-member] Update host state with service dict: {'id': 3, 'uuid': '9740e9bb-654a-4ff3-ba61-e711f2edacd3', 'host': 'np0000001976', 'binary': 'nova-compute', 'topic': 'compute', 'report_count': 2, 'disabled': False, 'disabled_reason': None, 'last_seen_up': datetime.datetime(2026, 6, 2, 20, 52, 28, tzinfo=datetime.timezone.utc), 'forced_down': False, 'version': 72, 'created_at': datetime.datetime(2026, 6, 2, 20, 50, 18, tzinfo=datetime.timezone.utc), 'updated_at': datetime.datetime(2026, 6, 2, 20, 52, 28, tzinfo=datetime.timezone.utc), 'deleted_at': None, 'deleted': False} {{(pid=95619) _locked_update /opt/stack/nova/nova/scheduler/host_manager.py:174}}
Jun 02 20:52:28.031108 np0000001976 nova-scheduler[95619]: DEBUG nova.scheduler.host_manager [None req-a7cd3c19-47b4-4fa7-af8b-0270ed1725fb tempest-ServerBootFromVolumeStableRescueTest-373578675 tempest-ServerBootFromVolumeStableRescueTest-373578675-project-member] Update host state with instances: [] {{(pid=95619) _locked_update /opt/stack/nova/nova/scheduler/host_manager.py:177}}
Jun 02 20:52:28.031250 np0000001976 nova-scheduler[95619]: DEBUG oslo_concurrency.lockutils [None req-a7cd3c19-47b4-4fa7-af8b-0270ed1725fb tempest-ServerBootFromVolumeStableRescueTest-373578675 tempest-ServerBootFromVolumeStableRescueTest-373578675-project-member] Lock "('np0000001976', 'np0000001976')" "released" by "nova.scheduler.host_manager.HostState.update.._locked_update" :: held 0.002s {{(pid=95619) inner /opt/stack/data/venv/lib/python3.12/site-packages/oslo_concurrency/lockutils.py:543}}
Jun 02 20:52:28.031955 np0000001976 nova-scheduler[95619]: DEBUG nova.filters [None req-a7cd3c19-47b4-4fa7-af8b-0270ed1725fb tempest-ServerBootFromVolumeStableRescueTest-373578675 tempest-ServerBootFromVolumeStableRescueTest-373578675-project-member] Starting with 1 host(s) {{(pid=95619) get_filtered_objects /opt/stack/nova/nova/filters.py:70}}
Jun 02 20:52:28.032151 np0000001976 nova-scheduler[95619]: DEBUG nova.filters [None req-a7cd3c19-47b4-4fa7-af8b-0270ed1725fb tempest-ServerBootFromVolumeStableRescueTest-373578675 tempest-ServerBootFromVolumeStableRescueTest-373578675-project-member] Filter ComputeFilter returned 1 host(s) {{(pid=95619) get_filtered_objects /opt/stack/nova/nova/filters.py:102}}
Jun 02 20:52:28.032285 np0000001976 nova-scheduler[95619]: DEBUG nova.filters [None req-a7cd3c19-47b4-4fa7-af8b-0270ed1725fb tempest-ServerBootFromVolumeStableRescueTest-373578675 tempest-ServerBootFromVolumeStableRescueTest-373578675-project-member] Filter ComputeCapabilitiesFilter returned 1 host(s) {{(pid=95619) get_filtered_objects /opt/stack/nova/nova/filters.py:102}}
Jun 02 20:52:28.032528 np0000001976 nova-scheduler[95619]: DEBUG nova.filters [None req-a7cd3c19-47b4-4fa7-af8b-0270ed1725fb tempest-ServerBootFromVolumeStableRescueTest-373578675 tempest-ServerBootFromVolumeStableRescueTest-373578675-project-member] Filter ImagePropertiesFilter returned 1 host(s) {{(pid=95619) get_filtered_objects /opt/stack/nova/nova/filters.py:102}}
Jun 02 20:52:28.032683 np0000001976 nova-scheduler[95619]: DEBUG nova.filters [None req-a7cd3c19-47b4-4fa7-af8b-0270ed1725fb tempest-ServerBootFromVolumeStableRescueTest-373578675 tempest-ServerBootFromVolumeStableRescueTest-373578675-project-member] Filter ServerGroupAntiAffinityFilter returned 1 host(s) {{(pid=95619) get_filtered_objects /opt/stack/nova/nova/filters.py:102}}
Jun 02 20:52:28.032780 np0000001976 nova-scheduler[95619]: DEBUG nova.filters [None req-a7cd3c19-47b4-4fa7-af8b-0270ed1725fb tempest-ServerBootFromVolumeStableRescueTest-373578675 tempest-ServerBootFromVolumeStableRescueTest-373578675-project-member] Filter ServerGroupAffinityFilter returned 1 host(s) {{(pid=95619) get_filtered_objects /opt/stack/nova/nova/filters.py:102}}
Jun 02 20:52:28.032896 np0000001976 nova-scheduler[95619]: DEBUG nova.filters [None req-a7cd3c19-47b4-4fa7-af8b-0270ed1725fb tempest-ServerBootFromVolumeStableRescueTest-373578675 tempest-ServerBootFromVolumeStableRescueTest-373578675-project-member] Filter SameHostFilter returned 1 host(s) {{(pid=95619) get_filtered_objects /opt/stack/nova/nova/filters.py:102}}
Jun 02 20:52:28.032992 np0000001976 nova-scheduler[95619]: DEBUG nova.filters [None req-a7cd3c19-47b4-4fa7-af8b-0270ed1725fb tempest-ServerBootFromVolumeStableRescueTest-373578675 tempest-ServerBootFromVolumeStableRescueTest-373578675-project-member] Filter DifferentHostFilter returned 1 host(s) {{(pid=95619) get_filtered_objects /opt/stack/nova/nova/filters.py:102}}
Jun 02 20:52:28.033110 np0000001976 nova-scheduler[95619]: DEBUG nova.scheduler.manager [None req-a7cd3c19-47b4-4fa7-af8b-0270ed1725fb tempest-ServerBootFromVolumeStableRescueTest-373578675 tempest-ServerBootFromVolumeStableRescueTest-373578675-project-member] Filtered [(np0000001976, np0000001976) ram: 23518MB disk: 75776MB io_ops: 0 instances: 0, allocation_candidates: 1] {{(pid=95619) _get_sorted_hosts /opt/stack/nova/nova/scheduler/manager.py:743}}
Jun 02 20:52:28.033347 np0000001976 nova-scheduler[95619]: DEBUG nova.scheduler.manager [None req-a7cd3c19-47b4-4fa7-af8b-0270ed1725fb tempest-ServerBootFromVolumeStableRescueTest-373578675 tempest-ServerBootFromVolumeStableRescueTest-373578675-project-member] Weighed [WeighedHost [host: (np0000001976, np0000001976) ram: 23518MB disk: 75776MB io_ops: 0 instances: 0, allocation_candidates: 1, weight: 0.0]] {{(pid=95619) _get_sorted_hosts /opt/stack/nova/nova/scheduler/manager.py:765}}
Jun 02 20:52:28.033717 np0000001976 nova-scheduler[95619]: DEBUG nova.scheduler.utils [None req-a7cd3c19-47b4-4fa7-af8b-0270ed1725fb tempest-ServerBootFromVolumeStableRescueTest-373578675 tempest-ServerBootFromVolumeStableRescueTest-373578675-project-member] Attempting to claim resources in the placement API for instance a1b74ff3-507a-42d1-9b5c-ac9cf1dc0238 {{(pid=95619) claim_resources /opt/stack/nova/nova/scheduler/utils.py:1345}}
Jun 02 20:52:28.183997 np0000001976 nova-scheduler[95619]: DEBUG nova.scheduler.manager [None req-a7cd3c19-47b4-4fa7-af8b-0270ed1725fb tempest-ServerBootFromVolumeStableRescueTest-373578675 tempest-ServerBootFromVolumeStableRescueTest-373578675-project-member] [instance: a1b74ff3-507a-42d1-9b5c-ac9cf1dc0238] Selected host: (np0000001976, np0000001976) ram: 23518MB disk: 75776MB io_ops: 0 instances: 0, allocation_candidates: 1 {{(pid=95619) _consume_selected_host /opt/stack/nova/nova/scheduler/manager.py:625}}
Jun 02 20:52:28.184781 np0000001976 nova-scheduler[95619]: DEBUG oslo_concurrency.lockutils [None req-a7cd3c19-47b4-4fa7-af8b-0270ed1725fb tempest-ServerBootFromVolumeStableRescueTest-373578675 tempest-ServerBootFromVolumeStableRescueTest-373578675-project-member] Acquiring lock "('np0000001976', 'np0000001976')" by "nova.scheduler.host_manager.HostState.consume_from_request.._locked" {{(pid=95619) inner /opt/stack/data/venv/lib/python3.12/site-packages/oslo_concurrency/lockutils.py:511}}
Jun 02 20:52:28.185231 np0000001976 nova-scheduler[95619]: DEBUG oslo_concurrency.lockutils [None req-a7cd3c19-47b4-4fa7-af8b-0270ed1725fb tempest-ServerBootFromVolumeStableRescueTest-373578675 tempest-ServerBootFromVolumeStableRescueTest-373578675-project-member] Lock "('np0000001976', 'np0000001976')" acquired by "nova.scheduler.host_manager.HostState.consume_from_request.._locked" :: waited 0.000s {{(pid=95619) inner /opt/stack/data/venv/lib/python3.12/site-packages/oslo_concurrency/lockutils.py:524}}
Jun 02 20:52:28.185231 np0000001976 nova-scheduler[95619]: DEBUG oslo_concurrency.lockutils [None req-a7cd3c19-47b4-4fa7-af8b-0270ed1725fb tempest-ServerBootFromVolumeStableRescueTest-373578675 tempest-ServerBootFromVolumeStableRescueTest-373578675-project-member] Lock "('np0000001976', 'np0000001976')" "released" by "nova.scheduler.host_manager.HostState.consume_from_request.._locked" :: held 0.000s {{(pid=95619) inner /opt/stack/data/venv/lib/python3.12/site-packages/oslo_concurrency/lockutils.py:543}}
Jun 02 20:52:28.217662 np0000001976 nova-scheduler[95621]: DEBUG nova.scheduler.manager [None req-13cea80b-f4ae-41da-a985-546bb0fe12f4 tempest-ServerStableDeviceRescueTest-1414524619 tempest-ServerStableDeviceRescueTest-1414524619-project-member] Starting to schedule for instances: ['979a7d3a-7c81-4219-b5dd-67317e4e5e42'] {{(pid=95621) select_destinations /opt/stack/nova/nova/scheduler/manager.py:210}}
Jun 02 20:52:28.218086 np0000001976 nova-scheduler[95621]: DEBUG nova.scheduler.request_filter [None req-13cea80b-f4ae-41da-a985-546bb0fe12f4 tempest-ServerStableDeviceRescueTest-1414524619 tempest-ServerStableDeviceRescueTest-1414524619-project-member] compute_status_filter request filter added forbidden trait COMPUTE_STATUS_DISABLED {{(pid=95621) compute_status_filter /opt/stack/nova/nova/scheduler/request_filter.py:253}}
Jun 02 20:52:28.218304 np0000001976 nova-scheduler[95621]: DEBUG nova.scheduler.request_filter [None req-13cea80b-f4ae-41da-a985-546bb0fe12f4 tempest-ServerStableDeviceRescueTest-1414524619 tempest-ServerStableDeviceRescueTest-1414524619-project-member] Request filter 'compute_status_filter' took 0.0 seconds {{(pid=95621) wrapper /opt/stack/nova/nova/scheduler/request_filter.py:46}}
Jun 02 20:52:28.218590 np0000001976 nova-scheduler[95621]: DEBUG nova.scheduler.request_filter [None req-13cea80b-f4ae-41da-a985-546bb0fe12f4 tempest-ServerStableDeviceRescueTest-1414524619 tempest-ServerStableDeviceRescueTest-1414524619-project-member] Request filter 'accelerators_filter' took 0.0 seconds {{(pid=95621) wrapper /opt/stack/nova/nova/scheduler/request_filter.py:46}}
Jun 02 20:52:28.218793 np0000001976 nova-scheduler[95621]: DEBUG nova.scheduler.request_filter [None req-13cea80b-f4ae-41da-a985-546bb0fe12f4 tempest-ServerStableDeviceRescueTest-1414524619 tempest-ServerStableDeviceRescueTest-1414524619-project-member] Request filter 'packed_virtqueue_filter' took 0.0 seconds {{(pid=95621) wrapper /opt/stack/nova/nova/scheduler/request_filter.py:46}}
Jun 02 20:52:28.219063 np0000001976 nova-scheduler[95621]: DEBUG nova.scheduler.request_filter [None req-13cea80b-f4ae-41da-a985-546bb0fe12f4 tempest-ServerStableDeviceRescueTest-1414524619 tempest-ServerStableDeviceRescueTest-1414524619-project-member] Request filter 'remote_managed_ports_filter' took 0.0 seconds {{(pid=95621) wrapper /opt/stack/nova/nova/scheduler/request_filter.py:46}}
Jun 02 20:52:28.219212 np0000001976 nova-scheduler[95621]: DEBUG nova.scheduler.request_filter [None req-13cea80b-f4ae-41da-a985-546bb0fe12f4 tempest-ServerStableDeviceRescueTest-1414524619 tempest-ServerStableDeviceRescueTest-1414524619-project-member] ephemeral_encryption_filter skipped {{(pid=95621) ephemeral_encryption_filter /opt/stack/nova/nova/scheduler/request_filter.py:426}}
Jun 02 20:52:28.219349 np0000001976 nova-scheduler[95621]: DEBUG nova.scheduler.request_filter [None req-13cea80b-f4ae-41da-a985-546bb0fe12f4 tempest-ServerStableDeviceRescueTest-1414524619 tempest-ServerStableDeviceRescueTest-1414524619-project-member] virtio_sound_filter skipped {{(pid=95621) virtio_sound_filter /opt/stack/nova/nova/scheduler/request_filter.py:460}}
Jun 02 20:52:28.219600 np0000001976 nova-scheduler[95621]: DEBUG nova.scheduler.request_filter [None req-13cea80b-f4ae-41da-a985-546bb0fe12f4 tempest-ServerStableDeviceRescueTest-1414524619 tempest-ServerStableDeviceRescueTest-1414524619-project-member] tpm_secret_security_filter skipped {{(pid=95621) tpm_secret_security_filter /opt/stack/nova/nova/scheduler/request_filter.py:477}}
Jun 02 20:52:28.320657 np0000001976 nova-scheduler[95621]: INFO nova.utils [None req-13cea80b-f4ae-41da-a985-546bb0fe12f4 tempest-ServerStableDeviceRescueTest-1414524619 tempest-ServerStableDeviceRescueTest-1414524619-project-member] The cell worker thread pool ForkProcess-2.cell_worker is initialized
Jun 02 20:52:28.321129 np0000001976 nova-scheduler[95621]: DEBUG oslo_concurrency.lockutils [None req-13cea80b-f4ae-41da-a985-546bb0fe12f4 tempest-ServerStableDeviceRescueTest-1414524619 tempest-ServerStableDeviceRescueTest-1414524619-project-member] Acquiring lock "c538cf96-f129-475f-a918-76302e7fd1af" by "nova.context.set_target_cell..get_or_set_cached_cell_and_set_connections" {{(pid=95621) inner /opt/stack/data/venv/lib/python3.12/site-packages/oslo_concurrency/lockutils.py:511}}
Jun 02 20:52:28.321317 np0000001976 nova-scheduler[95621]: DEBUG oslo_concurrency.lockutils [None req-13cea80b-f4ae-41da-a985-546bb0fe12f4 tempest-ServerStableDeviceRescueTest-1414524619 tempest-ServerStableDeviceRescueTest-1414524619-project-member] Lock "c538cf96-f129-475f-a918-76302e7fd1af" acquired by "nova.context.set_target_cell..get_or_set_cached_cell_and_set_connections" :: waited 0.000s {{(pid=95621) inner /opt/stack/data/venv/lib/python3.12/site-packages/oslo_concurrency/lockutils.py:524}}
Jun 02 20:52:28.322705 np0000001976 nova-scheduler[95621]: DEBUG oslo_concurrency.lockutils [None req-13cea80b-f4ae-41da-a985-546bb0fe12f4 tempest-ServerStableDeviceRescueTest-1414524619 tempest-ServerStableDeviceRescueTest-1414524619-project-member] Lock "c538cf96-f129-475f-a918-76302e7fd1af" "released" by "nova.context.set_target_cell..get_or_set_cached_cell_and_set_connections" :: held 0.001s {{(pid=95621) inner /opt/stack/data/venv/lib/python3.12/site-packages/oslo_concurrency/lockutils.py:543}}
Jun 02 20:52:28.325080 np0000001976 nova-scheduler[95621]: INFO dbcounter [None req-13cea80b-f4ae-41da-a985-546bb0fe12f4 tempest-ServerStableDeviceRescueTest-1414524619 tempest-ServerStableDeviceRescueTest-1414524619-project-member] Registered counter for database nova_cell1
Jun 02 20:52:28.373166 np0000001976 nova-scheduler[95621]: DEBUG oslo_db.sqlalchemy.engines [None req-13cea80b-f4ae-41da-a985-546bb0fe12f4 tempest-ServerStableDeviceRescueTest-1414524619 tempest-ServerStableDeviceRescueTest-1414524619-project-member] MySQL server mode set to STRICT_TRANS_TABLES,STRICT_ALL_TABLES,NO_ZERO_IN_DATE,NO_ZERO_DATE,ERROR_FOR_DIVISION_BY_ZERO,TRADITIONAL,NO_ENGINE_SUBSTITUTION {{(pid=95621) _check_effective_sql_mode /opt/stack/data/venv/lib/python3.12/site-packages/oslo_db/sqlalchemy/engines.py:325}}
Jun 02 20:52:28.379853 np0000001976 nova-scheduler[95621]: DEBUG dbcounter [-] [95621] Writer thread running {{(pid=95621) stat_writer /opt/stack/data/venv/lib/python3.12/site-packages/dbcounter.py:102}}
Jun 02 20:52:28.453694 np0000001976 nova-scheduler[95621]: DEBUG dbcounter [-] [95621] Writer thread running {{(pid=95621) stat_writer /opt/stack/data/venv/lib/python3.12/site-packages/dbcounter.py:102}}
Jun 02 20:52:28.457772 np0000001976 nova-scheduler[95621]: DEBUG oslo_concurrency.lockutils [None req-13cea80b-f4ae-41da-a985-546bb0fe12f4 tempest-ServerStableDeviceRescueTest-1414524619 tempest-ServerStableDeviceRescueTest-1414524619-project-member] Acquiring lock "c538cf96-f129-475f-a918-76302e7fd1af" by "nova.context.set_target_cell..get_or_set_cached_cell_and_set_connections" {{(pid=95621) inner /opt/stack/data/venv/lib/python3.12/site-packages/oslo_concurrency/lockutils.py:511}}
Jun 02 20:52:28.457938 np0000001976 nova-scheduler[95621]: DEBUG oslo_concurrency.lockutils [None req-13cea80b-f4ae-41da-a985-546bb0fe12f4 tempest-ServerStableDeviceRescueTest-1414524619 tempest-ServerStableDeviceRescueTest-1414524619-project-member] Lock "c538cf96-f129-475f-a918-76302e7fd1af" acquired by "nova.context.set_target_cell..get_or_set_cached_cell_and_set_connections" :: waited 0.000s {{(pid=95621) inner /opt/stack/data/venv/lib/python3.12/site-packages/oslo_concurrency/lockutils.py:524}}
Jun 02 20:52:28.458060 np0000001976 nova-scheduler[95621]: DEBUG oslo_concurrency.lockutils [None req-13cea80b-f4ae-41da-a985-546bb0fe12f4 tempest-ServerStableDeviceRescueTest-1414524619 tempest-ServerStableDeviceRescueTest-1414524619-project-member] Lock "c538cf96-f129-475f-a918-76302e7fd1af" "released" by "nova.context.set_target_cell..get_or_set_cached_cell_and_set_connections" :: held 0.000s {{(pid=95621) inner /opt/stack/data/venv/lib/python3.12/site-packages/oslo_concurrency/lockutils.py:543}}
Jun 02 20:52:28.462440 np0000001976 nova-scheduler[95621]: DEBUG oslo_concurrency.lockutils [None req-13cea80b-f4ae-41da-a985-546bb0fe12f4 tempest-ServerStableDeviceRescueTest-1414524619 tempest-ServerStableDeviceRescueTest-1414524619-project-member] Acquiring lock "('np0000001976', 'np0000001976')" by "nova.scheduler.host_manager.HostState.update.._locked_update" {{(pid=95621) inner /opt/stack/data/venv/lib/python3.12/site-packages/oslo_concurrency/lockutils.py:511}}
Jun 02 20:52:28.462758 np0000001976 nova-scheduler[95621]: DEBUG oslo_concurrency.lockutils [None req-13cea80b-f4ae-41da-a985-546bb0fe12f4 tempest-ServerStableDeviceRescueTest-1414524619 tempest-ServerStableDeviceRescueTest-1414524619-project-member] Lock "('np0000001976', 'np0000001976')" acquired by "nova.scheduler.host_manager.HostState.update.._locked_update" :: waited 0.000s {{(pid=95621) inner /opt/stack/data/venv/lib/python3.12/site-packages/oslo_concurrency/lockutils.py:524}}
