Jul 02 21:07:31.855977 np0000004319 nova-scheduler[93310]: DEBUG cotyledon.oslo_config_glue [-] oslo_limit.cafile = None {{(pid=93310) log_opt_values /opt/stack/data/venv/lib/python3.12/site-packages/oslo_config/cfg.py:3253}}
Jul 02 21:07:31.855977 np0000004319 nova-scheduler[93310]: DEBUG cotyledon.oslo_config_glue [-] oslo_limit.certfile = None {{(pid=93310) log_opt_values /opt/stack/data/venv/lib/python3.12/site-packages/oslo_config/cfg.py:3253}}
Jul 02 21:07:31.855977 np0000004319 nova-scheduler[93310]: DEBUG cotyledon.oslo_config_glue [-] oslo_limit.collect_timing = False {{(pid=93310) log_opt_values /opt/stack/data/venv/lib/python3.12/site-packages/oslo_config/cfg.py:3253}}
Jul 02 21:07:31.855977 np0000004319 nova-scheduler[93310]: DEBUG cotyledon.oslo_config_glue [-] oslo_limit.connect_retries = None {{(pid=93310) log_opt_values /opt/stack/data/venv/lib/python3.12/site-packages/oslo_config/cfg.py:3253}}
Jul 02 21:07:31.855977 np0000004319 nova-scheduler[93310]: DEBUG cotyledon.oslo_config_glue [-] oslo_limit.connect_retry_delay = None {{(pid=93310) log_opt_values /opt/stack/data/venv/lib/python3.12/site-packages/oslo_config/cfg.py:3253}}
Jul 02 21:07:31.855977 np0000004319 nova-scheduler[93310]: DEBUG cotyledon.oslo_config_glue [-] oslo_limit.endpoint_id = None {{(pid=93310) log_opt_values /opt/stack/data/venv/lib/python3.12/site-packages/oslo_config/cfg.py:3253}}
Jul 02 21:07:31.855977 np0000004319 nova-scheduler[93310]: DEBUG cotyledon.oslo_config_glue [-] oslo_limit.endpoint_interface = public {{(pid=93310) log_opt_values /opt/stack/data/venv/lib/python3.12/site-packages/oslo_config/cfg.py:3253}}
Jul 02 21:07:31.856163 np0000004319 nova-scheduler[93310]: DEBUG cotyledon.oslo_config_glue [-] oslo_limit.endpoint_override = None {{(pid=93310) log_opt_values /opt/stack/data/venv/lib/python3.12/site-packages/oslo_config/cfg.py:3253}}
Jul 02 21:07:31.856163 np0000004319 nova-scheduler[93310]: DEBUG cotyledon.oslo_config_glue [-] oslo_limit.endpoint_region_name = None {{(pid=93310) log_opt_values /opt/stack/data/venv/lib/python3.12/site-packages/oslo_config/cfg.py:3253}}
Jul 02 21:07:31.856163 np0000004319 nova-scheduler[93310]: DEBUG cotyledon.oslo_config_glue [-] oslo_limit.endpoint_service_name = None {{(pid=93310) log_opt_values /opt/stack/data/venv/lib/python3.12/site-packages/oslo_config/cfg.py:3253}}
Jul 02 21:07:31.856163 np0000004319 nova-scheduler[93310]: DEBUG cotyledon.oslo_config_glue [-] oslo_limit.endpoint_service_type = None {{(pid=93310) log_opt_values /opt/stack/data/venv/lib/python3.12/site-packages/oslo_config/cfg.py:3253}}
Jul 02 21:07:31.856163 np0000004319 nova-scheduler[93310]: DEBUG cotyledon.oslo_config_glue [-] oslo_limit.insecure = False {{(pid=93310) log_opt_values /opt/stack/data/venv/lib/python3.12/site-packages/oslo_config/cfg.py:3253}}
Jul 02 21:07:31.856163 np0000004319 nova-scheduler[93310]: DEBUG cotyledon.oslo_config_glue [-] oslo_limit.keyfile = None {{(pid=93310) log_opt_values /opt/stack/data/venv/lib/python3.12/site-packages/oslo_config/cfg.py:3253}}
Jul 02 21:07:31.856163 np0000004319 nova-scheduler[93310]: DEBUG cotyledon.oslo_config_glue [-] oslo_limit.max_version = None {{(pid=93310) log_opt_values /opt/stack/data/venv/lib/python3.12/site-packages/oslo_config/cfg.py:3253}}
Jul 02 21:07:31.856163 np0000004319 nova-scheduler[93310]: DEBUG cotyledon.oslo_config_glue [-] oslo_limit.min_version = None {{(pid=93310) log_opt_values /opt/stack/data/venv/lib/python3.12/site-packages/oslo_config/cfg.py:3253}}
Jul 02 21:07:31.856163 np0000004319 nova-scheduler[93310]: DEBUG cotyledon.oslo_config_glue [-] oslo_limit.region_name = None {{(pid=93310) log_opt_values /opt/stack/data/venv/lib/python3.12/site-packages/oslo_config/cfg.py:3253}}
Jul 02 21:07:31.856361 np0000004319 nova-scheduler[93310]: DEBUG cotyledon.oslo_config_glue [-] oslo_limit.retriable_status_codes = None {{(pid=93310) log_opt_values /opt/stack/data/venv/lib/python3.12/site-packages/oslo_config/cfg.py:3253}}
Jul 02 21:07:31.856361 np0000004319 nova-scheduler[93310]: DEBUG cotyledon.oslo_config_glue [-] oslo_limit.service_name = None {{(pid=93310) log_opt_values /opt/stack/data/venv/lib/python3.12/site-packages/oslo_config/cfg.py:3253}}
Jul 02 21:07:31.856361 np0000004319 nova-scheduler[93310]: DEBUG cotyledon.oslo_config_glue [-] oslo_limit.service_type = None {{(pid=93310) log_opt_values /opt/stack/data/venv/lib/python3.12/site-packages/oslo_config/cfg.py:3253}}
Jul 02 21:07:31.856361 np0000004319 nova-scheduler[93310]: DEBUG cotyledon.oslo_config_glue [-] oslo_limit.split_loggers = False {{(pid=93310) log_opt_values /opt/stack/data/venv/lib/python3.12/site-packages/oslo_config/cfg.py:3253}}
Jul 02 21:07:31.856361 np0000004319 nova-scheduler[93310]: DEBUG cotyledon.oslo_config_glue [-] oslo_limit.status_code_retries = None {{(pid=93310) log_opt_values /opt/stack/data/venv/lib/python3.12/site-packages/oslo_config/cfg.py:3253}}
Jul 02 21:07:31.856361 np0000004319 nova-scheduler[93310]: DEBUG cotyledon.oslo_config_glue [-] oslo_limit.status_code_retry_delay = None {{(pid=93310) log_opt_values /opt/stack/data/venv/lib/python3.12/site-packages/oslo_config/cfg.py:3253}}
Jul 02 21:07:31.856361 np0000004319 nova-scheduler[93310]: DEBUG cotyledon.oslo_config_glue [-] oslo_limit.timeout = None {{(pid=93310) log_opt_values /opt/stack/data/venv/lib/python3.12/site-packages/oslo_config/cfg.py:3253}}
Jul 02 21:07:31.856361 np0000004319 nova-scheduler[93310]: DEBUG cotyledon.oslo_config_glue [-] oslo_limit.valid_interfaces = None {{(pid=93310) log_opt_values /opt/stack/data/venv/lib/python3.12/site-packages/oslo_config/cfg.py:3253}}
Jul 02 21:07:31.856361 np0000004319 nova-scheduler[93310]: DEBUG cotyledon.oslo_config_glue [-] oslo_limit.version = None {{(pid=93310) log_opt_values /opt/stack/data/venv/lib/python3.12/site-packages/oslo_config/cfg.py:3253}}
Jul 02 21:07:31.856526 np0000004319 nova-scheduler[93310]: DEBUG cotyledon.oslo_config_glue [-] oslo_reports.file_event_handler = None {{(pid=93310) log_opt_values /opt/stack/data/venv/lib/python3.12/site-packages/oslo_config/cfg.py:3253}}
Jul 02 21:07:31.856526 np0000004319 nova-scheduler[93310]: DEBUG cotyledon.oslo_config_glue [-] oslo_reports.file_event_handler_interval = 1 {{(pid=93310) log_opt_values /opt/stack/data/venv/lib/python3.12/site-packages/oslo_config/cfg.py:3253}}
Jul 02 21:07:31.856526 np0000004319 nova-scheduler[93310]: DEBUG cotyledon.oslo_config_glue [-] oslo_reports.log_dir = None {{(pid=93310) log_opt_values /opt/stack/data/venv/lib/python3.12/site-packages/oslo_config/cfg.py:3253}}
Jul 02 21:07:31.856526 np0000004319 nova-scheduler[93310]: DEBUG cotyledon.oslo_config_glue [-] ******************************************************************************** {{(pid=93310) log_opt_values /opt/stack/data/venv/lib/python3.12/site-packages/oslo_config/cfg.py:3260}}
Jul 02 21:07:31.856526 np0000004319 nova-scheduler[93310]: DEBUG cotyledon._service_worker [-] Run service ServiceWrapper(2) [93310] {{(pid=93310) wait_forever /opt/stack/data/venv/lib/python3.12/site-packages/cotyledon/_service_worker.py:218}}
Jul 02 21:07:31.856526 np0000004319 nova-scheduler[93310]: INFO nova.service [-] Starting scheduler node (version 33.1.0)
Jul 02 21:07:31.856526 np0000004319 nova-scheduler[93310]: INFO dbcounter [None req-b9fdbeaf-c1f2-44b6-a1f7-f44b7db86293 None None] Registered counter for database nova_cell0
Jul 02 21:07:31.856653 np0000004319 nova-scheduler[93307]: DEBUG oslo_db.sqlalchemy.engines [None req-589db986-4034-496d-b8e1-772ae5e9f290 None None] MySQL server mode set to STRICT_TRANS_TABLES,STRICT_ALL_TABLES,NO_ZERO_IN_DATE,NO_ZERO_DATE,ERROR_FOR_DIVISION_BY_ZERO,TRADITIONAL,NO_ENGINE_SUBSTITUTION {{(pid=93307) _check_effective_sql_mode /opt/stack/data/venv/lib/python3.12/site-packages/oslo_db/sqlalchemy/engines.py:325}}
Jul 02 21:07:31.859618 np0000004319 nova-scheduler[93307]: DEBUG dbcounter [-] [93307] Writer thread running {{(pid=93307) stat_writer /opt/stack/data/venv/lib/python3.12/site-packages/dbcounter.py:102}}
Jul 02 21:07:31.869039 np0000004319 nova-scheduler[93302]: DEBUG oslo_db.sqlalchemy.engines [None req-b6054867-5761-4f2e-9856-82a00fb41f9c None None] MySQL server mode set to STRICT_TRANS_TABLES,STRICT_ALL_TABLES,NO_ZERO_IN_DATE,NO_ZERO_DATE,ERROR_FOR_DIVISION_BY_ZERO,TRADITIONAL,NO_ENGINE_SUBSTITUTION {{(pid=93302) _check_effective_sql_mode /opt/stack/data/venv/lib/python3.12/site-packages/oslo_db/sqlalchemy/engines.py:325}}
Jul 02 21:07:31.873671 np0000004319 nova-scheduler[93307]: DEBUG nova.service [None req-589db986-4034-496d-b8e1-772ae5e9f290 None None] Creating RPC server for service: nova-scheduler on topic: scheduler {{(pid=93307) start /opt/stack/nova/nova/service.py:196}}
Jul 02 21:07:31.877748 np0000004319 nova-scheduler[93302]: DEBUG dbcounter [-] [93302] Writer thread running {{(pid=93302) stat_writer /opt/stack/data/venv/lib/python3.12/site-packages/dbcounter.py:102}}
Jul 02 21:07:31.878820 np0000004319 nova-scheduler[93310]: DEBUG oslo_db.sqlalchemy.engines [None req-b9fdbeaf-c1f2-44b6-a1f7-f44b7db86293 None None] MySQL server mode set to STRICT_TRANS_TABLES,STRICT_ALL_TABLES,NO_ZERO_IN_DATE,NO_ZERO_DATE,ERROR_FOR_DIVISION_BY_ZERO,TRADITIONAL,NO_ENGINE_SUBSTITUTION {{(pid=93310) _check_effective_sql_mode /opt/stack/data/venv/lib/python3.12/site-packages/oslo_db/sqlalchemy/engines.py:325}}
Jul 02 21:07:31.880358 np0000004319 nova-scheduler[93302]: DEBUG nova.service [None req-b6054867-5761-4f2e-9856-82a00fb41f9c None None] Creating RPC server for service: nova-scheduler on topic: scheduler {{(pid=93302) start /opt/stack/nova/nova/service.py:196}}
Jul 02 21:07:31.891689 np0000004319 nova-scheduler[93310]: DEBUG dbcounter [-] [93310] Writer thread running {{(pid=93310) stat_writer /opt/stack/data/venv/lib/python3.12/site-packages/dbcounter.py:102}}
Jul 02 21:07:31.895373 np0000004319 nova-scheduler[93310]: DEBUG nova.service [None req-b9fdbeaf-c1f2-44b6-a1f7-f44b7db86293 None None] Creating RPC server for service: nova-scheduler on topic: scheduler {{(pid=93310) start /opt/stack/nova/nova/service.py:196}}
Jul 02 21:07:31.898153 np0000004319 nova-scheduler[93302]: DEBUG nova.service [None req-b6054867-5761-4f2e-9856-82a00fb41f9c None None] Join ServiceGroup membership for this service scheduler {{(pid=93302) start /opt/stack/nova/nova/service.py:222}}
Jul 02 21:07:31.898378 np0000004319 nova-scheduler[93302]: DEBUG nova.servicegroup.drivers.db [None req-b6054867-5761-4f2e-9856-82a00fb41f9c None None] DB_Driver: join new ServiceGroup member np0000004319 to the scheduler group, service = {{(pid=93302) join /opt/stack/nova/nova/servicegroup/drivers/db.py:44}}
Jul 02 21:07:31.898706 np0000004319 nova-scheduler[93307]: DEBUG nova.service [None req-589db986-4034-496d-b8e1-772ae5e9f290 None None] Join ServiceGroup membership for this service scheduler {{(pid=93307) start /opt/stack/nova/nova/service.py:222}}
Jul 02 21:07:31.899437 np0000004319 nova-scheduler[93307]: DEBUG nova.servicegroup.drivers.db [None req-589db986-4034-496d-b8e1-772ae5e9f290 None None] DB_Driver: join new ServiceGroup member np0000004319 to the scheduler group, service = {{(pid=93307) join /opt/stack/nova/nova/servicegroup/drivers/db.py:44}}
Jul 02 21:07:31.900497 np0000004319 nova-scheduler[93302]: DEBUG oslo.service.backend._threading.loopingcall [None req-6f242971-c53d-43e0-9e38-977caf0e70c7 None None] Dynamic interval looping call 'nova.service.Service.periodic_tasks' sleeping for 60.00 seconds {{(pid=93302) _run_loop /opt/stack/data/venv/lib/python3.12/site-packages/oslo_service/backend/_threading/loopingcall.py:125}}
Jul 02 21:07:31.914465 np0000004319 nova-scheduler[93310]: DEBUG nova.service [None req-b9fdbeaf-c1f2-44b6-a1f7-f44b7db86293 None None] Join ServiceGroup membership for this service scheduler {{(pid=93310) start /opt/stack/nova/nova/service.py:222}}
Jul 02 21:07:31.914773 np0000004319 nova-scheduler[93310]: DEBUG nova.servicegroup.drivers.db [None req-b9fdbeaf-c1f2-44b6-a1f7-f44b7db86293 None None] DB_Driver: join new ServiceGroup member np0000004319 to the scheduler group, service = {{(pid=93310) join /opt/stack/nova/nova/servicegroup/drivers/db.py:44}}
Jul 02 21:07:36.917491 np0000004319 nova-scheduler[93302]: DEBUG oslo.service.backend._threading.loopingcall [-] Fixed interval looping call 'nova.servicegroup.drivers.db.DbDriver._report_state' sleeping for 119.98 seconds {{(pid=93302) _run_loop /opt/stack/data/venv/lib/python3.12/site-packages/oslo_service/backend/_threading/loopingcall.py:125}}
Jul 02 21:07:36.918096 np0000004319 nova-scheduler[93307]: DEBUG oslo.service.backend._threading.loopingcall [-] Fixed interval looping call 'nova.servicegroup.drivers.db.DbDriver._report_state' sleeping for 119.98 seconds {{(pid=93307) _run_loop /opt/stack/data/venv/lib/python3.12/site-packages/oslo_service/backend/_threading/loopingcall.py:125}}
Jul 02 21:07:36.926777 np0000004319 nova-scheduler[93310]: DEBUG oslo.service.backend._threading.loopingcall [-] Fixed interval looping call 'nova.servicegroup.drivers.db.DbDriver._report_state' sleeping for 119.99 seconds {{(pid=93310) _run_loop /opt/stack/data/venv/lib/python3.12/site-packages/oslo_service/backend/_threading/loopingcall.py:125}}
Jul 02 21:07:40.497259 np0000004319 nova-scheduler[92095]: DEBUG dbcounter [-] [92095] Writing DB stats nova_api:SELECT=3 {{(pid=92095) stat_writer /opt/stack/data/venv/lib/python3.12/site-packages/dbcounter.py:115}}
Jul 02 21:07:40.613641 np0000004319 nova-scheduler[92095]: DEBUG dbcounter [-] [92095] Writing DB stats nova_cell0:SELECT=1 {{(pid=92095) stat_writer /opt/stack/data/venv/lib/python3.12/site-packages/dbcounter.py:115}}
Jul 02 21:07:40.622152 np0000004319 nova-scheduler[92095]: DEBUG dbcounter [-] [92095] Writing DB stats nova_cell1:SELECT=1 {{(pid=92095) stat_writer /opt/stack/data/venv/lib/python3.12/site-packages/dbcounter.py:115}}
Jul 02 21:07:46.910663 np0000004319 nova-scheduler[93302]: DEBUG dbcounter [-] [93302] Writing DB stats nova_cell0:SELECT=3,nova_cell0:UPDATE=1 {{(pid=93302) stat_writer /opt/stack/data/venv/lib/python3.12/site-packages/dbcounter.py:115}}
Jul 02 21:07:46.911101 np0000004319 nova-scheduler[93307]: DEBUG dbcounter [-] [93307] Writing DB stats nova_cell0:SELECT=4,nova_cell0:INSERT=1,nova_cell0:UPDATE=1 {{(pid=93307) stat_writer /opt/stack/data/venv/lib/python3.12/site-packages/dbcounter.py:115}}
Jul 02 21:07:46.927302 np0000004319 nova-scheduler[93310]: DEBUG dbcounter [-] [93310] Writing DB stats nova_cell0:SELECT=3 {{(pid=93310) stat_writer /opt/stack/data/venv/lib/python3.12/site-packages/dbcounter.py:115}}
Jul 02 21:08:10.917103 np0000004319 nova-scheduler[93310]: DEBUG oslo.service.backend._threading.loopingcall [None req-832e046c-ee46-47c0-8b71-7ff7c8da2034 None None] Dynamic interval looping call 'nova.service.Service.periodic_tasks' sleeping for 60.00 seconds {{(pid=93310) _run_loop /opt/stack/data/venv/lib/python3.12/site-packages/oslo_service/backend/_threading/loopingcall.py:125}}
Jul 02 21:08:25.901614 np0000004319 nova-scheduler[93307]: DEBUG oslo.service.backend._threading.loopingcall [None req-790f94ef-dbf0-4df3-9333-856e048d0f14 None None] Dynamic interval looping call 'nova.service.Service.periodic_tasks' sleeping for 60.00 seconds {{(pid=93307) _run_loop /opt/stack/data/venv/lib/python3.12/site-packages/oslo_service/backend/_threading/loopingcall.py:125}}
Jul 02 21:08:31.900966 np0000004319 nova-scheduler[93302]: DEBUG oslo.service.backend._threading.loopingcall [None req-6f242971-c53d-43e0-9e38-977caf0e70c7 None None] Dynamic interval looping call 'nova.service.Service.periodic_tasks' sleeping for 60.00 seconds {{(pid=93302) _run_loop /opt/stack/data/venv/lib/python3.12/site-packages/oslo_service/backend/_threading/loopingcall.py:125}}
Jul 02 21:09:10.917614 np0000004319 nova-scheduler[93310]: DEBUG oslo.service.backend._threading.loopingcall [None req-832e046c-ee46-47c0-8b71-7ff7c8da2034 None None] Dynamic interval looping call 'nova.service.Service.periodic_tasks' sleeping for 60.00 seconds {{(pid=93310) _run_loop /opt/stack/data/venv/lib/python3.12/site-packages/oslo_service/backend/_threading/loopingcall.py:125}}
Jul 02 21:09:25.902350 np0000004319 nova-scheduler[93307]: DEBUG oslo.service.backend._threading.loopingcall [None req-790f94ef-dbf0-4df3-9333-856e048d0f14 None None] Dynamic interval looping call 'nova.service.Service.periodic_tasks' sleeping for 60.00 seconds {{(pid=93307) _run_loop /opt/stack/data/venv/lib/python3.12/site-packages/oslo_service/backend/_threading/loopingcall.py:125}}
Jul 02 21:09:31.901511 np0000004319 nova-scheduler[93302]: DEBUG oslo.service.backend._threading.loopingcall [None req-6f242971-c53d-43e0-9e38-977caf0e70c7 None None] Dynamic interval looping call 'nova.service.Service.periodic_tasks' sleeping for 60.00 seconds {{(pid=93302) _run_loop /opt/stack/data/venv/lib/python3.12/site-packages/oslo_service/backend/_threading/loopingcall.py:125}}
Jul 02 21:09:36.904186 np0000004319 nova-scheduler[93302]: DEBUG oslo.service.backend._threading.loopingcall [-] Fixed interval looping call 'nova.servicegroup.drivers.db.DbDriver._report_state' sleeping for 119.99 seconds {{(pid=93302) _run_loop /opt/stack/data/venv/lib/python3.12/site-packages/oslo_service/backend/_threading/loopingcall.py:125}}
Jul 02 21:09:36.905032 np0000004319 nova-scheduler[93307]: DEBUG oslo.service.backend._threading.loopingcall [-] Fixed interval looping call 'nova.servicegroup.drivers.db.DbDriver._report_state' sleeping for 119.99 seconds {{(pid=93307) _run_loop /opt/stack/data/venv/lib/python3.12/site-packages/oslo_service/backend/_threading/loopingcall.py:125}}
Jul 02 21:09:36.920634 np0000004319 nova-scheduler[93310]: DEBUG oslo.service.backend._threading.loopingcall [-] Fixed interval looping call 'nova.servicegroup.drivers.db.DbDriver._report_state' sleeping for 120.00 seconds {{(pid=93310) _run_loop /opt/stack/data/venv/lib/python3.12/site-packages/oslo_service/backend/_threading/loopingcall.py:125}}
Jul 02 21:09:46.900435 np0000004319 nova-scheduler[93302]: DEBUG dbcounter [-] [93302] Writing DB stats nova_cell0:SELECT=1,nova_cell0:UPDATE=1 {{(pid=93302) stat_writer /opt/stack/data/venv/lib/python3.12/site-packages/dbcounter.py:115}}
Jul 02 21:09:46.902326 np0000004319 nova-scheduler[93307]: DEBUG dbcounter [-] [93307] Writing DB stats nova_cell0:SELECT=1,nova_cell0:UPDATE=1 {{(pid=93307) stat_writer /opt/stack/data/venv/lib/python3.12/site-packages/dbcounter.py:115}}
Jul 02 21:09:46.921189 np0000004319 nova-scheduler[93310]: DEBUG dbcounter [-] [93310] Writing DB stats nova_cell0:SELECT=1 {{(pid=93310) stat_writer /opt/stack/data/venv/lib/python3.12/site-packages/dbcounter.py:115}}
Jul 02 21:10:01.028215 np0000004319 nova-scheduler[93302]: DEBUG nova.scheduler.manager [None req-22d1d5a7-cdd5-4a05-bf4f-98bce71bcdba tempest-DeleteServersTestJSON-1788309160 tempest-DeleteServersTestJSON-1788309160-project-member] Starting to schedule for instances: ['03c1dcb2-7e86-476a-b806-582f610d21d7'] {{(pid=93302) select_destinations /opt/stack/nova/nova/scheduler/manager.py:209}}
Jul 02 21:10:01.029344 np0000004319 nova-scheduler[93302]: DEBUG nova.scheduler.request_filter [None req-22d1d5a7-cdd5-4a05-bf4f-98bce71bcdba tempest-DeleteServersTestJSON-1788309160 tempest-DeleteServersTestJSON-1788309160-project-member] compute_status_filter request filter added forbidden trait COMPUTE_STATUS_DISABLED {{(pid=93302) compute_status_filter /opt/stack/nova/nova/scheduler/request_filter.py:253}}
Jul 02 21:10:01.031093 np0000004319 nova-scheduler[93302]: DEBUG nova.scheduler.request_filter [None req-22d1d5a7-cdd5-4a05-bf4f-98bce71bcdba tempest-DeleteServersTestJSON-1788309160 tempest-DeleteServersTestJSON-1788309160-project-member] Request filter 'compute_status_filter' took 0.0 seconds {{(pid=93302) wrapper /opt/stack/nova/nova/scheduler/request_filter.py:46}}
Jul 02 21:10:01.031093 np0000004319 nova-scheduler[93302]: DEBUG nova.scheduler.request_filter [None req-22d1d5a7-cdd5-4a05-bf4f-98bce71bcdba tempest-DeleteServersTestJSON-1788309160 tempest-DeleteServersTestJSON-1788309160-project-member] Request filter 'accelerators_filter' took 0.0 seconds {{(pid=93302) wrapper /opt/stack/nova/nova/scheduler/request_filter.py:46}}
Jul 02 21:10:01.031093 np0000004319 nova-scheduler[93302]: DEBUG nova.scheduler.request_filter [None req-22d1d5a7-cdd5-4a05-bf4f-98bce71bcdba tempest-DeleteServersTestJSON-1788309160 tempest-DeleteServersTestJSON-1788309160-project-member] Request filter 'packed_virtqueue_filter' took 0.0 seconds {{(pid=93302) wrapper /opt/stack/nova/nova/scheduler/request_filter.py:46}}
Jul 02 21:10:01.031093 np0000004319 nova-scheduler[93302]: DEBUG nova.scheduler.request_filter [None req-22d1d5a7-cdd5-4a05-bf4f-98bce71bcdba tempest-DeleteServersTestJSON-1788309160 tempest-DeleteServersTestJSON-1788309160-project-member] Request filter 'remote_managed_ports_filter' took 0.0 seconds {{(pid=93302) wrapper /opt/stack/nova/nova/scheduler/request_filter.py:46}}
Jul 02 21:10:01.031093 np0000004319 nova-scheduler[93302]: DEBUG nova.scheduler.request_filter [None req-22d1d5a7-cdd5-4a05-bf4f-98bce71bcdba tempest-DeleteServersTestJSON-1788309160 tempest-DeleteServersTestJSON-1788309160-project-member] ephemeral_encryption_filter skipped {{(pid=93302) ephemeral_encryption_filter /opt/stack/nova/nova/scheduler/request_filter.py:426}}
Jul 02 21:10:01.031356 np0000004319 nova-scheduler[93302]: DEBUG nova.scheduler.request_filter [None req-22d1d5a7-cdd5-4a05-bf4f-98bce71bcdba tempest-DeleteServersTestJSON-1788309160 tempest-DeleteServersTestJSON-1788309160-project-member] virtio_sound_filter skipped {{(pid=93302) virtio_sound_filter /opt/stack/nova/nova/scheduler/request_filter.py:460}}
Jul 02 21:10:01.031356 np0000004319 nova-scheduler[93302]: DEBUG nova.scheduler.request_filter [None req-22d1d5a7-cdd5-4a05-bf4f-98bce71bcdba tempest-DeleteServersTestJSON-1788309160 tempest-DeleteServersTestJSON-1788309160-project-member] tpm_secret_security_filter skipped {{(pid=93302) tpm_secret_security_filter /opt/stack/nova/nova/scheduler/request_filter.py:477}}
Jul 02 21:10:01.573153 np0000004319 nova-scheduler[93302]: INFO nova.utils [None req-22d1d5a7-cdd5-4a05-bf4f-98bce71bcdba tempest-DeleteServersTestJSON-1788309160 tempest-DeleteServersTestJSON-1788309160-project-member] The cell worker thread pool ForkProcess-1.cell_worker is initialized
Jul 02 21:10:01.573735 np0000004319 nova-scheduler[93302]: DEBUG oslo_concurrency.lockutils [None req-22d1d5a7-cdd5-4a05-bf4f-98bce71bcdba tempest-DeleteServersTestJSON-1788309160 tempest-DeleteServersTestJSON-1788309160-project-member] Acquiring lock "f03bfdb1-18cf-453d-a3be-813b764f3c8f" by "nova.context.set_target_cell..get_or_set_cached_cell_and_set_connections" {{(pid=93302) inner /opt/stack/data/venv/lib/python3.12/site-packages/oslo_concurrency/lockutils.py:511}}
Jul 02 21:10:01.573735 np0000004319 nova-scheduler[93302]: DEBUG oslo_concurrency.lockutils [None req-22d1d5a7-cdd5-4a05-bf4f-98bce71bcdba tempest-DeleteServersTestJSON-1788309160 tempest-DeleteServersTestJSON-1788309160-project-member] Lock "f03bfdb1-18cf-453d-a3be-813b764f3c8f" acquired by "nova.context.set_target_cell..get_or_set_cached_cell_and_set_connections" :: waited 0.000s {{(pid=93302) inner /opt/stack/data/venv/lib/python3.12/site-packages/oslo_concurrency/lockutils.py:524}}
Jul 02 21:10:01.575043 np0000004319 nova-scheduler[93302]: DEBUG oslo_concurrency.lockutils [None req-22d1d5a7-cdd5-4a05-bf4f-98bce71bcdba tempest-DeleteServersTestJSON-1788309160 tempest-DeleteServersTestJSON-1788309160-project-member] Lock "f03bfdb1-18cf-453d-a3be-813b764f3c8f" "released" by "nova.context.set_target_cell..get_or_set_cached_cell_and_set_connections" :: held 0.001s {{(pid=93302) inner /opt/stack/data/venv/lib/python3.12/site-packages/oslo_concurrency/lockutils.py:543}}
Jul 02 21:10:01.576960 np0000004319 nova-scheduler[93302]: INFO dbcounter [None req-22d1d5a7-cdd5-4a05-bf4f-98bce71bcdba tempest-DeleteServersTestJSON-1788309160 tempest-DeleteServersTestJSON-1788309160-project-member] Registered counter for database nova_cell1
Jul 02 21:10:01.609254 np0000004319 nova-scheduler[93302]: DEBUG oslo_db.sqlalchemy.engines [None req-22d1d5a7-cdd5-4a05-bf4f-98bce71bcdba tempest-DeleteServersTestJSON-1788309160 tempest-DeleteServersTestJSON-1788309160-project-member] MySQL server mode set to STRICT_TRANS_TABLES,STRICT_ALL_TABLES,NO_ZERO_IN_DATE,NO_ZERO_DATE,ERROR_FOR_DIVISION_BY_ZERO,TRADITIONAL,NO_ENGINE_SUBSTITUTION {{(pid=93302) _check_effective_sql_mode /opt/stack/data/venv/lib/python3.12/site-packages/oslo_db/sqlalchemy/engines.py:325}}
Jul 02 21:10:01.614537 np0000004319 nova-scheduler[93302]: DEBUG dbcounter [-] [93302] Writer thread running {{(pid=93302) stat_writer /opt/stack/data/venv/lib/python3.12/site-packages/dbcounter.py:102}}
Jul 02 21:10:01.628687 np0000004319 nova-scheduler[93302]: DEBUG oslo_db.sqlalchemy.engines [None req-22d1d5a7-cdd5-4a05-bf4f-98bce71bcdba tempest-DeleteServersTestJSON-1788309160 tempest-DeleteServersTestJSON-1788309160-project-member] Parent process 92095 forked (93302) with an open database connection, which is being discarded and recreated. {{(pid=93302) checkout /opt/stack/data/venv/lib/python3.12/site-packages/oslo_db/sqlalchemy/engines.py:402}}
Jul 02 21:10:01.661518 np0000004319 nova-scheduler[93302]: DEBUG dbcounter [-] [93302] Writer thread running {{(pid=93302) stat_writer /opt/stack/data/venv/lib/python3.12/site-packages/dbcounter.py:102}}
Jul 02 21:10:01.664068 np0000004319 nova-scheduler[93302]: DEBUG oslo_concurrency.lockutils [None req-22d1d5a7-cdd5-4a05-bf4f-98bce71bcdba tempest-DeleteServersTestJSON-1788309160 tempest-DeleteServersTestJSON-1788309160-project-member] Acquiring lock "f03bfdb1-18cf-453d-a3be-813b764f3c8f" by "nova.context.set_target_cell..get_or_set_cached_cell_and_set_connections" {{(pid=93302) inner /opt/stack/data/venv/lib/python3.12/site-packages/oslo_concurrency/lockutils.py:511}}
Jul 02 21:10:01.664260 np0000004319 nova-scheduler[93302]: DEBUG oslo_concurrency.lockutils [None req-22d1d5a7-cdd5-4a05-bf4f-98bce71bcdba tempest-DeleteServersTestJSON-1788309160 tempest-DeleteServersTestJSON-1788309160-project-member] Lock "f03bfdb1-18cf-453d-a3be-813b764f3c8f" acquired by "nova.context.set_target_cell..get_or_set_cached_cell_and_set_connections" :: waited 0.000s {{(pid=93302) inner /opt/stack/data/venv/lib/python3.12/site-packages/oslo_concurrency/lockutils.py:524}}
Jul 02 21:10:01.664399 np0000004319 nova-scheduler[93302]: DEBUG oslo_concurrency.lockutils [None req-22d1d5a7-cdd5-4a05-bf4f-98bce71bcdba tempest-DeleteServersTestJSON-1788309160 tempest-DeleteServersTestJSON-1788309160-project-member] Lock "f03bfdb1-18cf-453d-a3be-813b764f3c8f" "released" by "nova.context.set_target_cell..get_or_set_cached_cell_and_set_connections" :: held 0.000s {{(pid=93302) inner /opt/stack/data/venv/lib/python3.12/site-packages/oslo_concurrency/lockutils.py:543}}
Jul 02 21:10:01.667967 np0000004319 nova-scheduler[93302]: DEBUG oslo_concurrency.lockutils [None req-22d1d5a7-cdd5-4a05-bf4f-98bce71bcdba tempest-DeleteServersTestJSON-1788309160 tempest-DeleteServersTestJSON-1788309160-project-member] Acquiring lock "np0000004319-np0000004319" by "nova.scheduler.host_manager.HostState.update.._locked_update" {{(pid=93302) inner /opt/stack/data/venv/lib/python3.12/site-packages/oslo_concurrency/lockutils.py:511}}
Jul 02 21:10:01.668063 np0000004319 nova-scheduler[93302]: DEBUG oslo_concurrency.lockutils [None req-22d1d5a7-cdd5-4a05-bf4f-98bce71bcdba tempest-DeleteServersTestJSON-1788309160 tempest-DeleteServersTestJSON-1788309160-project-member] Lock "np0000004319-np0000004319" acquired by "nova.scheduler.host_manager.HostState.update.._locked_update" :: waited 0.000s {{(pid=93302) inner /opt/stack/data/venv/lib/python3.12/site-packages/oslo_concurrency/lockutils.py:524}}
Jul 02 21:10:01.669327 np0000004319 nova-scheduler[93302]: DEBUG nova.scheduler.host_manager [None req-22d1d5a7-cdd5-4a05-bf4f-98bce71bcdba tempest-DeleteServersTestJSON-1788309160 tempest-DeleteServersTestJSON-1788309160-project-member] Update host state from compute node: ComputeNode(cpu_allocation_ratio=4.0,cpu_info='{"arch": "x86_64", "model": "EPYC-Milan", "vendor": "AMD", "topology": {"cells": 1, "sockets": 16, "cores": 1, "threads": 1}, "maxphysaddr": {"mode": "emulate", "bits": 40}, "features": ["flushbyasid", "mca", "spec-ctrl", "ssbd", "wbnoinvd", "sep", "perfctr_core", "rdseed", "pause-filter", "rdrand", "sse", "popcnt", "vmcb-clean", "topoext", "cx8", "f16c", "skip-l1dfl-vmentry", "amd-psfd", "sha-ni", "fsrm", "msr", "svme-addr-chk", "stibp-always-on", "pse36", "cr8legacy", "clzero", "pfthreshold", "cmov", "cx16", "npt", "syscall", "xsave", "mtrr", "adx", "xsaveopt", "clflushopt", "rdctl-no", "ibrs", "fxsr", "fma", "xgetbv1", "pae", "aes", "3dnowprefetch", "fsgsbase", "mmxext", "umip", "ssse3", "pclmuldq", "nx", "lm", "mds-no", "invpcid", "pni", "sse2", "smep", "xsaveerptr", "sse4a", "nrip-save", "pse", "pku", "abm", "lbrv", "sse4.2", "movbe", "tsc", "vpclmulqdq", "xsavec", "virt-ssbd", "amd-stibp", "no-nested-data-bp", "stibp", "v-vmsave-vmload", "cmp_legacy", "tsc-deadline", "erms", "amd-ssbd", "osvw", "pcid", "mce", "ibpb", "xsaves", "tsc-scale", "smap", "clflush", "tsc_adjust", "hypervisor", "rdpid", "apic", "vgif", "mmx", "sse4.1", "de", "pdpe1gb", "misalignsse", "pat", "gds-no", "arat", "rdtscp", "null-sel-clr-base", "pge", "arch-capabilities", "fpu", "avx2", "bmi1", "x2apic", "lahf_lm", "vaes", "svm", "avx", "pschange-mc-no", "clwb", "lfence-always-serializing", "vme", "bmi2", "fxsr_opt"]}',created_at=2026-07-02T21:07:58Z,current_workload=0,deleted=False,deleted_at=None,disk_allocation_ratio=1.0,disk_available_least=73,free_disk_gb=95,free_ram_mb=62765,host='np0000004319',host_ip=10.4.3.44,hypervisor_hostname='np0000004319',hypervisor_type='QEMU',hypervisor_version=8002002,id=1,local_gb=95,local_gb_used=0,mapped=1,memory_mb=63277,memory_mb_used=512,metrics='[]',numa_topology='{"nova_object.name": "NUMATopology", "nova_object.namespace": "nova", "nova_object.version": "1.2", "nova_object.data": {"cells": [{"nova_object.name": "NUMACell", "nova_object.namespace": "nova", "nova_object.version": "1.5", "nova_object.data": {"id": 0, "cpuset": [0, 1, 2, 3, 4, 5, 6, 7, 8, 9, 10, 11, 12, 13, 14, 15], "pcpuset": [0, 1, 2, 3, 4, 5, 6, 7, 8, 9, 10, 11, 12, 13, 14, 15], "memory": 63277, "cpu_usage": 0, "memory_usage": 0, "pinned_cpus": [], "siblings": [[6], [12], [2], [15], [5], [11], [8], [14], [4], [1], [7], [10], [0], [13], [3], [9]], "mempages": [{"nova_object.name": "NUMAPagesTopology", "nova_object.namespace": "nova", "nova_object.version": "1.1", "nova_object.data": {"size_kb": 4, "total": 16177930, "used": 0, "reserved": 0}, "nova_object.changes": ["used", "total", "size_kb", "reserved"]}, {"nova_object.name": "NUMAPagesTopology", "nova_object.namespace": "nova", "nova_object.version": "1.1", "nova_object.data": {"size_kb": 2048, "total": 41, "used": 0, "reserved": 0}, "nova_object.changes": ["used", "total", "size_kb", "reserved"]}, {"nova_object.name": "NUMAPagesTopology", "nova_object.namespace": "nova", "nova_object.version": "1.1", "nova_object.data": {"size_kb": 1048576, "total": 0, "used": 0, "reserved": 0}, "nova_object.changes": ["used", "total", "size_kb", "reserved"]}], "network_metadata": {"nova_object.name": "NetworkMetadata", "nova_object.namespace": "nova", "nova_object.version": "1.0", "nova_object.data": {"physnets": [], "tunneled": false}, "nova_object.changes": ["physnets", "tunneled"]}, "socket": null}, "nova_object.changes": ["id", "siblings", "pinned_cpus", "mempages", "cpu_usage", "socket", "cpuset", "memory", "pcpuset", "network_metadata", "memory_usage"]}]}, "nova_object.changes": ["cells"]}',pci_device_pools=PciDevicePoolList,ram_allocation_ratio=1.0,running_vms=0,service_id=2,stats={failed_builds='0',uptime=' 21:09:42 up 14 min, 2 users, load average: 1.60, 1.41, 0.82
Jul 02 21:10:01.669327 np0000004319 nova-scheduler[93302]: '},supported_hv_specs=[HVSpec,HVSpec,HVSpec,HVSpec,HVSpec,HVSpec,HVSpec,HVSpec,HVSpec,HVSpec,HVSpec,HVSpec,HVSpec,HVSpec,HVSpec,HVSpec,HVSpec,HVSpec,HVSpec,HVSpec,HVSpec,HVSpec,HVSpec,HVSpec,HVSpec],updated_at=2026-07-02T21:09:44Z,uuid=90f0ff56-bb4c-4e01-9e44-30f46b827248,vcpus=16,vcpus_used=0) {{(pid=93302) _locked_update /opt/stack/nova/nova/scheduler/host_manager.py:168}}
Jul 02 21:10:01.670102 np0000004319 nova-scheduler[93302]: DEBUG nova.scheduler.host_manager [None req-22d1d5a7-cdd5-4a05-bf4f-98bce71bcdba tempest-DeleteServersTestJSON-1788309160 tempest-DeleteServersTestJSON-1788309160-project-member] Update host state with aggregates: [] {{(pid=93302) _locked_update /opt/stack/nova/nova/scheduler/host_manager.py:171}}
Jul 02 21:10:01.670253 np0000004319 nova-scheduler[93302]: DEBUG nova.scheduler.host_manager [None req-22d1d5a7-cdd5-4a05-bf4f-98bce71bcdba tempest-DeleteServersTestJSON-1788309160 tempest-DeleteServersTestJSON-1788309160-project-member] Update host state with service dict: {'id': 2, 'uuid': 'a6e534c9-ae35-4aa3-9879-353449a289c5', 'host': 'np0000004319', 'binary': 'nova-compute', 'topic': 'compute', 'report_count': 1, 'disabled': False, 'disabled_reason': None, 'last_seen_up': datetime.datetime(2026, 7, 2, 21, 8, 6, tzinfo=datetime.timezone.utc), 'forced_down': False, 'version': 72, 'created_at': datetime.datetime(2026, 7, 2, 21, 7, 56, tzinfo=datetime.timezone.utc), 'updated_at': datetime.datetime(2026, 7, 2, 21, 8, 6, tzinfo=datetime.timezone.utc), 'deleted_at': None, 'deleted': False} {{(pid=93302) _locked_update /opt/stack/nova/nova/scheduler/host_manager.py:174}}
Jul 02 21:10:01.670381 np0000004319 nova-scheduler[93302]: DEBUG nova.scheduler.host_manager [None req-22d1d5a7-cdd5-4a05-bf4f-98bce71bcdba tempest-DeleteServersTestJSON-1788309160 tempest-DeleteServersTestJSON-1788309160-project-member] Update host state with instances: [] {{(pid=93302) _locked_update /opt/stack/nova/nova/scheduler/host_manager.py:177}}
Jul 02 21:10:01.670511 np0000004319 nova-scheduler[93302]: DEBUG oslo_concurrency.lockutils [None req-22d1d5a7-cdd5-4a05-bf4f-98bce71bcdba tempest-DeleteServersTestJSON-1788309160 tempest-DeleteServersTestJSON-1788309160-project-member] Lock "np0000004319-np0000004319" "released" by "nova.scheduler.host_manager.HostState.update.._locked_update" :: held 0.002s {{(pid=93302) inner /opt/stack/data/venv/lib/python3.12/site-packages/oslo_concurrency/lockutils.py:543}}
Jul 02 21:10:01.671165 np0000004319 nova-scheduler[93302]: DEBUG nova.filters [None req-22d1d5a7-cdd5-4a05-bf4f-98bce71bcdba tempest-DeleteServersTestJSON-1788309160 tempest-DeleteServersTestJSON-1788309160-project-member] Starting with 1 host(s) {{(pid=93302) get_filtered_objects /opt/stack/nova/nova/filters.py:70}}
Jul 02 21:10:01.671432 np0000004319 nova-scheduler[93302]: DEBUG nova.filters [None req-22d1d5a7-cdd5-4a05-bf4f-98bce71bcdba tempest-DeleteServersTestJSON-1788309160 tempest-DeleteServersTestJSON-1788309160-project-member] Filter ComputeFilter returned 1 host(s) {{(pid=93302) get_filtered_objects /opt/stack/nova/nova/filters.py:102}}
Jul 02 21:10:01.671620 np0000004319 nova-scheduler[93302]: DEBUG nova.filters [None req-22d1d5a7-cdd5-4a05-bf4f-98bce71bcdba tempest-DeleteServersTestJSON-1788309160 tempest-DeleteServersTestJSON-1788309160-project-member] Filter ComputeCapabilitiesFilter returned 1 host(s) {{(pid=93302) get_filtered_objects /opt/stack/nova/nova/filters.py:102}}
Jul 02 21:10:01.671860 np0000004319 nova-scheduler[93302]: DEBUG nova.filters [None req-22d1d5a7-cdd5-4a05-bf4f-98bce71bcdba tempest-DeleteServersTestJSON-1788309160 tempest-DeleteServersTestJSON-1788309160-project-member] Filter ImagePropertiesFilter returned 1 host(s) {{(pid=93302) get_filtered_objects /opt/stack/nova/nova/filters.py:102}}
Jul 02 21:10:01.672303 np0000004319 nova-scheduler[93302]: DEBUG nova.filters [None req-22d1d5a7-cdd5-4a05-bf4f-98bce71bcdba tempest-DeleteServersTestJSON-1788309160 tempest-DeleteServersTestJSON-1788309160-project-member] Filter ServerGroupAntiAffinityFilter returned 1 host(s) {{(pid=93302) get_filtered_objects /opt/stack/nova/nova/filters.py:102}}
Jul 02 21:10:01.672303 np0000004319 nova-scheduler[93302]: DEBUG nova.filters [None req-22d1d5a7-cdd5-4a05-bf4f-98bce71bcdba tempest-DeleteServersTestJSON-1788309160 tempest-DeleteServersTestJSON-1788309160-project-member] Filter ServerGroupAffinityFilter returned 1 host(s) {{(pid=93302) get_filtered_objects /opt/stack/nova/nova/filters.py:102}}
Jul 02 21:10:01.672303 np0000004319 nova-scheduler[93302]: DEBUG nova.filters [None req-22d1d5a7-cdd5-4a05-bf4f-98bce71bcdba tempest-DeleteServersTestJSON-1788309160 tempest-DeleteServersTestJSON-1788309160-project-member] Filter SameHostFilter returned 1 host(s) {{(pid=93302) get_filtered_objects /opt/stack/nova/nova/filters.py:102}}
Jul 02 21:10:01.672464 np0000004319 nova-scheduler[93302]: DEBUG nova.filters [None req-22d1d5a7-cdd5-4a05-bf4f-98bce71bcdba tempest-DeleteServersTestJSON-1788309160 tempest-DeleteServersTestJSON-1788309160-project-member] Filter DifferentHostFilter returned 1 host(s) {{(pid=93302) get_filtered_objects /opt/stack/nova/nova/filters.py:102}}
Jul 02 21:10:01.672464 np0000004319 nova-scheduler[93302]: DEBUG nova.scheduler.manager [None req-22d1d5a7-cdd5-4a05-bf4f-98bce71bcdba tempest-DeleteServersTestJSON-1788309160 tempest-DeleteServersTestJSON-1788309160-project-member] Filtered [(np0000004319, np0000004319) ram: 62765MB disk: 74752MB io_ops: 0 instances: 0, allocation_candidates: 1] {{(pid=93302) _get_sorted_hosts /opt/stack/nova/nova/scheduler/manager.py:742}}
Jul 02 21:10:01.672665 np0000004319 nova-scheduler[93302]: DEBUG nova.scheduler.manager [None req-22d1d5a7-cdd5-4a05-bf4f-98bce71bcdba tempest-DeleteServersTestJSON-1788309160 tempest-DeleteServersTestJSON-1788309160-project-member] Weighed [WeighedHost [host: (np0000004319, np0000004319) ram: 62765MB disk: 74752MB io_ops: 0 instances: 0, allocation_candidates: 1, weight: 0.0]] {{(pid=93302) _get_sorted_hosts /opt/stack/nova/nova/scheduler/manager.py:764}}
Jul 02 21:10:01.672924 np0000004319 nova-scheduler[93302]: DEBUG nova.scheduler.utils [None req-22d1d5a7-cdd5-4a05-bf4f-98bce71bcdba tempest-DeleteServersTestJSON-1788309160 tempest-DeleteServersTestJSON-1788309160-project-member] Attempting to claim resources in the placement API for instance 03c1dcb2-7e86-476a-b806-582f610d21d7 {{(pid=93302) claim_resources /opt/stack/nova/nova/scheduler/utils.py:1345}}
Jul 02 21:10:01.848245 np0000004319 nova-scheduler[93302]: DEBUG nova.scheduler.manager [None req-22d1d5a7-cdd5-4a05-bf4f-98bce71bcdba tempest-DeleteServersTestJSON-1788309160 tempest-DeleteServersTestJSON-1788309160-project-member] [instance: 03c1dcb2-7e86-476a-b806-582f610d21d7] Selected host: (np0000004319, np0000004319) ram: 62765MB disk: 74752MB io_ops: 0 instances: 0, allocation_candidates: 1 {{(pid=93302) _consume_selected_host /opt/stack/nova/nova/scheduler/manager.py:624}}
Jul 02 21:10:01.848571 np0000004319 nova-scheduler[93302]: DEBUG oslo_concurrency.lockutils [None req-22d1d5a7-cdd5-4a05-bf4f-98bce71bcdba tempest-DeleteServersTestJSON-1788309160 tempest-DeleteServersTestJSON-1788309160-project-member] Acquiring lock "np0000004319-np0000004319" by "nova.scheduler.host_manager.HostState.consume_from_request.._locked" {{(pid=93302) inner /opt/stack/data/venv/lib/python3.12/site-packages/oslo_concurrency/lockutils.py:511}}
Jul 02 21:10:01.848770 np0000004319 nova-scheduler[93302]: DEBUG oslo_concurrency.lockutils [None req-22d1d5a7-cdd5-4a05-bf4f-98bce71bcdba tempest-DeleteServersTestJSON-1788309160 tempest-DeleteServersTestJSON-1788309160-project-member] Lock "np0000004319-np0000004319" acquired by "nova.scheduler.host_manager.HostState.consume_from_request.._locked" :: waited 0.000s {{(pid=93302) inner /opt/stack/data/venv/lib/python3.12/site-packages/oslo_concurrency/lockutils.py:524}}
Jul 02 21:10:01.848990 np0000004319 nova-scheduler[93302]: DEBUG oslo_concurrency.lockutils [None req-22d1d5a7-cdd5-4a05-bf4f-98bce71bcdba tempest-DeleteServersTestJSON-1788309160 tempest-DeleteServersTestJSON-1788309160-project-member] Lock "np0000004319-np0000004319" "released" by "nova.scheduler.host_manager.HostState.consume_from_request.._locked" :: held 0.000s {{(pid=93302) inner /opt/stack/data/venv/lib/python3.12/site-packages/oslo_concurrency/lockutils.py:543}}
Jul 02 21:10:02.034016 np0000004319 nova-scheduler[93307]: DEBUG nova.scheduler.manager [None req-3a4ffb23-1a69-4d48-81ac-f6a9899aa7ee tempest-ServerRescueNegativeTestJSON-1081995087 tempest-ServerRescueNegativeTestJSON-1081995087-project-member] Starting to schedule for instances: ['58998165-bee9-49ac-a2dd-5796326b6cce'] {{(pid=93307) select_destinations /opt/stack/nova/nova/scheduler/manager.py:209}}
Jul 02 21:10:02.034526 np0000004319 nova-scheduler[93307]: DEBUG nova.scheduler.request_filter [None req-3a4ffb23-1a69-4d48-81ac-f6a9899aa7ee tempest-ServerRescueNegativeTestJSON-1081995087 tempest-ServerRescueNegativeTestJSON-1081995087-project-member] compute_status_filter request filter added forbidden trait COMPUTE_STATUS_DISABLED {{(pid=93307) compute_status_filter /opt/stack/nova/nova/scheduler/request_filter.py:253}}
Jul 02 21:10:02.034577 np0000004319 nova-scheduler[93307]: DEBUG nova.scheduler.request_filter [None req-3a4ffb23-1a69-4d48-81ac-f6a9899aa7ee tempest-ServerRescueNegativeTestJSON-1081995087 tempest-ServerRescueNegativeTestJSON-1081995087-project-member] Request filter 'compute_status_filter' took 0.0 seconds {{(pid=93307) wrapper /opt/stack/nova/nova/scheduler/request_filter.py:46}}
Jul 02 21:10:02.034837 np0000004319 nova-scheduler[93307]: DEBUG nova.scheduler.request_filter [None req-3a4ffb23-1a69-4d48-81ac-f6a9899aa7ee tempest-ServerRescueNegativeTestJSON-1081995087 tempest-ServerRescueNegativeTestJSON-1081995087-project-member] Request filter 'accelerators_filter' took 0.0 seconds {{(pid=93307) wrapper /opt/stack/nova/nova/scheduler/request_filter.py:46}}
Jul 02 21:10:02.035083 np0000004319 nova-scheduler[93307]: DEBUG nova.scheduler.request_filter [None req-3a4ffb23-1a69-4d48-81ac-f6a9899aa7ee tempest-ServerRescueNegativeTestJSON-1081995087 tempest-ServerRescueNegativeTestJSON-1081995087-project-member] Request filter 'packed_virtqueue_filter' took 0.0 seconds {{(pid=93307) wrapper /opt/stack/nova/nova/scheduler/request_filter.py:46}}
Jul 02 21:10:02.035421 np0000004319 nova-scheduler[93307]: DEBUG nova.scheduler.request_filter [None req-3a4ffb23-1a69-4d48-81ac-f6a9899aa7ee tempest-ServerRescueNegativeTestJSON-1081995087 tempest-ServerRescueNegativeTestJSON-1081995087-project-member] Request filter 'remote_managed_ports_filter' took 0.0 seconds {{(pid=93307) wrapper /opt/stack/nova/nova/scheduler/request_filter.py:46}}
Jul 02 21:10:02.035610 np0000004319 nova-scheduler[93307]: DEBUG nova.scheduler.request_filter [None req-3a4ffb23-1a69-4d48-81ac-f6a9899aa7ee tempest-ServerRescueNegativeTestJSON-1081995087 tempest-ServerRescueNegativeTestJSON-1081995087-project-member] ephemeral_encryption_filter skipped {{(pid=93307) ephemeral_encryption_filter /opt/stack/nova/nova/scheduler/request_filter.py:426}}
Jul 02 21:10:02.035773 np0000004319 nova-scheduler[93307]: DEBUG nova.scheduler.request_filter [None req-3a4ffb23-1a69-4d48-81ac-f6a9899aa7ee tempest-ServerRescueNegativeTestJSON-1081995087 tempest-ServerRescueNegativeTestJSON-1081995087-project-member] virtio_sound_filter skipped {{(pid=93307) virtio_sound_filter /opt/stack/nova/nova/scheduler/request_filter.py:460}}
Jul 02 21:10:02.035951 np0000004319 nova-scheduler[93307]: DEBUG nova.scheduler.request_filter [None req-3a4ffb23-1a69-4d48-81ac-f6a9899aa7ee tempest-ServerRescueNegativeTestJSON-1081995087 tempest-ServerRescueNegativeTestJSON-1081995087-project-member] tpm_secret_security_filter skipped {{(pid=93307) tpm_secret_security_filter /opt/stack/nova/nova/scheduler/request_filter.py:477}}
Jul 02 21:10:02.155544 np0000004319 nova-scheduler[93307]: INFO nova.utils [None req-3a4ffb23-1a69-4d48-81ac-f6a9899aa7ee tempest-ServerRescueNegativeTestJSON-1081995087 tempest-ServerRescueNegativeTestJSON-1081995087-project-member] The cell worker thread pool ForkProcess-2.cell_worker is initialized
Jul 02 21:10:02.155691 np0000004319 nova-scheduler[93307]: DEBUG oslo_concurrency.lockutils [None req-3a4ffb23-1a69-4d48-81ac-f6a9899aa7ee tempest-ServerRescueNegativeTestJSON-1081995087 tempest-ServerRescueNegativeTestJSON-1081995087-project-member] Acquiring lock "f03bfdb1-18cf-453d-a3be-813b764f3c8f" by "nova.context.set_target_cell..get_or_set_cached_cell_and_set_connections" {{(pid=93307) inner /opt/stack/data/venv/lib/python3.12/site-packages/oslo_concurrency/lockutils.py:511}}
Jul 02 21:10:02.156005 np0000004319 nova-scheduler[93307]: DEBUG oslo_concurrency.lockutils [None req-3a4ffb23-1a69-4d48-81ac-f6a9899aa7ee tempest-ServerRescueNegativeTestJSON-1081995087 tempest-ServerRescueNegativeTestJSON-1081995087-project-member] Lock "f03bfdb1-18cf-453d-a3be-813b764f3c8f" acquired by "nova.context.set_target_cell..get_or_set_cached_cell_and_set_connections" :: waited 0.000s {{(pid=93307) inner /opt/stack/data/venv/lib/python3.12/site-packages/oslo_concurrency/lockutils.py:524}}
Jul 02 21:10:02.157172 np0000004319 nova-scheduler[93307]: DEBUG oslo_concurrency.lockutils [None req-3a4ffb23-1a69-4d48-81ac-f6a9899aa7ee tempest-ServerRescueNegativeTestJSON-1081995087 tempest-ServerRescueNegativeTestJSON-1081995087-project-member] Lock "f03bfdb1-18cf-453d-a3be-813b764f3c8f" "released" by "nova.context.set_target_cell..get_or_set_cached_cell_and_set_connections" :: held 0.001s {{(pid=93307) inner /opt/stack/data/venv/lib/python3.12/site-packages/oslo_concurrency/lockutils.py:543}}
Jul 02 21:10:02.158963 np0000004319 nova-scheduler[93307]: INFO dbcounter [None req-3a4ffb23-1a69-4d48-81ac-f6a9899aa7ee tempest-ServerRescueNegativeTestJSON-1081995087 tempest-ServerRescueNegativeTestJSON-1081995087-project-member] Registered counter for database nova_cell1
Jul 02 21:10:02.193913 np0000004319 nova-scheduler[93307]: DEBUG oslo_db.sqlalchemy.engines [None req-3a4ffb23-1a69-4d48-81ac-f6a9899aa7ee tempest-ServerRescueNegativeTestJSON-1081995087 tempest-ServerRescueNegativeTestJSON-1081995087-project-member] MySQL server mode set to STRICT_TRANS_TABLES,STRICT_ALL_TABLES,NO_ZERO_IN_DATE,NO_ZERO_DATE,ERROR_FOR_DIVISION_BY_ZERO,TRADITIONAL,NO_ENGINE_SUBSTITUTION {{(pid=93307) _check_effective_sql_mode /opt/stack/data/venv/lib/python3.12/site-packages/oslo_db/sqlalchemy/engines.py:325}}
Jul 02 21:10:02.199233 np0000004319 nova-scheduler[93307]: DEBUG dbcounter [-] [93307] Writer thread running {{(pid=93307) stat_writer /opt/stack/data/venv/lib/python3.12/site-packages/dbcounter.py:102}}
Jul 02 21:10:02.253337 np0000004319 nova-scheduler[93307]: DEBUG dbcounter [-] [93307] Writer thread running {{(pid=93307) stat_writer /opt/stack/data/venv/lib/python3.12/site-packages/dbcounter.py:102}}
Jul 02 21:10:02.262446 np0000004319 nova-scheduler[93307]: DEBUG oslo_concurrency.lockutils [None req-3a4ffb23-1a69-4d48-81ac-f6a9899aa7ee tempest-ServerRescueNegativeTestJSON-1081995087 tempest-ServerRescueNegativeTestJSON-1081995087-project-member] Acquiring lock "f03bfdb1-18cf-453d-a3be-813b764f3c8f" by "nova.context.set_target_cell..get_or_set_cached_cell_and_set_connections" {{(pid=93307) inner /opt/stack/data/venv/lib/python3.12/site-packages/oslo_concurrency/lockutils.py:511}}
Jul 02 21:10:02.262621 np0000004319 nova-scheduler[93307]: DEBUG oslo_concurrency.lockutils [None req-3a4ffb23-1a69-4d48-81ac-f6a9899aa7ee tempest-ServerRescueNegativeTestJSON-1081995087 tempest-ServerRescueNegativeTestJSON-1081995087-project-member] Lock "f03bfdb1-18cf-453d-a3be-813b764f3c8f" acquired by "nova.context.set_target_cell..get_or_set_cached_cell_and_set_connections" :: waited 0.000s {{(pid=93307) inner /opt/stack/data/venv/lib/python3.12/site-packages/oslo_concurrency/lockutils.py:524}}
Jul 02 21:10:02.262780 np0000004319 nova-scheduler[93307]: DEBUG oslo_concurrency.lockutils [None req-3a4ffb23-1a69-4d48-81ac-f6a9899aa7ee tempest-ServerRescueNegativeTestJSON-1081995087 tempest-ServerRescueNegativeTestJSON-1081995087-project-member] Lock "f03bfdb1-18cf-453d-a3be-813b764f3c8f" "released" by "nova.context.set_target_cell..get_or_set_cached_cell_and_set_connections" :: held 0.000s {{(pid=93307) inner /opt/stack/data/venv/lib/python3.12/site-packages/oslo_concurrency/lockutils.py:543}}
Jul 02 21:10:02.266529 np0000004319 nova-scheduler[93307]: DEBUG oslo_concurrency.lockutils [None req-3a4ffb23-1a69-4d48-81ac-f6a9899aa7ee tempest-ServerRescueNegativeTestJSON-1081995087 tempest-ServerRescueNegativeTestJSON-1081995087-project-member] Acquiring lock "np0000004319-np0000004319" by "nova.scheduler.host_manager.HostState.update.._locked_update" {{(pid=93307) inner /opt/stack/data/venv/lib/python3.12/site-packages/oslo_concurrency/lockutils.py:511}}
Jul 02 21:10:02.266721 np0000004319 nova-scheduler[93307]: DEBUG oslo_concurrency.lockutils [None req-3a4ffb23-1a69-4d48-81ac-f6a9899aa7ee tempest-ServerRescueNegativeTestJSON-1081995087 tempest-ServerRescueNegativeTestJSON-1081995087-project-member] Lock "np0000004319-np0000004319" acquired by "nova.scheduler.host_manager.HostState.update.._locked_update" :: waited 0.000s {{(pid=93307) inner /opt/stack/data/venv/lib/python3.12/site-packages/oslo_concurrency/lockutils.py:524}}
