Jun 23 07:51:01.151830 np0000003446 systemd[1]: Starting devstack@n-api-meta.service - Devstack devstack@n-api-meta.service...
Jun 23 07:51:01.164920 np0000003446 devstack@n-api-meta.service[95570]: [uWSGI] getting INI configuration from /etc/nova/nova-metadata-uwsgi.ini
Jun 23 07:51:01.167308 np0000003446 devstack@n-api-meta.service[95570]: *** Starting uWSGI 2.0.24-debian (64bit) on [Tue Jun 23 07:51:01 2026] ***
Jun 23 07:51:01.167308 np0000003446 devstack@n-api-meta.service[95570]: compiled with version: 13.2.0 on 17 April 2024 16:23:48
Jun 23 07:51:01.167308 np0000003446 devstack@n-api-meta.service[95570]: os: Linux-6.8.0-100-generic #100-Ubuntu SMP PREEMPT_DYNAMIC Tue Jan 13 16:40:06 UTC 2026
Jun 23 07:51:01.167308 np0000003446 devstack@n-api-meta.service[95570]: nodename: np0000003446
Jun 23 07:51:01.167308 np0000003446 devstack@n-api-meta.service[95570]: machine: x86_64
Jun 23 07:51:01.167308 np0000003446 devstack@n-api-meta.service[95570]: clock source: unix
Jun 23 07:51:01.167308 np0000003446 devstack@n-api-meta.service[95570]: pcre jit disabled
Jun 23 07:51:01.167308 np0000003446 devstack@n-api-meta.service[95570]: detected number of CPU cores: 16
Jun 23 07:51:01.167308 np0000003446 devstack@n-api-meta.service[95570]: current working directory: /
Jun 23 07:51:01.167308 np0000003446 devstack@n-api-meta.service[95570]: detected binary path: /usr/bin/uwsgi-core
Jun 23 07:51:01.167308 np0000003446 devstack@n-api-meta.service[95570]: your processes number limit is 257052
Jun 23 07:51:01.167602 np0000003446 devstack@n-api-meta.service[95570]: your memory page size is 4096 bytes
Jun 23 07:51:01.167602 np0000003446 devstack@n-api-meta.service[95570]: detected max file descriptor number: 2048
Jun 23 07:51:01.167602 np0000003446 devstack@n-api-meta.service[95570]: lock engine: pthread robust mutexes
Jun 23 07:51:01.167602 np0000003446 devstack@n-api-meta.service[95570]: thunder lock: enabled
Jun 23 07:51:01.167857 np0000003446 devstack@n-api-meta.service[95570]: uWSGI http bound on 0.0.0.0:8775 fd 5
Jun 23 07:51:01.167912 np0000003446 devstack@n-api-meta.service[95570]: uwsgi socket 0 bound to TCP address 127.0.0.1:33469 (port auto-assigned) fd 4
Jun 23 07:51:01.167912 np0000003446 devstack@n-api-meta.service[95570]: Python version: 3.12.3 (main, Mar 23 2026, 19:04:32) [GCC 13.3.0]
Jun 23 07:51:01.167912 np0000003446 devstack@n-api-meta.service[95570]: PEP 405 virtualenv detected: /opt/stack/data/venv
Jun 23 07:51:01.167912 np0000003446 devstack@n-api-meta.service[95570]: Set PythonHome to /opt/stack/data/venv
Jun 23 07:51:01.218275 np0000003446 devstack@n-api-meta.service[95570]: Python main interpreter initialized at 0x7f5f592a3668
Jun 23 07:51:01.218275 np0000003446 devstack@n-api-meta.service[95570]: python threads support enabled
Jun 23 07:51:01.218275 np0000003446 devstack@n-api-meta.service[95570]: your server socket listen backlog is limited to 100 connections
Jun 23 07:51:01.218275 np0000003446 devstack@n-api-meta.service[95570]: your mercy for graceful operations on workers is 80 seconds
Jun 23 07:51:01.218275 np0000003446 devstack@n-api-meta.service[95570]: mapped 671795 bytes (656 KB) for 4 cores
Jun 23 07:51:01.218275 np0000003446 devstack@n-api-meta.service[95570]: *** Operational MODE: preforking ***
Jun 23 07:51:01.218576 np0000003446 devstack@n-api-meta.service[95570]: *** uWSGI is running in multiple interpreter mode ***
Jun 23 07:51:01.218576 np0000003446 devstack@n-api-meta.service[95570]: spawned uWSGI master process (pid: 95570)
Jun 23 07:51:01.218735 np0000003446 systemd[1]: Started devstack@n-api-meta.service - Devstack devstack@n-api-meta.service.
Jun 23 07:51:01.219469 np0000003446 devstack@n-api-meta.service[95570]: spawned uWSGI worker 1 (pid: 95588, cores: 1)
Jun 23 07:51:01.219950 np0000003446 devstack@n-api-meta.service[95570]: spawned uWSGI worker 2 (pid: 95589, cores: 1)
Jun 23 07:51:01.220327 np0000003446 devstack@n-api-meta.service[95570]: spawned uWSGI worker 3 (pid: 95590, cores: 1)
Jun 23 07:51:01.220857 np0000003446 devstack@n-api-meta.service[95570]: spawned uWSGI worker 4 (pid: 95591, cores: 1)
Jun 23 07:51:01.221615 np0000003446 devstack@n-api-meta.service[95570]: spawned uWSGI http 1 (pid: 95592)
Jun 23 07:51:01.221615 np0000003446 devstack@n-api-meta.service[95570]: running "unix_signal:15 gracefully_kill_them_all" (master-start)...
Jun 23 07:51:02.814201 np0000003446 devstack@n-api-meta.service[95589]: INFO dbcounter [None req-a670216a-47e4-402e-ba46-6e235c9a65f7 None None] Registered counter for database nova_api
Jun 23 07:51:02.856361 np0000003446 devstack@n-api-meta.service[95589]: DEBUG oslo_db.sqlalchemy.engines [None req-a670216a-47e4-402e-ba46-6e235c9a65f7 None None] MySQL server mode set to STRICT_TRANS_TABLES,STRICT_ALL_TABLES,NO_ZERO_IN_DATE,NO_ZERO_DATE,ERROR_FOR_DIVISION_BY_ZERO,TRADITIONAL,NO_ENGINE_SUBSTITUTION {{(pid=95589) _check_effective_sql_mode /opt/stack/data/venv/lib/python3.12/site-packages/oslo_db/sqlalchemy/engines.py:325}}
Jun 23 07:51:02.887470 np0000003446 devstack@n-api-meta.service[95591]: INFO dbcounter [None req-41bd0668-b8cd-4894-8839-c41427861c4d None None] Registered counter for database nova_api
Jun 23 07:51:02.889595 np0000003446 devstack@n-api-meta.service[95589]: DEBUG dbcounter [-] [95589] Writer thread running {{(pid=95589) stat_writer /opt/stack/data/venv/lib/python3.12/site-packages/dbcounter.py:102}}
Jun 23 07:51:02.891984 np0000003446 devstack@n-api-meta.service[95589]: DEBUG nova.context [None req-a670216a-47e4-402e-ba46-6e235c9a65f7 None None] Found 2 cells: 00000000-0000-0000-0000-000000000000(cell0),6157e3d6-92cb-4366-bd0e-212251acdd78(cell1) {{(pid=95589) load_cells /opt/stack/nova/nova/context.py:509}}
Jun 23 07:51:02.892236 np0000003446 devstack@n-api-meta.service[95589]: INFO nova.utils [None req-a670216a-47e4-402e-ba46-6e235c9a65f7 None None] The cell worker thread pool MainProcess.cell_worker is initialized
Jun 23 07:51:02.893834 np0000003446 devstack@n-api-meta.service[95589]: DEBUG oslo_concurrency.lockutils [None req-a670216a-47e4-402e-ba46-6e235c9a65f7 None None] Acquiring lock "00000000-0000-0000-0000-000000000000" by "nova.context.set_target_cell..get_or_set_cached_cell_and_set_connections" {{(pid=95589) inner /opt/stack/data/venv/lib/python3.12/site-packages/oslo_concurrency/lockutils.py:511}}
Jun 23 07:51:02.893962 np0000003446 devstack@n-api-meta.service[95589]: DEBUG oslo_concurrency.lockutils [None req-a670216a-47e4-402e-ba46-6e235c9a65f7 None None] Lock "00000000-0000-0000-0000-000000000000" acquired by "nova.context.set_target_cell..get_or_set_cached_cell_and_set_connections" :: waited 0.000s {{(pid=95589) inner /opt/stack/data/venv/lib/python3.12/site-packages/oslo_concurrency/lockutils.py:524}}
Jun 23 07:51:02.894365 np0000003446 devstack@n-api-meta.service[95589]: DEBUG oslo_concurrency.lockutils [None req-a670216a-47e4-402e-ba46-6e235c9a65f7 None None] Lock "00000000-0000-0000-0000-000000000000" "released" by "nova.context.set_target_cell..get_or_set_cached_cell_and_set_connections" :: held 0.000s {{(pid=95589) inner /opt/stack/data/venv/lib/python3.12/site-packages/oslo_concurrency/lockutils.py:543}}
Jun 23 07:51:02.894989 np0000003446 devstack@n-api-meta.service[95589]: DEBUG oslo_concurrency.lockutils [None req-a670216a-47e4-402e-ba46-6e235c9a65f7 None None] Acquiring lock "6157e3d6-92cb-4366-bd0e-212251acdd78" by "nova.context.set_target_cell..get_or_set_cached_cell_and_set_connections" {{(pid=95589) inner /opt/stack/data/venv/lib/python3.12/site-packages/oslo_concurrency/lockutils.py:511}}
Jun 23 07:51:02.895160 np0000003446 devstack@n-api-meta.service[95589]: DEBUG oslo_concurrency.lockutils [None req-a670216a-47e4-402e-ba46-6e235c9a65f7 None None] Lock "6157e3d6-92cb-4366-bd0e-212251acdd78" acquired by "nova.context.set_target_cell..get_or_set_cached_cell_and_set_connections" :: waited 0.000s {{(pid=95589) inner /opt/stack/data/venv/lib/python3.12/site-packages/oslo_concurrency/lockutils.py:524}}
Jun 23 07:51:02.895872 np0000003446 devstack@n-api-meta.service[95589]: DEBUG oslo_concurrency.lockutils [None req-a670216a-47e4-402e-ba46-6e235c9a65f7 None None] Lock "6157e3d6-92cb-4366-bd0e-212251acdd78" "released" by "nova.context.set_target_cell..get_or_set_cached_cell_and_set_connections" :: held 0.001s {{(pid=95589) inner /opt/stack/data/venv/lib/python3.12/site-packages/oslo_concurrency/lockutils.py:543}}
Jun 23 07:51:02.897751 np0000003446 devstack@n-api-meta.service[95588]: INFO dbcounter [None req-92277f5e-34c0-4aec-b3e2-652be93777d2 None None] Registered counter for database nova_api
Jun 23 07:51:02.898089 np0000003446 devstack@n-api-meta.service[95589]: INFO dbcounter [None req-a670216a-47e4-402e-ba46-6e235c9a65f7 None None] Registered counter for database nova_cell0
Jun 23 07:51:02.900639 np0000003446 devstack@n-api-meta.service[95589]: INFO dbcounter [None req-a670216a-47e4-402e-ba46-6e235c9a65f7 None None] Registered counter for database nova_cell1
Jun 23 07:51:02.903951 np0000003446 devstack@n-api-meta.service[95590]: INFO dbcounter [None req-5cdb1c81-8fa2-48ba-ad83-066118b1644b None None] Registered counter for database nova_api
Jun 23 07:51:02.940849 np0000003446 devstack@n-api-meta.service[95591]: DEBUG oslo_db.sqlalchemy.engines [None req-41bd0668-b8cd-4894-8839-c41427861c4d None None] MySQL server mode set to STRICT_TRANS_TABLES,STRICT_ALL_TABLES,NO_ZERO_IN_DATE,NO_ZERO_DATE,ERROR_FOR_DIVISION_BY_ZERO,TRADITIONAL,NO_ENGINE_SUBSTITUTION {{(pid=95591) _check_effective_sql_mode /opt/stack/data/venv/lib/python3.12/site-packages/oslo_db/sqlalchemy/engines.py:325}}
Jun 23 07:51:02.944083 np0000003446 devstack@n-api-meta.service[95588]: DEBUG oslo_db.sqlalchemy.engines [None req-92277f5e-34c0-4aec-b3e2-652be93777d2 None None] MySQL server mode set to STRICT_TRANS_TABLES,STRICT_ALL_TABLES,NO_ZERO_IN_DATE,NO_ZERO_DATE,ERROR_FOR_DIVISION_BY_ZERO,TRADITIONAL,NO_ENGINE_SUBSTITUTION {{(pid=95588) _check_effective_sql_mode /opt/stack/data/venv/lib/python3.12/site-packages/oslo_db/sqlalchemy/engines.py:325}}
Jun 23 07:51:02.952218 np0000003446 devstack@n-api-meta.service[95589]: DEBUG oslo_db.sqlalchemy.engines [None req-a670216a-47e4-402e-ba46-6e235c9a65f7 None None] MySQL server mode set to STRICT_TRANS_TABLES,STRICT_ALL_TABLES,NO_ZERO_IN_DATE,NO_ZERO_DATE,ERROR_FOR_DIVISION_BY_ZERO,TRADITIONAL,NO_ENGINE_SUBSTITUTION {{(pid=95589) _check_effective_sql_mode /opt/stack/data/venv/lib/python3.12/site-packages/oslo_db/sqlalchemy/engines.py:325}}
Jun 23 07:51:02.956592 np0000003446 devstack@n-api-meta.service[95590]: DEBUG oslo_db.sqlalchemy.engines [None req-5cdb1c81-8fa2-48ba-ad83-066118b1644b None None] MySQL server mode set to STRICT_TRANS_TABLES,STRICT_ALL_TABLES,NO_ZERO_IN_DATE,NO_ZERO_DATE,ERROR_FOR_DIVISION_BY_ZERO,TRADITIONAL,NO_ENGINE_SUBSTITUTION {{(pid=95590) _check_effective_sql_mode /opt/stack/data/venv/lib/python3.12/site-packages/oslo_db/sqlalchemy/engines.py:325}}
Jun 23 07:51:02.964818 np0000003446 devstack@n-api-meta.service[95589]: DEBUG oslo_db.sqlalchemy.engines [None req-a670216a-47e4-402e-ba46-6e235c9a65f7 None None] MySQL server mode set to STRICT_TRANS_TABLES,STRICT_ALL_TABLES,NO_ZERO_IN_DATE,NO_ZERO_DATE,ERROR_FOR_DIVISION_BY_ZERO,TRADITIONAL,NO_ENGINE_SUBSTITUTION {{(pid=95589) _check_effective_sql_mode /opt/stack/data/venv/lib/python3.12/site-packages/oslo_db/sqlalchemy/engines.py:325}}
Jun 23 07:51:02.975007 np0000003446 devstack@n-api-meta.service[95588]: DEBUG dbcounter [-] [95588] Writer thread running {{(pid=95588) stat_writer /opt/stack/data/venv/lib/python3.12/site-packages/dbcounter.py:102}}
Jun 23 07:51:02.977302 np0000003446 devstack@n-api-meta.service[95588]: DEBUG nova.context [None req-92277f5e-34c0-4aec-b3e2-652be93777d2 None None] Found 2 cells: 00000000-0000-0000-0000-000000000000(cell0),6157e3d6-92cb-4366-bd0e-212251acdd78(cell1) {{(pid=95588) load_cells /opt/stack/nova/nova/context.py:509}}
Jun 23 07:51:02.977476 np0000003446 devstack@n-api-meta.service[95588]: INFO nova.utils [None req-92277f5e-34c0-4aec-b3e2-652be93777d2 None None] The cell worker thread pool MainProcess.cell_worker is initialized
Jun 23 07:51:02.978890 np0000003446 devstack@n-api-meta.service[95591]: DEBUG dbcounter [-] [95591] Writer thread running {{(pid=95591) stat_writer /opt/stack/data/venv/lib/python3.12/site-packages/dbcounter.py:102}}
Jun 23 07:51:02.979354 np0000003446 devstack@n-api-meta.service[95588]: DEBUG oslo_concurrency.lockutils [None req-92277f5e-34c0-4aec-b3e2-652be93777d2 None None] Acquiring lock "00000000-0000-0000-0000-000000000000" by "nova.context.set_target_cell..get_or_set_cached_cell_and_set_connections" {{(pid=95588) inner /opt/stack/data/venv/lib/python3.12/site-packages/oslo_concurrency/lockutils.py:511}}
Jun 23 07:51:02.979354 np0000003446 devstack@n-api-meta.service[95588]: DEBUG oslo_concurrency.lockutils [None req-92277f5e-34c0-4aec-b3e2-652be93777d2 None None] Lock "00000000-0000-0000-0000-000000000000" acquired by "nova.context.set_target_cell..get_or_set_cached_cell_and_set_connections" :: waited 0.000s {{(pid=95588) inner /opt/stack/data/venv/lib/python3.12/site-packages/oslo_concurrency/lockutils.py:524}}
Jun 23 07:51:02.979606 np0000003446 devstack@n-api-meta.service[95588]: DEBUG oslo_concurrency.lockutils [None req-92277f5e-34c0-4aec-b3e2-652be93777d2 None None] Lock "00000000-0000-0000-0000-000000000000" "released" by "nova.context.set_target_cell..get_or_set_cached_cell_and_set_connections" :: held 0.000s {{(pid=95588) inner /opt/stack/data/venv/lib/python3.12/site-packages/oslo_concurrency/lockutils.py:543}}
Jun 23 07:51:02.980191 np0000003446 devstack@n-api-meta.service[95588]: DEBUG oslo_concurrency.lockutils [None req-92277f5e-34c0-4aec-b3e2-652be93777d2 None None] Acquiring lock "6157e3d6-92cb-4366-bd0e-212251acdd78" by "nova.context.set_target_cell..get_or_set_cached_cell_and_set_connections" {{(pid=95588) inner /opt/stack/data/venv/lib/python3.12/site-packages/oslo_concurrency/lockutils.py:511}}
Jun 23 07:51:02.981616 np0000003446 devstack@n-api-meta.service[95588]: DEBUG oslo_concurrency.lockutils [None req-92277f5e-34c0-4aec-b3e2-652be93777d2 None None] Lock "6157e3d6-92cb-4366-bd0e-212251acdd78" acquired by "nova.context.set_target_cell..get_or_set_cached_cell_and_set_connections" :: waited 0.000s {{(pid=95588) inner /opt/stack/data/venv/lib/python3.12/site-packages/oslo_concurrency/lockutils.py:524}}
Jun 23 07:51:02.982489 np0000003446 devstack@n-api-meta.service[95591]: DEBUG nova.context [None req-41bd0668-b8cd-4894-8839-c41427861c4d None None] Found 2 cells: 00000000-0000-0000-0000-000000000000(cell0),6157e3d6-92cb-4366-bd0e-212251acdd78(cell1) {{(pid=95591) load_cells /opt/stack/nova/nova/context.py:509}}
Jun 23 07:51:02.982637 np0000003446 devstack@n-api-meta.service[95588]: INFO dbcounter [None req-92277f5e-34c0-4aec-b3e2-652be93777d2 None None] Registered counter for database nova_cell0
Jun 23 07:51:02.982723 np0000003446 devstack@n-api-meta.service[95591]: INFO nova.utils [None req-41bd0668-b8cd-4894-8839-c41427861c4d None None] The cell worker thread pool MainProcess.cell_worker is initialized
Jun 23 07:51:02.984303 np0000003446 devstack@n-api-meta.service[95588]: DEBUG oslo_concurrency.lockutils [None req-92277f5e-34c0-4aec-b3e2-652be93777d2 None None] Lock "6157e3d6-92cb-4366-bd0e-212251acdd78" "released" by "nova.context.set_target_cell..get_or_set_cached_cell_and_set_connections" :: held 0.002s {{(pid=95588) inner /opt/stack/data/venv/lib/python3.12/site-packages/oslo_concurrency/lockutils.py:543}}
Jun 23 07:51:02.984398 np0000003446 devstack@n-api-meta.service[95591]: DEBUG oslo_concurrency.lockutils [None req-41bd0668-b8cd-4894-8839-c41427861c4d None None] Acquiring lock "00000000-0000-0000-0000-000000000000" by "nova.context.set_target_cell..get_or_set_cached_cell_and_set_connections" {{(pid=95591) inner /opt/stack/data/venv/lib/python3.12/site-packages/oslo_concurrency/lockutils.py:511}}
Jun 23 07:51:02.984757 np0000003446 devstack@n-api-meta.service[95591]: DEBUG oslo_concurrency.lockutils [None req-41bd0668-b8cd-4894-8839-c41427861c4d None None] Lock "00000000-0000-0000-0000-000000000000" acquired by "nova.context.set_target_cell..get_or_set_cached_cell_and_set_connections" :: waited 0.000s {{(pid=95591) inner /opt/stack/data/venv/lib/python3.12/site-packages/oslo_concurrency/lockutils.py:524}}
Jun 23 07:51:02.984853 np0000003446 devstack@n-api-meta.service[95591]: DEBUG oslo_concurrency.lockutils [None req-41bd0668-b8cd-4894-8839-c41427861c4d None None] Lock "00000000-0000-0000-0000-000000000000" "released" by "nova.context.set_target_cell..get_or_set_cached_cell_and_set_connections" :: held 0.000s {{(pid=95591) inner /opt/stack/data/venv/lib/python3.12/site-packages/oslo_concurrency/lockutils.py:543}}
Jun 23 07:51:02.985566 np0000003446 devstack@n-api-meta.service[95591]: DEBUG oslo_concurrency.lockutils [None req-41bd0668-b8cd-4894-8839-c41427861c4d None None] Acquiring lock "6157e3d6-92cb-4366-bd0e-212251acdd78" by "nova.context.set_target_cell..get_or_set_cached_cell_and_set_connections" {{(pid=95591) inner /opt/stack/data/venv/lib/python3.12/site-packages/oslo_concurrency/lockutils.py:511}}
Jun 23 07:51:02.985706 np0000003446 devstack@n-api-meta.service[95591]: DEBUG oslo_concurrency.lockutils [None req-41bd0668-b8cd-4894-8839-c41427861c4d None None] Lock "6157e3d6-92cb-4366-bd0e-212251acdd78" acquired by "nova.context.set_target_cell..get_or_set_cached_cell_and_set_connections" :: waited 0.000s {{(pid=95591) inner /opt/stack/data/venv/lib/python3.12/site-packages/oslo_concurrency/lockutils.py:524}}
Jun 23 07:51:02.986314 np0000003446 devstack@n-api-meta.service[95588]: INFO dbcounter [None req-92277f5e-34c0-4aec-b3e2-652be93777d2 None None] Registered counter for database nova_cell1
Jun 23 07:51:02.986617 np0000003446 devstack@n-api-meta.service[95591]: DEBUG oslo_concurrency.lockutils [None req-41bd0668-b8cd-4894-8839-c41427861c4d None None] Lock "6157e3d6-92cb-4366-bd0e-212251acdd78" "released" by "nova.context.set_target_cell..get_or_set_cached_cell_and_set_connections" :: held 0.001s {{(pid=95591) inner /opt/stack/data/venv/lib/python3.12/site-packages/oslo_concurrency/lockutils.py:543}}
Jun 23 07:51:02.990066 np0000003446 devstack@n-api-meta.service[95591]: INFO dbcounter [None req-41bd0668-b8cd-4894-8839-c41427861c4d None None] Registered counter for database nova_cell0
Jun 23 07:51:02.990732 np0000003446 devstack@n-api-meta.service[95591]: INFO dbcounter [None req-41bd0668-b8cd-4894-8839-c41427861c4d None None] Registered counter for database nova_cell1
Jun 23 07:51:02.997756 np0000003446 devstack@n-api-meta.service[95590]: DEBUG dbcounter [-] [95590] Writer thread running {{(pid=95590) stat_writer /opt/stack/data/venv/lib/python3.12/site-packages/dbcounter.py:102}}
Jun 23 07:51:03.000778 np0000003446 devstack@n-api-meta.service[95590]: DEBUG nova.context [None req-5cdb1c81-8fa2-48ba-ad83-066118b1644b None None] Found 2 cells: 00000000-0000-0000-0000-000000000000(cell0),6157e3d6-92cb-4366-bd0e-212251acdd78(cell1) {{(pid=95590) load_cells /opt/stack/nova/nova/context.py:509}}
Jun 23 07:51:03.001133 np0000003446 devstack@n-api-meta.service[95590]: INFO nova.utils [None req-5cdb1c81-8fa2-48ba-ad83-066118b1644b None None] The cell worker thread pool MainProcess.cell_worker is initialized
Jun 23 07:51:03.003570 np0000003446 devstack@n-api-meta.service[95590]: DEBUG oslo_concurrency.lockutils [None req-5cdb1c81-8fa2-48ba-ad83-066118b1644b None None] Acquiring lock "00000000-0000-0000-0000-000000000000" by "nova.context.set_target_cell..get_or_set_cached_cell_and_set_connections" {{(pid=95590) inner /opt/stack/data/venv/lib/python3.12/site-packages/oslo_concurrency/lockutils.py:511}}
Jun 23 07:51:03.003811 np0000003446 devstack@n-api-meta.service[95590]: DEBUG oslo_concurrency.lockutils [None req-5cdb1c81-8fa2-48ba-ad83-066118b1644b None None] Lock "00000000-0000-0000-0000-000000000000" acquired by "nova.context.set_target_cell..get_or_set_cached_cell_and_set_connections" :: waited 0.000s {{(pid=95590) inner /opt/stack/data/venv/lib/python3.12/site-packages/oslo_concurrency/lockutils.py:524}}
Jun 23 07:51:03.004355 np0000003446 devstack@n-api-meta.service[95590]: DEBUG oslo_concurrency.lockutils [None req-5cdb1c81-8fa2-48ba-ad83-066118b1644b None None] Lock "00000000-0000-0000-0000-000000000000" "released" by "nova.context.set_target_cell..get_or_set_cached_cell_and_set_connections" :: held 0.001s {{(pid=95590) inner /opt/stack/data/venv/lib/python3.12/site-packages/oslo_concurrency/lockutils.py:543}}
Jun 23 07:51:03.005228 np0000003446 devstack@n-api-meta.service[95590]: DEBUG oslo_concurrency.lockutils [None req-5cdb1c81-8fa2-48ba-ad83-066118b1644b None None] Acquiring lock "6157e3d6-92cb-4366-bd0e-212251acdd78" by "nova.context.set_target_cell..get_or_set_cached_cell_and_set_connections" {{(pid=95590) inner /opt/stack/data/venv/lib/python3.12/site-packages/oslo_concurrency/lockutils.py:511}}
Jun 23 07:51:03.008063 np0000003446 devstack@n-api-meta.service[95590]: DEBUG oslo_concurrency.lockutils [None req-5cdb1c81-8fa2-48ba-ad83-066118b1644b None None] Lock "6157e3d6-92cb-4366-bd0e-212251acdd78" acquired by "nova.context.set_target_cell..get_or_set_cached_cell_and_set_connections" :: waited 0.000s {{(pid=95590) inner /opt/stack/data/venv/lib/python3.12/site-packages/oslo_concurrency/lockutils.py:524}}
Jun 23 07:51:03.008063 np0000003446 devstack@n-api-meta.service[95590]: DEBUG oslo_concurrency.lockutils [None req-5cdb1c81-8fa2-48ba-ad83-066118b1644b None None] Lock "6157e3d6-92cb-4366-bd0e-212251acdd78" "released" by "nova.context.set_target_cell..get_or_set_cached_cell_and_set_connections" :: held 0.001s {{(pid=95590) inner /opt/stack/data/venv/lib/python3.12/site-packages/oslo_concurrency/lockutils.py:543}}
Jun 23 07:51:03.009119 np0000003446 devstack@n-api-meta.service[95590]: INFO dbcounter [None req-5cdb1c81-8fa2-48ba-ad83-066118b1644b None None] Registered counter for database nova_cell0
Jun 23 07:51:03.012466 np0000003446 devstack@n-api-meta.service[95590]: INFO dbcounter [None req-5cdb1c81-8fa2-48ba-ad83-066118b1644b None None] Registered counter for database nova_cell1
Jun 23 07:51:03.046579 np0000003446 devstack@n-api-meta.service[95591]: DEBUG oslo_db.sqlalchemy.engines [None req-41bd0668-b8cd-4894-8839-c41427861c4d None None] MySQL server mode set to STRICT_TRANS_TABLES,STRICT_ALL_TABLES,NO_ZERO_IN_DATE,NO_ZERO_DATE,ERROR_FOR_DIVISION_BY_ZERO,TRADITIONAL,NO_ENGINE_SUBSTITUTION {{(pid=95591) _check_effective_sql_mode /opt/stack/data/venv/lib/python3.12/site-packages/oslo_db/sqlalchemy/engines.py:325}}
Jun 23 07:51:03.048529 np0000003446 devstack@n-api-meta.service[95588]: DEBUG oslo_db.sqlalchemy.engines [None req-92277f5e-34c0-4aec-b3e2-652be93777d2 None None] MySQL server mode set to STRICT_TRANS_TABLES,STRICT_ALL_TABLES,NO_ZERO_IN_DATE,NO_ZERO_DATE,ERROR_FOR_DIVISION_BY_ZERO,TRADITIONAL,NO_ENGINE_SUBSTITUTION {{(pid=95588) _check_effective_sql_mode /opt/stack/data/venv/lib/python3.12/site-packages/oslo_db/sqlalchemy/engines.py:325}}
Jun 23 07:51:03.054071 np0000003446 devstack@n-api-meta.service[95589]: DEBUG dbcounter [-] [95589] Writer thread running {{(pid=95589) stat_writer /opt/stack/data/venv/lib/python3.12/site-packages/dbcounter.py:102}}
Jun 23 07:51:03.058982 np0000003446 devstack@n-api-meta.service[95589]: DEBUG dbcounter [-] [95589] Writer thread running {{(pid=95589) stat_writer /opt/stack/data/venv/lib/python3.12/site-packages/dbcounter.py:102}}
Jun 23 07:51:03.062104 np0000003446 devstack@n-api-meta.service[95591]: DEBUG oslo_db.sqlalchemy.engines [None req-41bd0668-b8cd-4894-8839-c41427861c4d None None] MySQL server mode set to STRICT_TRANS_TABLES,STRICT_ALL_TABLES,NO_ZERO_IN_DATE,NO_ZERO_DATE,ERROR_FOR_DIVISION_BY_ZERO,TRADITIONAL,NO_ENGINE_SUBSTITUTION {{(pid=95591) _check_effective_sql_mode /opt/stack/data/venv/lib/python3.12/site-packages/oslo_db/sqlalchemy/engines.py:325}}
Jun 23 07:51:03.062220 np0000003446 devstack@n-api-meta.service[95589]: INFO dbcounter [None req-a670216a-47e4-402e-ba46-6e235c9a65f7 None None] Registered counter for database nova_cell0
Jun 23 07:51:03.064007 np0000003446 devstack@n-api-meta.service[95590]: DEBUG oslo_db.sqlalchemy.engines [None req-5cdb1c81-8fa2-48ba-ad83-066118b1644b None None] MySQL server mode set to STRICT_TRANS_TABLES,STRICT_ALL_TABLES,NO_ZERO_IN_DATE,NO_ZERO_DATE,ERROR_FOR_DIVISION_BY_ZERO,TRADITIONAL,NO_ENGINE_SUBSTITUTION {{(pid=95590) _check_effective_sql_mode /opt/stack/data/venv/lib/python3.12/site-packages/oslo_db/sqlalchemy/engines.py:325}}
Jun 23 07:51:03.076075 np0000003446 devstack@n-api-meta.service[95588]: DEBUG oslo_db.sqlalchemy.engines [None req-92277f5e-34c0-4aec-b3e2-652be93777d2 None None] MySQL server mode set to STRICT_TRANS_TABLES,STRICT_ALL_TABLES,NO_ZERO_IN_DATE,NO_ZERO_DATE,ERROR_FOR_DIVISION_BY_ZERO,TRADITIONAL,NO_ENGINE_SUBSTITUTION {{(pid=95588) _check_effective_sql_mode /opt/stack/data/venv/lib/python3.12/site-packages/oslo_db/sqlalchemy/engines.py:325}}
Jun 23 07:51:03.088006 np0000003446 devstack@n-api-meta.service[95590]: DEBUG oslo_db.sqlalchemy.engines [None req-5cdb1c81-8fa2-48ba-ad83-066118b1644b None None] MySQL server mode set to STRICT_TRANS_TABLES,STRICT_ALL_TABLES,NO_ZERO_IN_DATE,NO_ZERO_DATE,ERROR_FOR_DIVISION_BY_ZERO,TRADITIONAL,NO_ENGINE_SUBSTITUTION {{(pid=95590) _check_effective_sql_mode /opt/stack/data/venv/lib/python3.12/site-packages/oslo_db/sqlalchemy/engines.py:325}}
Jun 23 07:51:03.101757 np0000003446 devstack@n-api-meta.service[95589]: DEBUG oslo_db.sqlalchemy.engines [None req-a670216a-47e4-402e-ba46-6e235c9a65f7 None None] MySQL server mode set to STRICT_TRANS_TABLES,STRICT_ALL_TABLES,NO_ZERO_IN_DATE,NO_ZERO_DATE,ERROR_FOR_DIVISION_BY_ZERO,TRADITIONAL,NO_ENGINE_SUBSTITUTION {{(pid=95589) _check_effective_sql_mode /opt/stack/data/venv/lib/python3.12/site-packages/oslo_db/sqlalchemy/engines.py:325}}
Jun 23 07:51:03.108185 np0000003446 devstack@n-api-meta.service[95589]: DEBUG dbcounter [-] [95589] Writer thread running {{(pid=95589) stat_writer /opt/stack/data/venv/lib/python3.12/site-packages/dbcounter.py:102}}
Jun 23 07:51:03.127894 np0000003446 devstack@n-api-meta.service[95591]: DEBUG dbcounter [-] [95591] Writer thread running {{(pid=95591) stat_writer /opt/stack/data/venv/lib/python3.12/site-packages/dbcounter.py:102}}
Jun 23 07:51:03.133405 np0000003446 devstack@n-api-meta.service[95591]: DEBUG dbcounter [-] [95591] Writer thread running {{(pid=95591) stat_writer /opt/stack/data/venv/lib/python3.12/site-packages/dbcounter.py:102}}
Jun 23 07:51:03.136262 np0000003446 devstack@n-api-meta.service[95591]: INFO dbcounter [None req-41bd0668-b8cd-4894-8839-c41427861c4d None None] Registered counter for database nova_cell0
Jun 23 07:51:03.145823 np0000003446 devstack@n-api-meta.service[95588]: DEBUG dbcounter [-] [95588] Writer thread running {{(pid=95588) stat_writer /opt/stack/data/venv/lib/python3.12/site-packages/dbcounter.py:102}}
Jun 23 07:51:03.148336 np0000003446 devstack@n-api-meta.service[95589]: WARNING nova.api.metadata.handler [None req-a670216a-47e4-402e-ba46-6e235c9a65f7 None None] metadata_proxy_shared_secret is not configured, the metadata information returned by the proxy cannot be trusted
Jun 23 07:51:03.150303 np0000003446 devstack@n-api-meta.service[95588]: DEBUG dbcounter [-] [95588] Writer thread running {{(pid=95588) stat_writer /opt/stack/data/venv/lib/python3.12/site-packages/dbcounter.py:102}}
Jun 23 07:51:03.150637 np0000003446 devstack@n-api-meta.service[95589]: DEBUG nova.api.openstack.wsgi_app [None req-a670216a-47e4-402e-ba46-6e235c9a65f7 None None] ******************************************************************************** {{(pid=95589) log_opt_values /opt/stack/data/venv/lib/python3.12/site-packages/oslo_config/cfg.py:3226}}
Jun 23 07:51:03.150637 np0000003446 devstack@n-api-meta.service[95589]: DEBUG nova.api.openstack.wsgi_app [None req-a670216a-47e4-402e-ba46-6e235c9a65f7 None None] Configuration options gathered from: {{(pid=95589) log_opt_values /opt/stack/data/venv/lib/python3.12/site-packages/oslo_config/cfg.py:3227}}
Jun 23 07:51:03.150816 np0000003446 devstack@n-api-meta.service[95589]: DEBUG nova.api.openstack.wsgi_app [None req-a670216a-47e4-402e-ba46-6e235c9a65f7 None None] command line args: [] {{(pid=95589) log_opt_values /opt/stack/data/venv/lib/python3.12/site-packages/oslo_config/cfg.py:3228}}
Jun 23 07:51:03.150816 np0000003446 devstack@n-api-meta.service[95589]: DEBUG nova.api.openstack.wsgi_app [None req-a670216a-47e4-402e-ba46-6e235c9a65f7 None None] config files: ['/etc/nova/api-paste.ini', '/etc/nova/nova.conf'] {{(pid=95589) log_opt_values /opt/stack/data/venv/lib/python3.12/site-packages/oslo_config/cfg.py:3229}}
Jun 23 07:51:03.150960 np0000003446 devstack@n-api-meta.service[95589]: DEBUG nova.api.openstack.wsgi_app [None req-a670216a-47e4-402e-ba46-6e235c9a65f7 None None] ================================================================================ {{(pid=95589) log_opt_values /opt/stack/data/venv/lib/python3.12/site-packages/oslo_config/cfg.py:3234}}
Jun 23 07:51:03.152111 np0000003446 devstack@n-api-meta.service[95589]: DEBUG nova.api.openstack.wsgi_app [None req-a670216a-47e4-402e-ba46-6e235c9a65f7 None None] allow_resize_to_same_host = True {{(pid=95589) log_opt_values /opt/stack/data/venv/lib/python3.12/site-packages/oslo_config/cfg.py:3242}}
Jun 23 07:51:03.152111 np0000003446 devstack@n-api-meta.service[95589]: DEBUG nova.api.openstack.wsgi_app [None req-a670216a-47e4-402e-ba46-6e235c9a65f7 None None] arq_binding_timeout = 300 {{(pid=95589) log_opt_values /opt/stack/data/venv/lib/python3.12/site-packages/oslo_config/cfg.py:3242}}
Jun 23 07:51:03.152111 np0000003446 devstack@n-api-meta.service[95589]: DEBUG nova.api.openstack.wsgi_app [None req-a670216a-47e4-402e-ba46-6e235c9a65f7 None None] block_device_allocate_retries = 60 {{(pid=95589) log_opt_values /opt/stack/data/venv/lib/python3.12/site-packages/oslo_config/cfg.py:3242}}
Jun 23 07:51:03.152111 np0000003446 devstack@n-api-meta.service[95589]: DEBUG nova.api.openstack.wsgi_app [None req-a670216a-47e4-402e-ba46-6e235c9a65f7 None None] block_device_allocate_retries_interval = 3 {{(pid=95589) log_opt_values /opt/stack/data/venv/lib/python3.12/site-packages/oslo_config/cfg.py:3242}}
Jun 23 07:51:03.152111 np0000003446 devstack@n-api-meta.service[95589]: DEBUG nova.api.openstack.wsgi_app [None req-a670216a-47e4-402e-ba46-6e235c9a65f7 None None] cell_worker_thread_pool_size = 5 {{(pid=95589) log_opt_values /opt/stack/data/venv/lib/python3.12/site-packages/oslo_config/cfg.py:3242}}
Jun 23 07:51:03.152111 np0000003446 devstack@n-api-meta.service[95589]: DEBUG nova.api.openstack.wsgi_app [None req-a670216a-47e4-402e-ba46-6e235c9a65f7 None None] cert = self.pem {{(pid=95589) log_opt_values /opt/stack/data/venv/lib/python3.12/site-packages/oslo_config/cfg.py:3242}}
Jun 23 07:51:03.152111 np0000003446 devstack@n-api-meta.service[95589]: DEBUG nova.api.openstack.wsgi_app [None req-a670216a-47e4-402e-ba46-6e235c9a65f7 None None] compute_driver = libvirt.LibvirtDriver {{(pid=95589) log_opt_values /opt/stack/data/venv/lib/python3.12/site-packages/oslo_config/cfg.py:3242}}
Jun 23 07:51:03.152478 np0000003446 devstack@n-api-meta.service[95589]: DEBUG nova.api.openstack.wsgi_app [None req-a670216a-47e4-402e-ba46-6e235c9a65f7 None None] compute_monitors = [] {{(pid=95589) log_opt_values /opt/stack/data/venv/lib/python3.12/site-packages/oslo_config/cfg.py:3242}}
Jun 23 07:51:03.152478 np0000003446 devstack@n-api-meta.service[95589]: DEBUG nova.api.openstack.wsgi_app [None req-a670216a-47e4-402e-ba46-6e235c9a65f7 None None] config_dir = [] {{(pid=95589) log_opt_values /opt/stack/data/venv/lib/python3.12/site-packages/oslo_config/cfg.py:3242}}
Jun 23 07:51:03.152478 np0000003446 devstack@n-api-meta.service[95589]: DEBUG nova.api.openstack.wsgi_app [None req-a670216a-47e4-402e-ba46-6e235c9a65f7 None None] config_drive_format = iso9660 {{(pid=95589) log_opt_values /opt/stack/data/venv/lib/python3.12/site-packages/oslo_config/cfg.py:3242}}
Jun 23 07:51:03.152689 np0000003446 devstack@n-api-meta.service[95589]: DEBUG nova.api.openstack.wsgi_app [None req-a670216a-47e4-402e-ba46-6e235c9a65f7 None None] config_file = ['/etc/nova/api-paste.ini', '/etc/nova/nova.conf'] {{(pid=95589) log_opt_values /opt/stack/data/venv/lib/python3.12/site-packages/oslo_config/cfg.py:3242}}
Jun 23 07:51:03.152689 np0000003446 devstack@n-api-meta.service[95589]: DEBUG nova.api.openstack.wsgi_app [None req-a670216a-47e4-402e-ba46-6e235c9a65f7 None None] config_source = [] {{(pid=95589) log_opt_values /opt/stack/data/venv/lib/python3.12/site-packages/oslo_config/cfg.py:3242}}
Jun 23 07:51:03.152834 np0000003446 devstack@n-api-meta.service[95589]: DEBUG nova.api.openstack.wsgi_app [None req-a670216a-47e4-402e-ba46-6e235c9a65f7 None None] console_host = np0000003446 {{(pid=95589) log_opt_values /opt/stack/data/venv/lib/python3.12/site-packages/oslo_config/cfg.py:3242}}
Jun 23 07:51:03.152964 np0000003446 devstack@n-api-meta.service[95589]: DEBUG nova.api.openstack.wsgi_app [None req-a670216a-47e4-402e-ba46-6e235c9a65f7 None None] control_exchange = nova {{(pid=95589) log_opt_values /opt/stack/data/venv/lib/python3.12/site-packages/oslo_config/cfg.py:3242}}
Jun 23 07:51:03.153120 np0000003446 devstack@n-api-meta.service[95589]: DEBUG nova.api.openstack.wsgi_app [None req-a670216a-47e4-402e-ba46-6e235c9a65f7 None None] cpu_allocation_ratio = None {{(pid=95589) log_opt_values /opt/stack/data/venv/lib/python3.12/site-packages/oslo_config/cfg.py:3242}}
Jun 23 07:51:03.153283 np0000003446 devstack@n-api-meta.service[95589]: DEBUG nova.api.openstack.wsgi_app [None req-a670216a-47e4-402e-ba46-6e235c9a65f7 None None] daemon = False {{(pid=95589) log_opt_values /opt/stack/data/venv/lib/python3.12/site-packages/oslo_config/cfg.py:3242}}
Jun 23 07:51:03.153419 np0000003446 devstack@n-api-meta.service[95589]: DEBUG nova.api.openstack.wsgi_app [None req-a670216a-47e4-402e-ba46-6e235c9a65f7 None None] debug = True {{(pid=95589) log_opt_values /opt/stack/data/venv/lib/python3.12/site-packages/oslo_config/cfg.py:3242}}
Jun 23 07:51:03.153532 np0000003446 devstack@n-api-meta.service[95589]: DEBUG nova.api.openstack.wsgi_app [None req-a670216a-47e4-402e-ba46-6e235c9a65f7 None None] default_access_ip_network_name = None {{(pid=95589) log_opt_values /opt/stack/data/venv/lib/python3.12/site-packages/oslo_config/cfg.py:3242}}
Jun 23 07:51:03.153695 np0000003446 devstack@n-api-meta.service[95588]: INFO dbcounter [None req-92277f5e-34c0-4aec-b3e2-652be93777d2 None None] Registered counter for database nova_cell0
Jun 23 07:51:03.153766 np0000003446 devstack@n-api-meta.service[95589]: DEBUG nova.api.openstack.wsgi_app [None req-a670216a-47e4-402e-ba46-6e235c9a65f7 None None] default_availability_zone = nova {{(pid=95589) log_opt_values /opt/stack/data/venv/lib/python3.12/site-packages/oslo_config/cfg.py:3242}}
Jun 23 07:51:03.153832 np0000003446 devstack@n-api-meta.service[95589]: DEBUG nova.api.openstack.wsgi_app [None req-a670216a-47e4-402e-ba46-6e235c9a65f7 None None] default_ephemeral_format = ext4 {{(pid=95589) log_opt_values /opt/stack/data/venv/lib/python3.12/site-packages/oslo_config/cfg.py:3242}}
Jun 23 07:51:03.153950 np0000003446 devstack@n-api-meta.service[95589]: DEBUG nova.api.openstack.wsgi_app [None req-a670216a-47e4-402e-ba46-6e235c9a65f7 None None] default_green_pool_size = 1000 {{(pid=95589) log_opt_values /opt/stack/data/venv/lib/python3.12/site-packages/oslo_config/cfg.py:3242}}
Jun 23 07:51:03.154159 np0000003446 devstack@n-api-meta.service[95589]: DEBUG nova.api.openstack.wsgi_app [None req-a670216a-47e4-402e-ba46-6e235c9a65f7 None None] default_log_levels = ['amqp=WARN', 'boto=WARN', 'sqlalchemy=WARN', 'suds=INFO', 'oslo.messaging=INFO', 'oslo_messaging=INFO', 'iso8601=WARN', 'requests.packages.urllib3.connectionpool=WARN', 'urllib3.connectionpool=WARN', 'websocket=WARN', 'requests.packages.urllib3.util.retry=WARN', 'urllib3.util.retry=WARN', 'keystonemiddleware=WARN', 'routes.middleware=WARN', 'stevedore=WARN', 'taskflow=WARN', 'keystoneauth=WARN', 'oslo.cache=INFO', 'oslo_policy=INFO', 'dogpile.core.dogpile=INFO', 'glanceclient=WARN', 'oslo.privsep.daemon=INFO'] {{(pid=95589) log_opt_values /opt/stack/data/venv/lib/python3.12/site-packages/oslo_config/cfg.py:3242}}
Jun 23 07:51:03.154285 np0000003446 devstack@n-api-meta.service[95589]: DEBUG nova.api.openstack.wsgi_app [None req-a670216a-47e4-402e-ba46-6e235c9a65f7 None None] default_schedule_zone = None {{(pid=95589) log_opt_values /opt/stack/data/venv/lib/python3.12/site-packages/oslo_config/cfg.py:3242}}
Jun 23 07:51:03.154425 np0000003446 devstack@n-api-meta.service[95589]: DEBUG nova.api.openstack.wsgi_app [None req-a670216a-47e4-402e-ba46-6e235c9a65f7 None None] default_thread_pool_size = 10 {{(pid=95589) log_opt_values /opt/stack/data/venv/lib/python3.12/site-packages/oslo_config/cfg.py:3242}}
Jun 23 07:51:03.154496 np0000003446 devstack@n-api-meta.service[95590]: DEBUG dbcounter [-] [95590] Writer thread running {{(pid=95590) stat_writer /opt/stack/data/venv/lib/python3.12/site-packages/dbcounter.py:102}}
Jun 23 07:51:03.154543 np0000003446 devstack@n-api-meta.service[95589]: DEBUG nova.api.openstack.wsgi_app [None req-a670216a-47e4-402e-ba46-6e235c9a65f7 None None] disk_allocation_ratio = None {{(pid=95589) log_opt_values /opt/stack/data/venv/lib/python3.12/site-packages/oslo_config/cfg.py:3242}}
Jun 23 07:51:03.154984 np0000003446 devstack@n-api-meta.service[95589]: DEBUG nova.api.openstack.wsgi_app [None req-a670216a-47e4-402e-ba46-6e235c9a65f7 None None] enable_new_services = True {{(pid=95589) log_opt_values /opt/stack/data/venv/lib/python3.12/site-packages/oslo_config/cfg.py:3242}}
Jun 23 07:51:03.154984 np0000003446 devstack@n-api-meta.service[95589]: DEBUG nova.api.openstack.wsgi_app [None req-a670216a-47e4-402e-ba46-6e235c9a65f7 None None] flat_injected = False {{(pid=95589) log_opt_values /opt/stack/data/venv/lib/python3.12/site-packages/oslo_config/cfg.py:3242}}
Jun 23 07:51:03.154984 np0000003446 devstack@n-api-meta.service[95589]: DEBUG nova.api.openstack.wsgi_app [None req-a670216a-47e4-402e-ba46-6e235c9a65f7 None None] force_config_drive = True {{(pid=95589) log_opt_values /opt/stack/data/venv/lib/python3.12/site-packages/oslo_config/cfg.py:3242}}
Jun 23 07:51:03.155173 np0000003446 devstack@n-api-meta.service[95589]: DEBUG nova.api.openstack.wsgi_app [None req-a670216a-47e4-402e-ba46-6e235c9a65f7 None None] force_raw_images = True {{(pid=95589) log_opt_values /opt/stack/data/venv/lib/python3.12/site-packages/oslo_config/cfg.py:3242}}
Jun 23 07:51:03.155262 np0000003446 devstack@n-api-meta.service[95589]: DEBUG nova.api.openstack.wsgi_app [None req-a670216a-47e4-402e-ba46-6e235c9a65f7 None None] graceful_shutdown_timeout = 5 {{(pid=95589) log_opt_values /opt/stack/data/venv/lib/python3.12/site-packages/oslo_config/cfg.py:3242}}
Jun 23 07:51:03.155392 np0000003446 devstack@n-api-meta.service[95589]: DEBUG nova.api.openstack.wsgi_app [None req-a670216a-47e4-402e-ba46-6e235c9a65f7 None None] heal_instance_info_cache_interval = -1 {{(pid=95589) log_opt_values /opt/stack/data/venv/lib/python3.12/site-packages/oslo_config/cfg.py:3242}}
Jun 23 07:51:03.155591 np0000003446 devstack@n-api-meta.service[95589]: DEBUG nova.api.openstack.wsgi_app [None req-a670216a-47e4-402e-ba46-6e235c9a65f7 None None] host = np0000003446 {{(pid=95589) log_opt_values /opt/stack/data/venv/lib/python3.12/site-packages/oslo_config/cfg.py:3242}}
Jun 23 07:51:03.155729 np0000003446 devstack@n-api-meta.service[95589]: DEBUG nova.api.openstack.wsgi_app [None req-a670216a-47e4-402e-ba46-6e235c9a65f7 None None] initial_cpu_allocation_ratio = 4.0 {{(pid=95589) log_opt_values /opt/stack/data/venv/lib/python3.12/site-packages/oslo_config/cfg.py:3242}}
Jun 23 07:51:03.155856 np0000003446 devstack@n-api-meta.service[95589]: DEBUG nova.api.openstack.wsgi_app [None req-a670216a-47e4-402e-ba46-6e235c9a65f7 None None] initial_disk_allocation_ratio = 1.0 {{(pid=95589) log_opt_values /opt/stack/data/venv/lib/python3.12/site-packages/oslo_config/cfg.py:3242}}
Jun 23 07:51:03.156008 np0000003446 devstack@n-api-meta.service[95589]: DEBUG nova.api.openstack.wsgi_app [None req-a670216a-47e4-402e-ba46-6e235c9a65f7 None None] initial_ram_allocation_ratio = 1.0 {{(pid=95589) log_opt_values /opt/stack/data/venv/lib/python3.12/site-packages/oslo_config/cfg.py:3242}}
Jun 23 07:51:03.156215 np0000003446 devstack@n-api-meta.service[95589]: DEBUG nova.api.openstack.wsgi_app [None req-a670216a-47e4-402e-ba46-6e235c9a65f7 None None] injected_network_template = /opt/stack/nova/nova/virt/interfaces.template {{(pid=95589) log_opt_values /opt/stack/data/venv/lib/python3.12/site-packages/oslo_config/cfg.py:3242}}
Jun 23 07:51:03.156333 np0000003446 devstack@n-api-meta.service[95589]: DEBUG nova.api.openstack.wsgi_app [None req-a670216a-47e4-402e-ba46-6e235c9a65f7 None None] instance_build_timeout = 0 {{(pid=95589) log_opt_values /opt/stack/data/venv/lib/python3.12/site-packages/oslo_config/cfg.py:3242}}
Jun 23 07:51:03.156453 np0000003446 devstack@n-api-meta.service[95589]: DEBUG nova.api.openstack.wsgi_app [None req-a670216a-47e4-402e-ba46-6e235c9a65f7 None None] instance_delete_interval = 300 {{(pid=95589) log_opt_values /opt/stack/data/venv/lib/python3.12/site-packages/oslo_config/cfg.py:3242}}
Jun 23 07:51:03.156605 np0000003446 devstack@n-api-meta.service[95589]: DEBUG nova.api.openstack.wsgi_app [None req-a670216a-47e4-402e-ba46-6e235c9a65f7 None None] instance_format = [instance: %(uuid)s] {{(pid=95589) log_opt_values /opt/stack/data/venv/lib/python3.12/site-packages/oslo_config/cfg.py:3242}}
Jun 23 07:51:03.156728 np0000003446 devstack@n-api-meta.service[95589]: DEBUG nova.api.openstack.wsgi_app [None req-a670216a-47e4-402e-ba46-6e235c9a65f7 None None] instance_name_template = instance-%08x {{(pid=95589) log_opt_values /opt/stack/data/venv/lib/python3.12/site-packages/oslo_config/cfg.py:3242}}
Jun 23 07:51:03.156842 np0000003446 devstack@n-api-meta.service[95589]: DEBUG nova.api.openstack.wsgi_app [None req-a670216a-47e4-402e-ba46-6e235c9a65f7 None None] instance_usage_audit = False {{(pid=95589) log_opt_values /opt/stack/data/venv/lib/python3.12/site-packages/oslo_config/cfg.py:3242}}
Jun 23 07:51:03.156967 np0000003446 devstack@n-api-meta.service[95589]: DEBUG nova.api.openstack.wsgi_app [None req-a670216a-47e4-402e-ba46-6e235c9a65f7 None None] instance_usage_audit_period = month {{(pid=95589) log_opt_values /opt/stack/data/venv/lib/python3.12/site-packages/oslo_config/cfg.py:3242}}
Jun 23 07:51:03.157149 np0000003446 devstack@n-api-meta.service[95589]: DEBUG nova.api.openstack.wsgi_app [None req-a670216a-47e4-402e-ba46-6e235c9a65f7 None None] instance_uuid_format = [instance: %(uuid)s] {{(pid=95589) log_opt_values /opt/stack/data/venv/lib/python3.12/site-packages/oslo_config/cfg.py:3242}}
Jun 23 07:51:03.157304 np0000003446 devstack@n-api-meta.service[95589]: DEBUG nova.api.openstack.wsgi_app [None req-a670216a-47e4-402e-ba46-6e235c9a65f7 None None] instances_path = /opt/stack/data/nova/instances {{(pid=95589) log_opt_values /opt/stack/data/venv/lib/python3.12/site-packages/oslo_config/cfg.py:3242}}
Jun 23 07:51:03.158022 np0000003446 devstack@n-api-meta.service[95589]: DEBUG nova.api.openstack.wsgi_app [None req-a670216a-47e4-402e-ba46-6e235c9a65f7 None None] internal_service_availability_zone = internal {{(pid=95589) log_opt_values /opt/stack/data/venv/lib/python3.12/site-packages/oslo_config/cfg.py:3242}}
Jun 23 07:51:03.158022 np0000003446 devstack@n-api-meta.service[95589]: DEBUG nova.api.openstack.wsgi_app [None req-a670216a-47e4-402e-ba46-6e235c9a65f7 None None] key = None {{(pid=95589) log_opt_values /opt/stack/data/venv/lib/python3.12/site-packages/oslo_config/cfg.py:3242}}
Jun 23 07:51:03.158022 np0000003446 devstack@n-api-meta.service[95589]: DEBUG nova.api.openstack.wsgi_app [None req-a670216a-47e4-402e-ba46-6e235c9a65f7 None None] live_migration_retry_count = 30 {{(pid=95589) log_opt_values /opt/stack/data/venv/lib/python3.12/site-packages/oslo_config/cfg.py:3242}}
Jun 23 07:51:03.158022 np0000003446 devstack@n-api-meta.service[95589]: DEBUG nova.api.openstack.wsgi_app [None req-a670216a-47e4-402e-ba46-6e235c9a65f7 None None] log_color = False {{(pid=95589) log_opt_values /opt/stack/data/venv/lib/python3.12/site-packages/oslo_config/cfg.py:3242}}
Jun 23 07:51:03.158022 np0000003446 devstack@n-api-meta.service[95589]: DEBUG nova.api.openstack.wsgi_app [None req-a670216a-47e4-402e-ba46-6e235c9a65f7 None None] log_config_append = None {{(pid=95589) log_opt_values /opt/stack/data/venv/lib/python3.12/site-packages/oslo_config/cfg.py:3242}}
Jun 23 07:51:03.158257 np0000003446 devstack@n-api-meta.service[95589]: DEBUG nova.api.openstack.wsgi_app [None req-a670216a-47e4-402e-ba46-6e235c9a65f7 None None] log_date_format = %Y-%m-%d %H:%M:%S {{(pid=95589) log_opt_values /opt/stack/data/venv/lib/python3.12/site-packages/oslo_config/cfg.py:3242}}
Jun 23 07:51:03.158387 np0000003446 devstack@n-api-meta.service[95589]: DEBUG nova.api.openstack.wsgi_app [None req-a670216a-47e4-402e-ba46-6e235c9a65f7 None None] log_dir = None {{(pid=95589) log_opt_values /opt/stack/data/venv/lib/python3.12/site-packages/oslo_config/cfg.py:3242}}
Jun 23 07:51:03.158580 np0000003446 devstack@n-api-meta.service[95589]: DEBUG nova.api.openstack.wsgi_app [None req-a670216a-47e4-402e-ba46-6e235c9a65f7 None None] log_file = None {{(pid=95589) log_opt_values /opt/stack/data/venv/lib/python3.12/site-packages/oslo_config/cfg.py:3242}}
Jun 23 07:51:03.158735 np0000003446 devstack@n-api-meta.service[95589]: DEBUG nova.api.openstack.wsgi_app [None req-a670216a-47e4-402e-ba46-6e235c9a65f7 None None] log_options = True {{(pid=95589) log_opt_values /opt/stack/data/venv/lib/python3.12/site-packages/oslo_config/cfg.py:3242}}
Jun 23 07:51:03.158860 np0000003446 devstack@n-api-meta.service[95589]: DEBUG nova.api.openstack.wsgi_app [None req-a670216a-47e4-402e-ba46-6e235c9a65f7 None None] log_rotate_interval = 1 {{(pid=95589) log_opt_values /opt/stack/data/venv/lib/python3.12/site-packages/oslo_config/cfg.py:3242}}
Jun 23 07:51:03.158976 np0000003446 devstack@n-api-meta.service[95590]: DEBUG dbcounter [-] [95590] Writer thread running {{(pid=95590) stat_writer /opt/stack/data/venv/lib/python3.12/site-packages/dbcounter.py:102}}
Jun 23 07:51:03.159067 np0000003446 devstack@n-api-meta.service[95589]: DEBUG nova.api.openstack.wsgi_app [None req-a670216a-47e4-402e-ba46-6e235c9a65f7 None None] log_rotate_interval_type = days {{(pid=95589) log_opt_values /opt/stack/data/venv/lib/python3.12/site-packages/oslo_config/cfg.py:3242}}
Jun 23 07:51:03.159118 np0000003446 devstack@n-api-meta.service[95589]: DEBUG nova.api.openstack.wsgi_app [None req-a670216a-47e4-402e-ba46-6e235c9a65f7 None None] log_rotation_type = none {{(pid=95589) log_opt_values /opt/stack/data/venv/lib/python3.12/site-packages/oslo_config/cfg.py:3242}}
Jun 23 07:51:03.159223 np0000003446 devstack@n-api-meta.service[95589]: DEBUG nova.api.openstack.wsgi_app [None req-a670216a-47e4-402e-ba46-6e235c9a65f7 None None] logging_context_format_string = %(color)s%(levelname)s %(name)s [%(global_request_id)s %(request_id)s %(project_name)s %(user_name)s%(color)s] %(instance)s%(color)s%(message)s {{(pid=95589) log_opt_values /opt/stack/data/venv/lib/python3.12/site-packages/oslo_config/cfg.py:3242}}
Jun 23 07:51:03.159366 np0000003446 devstack@n-api-meta.service[95589]: DEBUG nova.api.openstack.wsgi_app [None req-a670216a-47e4-402e-ba46-6e235c9a65f7 None None] logging_debug_format_suffix = {{(pid=%(process)d) %(funcName)s %(pathname)s:%(lineno)d}} {{(pid=95589) log_opt_values /opt/stack/data/venv/lib/python3.12/site-packages/oslo_config/cfg.py:3242}}
Jun 23 07:51:03.159538 np0000003446 devstack@n-api-meta.service[95589]: DEBUG nova.api.openstack.wsgi_app [None req-a670216a-47e4-402e-ba46-6e235c9a65f7 None None] logging_default_format_string = %(color)s%(levelname)s %(name)s [-%(color)s] %(instance)s%(color)s%(message)s {{(pid=95589) log_opt_values /opt/stack/data/venv/lib/python3.12/site-packages/oslo_config/cfg.py:3242}}
Jun 23 07:51:03.159712 np0000003446 devstack@n-api-meta.service[95589]: DEBUG nova.api.openstack.wsgi_app [None req-a670216a-47e4-402e-ba46-6e235c9a65f7 None None] logging_exception_prefix = ERROR %(name)s %(instance)s {{(pid=95589) log_opt_values /opt/stack/data/venv/lib/python3.12/site-packages/oslo_config/cfg.py:3242}}
Jun 23 07:51:03.159849 np0000003446 devstack@n-api-meta.service[95589]: DEBUG nova.api.openstack.wsgi_app [None req-a670216a-47e4-402e-ba46-6e235c9a65f7 None None] logging_user_identity_format = %(user)s %(project)s %(domain)s %(system_scope)s %(user_domain)s %(project_domain)s {{(pid=95589) log_opt_values /opt/stack/data/venv/lib/python3.12/site-packages/oslo_config/cfg.py:3242}}
Jun 23 07:51:03.160016 np0000003446 devstack@n-api-meta.service[95589]: DEBUG nova.api.openstack.wsgi_app [None req-a670216a-47e4-402e-ba46-6e235c9a65f7 None None] long_rpc_timeout = 1800 {{(pid=95589) log_opt_values /opt/stack/data/venv/lib/python3.12/site-packages/oslo_config/cfg.py:3242}}
Jun 23 07:51:03.160172 np0000003446 devstack@n-api-meta.service[95589]: DEBUG nova.api.openstack.wsgi_app [None req-a670216a-47e4-402e-ba46-6e235c9a65f7 None None] manager_shutdown_timeout = 160 {{(pid=95589) log_opt_values /opt/stack/data/venv/lib/python3.12/site-packages/oslo_config/cfg.py:3242}}
Jun 23 07:51:03.160289 np0000003446 devstack@n-api-meta.service[95589]: DEBUG nova.api.openstack.wsgi_app [None req-a670216a-47e4-402e-ba46-6e235c9a65f7 None None] max_concurrent_builds = 10 {{(pid=95589) log_opt_values /opt/stack/data/venv/lib/python3.12/site-packages/oslo_config/cfg.py:3242}}
