Jun 23 07:51:07.899611 np0000003446 nova-conductor[98639]: DEBUG cotyledon.oslo_config_glue [-] profiler.es_scroll_time = 2m {{(pid=98639) log_opt_values /opt/stack/data/venv/lib/python3.12/site-packages/oslo_config/cfg.py:3253}}
Jun 23 07:51:07.899611 np0000003446 nova-conductor[98639]: DEBUG cotyledon.oslo_config_glue [-] profiler.filter_error_trace = False {{(pid=98639) log_opt_values /opt/stack/data/venv/lib/python3.12/site-packages/oslo_config/cfg.py:3253}}
Jun 23 07:51:07.899611 np0000003446 nova-conductor[98639]: DEBUG cotyledon.oslo_config_glue [-] profiler.hmac_keys = **** {{(pid=98639) log_opt_values /opt/stack/data/venv/lib/python3.12/site-packages/oslo_config/cfg.py:3253}}
Jun 23 07:51:07.899611 np0000003446 nova-conductor[98639]: DEBUG cotyledon.oslo_config_glue [-] profiler.sentinel_service_name = mymaster {{(pid=98639) log_opt_values /opt/stack/data/venv/lib/python3.12/site-packages/oslo_config/cfg.py:3253}}
Jun 23 07:51:07.899611 np0000003446 nova-conductor[98639]: DEBUG cotyledon.oslo_config_glue [-] profiler.socket_timeout = 0.1 {{(pid=98639) log_opt_values /opt/stack/data/venv/lib/python3.12/site-packages/oslo_config/cfg.py:3253}}
Jun 23 07:51:07.899611 np0000003446 nova-conductor[98639]: DEBUG cotyledon.oslo_config_glue [-] profiler.trace_requests = False {{(pid=98639) log_opt_values /opt/stack/data/venv/lib/python3.12/site-packages/oslo_config/cfg.py:3253}}
Jun 23 07:51:07.899803 np0000003446 nova-conductor[98639]: DEBUG cotyledon.oslo_config_glue [-] profiler.trace_sqlalchemy = False {{(pid=98639) log_opt_values /opt/stack/data/venv/lib/python3.12/site-packages/oslo_config/cfg.py:3253}}
Jun 23 07:51:07.899803 np0000003446 nova-conductor[98639]: DEBUG cotyledon.oslo_config_glue [-] profiler_jaeger.process_tags = {} {{(pid=98639) log_opt_values /opt/stack/data/venv/lib/python3.12/site-packages/oslo_config/cfg.py:3253}}
Jun 23 07:51:07.899803 np0000003446 nova-conductor[98639]: DEBUG cotyledon.oslo_config_glue [-] profiler_jaeger.service_name_prefix = None {{(pid=98639) log_opt_values /opt/stack/data/venv/lib/python3.12/site-packages/oslo_config/cfg.py:3253}}
Jun 23 07:51:07.899803 np0000003446 nova-conductor[98639]: DEBUG cotyledon.oslo_config_glue [-] profiler_otlp.service_name_prefix = None {{(pid=98639) log_opt_values /opt/stack/data/venv/lib/python3.12/site-packages/oslo_config/cfg.py:3253}}
Jun 23 07:51:07.899803 np0000003446 nova-conductor[98639]: DEBUG cotyledon.oslo_config_glue [-] oslo_messaging_rabbit.amqp_auto_delete = False {{(pid=98639) log_opt_values /opt/stack/data/venv/lib/python3.12/site-packages/oslo_config/cfg.py:3253}}
Jun 23 07:51:07.899803 np0000003446 nova-conductor[98639]: DEBUG cotyledon.oslo_config_glue [-] oslo_messaging_rabbit.amqp_durable_queues = False {{(pid=98639) log_opt_values /opt/stack/data/venv/lib/python3.12/site-packages/oslo_config/cfg.py:3253}}
Jun 23 07:51:07.899803 np0000003446 nova-conductor[98639]: DEBUG cotyledon.oslo_config_glue [-] oslo_messaging_rabbit.conn_pool_min_size = 2 {{(pid=98639) log_opt_values /opt/stack/data/venv/lib/python3.12/site-packages/oslo_config/cfg.py:3253}}
Jun 23 07:51:07.899803 np0000003446 nova-conductor[98639]: DEBUG cotyledon.oslo_config_glue [-] oslo_messaging_rabbit.conn_pool_ttl = 1200 {{(pid=98639) log_opt_values /opt/stack/data/venv/lib/python3.12/site-packages/oslo_config/cfg.py:3253}}
Jun 23 07:51:07.899803 np0000003446 nova-conductor[98639]: DEBUG cotyledon.oslo_config_glue [-] oslo_messaging_rabbit.direct_mandatory_flag = True {{(pid=98639) log_opt_values /opt/stack/data/venv/lib/python3.12/site-packages/oslo_config/cfg.py:3253}}
Jun 23 07:51:07.900005 np0000003446 nova-conductor[98639]: DEBUG cotyledon.oslo_config_glue [-] oslo_messaging_rabbit.enable_cancel_on_failover = False {{(pid=98639) log_opt_values /opt/stack/data/venv/lib/python3.12/site-packages/oslo_config/cfg.py:3253}}
Jun 23 07:51:07.900005 np0000003446 nova-conductor[98639]: DEBUG cotyledon.oslo_config_glue [-] oslo_messaging_rabbit.heartbeat_rate = 3 {{(pid=98639) log_opt_values /opt/stack/data/venv/lib/python3.12/site-packages/oslo_config/cfg.py:3253}}
Jun 23 07:51:07.900005 np0000003446 nova-conductor[98639]: DEBUG cotyledon.oslo_config_glue [-] oslo_messaging_rabbit.heartbeat_timeout_threshold = 60 {{(pid=98639) log_opt_values /opt/stack/data/venv/lib/python3.12/site-packages/oslo_config/cfg.py:3253}}
Jun 23 07:51:07.900005 np0000003446 nova-conductor[98639]: DEBUG cotyledon.oslo_config_glue [-] oslo_messaging_rabbit.hostname = np0000003446 {{(pid=98639) log_opt_values /opt/stack/data/venv/lib/python3.12/site-packages/oslo_config/cfg.py:3253}}
Jun 23 07:51:07.900005 np0000003446 nova-conductor[98639]: DEBUG cotyledon.oslo_config_glue [-] oslo_messaging_rabbit.kombu_compression = None {{(pid=98639) log_opt_values /opt/stack/data/venv/lib/python3.12/site-packages/oslo_config/cfg.py:3253}}
Jun 23 07:51:07.900005 np0000003446 nova-conductor[98639]: DEBUG cotyledon.oslo_config_glue [-] oslo_messaging_rabbit.kombu_failover_strategy = round-robin {{(pid=98639) log_opt_values /opt/stack/data/venv/lib/python3.12/site-packages/oslo_config/cfg.py:3253}}
Jun 23 07:51:07.900005 np0000003446 nova-conductor[98639]: DEBUG cotyledon.oslo_config_glue [-] oslo_messaging_rabbit.kombu_missing_consumer_retry_timeout = 60 {{(pid=98639) log_opt_values /opt/stack/data/venv/lib/python3.12/site-packages/oslo_config/cfg.py:3253}}
Jun 23 07:51:07.900005 np0000003446 nova-conductor[98639]: DEBUG cotyledon.oslo_config_glue [-] oslo_messaging_rabbit.kombu_reconnect_delay = 1.0 {{(pid=98639) log_opt_values /opt/stack/data/venv/lib/python3.12/site-packages/oslo_config/cfg.py:3253}}
Jun 23 07:51:07.900005 np0000003446 nova-conductor[98639]: DEBUG cotyledon.oslo_config_glue [-] oslo_messaging_rabbit.kombu_reconnect_splay = 0.0 {{(pid=98639) log_opt_values /opt/stack/data/venv/lib/python3.12/site-packages/oslo_config/cfg.py:3253}}
Jun 23 07:51:07.900230 np0000003446 nova-conductor[98639]: DEBUG cotyledon.oslo_config_glue [-] oslo_messaging_rabbit.processname = nova-conductor {{(pid=98639) log_opt_values /opt/stack/data/venv/lib/python3.12/site-packages/oslo_config/cfg.py:3253}}
Jun 23 07:51:07.900230 np0000003446 nova-conductor[98639]: DEBUG cotyledon.oslo_config_glue [-] oslo_messaging_rabbit.rabbit_ha_queues = False {{(pid=98639) log_opt_values /opt/stack/data/venv/lib/python3.12/site-packages/oslo_config/cfg.py:3253}}
Jun 23 07:51:07.900230 np0000003446 nova-conductor[98639]: DEBUG cotyledon.oslo_config_glue [-] oslo_messaging_rabbit.rabbit_interval_max = 30 {{(pid=98639) log_opt_values /opt/stack/data/venv/lib/python3.12/site-packages/oslo_config/cfg.py:3253}}
Jun 23 07:51:07.900230 np0000003446 nova-conductor[98639]: DEBUG cotyledon.oslo_config_glue [-] oslo_messaging_rabbit.rabbit_login_method = AMQPLAIN {{(pid=98639) log_opt_values /opt/stack/data/venv/lib/python3.12/site-packages/oslo_config/cfg.py:3253}}
Jun 23 07:51:07.900230 np0000003446 nova-conductor[98639]: DEBUG cotyledon.oslo_config_glue [-] oslo_messaging_rabbit.rabbit_qos_prefetch_count = 0 {{(pid=98639) log_opt_values /opt/stack/data/venv/lib/python3.12/site-packages/oslo_config/cfg.py:3253}}
Jun 23 07:51:07.900230 np0000003446 nova-conductor[98639]: DEBUG cotyledon.oslo_config_glue [-] oslo_messaging_rabbit.rabbit_quorum_delivery_limit = 0 {{(pid=98639) log_opt_values /opt/stack/data/venv/lib/python3.12/site-packages/oslo_config/cfg.py:3253}}
Jun 23 07:51:07.900230 np0000003446 nova-conductor[98639]: DEBUG cotyledon.oslo_config_glue [-] oslo_messaging_rabbit.rabbit_quorum_max_memory_bytes = 0 {{(pid=98639) log_opt_values /opt/stack/data/venv/lib/python3.12/site-packages/oslo_config/cfg.py:3253}}
Jun 23 07:51:07.900230 np0000003446 nova-conductor[98639]: DEBUG cotyledon.oslo_config_glue [-] oslo_messaging_rabbit.rabbit_quorum_max_memory_length = 0 {{(pid=98639) log_opt_values /opt/stack/data/venv/lib/python3.12/site-packages/oslo_config/cfg.py:3253}}
Jun 23 07:51:07.900230 np0000003446 nova-conductor[98639]: DEBUG cotyledon.oslo_config_glue [-] oslo_messaging_rabbit.rabbit_quorum_queue = False {{(pid=98639) log_opt_values /opt/stack/data/venv/lib/python3.12/site-packages/oslo_config/cfg.py:3253}}
Jun 23 07:51:07.900395 np0000003446 nova-conductor[98639]: DEBUG cotyledon.oslo_config_glue [-] oslo_messaging_rabbit.rabbit_retry_backoff = 2 {{(pid=98639) log_opt_values /opt/stack/data/venv/lib/python3.12/site-packages/oslo_config/cfg.py:3253}}
Jun 23 07:51:07.900395 np0000003446 nova-conductor[98639]: DEBUG cotyledon.oslo_config_glue [-] oslo_messaging_rabbit.rabbit_retry_interval = 1 {{(pid=98639) log_opt_values /opt/stack/data/venv/lib/python3.12/site-packages/oslo_config/cfg.py:3253}}
Jun 23 07:51:07.900395 np0000003446 nova-conductor[98639]: DEBUG cotyledon.oslo_config_glue [-] oslo_messaging_rabbit.rabbit_stream_fanout = False {{(pid=98639) log_opt_values /opt/stack/data/venv/lib/python3.12/site-packages/oslo_config/cfg.py:3253}}
Jun 23 07:51:07.900395 np0000003446 nova-conductor[98639]: DEBUG cotyledon.oslo_config_glue [-] oslo_messaging_rabbit.rabbit_transient_queues_ttl = 1800 {{(pid=98639) log_opt_values /opt/stack/data/venv/lib/python3.12/site-packages/oslo_config/cfg.py:3253}}
Jun 23 07:51:07.900395 np0000003446 nova-conductor[98639]: DEBUG cotyledon.oslo_config_glue [-] oslo_messaging_rabbit.rabbit_transient_quorum_queue = False {{(pid=98639) log_opt_values /opt/stack/data/venv/lib/python3.12/site-packages/oslo_config/cfg.py:3253}}
Jun 23 07:51:07.900395 np0000003446 nova-conductor[98639]: DEBUG cotyledon.oslo_config_glue [-] oslo_messaging_rabbit.rpc_conn_pool_size = 30 {{(pid=98639) log_opt_values /opt/stack/data/venv/lib/python3.12/site-packages/oslo_config/cfg.py:3253}}
Jun 23 07:51:07.900395 np0000003446 nova-conductor[98639]: DEBUG cotyledon.oslo_config_glue [-] oslo_messaging_rabbit.ssl = False {{(pid=98639) log_opt_values /opt/stack/data/venv/lib/python3.12/site-packages/oslo_config/cfg.py:3253}}
Jun 23 07:51:07.900395 np0000003446 nova-conductor[98639]: DEBUG cotyledon.oslo_config_glue [-] oslo_messaging_rabbit.ssl_ca_file = {{(pid=98639) log_opt_values /opt/stack/data/venv/lib/python3.12/site-packages/oslo_config/cfg.py:3253}}
Jun 23 07:51:07.900395 np0000003446 nova-conductor[98639]: DEBUG cotyledon.oslo_config_glue [-] oslo_messaging_rabbit.ssl_cert_file = {{(pid=98639) log_opt_values /opt/stack/data/venv/lib/python3.12/site-packages/oslo_config/cfg.py:3253}}
Jun 23 07:51:07.900564 np0000003446 nova-conductor[98639]: DEBUG cotyledon.oslo_config_glue [-] oslo_messaging_rabbit.ssl_enforce_fips_mode = False {{(pid=98639) log_opt_values /opt/stack/data/venv/lib/python3.12/site-packages/oslo_config/cfg.py:3253}}
Jun 23 07:51:07.900564 np0000003446 nova-conductor[98639]: DEBUG cotyledon.oslo_config_glue [-] oslo_messaging_rabbit.ssl_enforce_hostname_verification = True {{(pid=98639) log_opt_values /opt/stack/data/venv/lib/python3.12/site-packages/oslo_config/cfg.py:3253}}
Jun 23 07:51:07.900564 np0000003446 nova-conductor[98639]: DEBUG cotyledon.oslo_config_glue [-] oslo_messaging_rabbit.ssl_key_file = {{(pid=98639) log_opt_values /opt/stack/data/venv/lib/python3.12/site-packages/oslo_config/cfg.py:3253}}
Jun 23 07:51:07.900564 np0000003446 nova-conductor[98639]: DEBUG cotyledon.oslo_config_glue [-] oslo_messaging_rabbit.ssl_version = {{(pid=98639) log_opt_values /opt/stack/data/venv/lib/python3.12/site-packages/oslo_config/cfg.py:3253}}
Jun 23 07:51:07.900564 np0000003446 nova-conductor[98639]: DEBUG cotyledon.oslo_config_glue [-] oslo_messaging_rabbit.use_queue_manager = False {{(pid=98639) log_opt_values /opt/stack/data/venv/lib/python3.12/site-packages/oslo_config/cfg.py:3253}}
Jun 23 07:51:07.900564 np0000003446 nova-conductor[98639]: DEBUG cotyledon.oslo_config_glue [-] oslo_messaging_notifications.driver = ['messagingv2'] {{(pid=98639) log_opt_values /opt/stack/data/venv/lib/python3.12/site-packages/oslo_config/cfg.py:3253}}
Jun 23 07:51:07.900564 np0000003446 nova-conductor[98639]: DEBUG cotyledon.oslo_config_glue [-] oslo_messaging_notifications.retry = -1 {{(pid=98639) log_opt_values /opt/stack/data/venv/lib/python3.12/site-packages/oslo_config/cfg.py:3253}}
Jun 23 07:51:07.900564 np0000003446 nova-conductor[98639]: DEBUG cotyledon.oslo_config_glue [-] oslo_messaging_notifications.topics = ['notifications'] {{(pid=98639) log_opt_values /opt/stack/data/venv/lib/python3.12/site-packages/oslo_config/cfg.py:3253}}
Jun 23 07:51:07.900564 np0000003446 nova-conductor[98639]: DEBUG cotyledon.oslo_config_glue [-] oslo_messaging_notifications.transport_url = **** {{(pid=98639) log_opt_values /opt/stack/data/venv/lib/python3.12/site-packages/oslo_config/cfg.py:3253}}
Jun 23 07:51:07.900749 np0000003446 nova-conductor[98639]: DEBUG cotyledon.oslo_config_glue [-] oslo_limit.auth_section = None {{(pid=98639) log_opt_values /opt/stack/data/venv/lib/python3.12/site-packages/oslo_config/cfg.py:3253}}
Jun 23 07:51:07.900749 np0000003446 nova-conductor[98639]: DEBUG cotyledon.oslo_config_glue [-] oslo_limit.auth_type = None {{(pid=98639) log_opt_values /opt/stack/data/venv/lib/python3.12/site-packages/oslo_config/cfg.py:3253}}
Jun 23 07:51:07.900749 np0000003446 nova-conductor[98639]: DEBUG cotyledon.oslo_config_glue [-] oslo_limit.cafile = None {{(pid=98639) log_opt_values /opt/stack/data/venv/lib/python3.12/site-packages/oslo_config/cfg.py:3253}}
Jun 23 07:51:07.900749 np0000003446 nova-conductor[98639]: DEBUG cotyledon.oslo_config_glue [-] oslo_limit.certfile = None {{(pid=98639) log_opt_values /opt/stack/data/venv/lib/python3.12/site-packages/oslo_config/cfg.py:3253}}
Jun 23 07:51:07.900749 np0000003446 nova-conductor[98639]: DEBUG cotyledon.oslo_config_glue [-] oslo_limit.collect_timing = False {{(pid=98639) log_opt_values /opt/stack/data/venv/lib/python3.12/site-packages/oslo_config/cfg.py:3253}}
Jun 23 07:51:07.900749 np0000003446 nova-conductor[98639]: DEBUG cotyledon.oslo_config_glue [-] oslo_limit.connect_retries = None {{(pid=98639) log_opt_values /opt/stack/data/venv/lib/python3.12/site-packages/oslo_config/cfg.py:3253}}
Jun 23 07:51:07.900749 np0000003446 nova-conductor[98639]: DEBUG cotyledon.oslo_config_glue [-] oslo_limit.connect_retry_delay = None {{(pid=98639) log_opt_values /opt/stack/data/venv/lib/python3.12/site-packages/oslo_config/cfg.py:3253}}
Jun 23 07:51:07.900749 np0000003446 nova-conductor[98639]: DEBUG cotyledon.oslo_config_glue [-] oslo_limit.endpoint_id = None {{(pid=98639) log_opt_values /opt/stack/data/venv/lib/python3.12/site-packages/oslo_config/cfg.py:3253}}
Jun 23 07:51:07.900749 np0000003446 nova-conductor[98639]: DEBUG cotyledon.oslo_config_glue [-] oslo_limit.endpoint_interface = public {{(pid=98639) log_opt_values /opt/stack/data/venv/lib/python3.12/site-packages/oslo_config/cfg.py:3253}}
Jun 23 07:51:07.900980 np0000003446 nova-conductor[98639]: DEBUG cotyledon.oslo_config_glue [-] oslo_limit.endpoint_override = None {{(pid=98639) log_opt_values /opt/stack/data/venv/lib/python3.12/site-packages/oslo_config/cfg.py:3253}}
Jun 23 07:51:07.900980 np0000003446 nova-conductor[98639]: DEBUG cotyledon.oslo_config_glue [-] oslo_limit.endpoint_region_name = None {{(pid=98639) log_opt_values /opt/stack/data/venv/lib/python3.12/site-packages/oslo_config/cfg.py:3253}}
Jun 23 07:51:07.900980 np0000003446 nova-conductor[98639]: DEBUG cotyledon.oslo_config_glue [-] oslo_limit.endpoint_service_name = None {{(pid=98639) log_opt_values /opt/stack/data/venv/lib/python3.12/site-packages/oslo_config/cfg.py:3253}}
Jun 23 07:51:07.900980 np0000003446 nova-conductor[98639]: DEBUG cotyledon.oslo_config_glue [-] oslo_limit.endpoint_service_type = None {{(pid=98639) log_opt_values /opt/stack/data/venv/lib/python3.12/site-packages/oslo_config/cfg.py:3253}}
Jun 23 07:51:07.900980 np0000003446 nova-conductor[98639]: DEBUG cotyledon.oslo_config_glue [-] oslo_limit.insecure = False {{(pid=98639) log_opt_values /opt/stack/data/venv/lib/python3.12/site-packages/oslo_config/cfg.py:3253}}
Jun 23 07:51:07.900980 np0000003446 nova-conductor[98639]: DEBUG cotyledon.oslo_config_glue [-] oslo_limit.keyfile = None {{(pid=98639) log_opt_values /opt/stack/data/venv/lib/python3.12/site-packages/oslo_config/cfg.py:3253}}
Jun 23 07:51:07.900980 np0000003446 nova-conductor[98639]: DEBUG cotyledon.oslo_config_glue [-] oslo_limit.max_version = None {{(pid=98639) log_opt_values /opt/stack/data/venv/lib/python3.12/site-packages/oslo_config/cfg.py:3253}}
Jun 23 07:51:07.900980 np0000003446 nova-conductor[98639]: DEBUG cotyledon.oslo_config_glue [-] oslo_limit.min_version = None {{(pid=98639) log_opt_values /opt/stack/data/venv/lib/python3.12/site-packages/oslo_config/cfg.py:3253}}
Jun 23 07:51:07.900980 np0000003446 nova-conductor[98639]: DEBUG cotyledon.oslo_config_glue [-] oslo_limit.region_name = None {{(pid=98639) log_opt_values /opt/stack/data/venv/lib/python3.12/site-packages/oslo_config/cfg.py:3253}}
Jun 23 07:51:07.901575 np0000003446 nova-conductor[98639]: DEBUG cotyledon.oslo_config_glue [-] oslo_limit.retriable_status_codes = None {{(pid=98639) log_opt_values /opt/stack/data/venv/lib/python3.12/site-packages/oslo_config/cfg.py:3253}}
Jun 23 07:51:07.901575 np0000003446 nova-conductor[98639]: DEBUG cotyledon.oslo_config_glue [-] oslo_limit.service_name = None {{(pid=98639) log_opt_values /opt/stack/data/venv/lib/python3.12/site-packages/oslo_config/cfg.py:3253}}
Jun 23 07:51:07.901575 np0000003446 nova-conductor[98639]: DEBUG cotyledon.oslo_config_glue [-] oslo_limit.service_type = None {{(pid=98639) log_opt_values /opt/stack/data/venv/lib/python3.12/site-packages/oslo_config/cfg.py:3253}}
Jun 23 07:51:07.901575 np0000003446 nova-conductor[98639]: DEBUG cotyledon.oslo_config_glue [-] oslo_limit.split_loggers = False {{(pid=98639) log_opt_values /opt/stack/data/venv/lib/python3.12/site-packages/oslo_config/cfg.py:3253}}
Jun 23 07:51:07.901575 np0000003446 nova-conductor[98639]: DEBUG cotyledon.oslo_config_glue [-] oslo_limit.status_code_retries = None {{(pid=98639) log_opt_values /opt/stack/data/venv/lib/python3.12/site-packages/oslo_config/cfg.py:3253}}
Jun 23 07:51:07.901575 np0000003446 nova-conductor[98639]: DEBUG cotyledon.oslo_config_glue [-] oslo_limit.status_code_retry_delay = None {{(pid=98639) log_opt_values /opt/stack/data/venv/lib/python3.12/site-packages/oslo_config/cfg.py:3253}}
Jun 23 07:51:07.901575 np0000003446 nova-conductor[98639]: DEBUG cotyledon.oslo_config_glue [-] oslo_limit.timeout = None {{(pid=98639) log_opt_values /opt/stack/data/venv/lib/python3.12/site-packages/oslo_config/cfg.py:3253}}
Jun 23 07:51:07.901575 np0000003446 nova-conductor[98639]: DEBUG cotyledon.oslo_config_glue [-] oslo_limit.valid_interfaces = None {{(pid=98639) log_opt_values /opt/stack/data/venv/lib/python3.12/site-packages/oslo_config/cfg.py:3253}}
Jun 23 07:51:07.901575 np0000003446 nova-conductor[98639]: DEBUG cotyledon.oslo_config_glue [-] oslo_limit.version = None {{(pid=98639) log_opt_values /opt/stack/data/venv/lib/python3.12/site-packages/oslo_config/cfg.py:3253}}
Jun 23 07:51:07.901798 np0000003446 nova-conductor[98639]: DEBUG cotyledon.oslo_config_glue [-] oslo_reports.file_event_handler = None {{(pid=98639) log_opt_values /opt/stack/data/venv/lib/python3.12/site-packages/oslo_config/cfg.py:3253}}
Jun 23 07:51:07.901798 np0000003446 nova-conductor[98639]: DEBUG cotyledon.oslo_config_glue [-] oslo_reports.file_event_handler_interval = 1 {{(pid=98639) log_opt_values /opt/stack/data/venv/lib/python3.12/site-packages/oslo_config/cfg.py:3253}}
Jun 23 07:51:07.901798 np0000003446 nova-conductor[98639]: DEBUG cotyledon.oslo_config_glue [-] oslo_reports.log_dir = None {{(pid=98639) log_opt_values /opt/stack/data/venv/lib/python3.12/site-packages/oslo_config/cfg.py:3253}}
Jun 23 07:51:07.901798 np0000003446 nova-conductor[98639]: DEBUG cotyledon.oslo_config_glue [-] ******************************************************************************** {{(pid=98639) log_opt_values /opt/stack/data/venv/lib/python3.12/site-packages/oslo_config/cfg.py:3260}}
Jun 23 07:51:07.901798 np0000003446 nova-conductor[98639]: DEBUG cotyledon._service_worker [-] Run service ServiceWrapper(3) [98639] {{(pid=98639) wait_forever /opt/stack/data/venv/lib/python3.12/site-packages/cotyledon/_service_worker.py:218}}
Jun 23 07:51:07.901798 np0000003446 nova-conductor[98639]: INFO nova.service [-] Starting conductor node (version 33.1.0)
Jun 23 07:51:07.901798 np0000003446 nova-conductor[98639]: INFO dbcounter [None req-54b4c853-79ec-4e77-a137-1a069bf5aa29 None None] Registered counter for database nova_cell0
Jun 23 07:51:07.901945 np0000003446 nova-conductor[98620]: DEBUG oslo_db.sqlalchemy.engines [None req-422da9be-016b-4aa0-89ac-eae915c0a130 None None] MySQL server mode set to STRICT_TRANS_TABLES,STRICT_ALL_TABLES,NO_ZERO_IN_DATE,NO_ZERO_DATE,ERROR_FOR_DIVISION_BY_ZERO,TRADITIONAL,NO_ENGINE_SUBSTITUTION {{(pid=98620) _check_effective_sql_mode /opt/stack/data/venv/lib/python3.12/site-packages/oslo_db/sqlalchemy/engines.py:325}}
Jun 23 07:51:07.902632 np0000003446 nova-conductor[98628]: DEBUG oslo_db.sqlalchemy.engines [None req-5d93bf64-7736-4481-b9ae-a48bf0334482 None None] MySQL server mode set to STRICT_TRANS_TABLES,STRICT_ALL_TABLES,NO_ZERO_IN_DATE,NO_ZERO_DATE,ERROR_FOR_DIVISION_BY_ZERO,TRADITIONAL,NO_ENGINE_SUBSTITUTION {{(pid=98628) _check_effective_sql_mode /opt/stack/data/venv/lib/python3.12/site-packages/oslo_db/sqlalchemy/engines.py:325}}
Jun 23 07:51:07.907168 np0000003446 nova-conductor[98620]: DEBUG dbcounter [-] [98620] Writer thread running {{(pid=98620) stat_writer /opt/stack/data/venv/lib/python3.12/site-packages/dbcounter.py:102}}
Jun 23 07:51:07.912499 np0000003446 nova-conductor[98633]: DEBUG oslo_db.sqlalchemy.engines [None req-eec770cf-2b71-48ff-ab19-c5ed60de4edc None None] MySQL server mode set to STRICT_TRANS_TABLES,STRICT_ALL_TABLES,NO_ZERO_IN_DATE,NO_ZERO_DATE,ERROR_FOR_DIVISION_BY_ZERO,TRADITIONAL,NO_ENGINE_SUBSTITUTION {{(pid=98633) _check_effective_sql_mode /opt/stack/data/venv/lib/python3.12/site-packages/oslo_db/sqlalchemy/engines.py:325}}
Jun 23 07:51:07.914367 np0000003446 nova-conductor[98628]: DEBUG dbcounter [-] [98628] Writer thread running {{(pid=98628) stat_writer /opt/stack/data/venv/lib/python3.12/site-packages/dbcounter.py:102}}
Jun 23 07:51:07.921859 np0000003446 nova-conductor[98639]: DEBUG oslo_db.sqlalchemy.engines [None req-54b4c853-79ec-4e77-a137-1a069bf5aa29 None None] MySQL server mode set to STRICT_TRANS_TABLES,STRICT_ALL_TABLES,NO_ZERO_IN_DATE,NO_ZERO_DATE,ERROR_FOR_DIVISION_BY_ZERO,TRADITIONAL,NO_ENGINE_SUBSTITUTION {{(pid=98639) _check_effective_sql_mode /opt/stack/data/venv/lib/python3.12/site-packages/oslo_db/sqlalchemy/engines.py:325}}
Jun 23 07:51:07.921985 np0000003446 nova-conductor[98620]: DEBUG nova.service [None req-422da9be-016b-4aa0-89ac-eae915c0a130 None None] Creating RPC server for service: nova-conductor on topic: conductor {{(pid=98620) start /opt/stack/nova/nova/service.py:196}}
Jun 23 07:51:07.922705 np0000003446 nova-conductor[98633]: DEBUG dbcounter [-] [98633] Writer thread running {{(pid=98633) stat_writer /opt/stack/data/venv/lib/python3.12/site-packages/dbcounter.py:102}}
Jun 23 07:51:07.928416 np0000003446 nova-conductor[98633]: DEBUG nova.service [None req-eec770cf-2b71-48ff-ab19-c5ed60de4edc None None] Creating RPC server for service: nova-conductor on topic: conductor {{(pid=98633) start /opt/stack/nova/nova/service.py:196}}
Jun 23 07:51:07.935990 np0000003446 nova-conductor[98639]: DEBUG dbcounter [-] [98639] Writer thread running {{(pid=98639) stat_writer /opt/stack/data/venv/lib/python3.12/site-packages/dbcounter.py:102}}
Jun 23 07:51:07.939473 np0000003446 nova-conductor[98628]: DEBUG nova.service [None req-5d93bf64-7736-4481-b9ae-a48bf0334482 None None] Creating RPC server for service: nova-conductor on topic: conductor {{(pid=98628) start /opt/stack/nova/nova/service.py:196}}
Jun 23 07:51:07.939599 np0000003446 nova-conductor[98639]: DEBUG nova.service [None req-54b4c853-79ec-4e77-a137-1a069bf5aa29 None None] Creating RPC server for service: nova-conductor on topic: conductor {{(pid=98639) start /opt/stack/nova/nova/service.py:196}}
Jun 23 07:51:07.948301 np0000003446 nova-conductor[98633]: DEBUG nova.service [None req-eec770cf-2b71-48ff-ab19-c5ed60de4edc None None] Join ServiceGroup membership for this service conductor {{(pid=98633) start /opt/stack/nova/nova/service.py:222}}
Jun 23 07:51:07.948457 np0000003446 nova-conductor[98633]: DEBUG nova.servicegroup.drivers.db [None req-eec770cf-2b71-48ff-ab19-c5ed60de4edc None None] DB_Driver: join new ServiceGroup member np0000003446 to the conductor group, service = {{(pid=98633) join /opt/stack/nova/nova/servicegroup/drivers/db.py:44}}
Jun 23 07:51:07.952374 np0000003446 nova-conductor[98620]: DEBUG nova.service [None req-422da9be-016b-4aa0-89ac-eae915c0a130 None None] Join ServiceGroup membership for this service conductor {{(pid=98620) start /opt/stack/nova/nova/service.py:222}}
Jun 23 07:51:07.952607 np0000003446 nova-conductor[98620]: DEBUG nova.servicegroup.drivers.db [None req-422da9be-016b-4aa0-89ac-eae915c0a130 None None] DB_Driver: join new ServiceGroup member np0000003446 to the conductor group, service = {{(pid=98620) join /opt/stack/nova/nova/servicegroup/drivers/db.py:44}}
Jun 23 07:51:07.956371 np0000003446 nova-conductor[98639]: DEBUG nova.service [None req-54b4c853-79ec-4e77-a137-1a069bf5aa29 None None] Join ServiceGroup membership for this service conductor {{(pid=98639) start /opt/stack/nova/nova/service.py:222}}
Jun 23 07:51:07.956471 np0000003446 nova-conductor[98628]: DEBUG nova.service [None req-5d93bf64-7736-4481-b9ae-a48bf0334482 None None] Join ServiceGroup membership for this service conductor {{(pid=98628) start /opt/stack/nova/nova/service.py:222}}
Jun 23 07:51:07.956559 np0000003446 nova-conductor[98628]: DEBUG nova.servicegroup.drivers.db [None req-5d93bf64-7736-4481-b9ae-a48bf0334482 None None] DB_Driver: join new ServiceGroup member np0000003446 to the conductor group, service = {{(pid=98628) join /opt/stack/nova/nova/servicegroup/drivers/db.py:44}}
Jun 23 07:51:07.956606 np0000003446 nova-conductor[98639]: DEBUG nova.servicegroup.drivers.db [None req-54b4c853-79ec-4e77-a137-1a069bf5aa29 None None] DB_Driver: join new ServiceGroup member np0000003446 to the conductor group, service = {{(pid=98639) join /opt/stack/nova/nova/servicegroup/drivers/db.py:44}}
Jun 23 07:51:12.963362 np0000003446 nova-conductor[98633]: DEBUG oslo.service.backend._threading.loopingcall [-] Fixed interval looping call 'nova.servicegroup.drivers.db.DbDriver._report_state' sleeping for 119.99 seconds {{(pid=98633) _run_loop /opt/stack/data/venv/lib/python3.12/site-packages/oslo_service/backend/_threading/loopingcall.py:125}}
Jun 23 07:51:12.963708 np0000003446 nova-conductor[98620]: DEBUG oslo.service.backend._threading.loopingcall [-] Fixed interval looping call 'nova.servicegroup.drivers.db.DbDriver._report_state' sleeping for 119.99 seconds {{(pid=98620) _run_loop /opt/stack/data/venv/lib/python3.12/site-packages/oslo_service/backend/_threading/loopingcall.py:125}}
Jun 23 07:51:12.967187 np0000003446 nova-conductor[98628]: DEBUG oslo.service.backend._threading.loopingcall [-] Fixed interval looping call 'nova.servicegroup.drivers.db.DbDriver._report_state' sleeping for 119.99 seconds {{(pid=98628) _run_loop /opt/stack/data/venv/lib/python3.12/site-packages/oslo_service/backend/_threading/loopingcall.py:125}}
Jun 23 07:51:12.968053 np0000003446 nova-conductor[98639]: DEBUG oslo.service.backend._threading.loopingcall [-] Fixed interval looping call 'nova.servicegroup.drivers.db.DbDriver._report_state' sleeping for 119.99 seconds {{(pid=98639) _run_loop /opt/stack/data/venv/lib/python3.12/site-packages/oslo_service/backend/_threading/loopingcall.py:125}}
Jun 23 07:51:16.508242 np0000003446 nova-conductor[97125]: DEBUG dbcounter [-] [97125] Writing DB stats nova_api:SELECT=1 {{(pid=97125) stat_writer /opt/stack/data/venv/lib/python3.12/site-packages/dbcounter.py:115}}
Jun 23 07:51:16.638064 np0000003446 nova-conductor[97125]: DEBUG dbcounter [-] [97125] Writing DB stats nova_cell0:SELECT=1 {{(pid=97125) stat_writer /opt/stack/data/venv/lib/python3.12/site-packages/dbcounter.py:115}}
Jun 23 07:51:16.642282 np0000003446 nova-conductor[97125]: DEBUG dbcounter [-] [97125] Writing DB stats nova_cell1:SELECT=1 {{(pid=97125) stat_writer /opt/stack/data/venv/lib/python3.12/site-packages/dbcounter.py:115}}
Jun 23 07:51:22.958973 np0000003446 nova-conductor[98633]: DEBUG dbcounter [-] [98633] Writing DB stats nova_cell0:SELECT=3,nova_cell0:UPDATE=1 {{(pid=98633) stat_writer /opt/stack/data/venv/lib/python3.12/site-packages/dbcounter.py:115}}
Jun 23 07:51:22.961357 np0000003446 nova-conductor[98620]: DEBUG dbcounter [-] [98620] Writing DB stats nova_cell0:SELECT=4,nova_cell0:INSERT=1,nova_cell0:UPDATE=1 {{(pid=98620) stat_writer /opt/stack/data/venv/lib/python3.12/site-packages/dbcounter.py:115}}
Jun 23 07:51:22.963309 np0000003446 nova-conductor[98628]: DEBUG dbcounter [-] [98628] Writing DB stats nova_cell0:SELECT=4,nova_cell0:INSERT=1,nova_cell0:UPDATE=1 {{(pid=98628) stat_writer /opt/stack/data/venv/lib/python3.12/site-packages/dbcounter.py:115}}
Jun 23 07:51:22.968479 np0000003446 nova-conductor[98639]: DEBUG dbcounter [-] [98639] Writing DB stats nova_cell0:SELECT=3 {{(pid=98639) stat_writer /opt/stack/data/venv/lib/python3.12/site-packages/dbcounter.py:115}}
Jun 23 07:51:32.958309 np0000003446 nova-conductor[98628]: DEBUG oslo.service.backend._threading.loopingcall [None req-fa2b20d6-9249-4acd-a6d9-8af5e287a099 None None] Dynamic interval looping call 'nova.service.Service.periodic_tasks' sleeping for 60.00 seconds {{(pid=98628) _run_loop /opt/stack/data/venv/lib/python3.12/site-packages/oslo_service/backend/_threading/loopingcall.py:125}}
Jun 23 07:51:44.958837 np0000003446 nova-conductor[98639]: DEBUG oslo.service.backend._threading.loopingcall [None req-f805439e-cf71-465f-a15a-f986d1fd0014 None None] Dynamic interval looping call 'nova.service.Service.periodic_tasks' sleeping for 60.00 seconds {{(pid=98639) _run_loop /opt/stack/data/venv/lib/python3.12/site-packages/oslo_service/backend/_threading/loopingcall.py:125}}
Jun 23 07:51:47.955125 np0000003446 nova-conductor[98620]: DEBUG oslo.service.backend._threading.loopingcall [None req-829ebd0f-4702-4c4e-9bc1-18d3d4f4b152 None None] Dynamic interval looping call 'nova.service.Service.periodic_tasks' sleeping for 60.00 seconds {{(pid=98620) _run_loop /opt/stack/data/venv/lib/python3.12/site-packages/oslo_service/backend/_threading/loopingcall.py:125}}
Jun 23 07:52:02.950676 np0000003446 nova-conductor[98633]: DEBUG oslo.service.backend._threading.loopingcall [None req-20689d18-c8d2-4953-931f-35d1d8a5cad8 None None] Dynamic interval looping call 'nova.service.Service.periodic_tasks' sleeping for 60.00 seconds {{(pid=98633) _run_loop /opt/stack/data/venv/lib/python3.12/site-packages/oslo_service/backend/_threading/loopingcall.py:125}}
Jun 23 07:52:32.958814 np0000003446 nova-conductor[98628]: DEBUG oslo.service.backend._threading.loopingcall [None req-fa2b20d6-9249-4acd-a6d9-8af5e287a099 None None] Dynamic interval looping call 'nova.service.Service.periodic_tasks' sleeping for 60.00 seconds {{(pid=98628) _run_loop /opt/stack/data/venv/lib/python3.12/site-packages/oslo_service/backend/_threading/loopingcall.py:125}}
Jun 23 07:52:44.959355 np0000003446 nova-conductor[98639]: DEBUG oslo.service.backend._threading.loopingcall [None req-f805439e-cf71-465f-a15a-f986d1fd0014 None None] Dynamic interval looping call 'nova.service.Service.periodic_tasks' sleeping for 60.00 seconds {{(pid=98639) _run_loop /opt/stack/data/venv/lib/python3.12/site-packages/oslo_service/backend/_threading/loopingcall.py:125}}
Jun 23 07:52:47.955608 np0000003446 nova-conductor[98620]: DEBUG oslo.service.backend._threading.loopingcall [None req-829ebd0f-4702-4c4e-9bc1-18d3d4f4b152 None None] Dynamic interval looping call 'nova.service.Service.periodic_tasks' sleeping for 60.00 seconds {{(pid=98620) _run_loop /opt/stack/data/venv/lib/python3.12/site-packages/oslo_service/backend/_threading/loopingcall.py:125}}
Jun 23 07:53:02.951232 np0000003446 nova-conductor[98633]: DEBUG oslo.service.backend._threading.loopingcall [None req-20689d18-c8d2-4953-931f-35d1d8a5cad8 None None] Dynamic interval looping call 'nova.service.Service.periodic_tasks' sleeping for 60.00 seconds {{(pid=98633) _run_loop /opt/stack/data/venv/lib/python3.12/site-packages/oslo_service/backend/_threading/loopingcall.py:125}}
Jun 23 07:53:12.961261 np0000003446 nova-conductor[98633]: DEBUG oslo.service.backend._threading.loopingcall [-] Fixed interval looping call 'nova.servicegroup.drivers.db.DbDriver._report_state' sleeping for 119.99 seconds {{(pid=98633) _run_loop /opt/stack/data/venv/lib/python3.12/site-packages/oslo_service/backend/_threading/loopingcall.py:125}}
Jun 23 07:53:12.961882 np0000003446 nova-conductor[98620]: DEBUG oslo.service.backend._threading.loopingcall [-] Fixed interval looping call 'nova.servicegroup.drivers.db.DbDriver._report_state' sleeping for 119.99 seconds {{(pid=98620) _run_loop /opt/stack/data/venv/lib/python3.12/site-packages/oslo_service/backend/_threading/loopingcall.py:125}}
Jun 23 07:53:12.962507 np0000003446 nova-conductor[98628]: DEBUG oslo.service.backend._threading.loopingcall [-] Fixed interval looping call 'nova.servicegroup.drivers.db.DbDriver._report_state' sleeping for 119.99 seconds {{(pid=98628) _run_loop /opt/stack/data/venv/lib/python3.12/site-packages/oslo_service/backend/_threading/loopingcall.py:125}}
Jun 23 07:53:12.964597 np0000003446 nova-conductor[98639]: DEBUG oslo.service.backend._threading.loopingcall [-] Fixed interval looping call 'nova.servicegroup.drivers.db.DbDriver._report_state' sleeping for 119.99 seconds {{(pid=98639) _run_loop /opt/stack/data/venv/lib/python3.12/site-packages/oslo_service/backend/_threading/loopingcall.py:125}}
Jun 23 07:53:22.957222 np0000003446 nova-conductor[98633]: DEBUG dbcounter [-] [98633] Writing DB stats nova_cell0:SELECT=1,nova_cell0:UPDATE=1 {{(pid=98633) stat_writer /opt/stack/data/venv/lib/python3.12/site-packages/dbcounter.py:115}}
Jun 23 07:53:22.957757 np0000003446 nova-conductor[98620]: DEBUG dbcounter [-] [98620] Writing DB stats nova_cell0:SELECT=1,nova_cell0:UPDATE=1 {{(pid=98620) stat_writer /opt/stack/data/venv/lib/python3.12/site-packages/dbcounter.py:115}}
Jun 23 07:53:22.958582 np0000003446 nova-conductor[98628]: DEBUG dbcounter [-] [98628] Writing DB stats nova_cell0:SELECT=1,nova_cell0:UPDATE=1 {{(pid=98628) stat_writer /opt/stack/data/venv/lib/python3.12/site-packages/dbcounter.py:115}}
Jun 23 07:53:22.963309 np0000003446 nova-conductor[98639]: DEBUG dbcounter [-] [98639] Writing DB stats nova_cell0:SELECT=1,nova_cell0:UPDATE=1 {{(pid=98639) stat_writer /opt/stack/data/venv/lib/python3.12/site-packages/dbcounter.py:115}}
Jun 23 07:53:32.959398 np0000003446 nova-conductor[98628]: DEBUG oslo.service.backend._threading.loopingcall [None req-fa2b20d6-9249-4acd-a6d9-8af5e287a099 None None] Dynamic interval looping call 'nova.service.Service.periodic_tasks' sleeping for 60.00 seconds {{(pid=98628) _run_loop /opt/stack/data/venv/lib/python3.12/site-packages/oslo_service/backend/_threading/loopingcall.py:125}}
Jun 23 07:53:44.959805 np0000003446 nova-conductor[98639]: DEBUG oslo.service.backend._threading.loopingcall [None req-f805439e-cf71-465f-a15a-f986d1fd0014 None None] Dynamic interval looping call 'nova.service.Service.periodic_tasks' sleeping for 60.00 seconds {{(pid=98639) _run_loop /opt/stack/data/venv/lib/python3.12/site-packages/oslo_service/backend/_threading/loopingcall.py:125}}
Jun 23 07:53:47.956072 np0000003446 nova-conductor[98620]: DEBUG oslo.service.backend._threading.loopingcall [None req-829ebd0f-4702-4c4e-9bc1-18d3d4f4b152 None None] Dynamic interval looping call 'nova.service.Service.periodic_tasks' sleeping for 60.00 seconds {{(pid=98620) _run_loop /opt/stack/data/venv/lib/python3.12/site-packages/oslo_service/backend/_threading/loopingcall.py:125}}
Jun 23 07:54:02.951716 np0000003446 nova-conductor[98633]: DEBUG oslo.service.backend._threading.loopingcall [None req-20689d18-c8d2-4953-931f-35d1d8a5cad8 None None] Dynamic interval looping call 'nova.service.Service.periodic_tasks' sleeping for 60.00 seconds {{(pid=98633) _run_loop /opt/stack/data/venv/lib/python3.12/site-packages/oslo_service/backend/_threading/loopingcall.py:125}}
Jun 23 07:54:32.959844 np0000003446 nova-conductor[98628]: DEBUG oslo.service.backend._threading.loopingcall [None req-fa2b20d6-9249-4acd-a6d9-8af5e287a099 None None] Dynamic interval looping call 'nova.service.Service.periodic_tasks' sleeping for 60.00 seconds {{(pid=98628) _run_loop /opt/stack/data/venv/lib/python3.12/site-packages/oslo_service/backend/_threading/loopingcall.py:125}}
Jun 23 07:54:44.960322 np0000003446 nova-conductor[98639]: DEBUG oslo.service.backend._threading.loopingcall [None req-f805439e-cf71-465f-a15a-f986d1fd0014 None None] Dynamic interval looping call 'nova.service.Service.periodic_tasks' sleeping for 60.00 seconds {{(pid=98639) _run_loop /opt/stack/data/venv/lib/python3.12/site-packages/oslo_service/backend/_threading/loopingcall.py:125}}
Jun 23 07:54:47.956754 np0000003446 nova-conductor[98620]: DEBUG oslo.service.backend._threading.loopingcall [None req-829ebd0f-4702-4c4e-9bc1-18d3d4f4b152 None None] Dynamic interval looping call 'nova.service.Service.periodic_tasks' sleeping for 60.00 seconds {{(pid=98620) _run_loop /opt/stack/data/venv/lib/python3.12/site-packages/oslo_service/backend/_threading/loopingcall.py:125}}
Jun 23 07:55:02.952217 np0000003446 nova-conductor[98633]: DEBUG oslo.service.backend._threading.loopingcall [None req-20689d18-c8d2-4953-931f-35d1d8a5cad8 None None] Dynamic interval looping call 'nova.service.Service.periodic_tasks' sleeping for 60.00 seconds {{(pid=98633) _run_loop /opt/stack/data/venv/lib/python3.12/site-packages/oslo_service/backend/_threading/loopingcall.py:125}}
Jun 23 07:55:12.967985 np0000003446 nova-conductor[98633]: DEBUG oslo.service.backend._threading.loopingcall [-] Fixed interval looping call 'nova.servicegroup.drivers.db.DbDriver._report_state' sleeping for 119.98 seconds {{(pid=98633) _run_loop /opt/stack/data/venv/lib/python3.12/site-packages/oslo_service/backend/_threading/loopingcall.py:125}}
Jun 23 07:55:12.969459 np0000003446 nova-conductor[98620]: DEBUG oslo.service.backend._threading.loopingcall [-] Fixed interval looping call 'nova.servicegroup.drivers.db.DbDriver._report_state' sleeping for 119.98 seconds {{(pid=98620) _run_loop /opt/stack/data/venv/lib/python3.12/site-packages/oslo_service/backend/_threading/loopingcall.py:125}}
Jun 23 07:55:12.970176 np0000003446 nova-conductor[98628]: DEBUG oslo.service.backend._threading.loopingcall [-] Fixed interval looping call 'nova.servicegroup.drivers.db.DbDriver._report_state' sleeping for 119.98 seconds {{(pid=98628) _run_loop /opt/stack/data/venv/lib/python3.12/site-packages/oslo_service/backend/_threading/loopingcall.py:125}}
Jun 23 07:55:12.970988 np0000003446 nova-conductor[98639]: DEBUG oslo.service.backend._threading.loopingcall [-] Fixed interval looping call 'nova.servicegroup.drivers.db.DbDriver._report_state' sleeping for 119.98 seconds {{(pid=98639) _run_loop /opt/stack/data/venv/lib/python3.12/site-packages/oslo_service/backend/_threading/loopingcall.py:125}}
Jun 23 07:55:22.955375 np0000003446 nova-conductor[98633]: DEBUG dbcounter [-] [98633] Writing DB stats nova_cell0:SELECT=1,nova_cell0:UPDATE=1 {{(pid=98633) stat_writer /opt/stack/data/venv/lib/python3.12/site-packages/dbcounter.py:115}}
Jun 23 07:55:22.955737 np0000003446 nova-conductor[98620]: DEBUG dbcounter [-] [98620] Writing DB stats nova_cell0:SELECT=1,nova_cell0:UPDATE=1 {{(pid=98620) stat_writer /opt/stack/data/venv/lib/python3.12/site-packages/dbcounter.py:115}}
Jun 23 07:55:22.956974 np0000003446 nova-conductor[98628]: DEBUG dbcounter [-] [98628] Writing DB stats nova_cell0:SELECT=1,nova_cell0:UPDATE=1 {{(pid=98628) stat_writer /opt/stack/data/venv/lib/python3.12/site-packages/dbcounter.py:115}}
Jun 23 07:55:22.958176 np0000003446 nova-conductor[98639]: DEBUG dbcounter [-] [98639] Writing DB stats nova_cell0:SELECT=1,nova_cell0:UPDATE=1 {{(pid=98639) stat_writer /opt/stack/data/venv/lib/python3.12/site-packages/dbcounter.py:115}}
Jun 23 07:55:29.340430 np0000003446 nova-conductor[98633]: DEBUG oslo_db.sqlalchemy.engines [None req-985b19b9-4d7d-4016-ba1f-ec161d6dba07 tempest-DeleteServersTestJSON-965565120 tempest-DeleteServersTestJSON-965565120-project-member] Parent process 97125 forked (98633) with an open database connection, which is being discarded and recreated. {{(pid=98633) checkout /opt/stack/data/venv/lib/python3.12/site-packages/oslo_db/sqlalchemy/engines.py:402}}
Jun 23 07:55:29.376633 np0000003446 nova-conductor[98633]: DEBUG dbcounter [-] [98633] Writer thread running {{(pid=98633) stat_writer /opt/stack/data/venv/lib/python3.12/site-packages/dbcounter.py:102}}
Jun 23 07:55:30.399131 np0000003446 nova-conductor[98633]: DEBUG nova.conductor.manager [None req-985b19b9-4d7d-4016-ba1f-ec161d6dba07 tempest-DeleteServersTestJSON-965565120 tempest-DeleteServersTestJSON-965565120-project-member] Took 1.02 seconds to select destinations for 1 instance(s). {{(pid=98633) _schedule_instances /opt/stack/nova/nova/conductor/manager.py:968}}
Jun 23 07:55:30.425186 np0000003446 nova-conductor[98633]: DEBUG oslo_concurrency.lockutils [None req-985b19b9-4d7d-4016-ba1f-ec161d6dba07 tempest-DeleteServersTestJSON-965565120 tempest-DeleteServersTestJSON-965565120-project-member] Acquiring lock "6157e3d6-92cb-4366-bd0e-212251acdd78" by "nova.context.set_target_cell..get_or_set_cached_cell_and_set_connections" {{(pid=98633) inner /opt/stack/data/venv/lib/python3.12/site-packages/oslo_concurrency/lockutils.py:511}}
Jun 23 07:55:30.425400 np0000003446 nova-conductor[98633]: DEBUG oslo_concurrency.lockutils [None req-985b19b9-4d7d-4016-ba1f-ec161d6dba07 tempest-DeleteServersTestJSON-965565120 tempest-DeleteServersTestJSON-965565120-project-member] Lock "6157e3d6-92cb-4366-bd0e-212251acdd78" acquired by "nova.context.set_target_cell..get_or_set_cached_cell_and_set_connections" :: waited 0.000s {{(pid=98633) inner /opt/stack/data/venv/lib/python3.12/site-packages/oslo_concurrency/lockutils.py:524}}
Jun 23 07:55:30.426511 np0000003446 nova-conductor[98633]: DEBUG oslo_concurrency.lockutils [None req-985b19b9-4d7d-4016-ba1f-ec161d6dba07 tempest-DeleteServersTestJSON-965565120 tempest-DeleteServersTestJSON-965565120-project-member] Lock "6157e3d6-92cb-4366-bd0e-212251acdd78" "released" by "nova.context.set_target_cell..get_or_set_cached_cell_and_set_connections" :: held 0.001s {{(pid=98633) inner /opt/stack/data/venv/lib/python3.12/site-packages/oslo_concurrency/lockutils.py:543}}
Jun 23 07:55:30.428135 np0000003446 nova-conductor[98633]: INFO dbcounter [None req-985b19b9-4d7d-4016-ba1f-ec161d6dba07 tempest-DeleteServersTestJSON-965565120 tempest-DeleteServersTestJSON-965565120-project-member] Registered counter for database nova_cell1
Jun 23 07:55:30.478108 np0000003446 nova-conductor[98633]: DEBUG oslo_db.sqlalchemy.engines [None req-985b19b9-4d7d-4016-ba1f-ec161d6dba07 tempest-DeleteServersTestJSON-965565120 tempest-DeleteServersTestJSON-965565120-project-member] MySQL server mode set to STRICT_TRANS_TABLES,STRICT_ALL_TABLES,NO_ZERO_IN_DATE,NO_ZERO_DATE,ERROR_FOR_DIVISION_BY_ZERO,TRADITIONAL,NO_ENGINE_SUBSTITUTION {{(pid=98633) _check_effective_sql_mode /opt/stack/data/venv/lib/python3.12/site-packages/oslo_db/sqlalchemy/engines.py:325}}
Jun 23 07:55:30.484407 np0000003446 nova-conductor[98633]: DEBUG dbcounter [-] [98633] Writer thread running {{(pid=98633) stat_writer /opt/stack/data/venv/lib/python3.12/site-packages/dbcounter.py:102}}
Jun 23 07:55:30.563421 np0000003446 nova-conductor[98633]: INFO nova.utils [None req-985b19b9-4d7d-4016-ba1f-ec161d6dba07 tempest-DeleteServersTestJSON-965565120 tempest-DeleteServersTestJSON-965565120-project-member] The cell worker thread pool ForkProcess-3.cell_worker is initialized
Jun 23 07:55:30.563544 np0000003446 nova-conductor[98633]: DEBUG oslo_concurrency.lockutils [None req-985b19b9-4d7d-4016-ba1f-ec161d6dba07 tempest-DeleteServersTestJSON-965565120 tempest-DeleteServersTestJSON-965565120-project-member] Acquiring lock "00000000-0000-0000-0000-000000000000" by "nova.context.set_target_cell..get_or_set_cached_cell_and_set_connections" {{(pid=98633) inner /opt/stack/data/venv/lib/python3.12/site-packages/oslo_concurrency/lockutils.py:511}}
Jun 23 07:55:30.563696 np0000003446 nova-conductor[98633]: DEBUG oslo_concurrency.lockutils [None req-985b19b9-4d7d-4016-ba1f-ec161d6dba07 tempest-DeleteServersTestJSON-965565120 tempest-DeleteServersTestJSON-965565120-project-member] Lock "00000000-0000-0000-0000-000000000000" acquired by "nova.context.set_target_cell..get_or_set_cached_cell_and_set_connections" :: waited 0.000s {{(pid=98633) inner /opt/stack/data/venv/lib/python3.12/site-packages/oslo_concurrency/lockutils.py:524}}
Jun 23 07:55:30.564023 np0000003446 nova-conductor[98633]: DEBUG oslo_concurrency.lockutils [None req-985b19b9-4d7d-4016-ba1f-ec161d6dba07 tempest-DeleteServersTestJSON-965565120 tempest-DeleteServersTestJSON-965565120-project-member] Lock "00000000-0000-0000-0000-000000000000" "released" by "nova.context.set_target_cell..get_or_set_cached_cell_and_set_connections" :: held 0.000s {{(pid=98633) inner /opt/stack/data/venv/lib/python3.12/site-packages/oslo_concurrency/lockutils.py:543}}
Jun 23 07:55:30.564654 np0000003446 nova-conductor[98633]: DEBUG oslo_concurrency.lockutils [None req-985b19b9-4d7d-4016-ba1f-ec161d6dba07 tempest-DeleteServersTestJSON-965565120 tempest-DeleteServersTestJSON-965565120-project-member] Acquiring lock "6157e3d6-92cb-4366-bd0e-212251acdd78" by "nova.context.set_target_cell..get_or_set_cached_cell_and_set_connections" {{(pid=98633) inner /opt/stack/data/venv/lib/python3.12/site-packages/oslo_concurrency/lockutils.py:511}}
Jun 23 07:55:30.564774 np0000003446 nova-conductor[98633]: DEBUG oslo_concurrency.lockutils [None req-985b19b9-4d7d-4016-ba1f-ec161d6dba07 tempest-DeleteServersTestJSON-965565120 tempest-DeleteServersTestJSON-965565120-project-member] Lock "6157e3d6-92cb-4366-bd0e-212251acdd78" acquired by "nova.context.set_target_cell..get_or_set_cached_cell_and_set_connections" :: waited 0.000s {{(pid=98633) inner /opt/stack/data/venv/lib/python3.12/site-packages/oslo_concurrency/lockutils.py:524}}
Jun 23 07:55:30.566255 np0000003446 nova-conductor[98633]: INFO dbcounter [None req-985b19b9-4d7d-4016-ba1f-ec161d6dba07 tempest-DeleteServersTestJSON-965565120 tempest-DeleteServersTestJSON-965565120-project-member] Registered counter for database nova_cell0
Jun 23 07:55:30.567225 np0000003446 nova-conductor[98633]: DEBUG oslo_concurrency.lockutils [None req-985b19b9-4d7d-4016-ba1f-ec161d6dba07 tempest-DeleteServersTestJSON-965565120 tempest-DeleteServersTestJSON-965565120-project-member] Lock "6157e3d6-92cb-4366-bd0e-212251acdd78" "released" by "nova.context.set_target_cell..get_or_set_cached_cell_and_set_connections" :: held 0.001s {{(pid=98633) inner /opt/stack/data/venv/lib/python3.12/site-packages/oslo_concurrency/lockutils.py:543}}
Jun 23 07:55:30.604819 np0000003446 nova-conductor[98633]: DEBUG oslo_db.sqlalchemy.engines [None req-985b19b9-4d7d-4016-ba1f-ec161d6dba07 tempest-DeleteServersTestJSON-965565120 tempest-DeleteServersTestJSON-965565120-project-member] MySQL server mode set to STRICT_TRANS_TABLES,STRICT_ALL_TABLES,NO_ZERO_IN_DATE,NO_ZERO_DATE,ERROR_FOR_DIVISION_BY_ZERO,TRADITIONAL,NO_ENGINE_SUBSTITUTION {{(pid=98633) _check_effective_sql_mode /opt/stack/data/venv/lib/python3.12/site-packages/oslo_db/sqlalchemy/engines.py:325}}
Jun 23 07:55:30.611341 np0000003446 nova-conductor[98633]: DEBUG dbcounter [-] [98633] Writer thread running {{(pid=98633) stat_writer /opt/stack/data/venv/lib/python3.12/site-packages/dbcounter.py:102}}
Jun 23 07:55:30.623121 np0000003446 nova-conductor[98633]: DEBUG nova.quota [None req-985b19b9-4d7d-4016-ba1f-ec161d6dba07 tempest-DeleteServersTestJSON-965565120 tempest-DeleteServersTestJSON-965565120-project-member] Getting quotas for project ba72cdec0a964620acf206fd6cd7a981. Resources: {'ram', 'instances', 'cores'} {{(pid=98633) _get_quotas /opt/stack/nova/nova/quota.py:392}}
Jun 23 07:55:30.627544 np0000003446 nova-conductor[98633]: DEBUG nova.quota [None req-985b19b9-4d7d-4016-ba1f-ec161d6dba07 tempest-DeleteServersTestJSON-965565120 tempest-DeleteServersTestJSON-965565120-project-member] Getting quotas for user d0da865c340b4b8ba41acbf9c0078ad9 and project ba72cdec0a964620acf206fd6cd7a981. Resources: {'ram', 'instances', 'cores'} {{(pid=98633) _get_quotas /opt/stack/nova/nova/quota.py:382}}
Jun 23 07:55:30.632707 np0000003446 nova-conductor[98633]: DEBUG nova.conductor.manager [None req-985b19b9-4d7d-4016-ba1f-ec161d6dba07 tempest-DeleteServersTestJSON-965565120 tempest-DeleteServersTestJSON-965565120-project-member] [instance: 1664ecec-048e-425a-849f-dd6b634c9458] Selected host: np0000003446; Selected node: np0000003446; Alternates: [] {{(pid=98633) schedule_and_build_instances /opt/stack/nova/nova/conductor/manager.py:1784}}
Jun 23 07:55:30.633229 np0000003446 nova-conductor[98633]: DEBUG oslo_concurrency.lockutils [None req-985b19b9-4d7d-4016-ba1f-ec161d6dba07 tempest-DeleteServersTestJSON-965565120 tempest-DeleteServersTestJSON-965565120-project-member] Acquiring lock "6157e3d6-92cb-4366-bd0e-212251acdd78" by "nova.context.set_target_cell..get_or_set_cached_cell_and_set_connections" {{(pid=98633) inner /opt/stack/data/venv/lib/python3.12/site-packages/oslo_concurrency/lockutils.py:511}}
