Jun 19 04:56:26.186421 np0000003236 nova-scheduler[95705]: DEBUG cotyledon.oslo_config_glue [-] oslo_limit.certfile = None {{(pid=95705) log_opt_values /opt/stack/data/venv/lib/python3.12/site-packages/oslo_config/cfg.py:3253}}
Jun 19 04:56:26.186421 np0000003236 nova-scheduler[95705]: DEBUG cotyledon.oslo_config_glue [-] oslo_limit.collect_timing = False {{(pid=95705) log_opt_values /opt/stack/data/venv/lib/python3.12/site-packages/oslo_config/cfg.py:3253}}
Jun 19 04:56:26.186421 np0000003236 nova-scheduler[95705]: DEBUG cotyledon.oslo_config_glue [-] oslo_limit.connect_retries = None {{(pid=95705) log_opt_values /opt/stack/data/venv/lib/python3.12/site-packages/oslo_config/cfg.py:3253}}
Jun 19 04:56:26.186421 np0000003236 nova-scheduler[95705]: DEBUG cotyledon.oslo_config_glue [-] oslo_limit.connect_retry_delay = None {{(pid=95705) log_opt_values /opt/stack/data/venv/lib/python3.12/site-packages/oslo_config/cfg.py:3253}}
Jun 19 04:56:26.186421 np0000003236 nova-scheduler[95705]: DEBUG cotyledon.oslo_config_glue [-] oslo_limit.endpoint_id = None {{(pid=95705) log_opt_values /opt/stack/data/venv/lib/python3.12/site-packages/oslo_config/cfg.py:3253}}
Jun 19 04:56:26.186421 np0000003236 nova-scheduler[95705]: DEBUG cotyledon.oslo_config_glue [-] oslo_limit.endpoint_interface = public {{(pid=95705) log_opt_values /opt/stack/data/venv/lib/python3.12/site-packages/oslo_config/cfg.py:3253}}
Jun 19 04:56:26.186421 np0000003236 nova-scheduler[95705]: DEBUG cotyledon.oslo_config_glue [-] oslo_limit.endpoint_override = None {{(pid=95705) log_opt_values /opt/stack/data/venv/lib/python3.12/site-packages/oslo_config/cfg.py:3253}}
Jun 19 04:56:26.186421 np0000003236 nova-scheduler[95705]: DEBUG cotyledon.oslo_config_glue [-] oslo_limit.endpoint_region_name = None {{(pid=95705) log_opt_values /opt/stack/data/venv/lib/python3.12/site-packages/oslo_config/cfg.py:3253}}
Jun 19 04:56:26.186664 np0000003236 nova-scheduler[95705]: DEBUG cotyledon.oslo_config_glue [-] oslo_limit.endpoint_service_name = None {{(pid=95705) log_opt_values /opt/stack/data/venv/lib/python3.12/site-packages/oslo_config/cfg.py:3253}}
Jun 19 04:56:26.186664 np0000003236 nova-scheduler[95705]: DEBUG cotyledon.oslo_config_glue [-] oslo_limit.endpoint_service_type = None {{(pid=95705) log_opt_values /opt/stack/data/venv/lib/python3.12/site-packages/oslo_config/cfg.py:3253}}
Jun 19 04:56:26.186664 np0000003236 nova-scheduler[95705]: DEBUG cotyledon.oslo_config_glue [-] oslo_limit.insecure = False {{(pid=95705) log_opt_values /opt/stack/data/venv/lib/python3.12/site-packages/oslo_config/cfg.py:3253}}
Jun 19 04:56:26.186664 np0000003236 nova-scheduler[95705]: DEBUG cotyledon.oslo_config_glue [-] oslo_limit.keyfile = None {{(pid=95705) log_opt_values /opt/stack/data/venv/lib/python3.12/site-packages/oslo_config/cfg.py:3253}}
Jun 19 04:56:26.186664 np0000003236 nova-scheduler[95705]: DEBUG cotyledon.oslo_config_glue [-] oslo_limit.max_version = None {{(pid=95705) log_opt_values /opt/stack/data/venv/lib/python3.12/site-packages/oslo_config/cfg.py:3253}}
Jun 19 04:56:26.186664 np0000003236 nova-scheduler[95705]: DEBUG cotyledon.oslo_config_glue [-] oslo_limit.min_version = None {{(pid=95705) log_opt_values /opt/stack/data/venv/lib/python3.12/site-packages/oslo_config/cfg.py:3253}}
Jun 19 04:56:26.186664 np0000003236 nova-scheduler[95705]: DEBUG cotyledon.oslo_config_glue [-] oslo_limit.region_name = None {{(pid=95705) log_opt_values /opt/stack/data/venv/lib/python3.12/site-packages/oslo_config/cfg.py:3253}}
Jun 19 04:56:26.186664 np0000003236 nova-scheduler[95705]: DEBUG cotyledon.oslo_config_glue [-] oslo_limit.retriable_status_codes = None {{(pid=95705) log_opt_values /opt/stack/data/venv/lib/python3.12/site-packages/oslo_config/cfg.py:3253}}
Jun 19 04:56:26.186664 np0000003236 nova-scheduler[95705]: DEBUG cotyledon.oslo_config_glue [-] oslo_limit.service_name = None {{(pid=95705) log_opt_values /opt/stack/data/venv/lib/python3.12/site-packages/oslo_config/cfg.py:3253}}
Jun 19 04:56:26.186943 np0000003236 nova-scheduler[95705]: DEBUG cotyledon.oslo_config_glue [-] oslo_limit.service_type = None {{(pid=95705) log_opt_values /opt/stack/data/venv/lib/python3.12/site-packages/oslo_config/cfg.py:3253}}
Jun 19 04:56:26.186943 np0000003236 nova-scheduler[95705]: DEBUG cotyledon.oslo_config_glue [-] oslo_limit.split_loggers = False {{(pid=95705) log_opt_values /opt/stack/data/venv/lib/python3.12/site-packages/oslo_config/cfg.py:3253}}
Jun 19 04:56:26.186943 np0000003236 nova-scheduler[95705]: DEBUG cotyledon.oslo_config_glue [-] oslo_limit.status_code_retries = None {{(pid=95705) log_opt_values /opt/stack/data/venv/lib/python3.12/site-packages/oslo_config/cfg.py:3253}}
Jun 19 04:56:26.186943 np0000003236 nova-scheduler[95705]: DEBUG cotyledon.oslo_config_glue [-] oslo_limit.status_code_retry_delay = None {{(pid=95705) log_opt_values /opt/stack/data/venv/lib/python3.12/site-packages/oslo_config/cfg.py:3253}}
Jun 19 04:56:26.186943 np0000003236 nova-scheduler[95705]: DEBUG cotyledon.oslo_config_glue [-] oslo_limit.timeout = None {{(pid=95705) log_opt_values /opt/stack/data/venv/lib/python3.12/site-packages/oslo_config/cfg.py:3253}}
Jun 19 04:56:26.186943 np0000003236 nova-scheduler[95705]: DEBUG cotyledon.oslo_config_glue [-] oslo_limit.valid_interfaces = None {{(pid=95705) log_opt_values /opt/stack/data/venv/lib/python3.12/site-packages/oslo_config/cfg.py:3253}}
Jun 19 04:56:26.186943 np0000003236 nova-scheduler[95705]: DEBUG cotyledon.oslo_config_glue [-] oslo_limit.version = None {{(pid=95705) log_opt_values /opt/stack/data/venv/lib/python3.12/site-packages/oslo_config/cfg.py:3253}}
Jun 19 04:56:26.186943 np0000003236 nova-scheduler[95705]: DEBUG cotyledon.oslo_config_glue [-] oslo_reports.file_event_handler = None {{(pid=95705) log_opt_values /opt/stack/data/venv/lib/python3.12/site-packages/oslo_config/cfg.py:3253}}
Jun 19 04:56:26.186943 np0000003236 nova-scheduler[95705]: DEBUG cotyledon.oslo_config_glue [-] oslo_reports.file_event_handler_interval = 1 {{(pid=95705) log_opt_values /opt/stack/data/venv/lib/python3.12/site-packages/oslo_config/cfg.py:3253}}
Jun 19 04:56:26.187138 np0000003236 nova-scheduler[95705]: DEBUG cotyledon.oslo_config_glue [-] oslo_reports.log_dir = None {{(pid=95705) log_opt_values /opt/stack/data/venv/lib/python3.12/site-packages/oslo_config/cfg.py:3253}}
Jun 19 04:56:26.187138 np0000003236 nova-scheduler[95705]: DEBUG cotyledon.oslo_config_glue [-] ******************************************************************************** {{(pid=95705) log_opt_values /opt/stack/data/venv/lib/python3.12/site-packages/oslo_config/cfg.py:3260}}
Jun 19 04:56:26.187138 np0000003236 nova-scheduler[95705]: DEBUG cotyledon._service_worker [-] Run service ServiceWrapper(2) [95705] {{(pid=95705) wait_forever /opt/stack/data/venv/lib/python3.12/site-packages/cotyledon/_service_worker.py:218}}
Jun 19 04:56:26.187233 np0000003236 nova-scheduler[95688]: DEBUG oslo_db.sqlalchemy.engines [None req-dcaac229-ddcd-486d-a4ed-5e6faf543cfc None None] MySQL server mode set to STRICT_TRANS_TABLES,STRICT_ALL_TABLES,NO_ZERO_IN_DATE,NO_ZERO_DATE,ERROR_FOR_DIVISION_BY_ZERO,TRADITIONAL,NO_ENGINE_SUBSTITUTION {{(pid=95688) _check_effective_sql_mode /opt/stack/data/venv/lib/python3.12/site-packages/oslo_db/sqlalchemy/engines.py:325}}
Jun 19 04:56:26.187262 np0000003236 nova-scheduler[95705]: INFO nova.service [-] Starting scheduler node (version 33.1.0)
Jun 19 04:56:26.187262 np0000003236 nova-scheduler[95705]: INFO dbcounter [None req-d56ccc44-47e2-4568-aea9-bce83d781ac2 None None] Registered counter for database nova_cell0
Jun 19 04:56:26.187326 np0000003236 nova-scheduler[95654]: DEBUG oslo_db.sqlalchemy.engines [None req-80aa9c11-11b2-46f1-a086-4de9172fa7dc None None] MySQL server mode set to STRICT_TRANS_TABLES,STRICT_ALL_TABLES,NO_ZERO_IN_DATE,NO_ZERO_DATE,ERROR_FOR_DIVISION_BY_ZERO,TRADITIONAL,NO_ENGINE_SUBSTITUTION {{(pid=95654) _check_effective_sql_mode /opt/stack/data/venv/lib/python3.12/site-packages/oslo_db/sqlalchemy/engines.py:325}}
Jun 19 04:56:26.189395 np0000003236 nova-scheduler[95688]: DEBUG dbcounter [-] [95688] Writer thread running {{(pid=95688) stat_writer /opt/stack/data/venv/lib/python3.12/site-packages/dbcounter.py:102}}
Jun 19 04:56:26.202951 np0000003236 nova-scheduler[95654]: DEBUG dbcounter [-] [95654] Writer thread running {{(pid=95654) stat_writer /opt/stack/data/venv/lib/python3.12/site-packages/dbcounter.py:102}}
Jun 19 04:56:26.206794 np0000003236 nova-scheduler[95688]: DEBUG nova.service [None req-dcaac229-ddcd-486d-a4ed-5e6faf543cfc None None] Creating RPC server for service: nova-scheduler on topic: scheduler {{(pid=95688) start /opt/stack/nova/nova/service.py:196}}
Jun 19 04:56:26.230008 np0000003236 nova-scheduler[95654]: DEBUG nova.service [None req-80aa9c11-11b2-46f1-a086-4de9172fa7dc None None] Creating RPC server for service: nova-scheduler on topic: scheduler {{(pid=95654) start /opt/stack/nova/nova/service.py:196}}
Jun 19 04:56:26.233771 np0000003236 nova-scheduler[95705]: DEBUG oslo_db.sqlalchemy.engines [None req-d56ccc44-47e2-4568-aea9-bce83d781ac2 None None] MySQL server mode set to STRICT_TRANS_TABLES,STRICT_ALL_TABLES,NO_ZERO_IN_DATE,NO_ZERO_DATE,ERROR_FOR_DIVISION_BY_ZERO,TRADITIONAL,NO_ENGINE_SUBSTITUTION {{(pid=95705) _check_effective_sql_mode /opt/stack/data/venv/lib/python3.12/site-packages/oslo_db/sqlalchemy/engines.py:325}}
Jun 19 04:56:26.243235 np0000003236 nova-scheduler[95705]: DEBUG dbcounter [-] [95705] Writer thread running {{(pid=95705) stat_writer /opt/stack/data/venv/lib/python3.12/site-packages/dbcounter.py:102}}
Jun 19 04:56:26.245904 np0000003236 nova-scheduler[95705]: DEBUG nova.service [None req-d56ccc44-47e2-4568-aea9-bce83d781ac2 None None] Creating RPC server for service: nova-scheduler on topic: scheduler {{(pid=95705) start /opt/stack/nova/nova/service.py:196}}
Jun 19 04:56:26.250130 np0000003236 nova-scheduler[95688]: DEBUG nova.service [None req-dcaac229-ddcd-486d-a4ed-5e6faf543cfc None None] Join ServiceGroup membership for this service scheduler {{(pid=95688) start /opt/stack/nova/nova/service.py:222}}
Jun 19 04:56:26.250214 np0000003236 nova-scheduler[95688]: DEBUG nova.servicegroup.drivers.db [None req-dcaac229-ddcd-486d-a4ed-5e6faf543cfc None None] DB_Driver: join new ServiceGroup member np0000003236 to the scheduler group, service = {{(pid=95688) join /opt/stack/nova/nova/servicegroup/drivers/db.py:44}}
Jun 19 04:56:26.259988 np0000003236 nova-scheduler[95654]: DEBUG nova.service [None req-80aa9c11-11b2-46f1-a086-4de9172fa7dc None None] Join ServiceGroup membership for this service scheduler {{(pid=95654) start /opt/stack/nova/nova/service.py:222}}
Jun 19 04:56:26.260124 np0000003236 nova-scheduler[95654]: DEBUG nova.servicegroup.drivers.db [None req-80aa9c11-11b2-46f1-a086-4de9172fa7dc None None] DB_Driver: join new ServiceGroup member np0000003236 to the scheduler group, service = {{(pid=95654) join /opt/stack/nova/nova/servicegroup/drivers/db.py:44}}
Jun 19 04:56:26.267588 np0000003236 nova-scheduler[95705]: DEBUG nova.service [None req-d56ccc44-47e2-4568-aea9-bce83d781ac2 None None] Join ServiceGroup membership for this service scheduler {{(pid=95705) start /opt/stack/nova/nova/service.py:222}}
Jun 19 04:56:26.268249 np0000003236 nova-scheduler[95705]: DEBUG nova.servicegroup.drivers.db [None req-d56ccc44-47e2-4568-aea9-bce83d781ac2 None None] DB_Driver: join new ServiceGroup member np0000003236 to the scheduler group, service = {{(pid=95705) join /opt/stack/nova/nova/servicegroup/drivers/db.py:44}}
Jun 19 04:56:31.265237 np0000003236 nova-scheduler[95688]: DEBUG oslo.service.backend._threading.loopingcall [-] Fixed interval looping call 'nova.servicegroup.drivers.db.DbDriver._report_state' sleeping for 119.99 seconds {{(pid=95688) _run_loop /opt/stack/data/venv/lib/python3.12/site-packages/oslo_service/backend/_threading/loopingcall.py:125}}
Jun 19 04:56:31.269254 np0000003236 nova-scheduler[95654]: DEBUG oslo.service.backend._threading.loopingcall [-] Fixed interval looping call 'nova.servicegroup.drivers.db.DbDriver._report_state' sleeping for 119.99 seconds {{(pid=95654) _run_loop /opt/stack/data/venv/lib/python3.12/site-packages/oslo_service/backend/_threading/loopingcall.py:125}}
Jun 19 04:56:31.279204 np0000003236 nova-scheduler[95705]: DEBUG oslo.service.backend._threading.loopingcall [-] Fixed interval looping call 'nova.servicegroup.drivers.db.DbDriver._report_state' sleeping for 119.99 seconds {{(pid=95705) _run_loop /opt/stack/data/venv/lib/python3.12/site-packages/oslo_service/backend/_threading/loopingcall.py:125}}
Jun 19 04:56:34.781685 np0000003236 nova-scheduler[94424]: DEBUG dbcounter [-] [94424] Writing DB stats nova_api:SELECT=3 {{(pid=94424) stat_writer /opt/stack/data/venv/lib/python3.12/site-packages/dbcounter.py:115}}
Jun 19 04:56:34.919751 np0000003236 nova-scheduler[94424]: DEBUG dbcounter [-] [94424] Writing DB stats nova_cell1:SELECT=1 {{(pid=94424) stat_writer /opt/stack/data/venv/lib/python3.12/site-packages/dbcounter.py:115}}
Jun 19 04:56:34.923932 np0000003236 nova-scheduler[94424]: DEBUG dbcounter [-] [94424] Writing DB stats nova_cell0:SELECT=1 {{(pid=94424) stat_writer /opt/stack/data/venv/lib/python3.12/site-packages/dbcounter.py:115}}
Jun 19 04:56:41.261108 np0000003236 nova-scheduler[95688]: DEBUG dbcounter [-] [95688] Writing DB stats nova_cell0:SELECT=4,nova_cell0:INSERT=1,nova_cell0:UPDATE=1 {{(pid=95688) stat_writer /opt/stack/data/venv/lib/python3.12/site-packages/dbcounter.py:115}}
Jun 19 04:56:41.267803 np0000003236 nova-scheduler[95654]: DEBUG dbcounter [-] [95654] Writing DB stats nova_cell0:SELECT=4,nova_cell0:INSERT=1 {{(pid=95654) stat_writer /opt/stack/data/venv/lib/python3.12/site-packages/dbcounter.py:115}}
Jun 19 04:56:41.276177 np0000003236 nova-scheduler[95705]: DEBUG dbcounter [-] [95705] Writing DB stats nova_cell0:SELECT=3 {{(pid=95705) stat_writer /opt/stack/data/venv/lib/python3.12/site-packages/dbcounter.py:115}}
Jun 19 04:56:45.252947 np0000003236 nova-scheduler[95688]: DEBUG oslo.service.backend._threading.loopingcall [None req-cf4f3dac-aebd-41af-b9ef-c17ed603a3b6 None None] Dynamic interval looping call 'nova.service.Service.periodic_tasks' sleeping for 60.00 seconds {{(pid=95688) _run_loop /opt/stack/data/venv/lib/python3.12/site-packages/oslo_service/backend/_threading/loopingcall.py:125}}
Jun 19 04:56:46.270040 np0000003236 nova-scheduler[95705]: DEBUG oslo.service.backend._threading.loopingcall [None req-8d79bb17-530c-479a-9018-10ec74532586 None None] Dynamic interval looping call 'nova.service.Service.periodic_tasks' sleeping for 60.00 seconds {{(pid=95705) _run_loop /opt/stack/data/venv/lib/python3.12/site-packages/oslo_service/backend/_threading/loopingcall.py:125}}
Jun 19 04:56:52.264096 np0000003236 nova-scheduler[95654]: DEBUG oslo.service.backend._threading.loopingcall [None req-9332d0c0-4c76-4714-a627-7a83e29e1bfa None None] Dynamic interval looping call 'nova.service.Service.periodic_tasks' sleeping for 60.00 seconds {{(pid=95654) _run_loop /opt/stack/data/venv/lib/python3.12/site-packages/oslo_service/backend/_threading/loopingcall.py:125}}
Jun 19 04:57:45.253450 np0000003236 nova-scheduler[95688]: DEBUG oslo.service.backend._threading.loopingcall [None req-cf4f3dac-aebd-41af-b9ef-c17ed603a3b6 None None] Dynamic interval looping call 'nova.service.Service.periodic_tasks' sleeping for 60.00 seconds {{(pid=95688) _run_loop /opt/stack/data/venv/lib/python3.12/site-packages/oslo_service/backend/_threading/loopingcall.py:125}}
Jun 19 04:57:46.270425 np0000003236 nova-scheduler[95705]: DEBUG oslo.service.backend._threading.loopingcall [None req-8d79bb17-530c-479a-9018-10ec74532586 None None] Dynamic interval looping call 'nova.service.Service.periodic_tasks' sleeping for 60.00 seconds {{(pid=95705) _run_loop /opt/stack/data/venv/lib/python3.12/site-packages/oslo_service/backend/_threading/loopingcall.py:125}}
Jun 19 04:57:52.264598 np0000003236 nova-scheduler[95654]: DEBUG oslo.service.backend._threading.loopingcall [None req-9332d0c0-4c76-4714-a627-7a83e29e1bfa None None] Dynamic interval looping call 'nova.service.Service.periodic_tasks' sleeping for 60.00 seconds {{(pid=95654) _run_loop /opt/stack/data/venv/lib/python3.12/site-packages/oslo_service/backend/_threading/loopingcall.py:125}}
Jun 19 04:58:31.266731 np0000003236 nova-scheduler[95688]: DEBUG oslo.service.backend._threading.loopingcall [-] Fixed interval looping call 'nova.servicegroup.drivers.db.DbDriver._report_state' sleeping for 119.99 seconds {{(pid=95688) _run_loop /opt/stack/data/venv/lib/python3.12/site-packages/oslo_service/backend/_threading/loopingcall.py:125}}
Jun 19 04:58:31.267476 np0000003236 nova-scheduler[95654]: DEBUG oslo.service.backend._threading.loopingcall [-] Fixed interval looping call 'nova.servicegroup.drivers.db.DbDriver._report_state' sleeping for 119.99 seconds {{(pid=95654) _run_loop /opt/stack/data/venv/lib/python3.12/site-packages/oslo_service/backend/_threading/loopingcall.py:125}}
Jun 19 04:58:31.273609 np0000003236 nova-scheduler[95705]: DEBUG oslo.service.backend._threading.loopingcall [-] Fixed interval looping call 'nova.servicegroup.drivers.db.DbDriver._report_state' sleeping for 120.00 seconds {{(pid=95705) _run_loop /opt/stack/data/venv/lib/python3.12/site-packages/oslo_service/backend/_threading/loopingcall.py:125}}
Jun 19 04:58:41.259809 np0000003236 nova-scheduler[95688]: DEBUG dbcounter [-] [95688] Writing DB stats nova_cell0:SELECT=1,nova_cell0:UPDATE=1 {{(pid=95688) stat_writer /opt/stack/data/venv/lib/python3.12/site-packages/dbcounter.py:115}}
Jun 19 04:58:41.264817 np0000003236 nova-scheduler[95654]: DEBUG dbcounter [-] [95654] Writing DB stats nova_cell0:SELECT=1,nova_cell0:UPDATE=1 {{(pid=95654) stat_writer /opt/stack/data/venv/lib/python3.12/site-packages/dbcounter.py:115}}
Jun 19 04:58:41.271269 np0000003236 nova-scheduler[95705]: DEBUG dbcounter [-] [95705] Writing DB stats nova_cell0:SELECT=1 {{(pid=95705) stat_writer /opt/stack/data/venv/lib/python3.12/site-packages/dbcounter.py:115}}
Jun 19 04:58:45.254204 np0000003236 nova-scheduler[95688]: DEBUG oslo.service.backend._threading.loopingcall [None req-cf4f3dac-aebd-41af-b9ef-c17ed603a3b6 None None] Dynamic interval looping call 'nova.service.Service.periodic_tasks' sleeping for 60.00 seconds {{(pid=95688) _run_loop /opt/stack/data/venv/lib/python3.12/site-packages/oslo_service/backend/_threading/loopingcall.py:125}}
Jun 19 04:58:46.270953 np0000003236 nova-scheduler[95705]: DEBUG oslo.service.backend._threading.loopingcall [None req-8d79bb17-530c-479a-9018-10ec74532586 None None] Dynamic interval looping call 'nova.service.Service.periodic_tasks' sleeping for 60.00 seconds {{(pid=95705) _run_loop /opt/stack/data/venv/lib/python3.12/site-packages/oslo_service/backend/_threading/loopingcall.py:125}}
Jun 19 04:58:52.265126 np0000003236 nova-scheduler[95654]: DEBUG oslo.service.backend._threading.loopingcall [None req-9332d0c0-4c76-4714-a627-7a83e29e1bfa None None] Dynamic interval looping call 'nova.service.Service.periodic_tasks' sleeping for 60.00 seconds {{(pid=95654) _run_loop /opt/stack/data/venv/lib/python3.12/site-packages/oslo_service/backend/_threading/loopingcall.py:125}}
Jun 19 04:59:09.544720 np0000003236 nova-scheduler[95688]: DEBUG nova.scheduler.manager [None req-ff2a9a4e-abaf-4a48-80a8-a3beaacf2b14 tempest-ServerBootFromVolumeStableRescueTest-395850763 tempest-ServerBootFromVolumeStableRescueTest-395850763-project-member] Starting to schedule for instances: ['bef175f1-2b62-4c8c-b61b-496d582fba81'] {{(pid=95688) select_destinations /opt/stack/nova/nova/scheduler/manager.py:210}}
Jun 19 04:59:09.545276 np0000003236 nova-scheduler[95688]: DEBUG nova.scheduler.request_filter [None req-ff2a9a4e-abaf-4a48-80a8-a3beaacf2b14 tempest-ServerBootFromVolumeStableRescueTest-395850763 tempest-ServerBootFromVolumeStableRescueTest-395850763-project-member] compute_status_filter request filter added forbidden trait COMPUTE_STATUS_DISABLED {{(pid=95688) compute_status_filter /opt/stack/nova/nova/scheduler/request_filter.py:253}}
Jun 19 04:59:09.545375 np0000003236 nova-scheduler[95688]: DEBUG nova.scheduler.request_filter [None req-ff2a9a4e-abaf-4a48-80a8-a3beaacf2b14 tempest-ServerBootFromVolumeStableRescueTest-395850763 tempest-ServerBootFromVolumeStableRescueTest-395850763-project-member] Request filter 'compute_status_filter' took 0.0 seconds {{(pid=95688) wrapper /opt/stack/nova/nova/scheduler/request_filter.py:46}}
Jun 19 04:59:09.545581 np0000003236 nova-scheduler[95688]: DEBUG nova.scheduler.request_filter [None req-ff2a9a4e-abaf-4a48-80a8-a3beaacf2b14 tempest-ServerBootFromVolumeStableRescueTest-395850763 tempest-ServerBootFromVolumeStableRescueTest-395850763-project-member] Request filter 'accelerators_filter' took 0.0 seconds {{(pid=95688) wrapper /opt/stack/nova/nova/scheduler/request_filter.py:46}}
Jun 19 04:59:09.545891 np0000003236 nova-scheduler[95688]: DEBUG nova.scheduler.request_filter [None req-ff2a9a4e-abaf-4a48-80a8-a3beaacf2b14 tempest-ServerBootFromVolumeStableRescueTest-395850763 tempest-ServerBootFromVolumeStableRescueTest-395850763-project-member] Request filter 'packed_virtqueue_filter' took 0.0 seconds {{(pid=95688) wrapper /opt/stack/nova/nova/scheduler/request_filter.py:46}}
Jun 19 04:59:09.546475 np0000003236 nova-scheduler[95688]: DEBUG nova.scheduler.request_filter [None req-ff2a9a4e-abaf-4a48-80a8-a3beaacf2b14 tempest-ServerBootFromVolumeStableRescueTest-395850763 tempest-ServerBootFromVolumeStableRescueTest-395850763-project-member] Request filter 'remote_managed_ports_filter' took 0.0 seconds {{(pid=95688) wrapper /opt/stack/nova/nova/scheduler/request_filter.py:46}}
Jun 19 04:59:09.546475 np0000003236 nova-scheduler[95688]: DEBUG nova.scheduler.request_filter [None req-ff2a9a4e-abaf-4a48-80a8-a3beaacf2b14 tempest-ServerBootFromVolumeStableRescueTest-395850763 tempest-ServerBootFromVolumeStableRescueTest-395850763-project-member] ephemeral_encryption_filter skipped {{(pid=95688) ephemeral_encryption_filter /opt/stack/nova/nova/scheduler/request_filter.py:426}}
Jun 19 04:59:09.546475 np0000003236 nova-scheduler[95688]: DEBUG nova.scheduler.request_filter [None req-ff2a9a4e-abaf-4a48-80a8-a3beaacf2b14 tempest-ServerBootFromVolumeStableRescueTest-395850763 tempest-ServerBootFromVolumeStableRescueTest-395850763-project-member] virtio_sound_filter skipped {{(pid=95688) virtio_sound_filter /opt/stack/nova/nova/scheduler/request_filter.py:460}}
Jun 19 04:59:09.546765 np0000003236 nova-scheduler[95688]: DEBUG nova.scheduler.request_filter [None req-ff2a9a4e-abaf-4a48-80a8-a3beaacf2b14 tempest-ServerBootFromVolumeStableRescueTest-395850763 tempest-ServerBootFromVolumeStableRescueTest-395850763-project-member] tpm_secret_security_filter skipped {{(pid=95688) tpm_secret_security_filter /opt/stack/nova/nova/scheduler/request_filter.py:477}}
Jun 19 04:59:10.085460 np0000003236 nova-scheduler[95688]: INFO nova.utils [None req-ff2a9a4e-abaf-4a48-80a8-a3beaacf2b14 tempest-ServerBootFromVolumeStableRescueTest-395850763 tempest-ServerBootFromVolumeStableRescueTest-395850763-project-member] The cell worker thread pool ForkProcess-2.cell_worker is initialized
Jun 19 04:59:10.086723 np0000003236 nova-scheduler[95688]: DEBUG oslo_concurrency.lockutils [None req-ff2a9a4e-abaf-4a48-80a8-a3beaacf2b14 tempest-ServerBootFromVolumeStableRescueTest-395850763 tempest-ServerBootFromVolumeStableRescueTest-395850763-project-member] Acquiring lock "b80a97d9-bbaa-4d1a-bba0-a90076c30102" by "nova.context.set_target_cell..get_or_set_cached_cell_and_set_connections" {{(pid=95688) inner /opt/stack/data/venv/lib/python3.12/site-packages/oslo_concurrency/lockutils.py:511}}
Jun 19 04:59:10.086723 np0000003236 nova-scheduler[95688]: DEBUG oslo_concurrency.lockutils [None req-ff2a9a4e-abaf-4a48-80a8-a3beaacf2b14 tempest-ServerBootFromVolumeStableRescueTest-395850763 tempest-ServerBootFromVolumeStableRescueTest-395850763-project-member] Lock "b80a97d9-bbaa-4d1a-bba0-a90076c30102" acquired by "nova.context.set_target_cell..get_or_set_cached_cell_and_set_connections" :: waited 0.000s {{(pid=95688) inner /opt/stack/data/venv/lib/python3.12/site-packages/oslo_concurrency/lockutils.py:524}}
Jun 19 04:59:10.088577 np0000003236 nova-scheduler[95688]: DEBUG oslo_concurrency.lockutils [None req-ff2a9a4e-abaf-4a48-80a8-a3beaacf2b14 tempest-ServerBootFromVolumeStableRescueTest-395850763 tempest-ServerBootFromVolumeStableRescueTest-395850763-project-member] Lock "b80a97d9-bbaa-4d1a-bba0-a90076c30102" "released" by "nova.context.set_target_cell..get_or_set_cached_cell_and_set_connections" :: held 0.002s {{(pid=95688) inner /opt/stack/data/venv/lib/python3.12/site-packages/oslo_concurrency/lockutils.py:543}}
Jun 19 04:59:10.090769 np0000003236 nova-scheduler[95688]: INFO dbcounter [None req-ff2a9a4e-abaf-4a48-80a8-a3beaacf2b14 tempest-ServerBootFromVolumeStableRescueTest-395850763 tempest-ServerBootFromVolumeStableRescueTest-395850763-project-member] Registered counter for database nova_cell1
Jun 19 04:59:10.128340 np0000003236 nova-scheduler[95688]: DEBUG oslo_db.sqlalchemy.engines [None req-ff2a9a4e-abaf-4a48-80a8-a3beaacf2b14 tempest-ServerBootFromVolumeStableRescueTest-395850763 tempest-ServerBootFromVolumeStableRescueTest-395850763-project-member] MySQL server mode set to STRICT_TRANS_TABLES,STRICT_ALL_TABLES,NO_ZERO_IN_DATE,NO_ZERO_DATE,ERROR_FOR_DIVISION_BY_ZERO,TRADITIONAL,NO_ENGINE_SUBSTITUTION {{(pid=95688) _check_effective_sql_mode /opt/stack/data/venv/lib/python3.12/site-packages/oslo_db/sqlalchemy/engines.py:325}}
Jun 19 04:59:10.136268 np0000003236 nova-scheduler[95688]: DEBUG dbcounter [-] [95688] Writer thread running {{(pid=95688) stat_writer /opt/stack/data/venv/lib/python3.12/site-packages/dbcounter.py:102}}
Jun 19 04:59:10.149892 np0000003236 nova-scheduler[95688]: DEBUG oslo_db.sqlalchemy.engines [None req-ff2a9a4e-abaf-4a48-80a8-a3beaacf2b14 tempest-ServerBootFromVolumeStableRescueTest-395850763 tempest-ServerBootFromVolumeStableRescueTest-395850763-project-member] Parent process 94424 forked (95688) with an open database connection, which is being discarded and recreated. {{(pid=95688) checkout /opt/stack/data/venv/lib/python3.12/site-packages/oslo_db/sqlalchemy/engines.py:402}}
Jun 19 04:59:10.192182 np0000003236 nova-scheduler[95688]: DEBUG dbcounter [-] [95688] Writer thread running {{(pid=95688) stat_writer /opt/stack/data/venv/lib/python3.12/site-packages/dbcounter.py:102}}
Jun 19 04:59:10.194546 np0000003236 nova-scheduler[95688]: DEBUG oslo_concurrency.lockutils [None req-ff2a9a4e-abaf-4a48-80a8-a3beaacf2b14 tempest-ServerBootFromVolumeStableRescueTest-395850763 tempest-ServerBootFromVolumeStableRescueTest-395850763-project-member] Acquiring lock "b80a97d9-bbaa-4d1a-bba0-a90076c30102" by "nova.context.set_target_cell..get_or_set_cached_cell_and_set_connections" {{(pid=95688) inner /opt/stack/data/venv/lib/python3.12/site-packages/oslo_concurrency/lockutils.py:511}}
Jun 19 04:59:10.194916 np0000003236 nova-scheduler[95688]: DEBUG oslo_concurrency.lockutils [None req-ff2a9a4e-abaf-4a48-80a8-a3beaacf2b14 tempest-ServerBootFromVolumeStableRescueTest-395850763 tempest-ServerBootFromVolumeStableRescueTest-395850763-project-member] Lock "b80a97d9-bbaa-4d1a-bba0-a90076c30102" acquired by "nova.context.set_target_cell..get_or_set_cached_cell_and_set_connections" :: waited 0.000s {{(pid=95688) inner /opt/stack/data/venv/lib/python3.12/site-packages/oslo_concurrency/lockutils.py:524}}
Jun 19 04:59:10.195061 np0000003236 nova-scheduler[95688]: DEBUG oslo_concurrency.lockutils [None req-ff2a9a4e-abaf-4a48-80a8-a3beaacf2b14 tempest-ServerBootFromVolumeStableRescueTest-395850763 tempest-ServerBootFromVolumeStableRescueTest-395850763-project-member] Lock "b80a97d9-bbaa-4d1a-bba0-a90076c30102" "released" by "nova.context.set_target_cell..get_or_set_cached_cell_and_set_connections" :: held 0.000s {{(pid=95688) inner /opt/stack/data/venv/lib/python3.12/site-packages/oslo_concurrency/lockutils.py:543}}
Jun 19 04:59:10.198476 np0000003236 nova-scheduler[95688]: DEBUG oslo_concurrency.lockutils [None req-ff2a9a4e-abaf-4a48-80a8-a3beaacf2b14 tempest-ServerBootFromVolumeStableRescueTest-395850763 tempest-ServerBootFromVolumeStableRescueTest-395850763-project-member] Acquiring lock "('np0000003236', 'np0000003236')" by "nova.scheduler.host_manager.HostState.update.._locked_update" {{(pid=95688) inner /opt/stack/data/venv/lib/python3.12/site-packages/oslo_concurrency/lockutils.py:511}}
Jun 19 04:59:10.198641 np0000003236 nova-scheduler[95688]: DEBUG oslo_concurrency.lockutils [None req-ff2a9a4e-abaf-4a48-80a8-a3beaacf2b14 tempest-ServerBootFromVolumeStableRescueTest-395850763 tempest-ServerBootFromVolumeStableRescueTest-395850763-project-member] Lock "('np0000003236', 'np0000003236')" acquired by "nova.scheduler.host_manager.HostState.update.._locked_update" :: waited 0.000s {{(pid=95688) inner /opt/stack/data/venv/lib/python3.12/site-packages/oslo_concurrency/lockutils.py:524}}
Jun 19 04:59:10.199807 np0000003236 nova-scheduler[95688]: DEBUG nova.scheduler.host_manager [None req-ff2a9a4e-abaf-4a48-80a8-a3beaacf2b14 tempest-ServerBootFromVolumeStableRescueTest-395850763 tempest-ServerBootFromVolumeStableRescueTest-395850763-project-member] Update host state from compute node: ComputeNode(cpu_allocation_ratio=4.0,cpu_info='{"arch": "x86_64", "model": "EPYC-Milan", "vendor": "AMD", "topology": {"cells": 1, "sockets": 12, "cores": 1, "threads": 1}, "maxphysaddr": {"mode": "emulate", "bits": 40}, "features": ["rdctl-no", "sse4a", "lfence-always-serializing", "fxsr", "perfctr_core", "sse4.2", "fxsr_opt", "tsc", "svm", "amd-psfd", "xsavec", "pschange-mc-no", "hypervisor", "mds-no", "ssbd", "skip-l1dfl-vmentry", "ssse3", "xsaveopt", "virt-ssbd", "pcid", "pause-filter", "abm", "sha-ni", "vpclmulqdq", "vaes", "mtrr", "tsc_adjust", "pge", "smep", "pni", "amd-stibp", "xgetbv1", "misalignsse", "mca", "aes", "tsc-scale", "svme-addr-chk", "amd-ssbd", "lm", "wbnoinvd", "adx", "spec-ctrl", "flushbyasid", "syscall", "sse", "apic", "invpcid", "nx", "avx2", "pat", "movbe", "mce", "sse2", "fpu", "pclmuldq", "cx16", "v-vmsave-vmload", "clzero", "sse4.1", "pfthreshold", "fsgsbase", "stibp-always-on", "cx8", "nrip-save", "de", "pse36", "cmov", "vgif", "pse", "arch-capabilities", "pae", "no-nested-data-bp", "pku", "sep", "ibpb", "rdrand", "mmx", "3dnowprefetch", "ibrs", "avx", "clwb", "tsc-deadline", "x2apic", "xsaves", "vme", "clflushopt", "smap", "cr8legacy", "rdtscp", "npt", "xsaveerptr", "topoext", "stibp", "bmi1", "fma", "cmp_legacy", "vmcb-clean", "mmxext", "bmi2", "clflush", "pdpe1gb", "arat", "f16c", "umip", "popcnt", "lbrv", "osvw", "xsave", "msr", "lahf_lm", "rdpid", "fsrm", "gds-no", "null-sel-clr-base", "rdseed", "erms"]}',created_at=2026-06-19T04:56:51Z,current_workload=0,deleted=False,deleted_at=None,disk_allocation_ratio=1.0,disk_available_least=74,free_disk_gb=95,free_ram_mb=23518,host='np0000003236',host_ip=10.4.3.138,hypervisor_hostname='np0000003236',hypervisor_type='QEMU',hypervisor_version=8002002,id=1,local_gb=95,local_gb_used=0,mapped=1,memory_mb=24030,memory_mb_used=512,metrics='[]',numa_topology='{"nova_object.name": "NUMATopology", "nova_object.namespace": "nova", "nova_object.version": "1.2", "nova_object.data": {"cells": [{"nova_object.name": "NUMACell", "nova_object.namespace": "nova", "nova_object.version": "1.5", "nova_object.data": {"id": 0, "cpuset": [0, 1, 2, 3, 4, 5, 6, 7, 8, 9, 10, 11], "pcpuset": [0, 1, 2, 3, 4, 5, 6, 7, 8, 9, 10, 11], "memory": 24030, "cpu_usage": 0, "memory_usage": 0, "pinned_cpus": [], "siblings": [[6], [2], [5], [11], [8], [4], [1], [7], [10], [0], [3], [9]], "mempages": [{"nova_object.name": "NUMAPagesTopology", "nova_object.namespace": "nova", "nova_object.version": "1.1", "nova_object.data": {"size_kb": 4, "total": 6151798, "used": 0, "reserved": 0}, "nova_object.changes": ["reserved", "total", "used", "size_kb"]}, {"nova_object.name": "NUMAPagesTopology", "nova_object.namespace": "nova", "nova_object.version": "1.1", "nova_object.data": {"size_kb": 2048, "total": 0, "used": 0, "reserved": 0}, "nova_object.changes": ["reserved", "total", "used", "size_kb"]}, {"nova_object.name": "NUMAPagesTopology", "nova_object.namespace": "nova", "nova_object.version": "1.1", "nova_object.data": {"size_kb": 1048576, "total": 0, "used": 0, "reserved": 0}, "nova_object.changes": ["reserved", "total", "used", "size_kb"]}], "network_metadata": {"nova_object.name": "NetworkMetadata", "nova_object.namespace": "nova", "nova_object.version": "1.0", "nova_object.data": {"physnets": [], "tunneled": false}, "nova_object.changes": ["tunneled", "physnets"]}, "socket": null}, "nova_object.changes": ["memory_usage", "mempages", "id", "pcpuset", "pinned_cpus", "memory", "siblings", "cpuset", "cpu_usage", "network_metadata", "socket"]}]}, "nova_object.changes": ["cells"]}',pci_device_pools=PciDevicePoolList,ram_allocation_ratio=1.0,running_vms=0,service_id=2,stats={failed_builds='0',uptime=' 04:58:37 up 25 min, 2 users, load average: 1.20, 1.45, 0.85
Jun 19 04:59:10.199807 np0000003236 nova-scheduler[95688]: '},supported_hv_specs=[HVSpec,HVSpec,HVSpec,HVSpec,HVSpec,HVSpec,HVSpec,HVSpec,HVSpec,HVSpec,HVSpec,HVSpec,HVSpec,HVSpec,HVSpec,HVSpec,HVSpec,HVSpec,HVSpec,HVSpec,HVSpec,HVSpec,HVSpec,HVSpec,HVSpec],updated_at=2026-06-19T04:58:39Z,uuid=cbd2405f-8ad9-4811-b72d-33b226df5124,vcpus=12,vcpus_used=0) {{(pid=95688) _locked_update /opt/stack/nova/nova/scheduler/host_manager.py:168}}
Jun 19 04:59:10.200856 np0000003236 nova-scheduler[95688]: DEBUG nova.scheduler.host_manager [None req-ff2a9a4e-abaf-4a48-80a8-a3beaacf2b14 tempest-ServerBootFromVolumeStableRescueTest-395850763 tempest-ServerBootFromVolumeStableRescueTest-395850763-project-member] Update host state with aggregates: [] {{(pid=95688) _locked_update /opt/stack/nova/nova/scheduler/host_manager.py:171}}
Jun 19 04:59:10.201078 np0000003236 nova-scheduler[95688]: DEBUG nova.scheduler.host_manager [None req-ff2a9a4e-abaf-4a48-80a8-a3beaacf2b14 tempest-ServerBootFromVolumeStableRescueTest-395850763 tempest-ServerBootFromVolumeStableRescueTest-395850763-project-member] Update host state with service dict: {'id': 2, 'uuid': 'ba332335-1c39-40ee-8ee2-4e14ec363278', 'host': 'np0000003236', 'binary': 'nova-compute', 'topic': 'compute', 'report_count': 2, 'disabled': False, 'disabled_reason': None, 'last_seen_up': datetime.datetime(2026, 6, 19, 4, 59, tzinfo=datetime.timezone.utc), 'forced_down': False, 'version': 72, 'created_at': datetime.datetime(2026, 6, 19, 4, 56, 50, tzinfo=datetime.timezone.utc), 'updated_at': datetime.datetime(2026, 6, 19, 4, 59, tzinfo=datetime.timezone.utc), 'deleted_at': None, 'deleted': False} {{(pid=95688) _locked_update /opt/stack/nova/nova/scheduler/host_manager.py:174}}
Jun 19 04:59:10.201352 np0000003236 nova-scheduler[95688]: DEBUG nova.scheduler.host_manager [None req-ff2a9a4e-abaf-4a48-80a8-a3beaacf2b14 tempest-ServerBootFromVolumeStableRescueTest-395850763 tempest-ServerBootFromVolumeStableRescueTest-395850763-project-member] Update host state with instances: [] {{(pid=95688) _locked_update /opt/stack/nova/nova/scheduler/host_manager.py:177}}
Jun 19 04:59:10.201352 np0000003236 nova-scheduler[95688]: DEBUG oslo_concurrency.lockutils [None req-ff2a9a4e-abaf-4a48-80a8-a3beaacf2b14 tempest-ServerBootFromVolumeStableRescueTest-395850763 tempest-ServerBootFromVolumeStableRescueTest-395850763-project-member] Lock "('np0000003236', 'np0000003236')" "released" by "nova.scheduler.host_manager.HostState.update.._locked_update" :: held 0.003s {{(pid=95688) inner /opt/stack/data/venv/lib/python3.12/site-packages/oslo_concurrency/lockutils.py:543}}
Jun 19 04:59:10.202127 np0000003236 nova-scheduler[95688]: DEBUG nova.filters [None req-ff2a9a4e-abaf-4a48-80a8-a3beaacf2b14 tempest-ServerBootFromVolumeStableRescueTest-395850763 tempest-ServerBootFromVolumeStableRescueTest-395850763-project-member] Starting with 1 host(s) {{(pid=95688) get_filtered_objects /opt/stack/nova/nova/filters.py:70}}
Jun 19 04:59:10.202344 np0000003236 nova-scheduler[95688]: DEBUG nova.filters [None req-ff2a9a4e-abaf-4a48-80a8-a3beaacf2b14 tempest-ServerBootFromVolumeStableRescueTest-395850763 tempest-ServerBootFromVolumeStableRescueTest-395850763-project-member] Filter ComputeFilter returned 1 host(s) {{(pid=95688) get_filtered_objects /opt/stack/nova/nova/filters.py:102}}
Jun 19 04:59:10.202534 np0000003236 nova-scheduler[95688]: DEBUG nova.filters [None req-ff2a9a4e-abaf-4a48-80a8-a3beaacf2b14 tempest-ServerBootFromVolumeStableRescueTest-395850763 tempest-ServerBootFromVolumeStableRescueTest-395850763-project-member] Filter ComputeCapabilitiesFilter returned 1 host(s) {{(pid=95688) get_filtered_objects /opt/stack/nova/nova/filters.py:102}}
Jun 19 04:59:10.202832 np0000003236 nova-scheduler[95688]: DEBUG nova.filters [None req-ff2a9a4e-abaf-4a48-80a8-a3beaacf2b14 tempest-ServerBootFromVolumeStableRescueTest-395850763 tempest-ServerBootFromVolumeStableRescueTest-395850763-project-member] Filter ImagePropertiesFilter returned 1 host(s) {{(pid=95688) get_filtered_objects /opt/stack/nova/nova/filters.py:102}}
Jun 19 04:59:10.203000 np0000003236 nova-scheduler[95688]: DEBUG nova.filters [None req-ff2a9a4e-abaf-4a48-80a8-a3beaacf2b14 tempest-ServerBootFromVolumeStableRescueTest-395850763 tempest-ServerBootFromVolumeStableRescueTest-395850763-project-member] Filter ServerGroupAntiAffinityFilter returned 1 host(s) {{(pid=95688) get_filtered_objects /opt/stack/nova/nova/filters.py:102}}
Jun 19 04:59:10.203206 np0000003236 nova-scheduler[95688]: DEBUG nova.filters [None req-ff2a9a4e-abaf-4a48-80a8-a3beaacf2b14 tempest-ServerBootFromVolumeStableRescueTest-395850763 tempest-ServerBootFromVolumeStableRescueTest-395850763-project-member] Filter ServerGroupAffinityFilter returned 1 host(s) {{(pid=95688) get_filtered_objects /opt/stack/nova/nova/filters.py:102}}
Jun 19 04:59:10.203367 np0000003236 nova-scheduler[95688]: DEBUG nova.filters [None req-ff2a9a4e-abaf-4a48-80a8-a3beaacf2b14 tempest-ServerBootFromVolumeStableRescueTest-395850763 tempest-ServerBootFromVolumeStableRescueTest-395850763-project-member] Filter SameHostFilter returned 1 host(s) {{(pid=95688) get_filtered_objects /opt/stack/nova/nova/filters.py:102}}
Jun 19 04:59:10.203523 np0000003236 nova-scheduler[95688]: DEBUG nova.filters [None req-ff2a9a4e-abaf-4a48-80a8-a3beaacf2b14 tempest-ServerBootFromVolumeStableRescueTest-395850763 tempest-ServerBootFromVolumeStableRescueTest-395850763-project-member] Filter DifferentHostFilter returned 1 host(s) {{(pid=95688) get_filtered_objects /opt/stack/nova/nova/filters.py:102}}
Jun 19 04:59:10.205500 np0000003236 nova-scheduler[95688]: DEBUG nova.scheduler.manager [None req-ff2a9a4e-abaf-4a48-80a8-a3beaacf2b14 tempest-ServerBootFromVolumeStableRescueTest-395850763 tempest-ServerBootFromVolumeStableRescueTest-395850763-project-member] Filtered [(np0000003236, np0000003236) ram: 23518MB disk: 75776MB io_ops: 0 instances: 0, allocation_candidates: 1] {{(pid=95688) _get_sorted_hosts /opt/stack/nova/nova/scheduler/manager.py:743}}
Jun 19 04:59:10.205500 np0000003236 nova-scheduler[95688]: DEBUG nova.scheduler.manager [None req-ff2a9a4e-abaf-4a48-80a8-a3beaacf2b14 tempest-ServerBootFromVolumeStableRescueTest-395850763 tempest-ServerBootFromVolumeStableRescueTest-395850763-project-member] Weighed [WeighedHost [host: (np0000003236, np0000003236) ram: 23518MB disk: 75776MB io_ops: 0 instances: 0, allocation_candidates: 1, weight: 0.0]] {{(pid=95688) _get_sorted_hosts /opt/stack/nova/nova/scheduler/manager.py:765}}
Jun 19 04:59:10.205500 np0000003236 nova-scheduler[95688]: DEBUG nova.scheduler.utils [None req-ff2a9a4e-abaf-4a48-80a8-a3beaacf2b14 tempest-ServerBootFromVolumeStableRescueTest-395850763 tempest-ServerBootFromVolumeStableRescueTest-395850763-project-member] Attempting to claim resources in the placement API for instance bef175f1-2b62-4c8c-b61b-496d582fba81 {{(pid=95688) claim_resources /opt/stack/nova/nova/scheduler/utils.py:1345}}
Jun 19 04:59:10.367530 np0000003236 nova-scheduler[95688]: DEBUG nova.scheduler.manager [None req-ff2a9a4e-abaf-4a48-80a8-a3beaacf2b14 tempest-ServerBootFromVolumeStableRescueTest-395850763 tempest-ServerBootFromVolumeStableRescueTest-395850763-project-member] [instance: bef175f1-2b62-4c8c-b61b-496d582fba81] Selected host: (np0000003236, np0000003236) ram: 23518MB disk: 75776MB io_ops: 0 instances: 0, allocation_candidates: 1 {{(pid=95688) _consume_selected_host /opt/stack/nova/nova/scheduler/manager.py:625}}
Jun 19 04:59:10.367879 np0000003236 nova-scheduler[95688]: DEBUG oslo_concurrency.lockutils [None req-ff2a9a4e-abaf-4a48-80a8-a3beaacf2b14 tempest-ServerBootFromVolumeStableRescueTest-395850763 tempest-ServerBootFromVolumeStableRescueTest-395850763-project-member] Acquiring lock "('np0000003236', 'np0000003236')" by "nova.scheduler.host_manager.HostState.consume_from_request.._locked" {{(pid=95688) inner /opt/stack/data/venv/lib/python3.12/site-packages/oslo_concurrency/lockutils.py:511}}
Jun 19 04:59:10.368906 np0000003236 nova-scheduler[95688]: DEBUG oslo_concurrency.lockutils [None req-ff2a9a4e-abaf-4a48-80a8-a3beaacf2b14 tempest-ServerBootFromVolumeStableRescueTest-395850763 tempest-ServerBootFromVolumeStableRescueTest-395850763-project-member] Lock "('np0000003236', 'np0000003236')" acquired by "nova.scheduler.host_manager.HostState.consume_from_request.._locked" :: waited 0.001s {{(pid=95688) inner /opt/stack/data/venv/lib/python3.12/site-packages/oslo_concurrency/lockutils.py:524}}
Jun 19 04:59:10.369097 np0000003236 nova-scheduler[95688]: DEBUG oslo_concurrency.lockutils [None req-ff2a9a4e-abaf-4a48-80a8-a3beaacf2b14 tempest-ServerBootFromVolumeStableRescueTest-395850763 tempest-ServerBootFromVolumeStableRescueTest-395850763-project-member] Lock "('np0000003236', 'np0000003236')" "released" by "nova.scheduler.host_manager.HostState.consume_from_request.._locked" :: held 0.000s {{(pid=95688) inner /opt/stack/data/venv/lib/python3.12/site-packages/oslo_concurrency/lockutils.py:543}}
Jun 19 04:59:13.603565 np0000003236 nova-scheduler[95654]: DEBUG nova.scheduler.manager [None req-1fe79de9-a7f4-4070-8273-80ea06f2aca2 tempest-DeleteServersTestJSON-1399437574 tempest-DeleteServersTestJSON-1399437574-project-member] Starting to schedule for instances: ['49dd49e8-5ecb-4428-8025-be9223612c4f'] {{(pid=95654) select_destinations /opt/stack/nova/nova/scheduler/manager.py:210}}
Jun 19 04:59:13.604487 np0000003236 nova-scheduler[95654]: DEBUG nova.scheduler.request_filter [None req-1fe79de9-a7f4-4070-8273-80ea06f2aca2 tempest-DeleteServersTestJSON-1399437574 tempest-DeleteServersTestJSON-1399437574-project-member] compute_status_filter request filter added forbidden trait COMPUTE_STATUS_DISABLED {{(pid=95654) compute_status_filter /opt/stack/nova/nova/scheduler/request_filter.py:253}}
Jun 19 04:59:13.604487 np0000003236 nova-scheduler[95654]: DEBUG nova.scheduler.request_filter [None req-1fe79de9-a7f4-4070-8273-80ea06f2aca2 tempest-DeleteServersTestJSON-1399437574 tempest-DeleteServersTestJSON-1399437574-project-member] Request filter 'compute_status_filter' took 0.0 seconds {{(pid=95654) wrapper /opt/stack/nova/nova/scheduler/request_filter.py:46}}
Jun 19 04:59:13.604487 np0000003236 nova-scheduler[95654]: DEBUG nova.scheduler.request_filter [None req-1fe79de9-a7f4-4070-8273-80ea06f2aca2 tempest-DeleteServersTestJSON-1399437574 tempest-DeleteServersTestJSON-1399437574-project-member] Request filter 'accelerators_filter' took 0.0 seconds {{(pid=95654) wrapper /opt/stack/nova/nova/scheduler/request_filter.py:46}}
Jun 19 04:59:13.605500 np0000003236 nova-scheduler[95654]: DEBUG nova.scheduler.request_filter [None req-1fe79de9-a7f4-4070-8273-80ea06f2aca2 tempest-DeleteServersTestJSON-1399437574 tempest-DeleteServersTestJSON-1399437574-project-member] Request filter 'packed_virtqueue_filter' took 0.0 seconds {{(pid=95654) wrapper /opt/stack/nova/nova/scheduler/request_filter.py:46}}
Jun 19 04:59:13.605500 np0000003236 nova-scheduler[95654]: DEBUG nova.scheduler.request_filter [None req-1fe79de9-a7f4-4070-8273-80ea06f2aca2 tempest-DeleteServersTestJSON-1399437574 tempest-DeleteServersTestJSON-1399437574-project-member] Request filter 'remote_managed_ports_filter' took 0.0 seconds {{(pid=95654) wrapper /opt/stack/nova/nova/scheduler/request_filter.py:46}}
Jun 19 04:59:13.605500 np0000003236 nova-scheduler[95654]: DEBUG nova.scheduler.request_filter [None req-1fe79de9-a7f4-4070-8273-80ea06f2aca2 tempest-DeleteServersTestJSON-1399437574 tempest-DeleteServersTestJSON-1399437574-project-member] ephemeral_encryption_filter skipped {{(pid=95654) ephemeral_encryption_filter /opt/stack/nova/nova/scheduler/request_filter.py:426}}
Jun 19 04:59:13.606282 np0000003236 nova-scheduler[95654]: DEBUG nova.scheduler.request_filter [None req-1fe79de9-a7f4-4070-8273-80ea06f2aca2 tempest-DeleteServersTestJSON-1399437574 tempest-DeleteServersTestJSON-1399437574-project-member] virtio_sound_filter skipped {{(pid=95654) virtio_sound_filter /opt/stack/nova/nova/scheduler/request_filter.py:460}}
Jun 19 04:59:13.606282 np0000003236 nova-scheduler[95654]: DEBUG nova.scheduler.request_filter [None req-1fe79de9-a7f4-4070-8273-80ea06f2aca2 tempest-DeleteServersTestJSON-1399437574 tempest-DeleteServersTestJSON-1399437574-project-member] tpm_secret_security_filter skipped {{(pid=95654) tpm_secret_security_filter /opt/stack/nova/nova/scheduler/request_filter.py:477}}
Jun 19 04:59:13.726048 np0000003236 nova-scheduler[95654]: INFO nova.utils [None req-1fe79de9-a7f4-4070-8273-80ea06f2aca2 tempest-DeleteServersTestJSON-1399437574 tempest-DeleteServersTestJSON-1399437574-project-member] The cell worker thread pool ForkProcess-1.cell_worker is initialized
Jun 19 04:59:13.727125 np0000003236 nova-scheduler[95654]: DEBUG oslo_concurrency.lockutils [None req-1fe79de9-a7f4-4070-8273-80ea06f2aca2 tempest-DeleteServersTestJSON-1399437574 tempest-DeleteServersTestJSON-1399437574-project-member] Acquiring lock "b80a97d9-bbaa-4d1a-bba0-a90076c30102" by "nova.context.set_target_cell..get_or_set_cached_cell_and_set_connections" {{(pid=95654) inner /opt/stack/data/venv/lib/python3.12/site-packages/oslo_concurrency/lockutils.py:511}}
Jun 19 04:59:13.727125 np0000003236 nova-scheduler[95654]: DEBUG oslo_concurrency.lockutils [None req-1fe79de9-a7f4-4070-8273-80ea06f2aca2 tempest-DeleteServersTestJSON-1399437574 tempest-DeleteServersTestJSON-1399437574-project-member] Lock "b80a97d9-bbaa-4d1a-bba0-a90076c30102" acquired by "nova.context.set_target_cell..get_or_set_cached_cell_and_set_connections" :: waited 0.000s {{(pid=95654) inner /opt/stack/data/venv/lib/python3.12/site-packages/oslo_concurrency/lockutils.py:524}}
Jun 19 04:59:13.728624 np0000003236 nova-scheduler[95654]: DEBUG oslo_concurrency.lockutils [None req-1fe79de9-a7f4-4070-8273-80ea06f2aca2 tempest-DeleteServersTestJSON-1399437574 tempest-DeleteServersTestJSON-1399437574-project-member] Lock "b80a97d9-bbaa-4d1a-bba0-a90076c30102" "released" by "nova.context.set_target_cell..get_or_set_cached_cell_and_set_connections" :: held 0.002s {{(pid=95654) inner /opt/stack/data/venv/lib/python3.12/site-packages/oslo_concurrency/lockutils.py:543}}
Jun 19 04:59:13.732194 np0000003236 nova-scheduler[95654]: INFO dbcounter [None req-1fe79de9-a7f4-4070-8273-80ea06f2aca2 tempest-DeleteServersTestJSON-1399437574 tempest-DeleteServersTestJSON-1399437574-project-member] Registered counter for database nova_cell1
Jun 19 04:59:13.803310 np0000003236 nova-scheduler[95654]: DEBUG oslo_db.sqlalchemy.engines [None req-1fe79de9-a7f4-4070-8273-80ea06f2aca2 tempest-DeleteServersTestJSON-1399437574 tempest-DeleteServersTestJSON-1399437574-project-member] MySQL server mode set to STRICT_TRANS_TABLES,STRICT_ALL_TABLES,NO_ZERO_IN_DATE,NO_ZERO_DATE,ERROR_FOR_DIVISION_BY_ZERO,TRADITIONAL,NO_ENGINE_SUBSTITUTION {{(pid=95654) _check_effective_sql_mode /opt/stack/data/venv/lib/python3.12/site-packages/oslo_db/sqlalchemy/engines.py:325}}
Jun 19 04:59:13.809823 np0000003236 nova-scheduler[95654]: DEBUG dbcounter [-] [95654] Writer thread running {{(pid=95654) stat_writer /opt/stack/data/venv/lib/python3.12/site-packages/dbcounter.py:102}}
Jun 19 04:59:13.892056 np0000003236 nova-scheduler[95654]: DEBUG dbcounter [-] [95654] Writer thread running {{(pid=95654) stat_writer /opt/stack/data/venv/lib/python3.12/site-packages/dbcounter.py:102}}
Jun 19 04:59:13.896432 np0000003236 nova-scheduler[95654]: DEBUG oslo_concurrency.lockutils [None req-1fe79de9-a7f4-4070-8273-80ea06f2aca2 tempest-DeleteServersTestJSON-1399437574 tempest-DeleteServersTestJSON-1399437574-project-member] Acquiring lock "b80a97d9-bbaa-4d1a-bba0-a90076c30102" by "nova.context.set_target_cell..get_or_set_cached_cell_and_set_connections" {{(pid=95654) inner /opt/stack/data/venv/lib/python3.12/site-packages/oslo_concurrency/lockutils.py:511}}
Jun 19 04:59:13.896432 np0000003236 nova-scheduler[95654]: DEBUG oslo_concurrency.lockutils [None req-1fe79de9-a7f4-4070-8273-80ea06f2aca2 tempest-DeleteServersTestJSON-1399437574 tempest-DeleteServersTestJSON-1399437574-project-member] Lock "b80a97d9-bbaa-4d1a-bba0-a90076c30102" acquired by "nova.context.set_target_cell..get_or_set_cached_cell_and_set_connections" :: waited 0.000s {{(pid=95654) inner /opt/stack/data/venv/lib/python3.12/site-packages/oslo_concurrency/lockutils.py:524}}
Jun 19 04:59:13.896432 np0000003236 nova-scheduler[95654]: DEBUG oslo_concurrency.lockutils [None req-1fe79de9-a7f4-4070-8273-80ea06f2aca2 tempest-DeleteServersTestJSON-1399437574 tempest-DeleteServersTestJSON-1399437574-project-member] Lock "b80a97d9-bbaa-4d1a-bba0-a90076c30102" "released" by "nova.context.set_target_cell..get_or_set_cached_cell_and_set_connections" :: held 0.000s {{(pid=95654) inner /opt/stack/data/venv/lib/python3.12/site-packages/oslo_concurrency/lockutils.py:543}}
