Jun 16 20:05:42.954630 np0000002984 devstack@g-api.service[98807]: DEBUG glance.api.middleware.version_negotiation [None req-cd58e0a6-eb0f-44ab-9f52-d868b0a970d4 tempest-VolumesSnapshotTestJSON-1808207694 tempest-VolumesSnapshotTestJSON-1808207694-project-member] Using url versioning {{(pid=98807) process_request /opt/stack/glance/glance/api/middleware/version_negotiation.py:57}}
Jun 16 20:05:42.954630 np0000002984 devstack@g-api.service[98807]: DEBUG glance.api.middleware.version_negotiation [None req-cd58e0a6-eb0f-44ab-9f52-d868b0a970d4 tempest-VolumesSnapshotTestJSON-1808207694 tempest-VolumesSnapshotTestJSON-1808207694-project-member] Matched version: v2 {{(pid=98807) process_request /opt/stack/glance/glance/api/middleware/version_negotiation.py:69}}
Jun 16 20:05:42.954724 np0000002984 devstack@g-api.service[98807]: DEBUG glance.api.middleware.version_negotiation [None req-cd58e0a6-eb0f-44ab-9f52-d868b0a970d4 tempest-VolumesSnapshotTestJSON-1808207694 tempest-VolumesSnapshotTestJSON-1808207694-project-member] new path /v2/images/8acdfa9d-8cb9-49d1-9cf8-d5e192f3bb04 {{(pid=98807) process_request /opt/stack/glance/glance/api/middleware/version_negotiation.py:70}}
Jun 16 20:05:42.956115 np0000002984 devstack@g-api.service[98808]: DEBUG oslo_utils.imageutils.format_inspector [None req-56bdfcb6-c7fc-4646-be84-fc283b89629c tempest-ServerBootFromVolumeStableRescueTest-1024680486 tempest-ServerBootFromVolumeStableRescueTest-1024680486-project-member] Format inspector for vmdk does not match, excluding from consideration (Signature KDMV not found: b'QFI\xfb') {{(pid=98808) _process_chunk /opt/stack/data/venv/lib/python3.12/site-packages/oslo_utils/imageutils/format_inspector.py:1758}}
Jun 16 20:05:42.959904 np0000002984 devstack@g-api.service[98808]: DEBUG oslo_utils.imageutils.format_inspector [None req-56bdfcb6-c7fc-4646-be84-fc283b89629c tempest-ServerBootFromVolumeStableRescueTest-1024680486 tempest-ServerBootFromVolumeStableRescueTest-1024680486-project-member] Format inspector for vhdx does not match, excluding from consideration (Region signature not found at 30000) {{(pid=98808) _process_chunk /opt/stack/data/venv/lib/python3.12/site-packages/oslo_utils/imageutils/format_inspector.py:1758}}
Jun 16 20:05:42.971847 np0000002984 devstack@g-api.service[98807]: [pid: 98807|app: 0|req: 171/322] 127.0.0.1 () {40 vars in 838 bytes} [Tue Jun 16 20:05:42 2026] GET /v2/images/8acdfa9d-8cb9-49d1-9cf8-d5e192f3bb04 => generated 1471 bytes in 18 msecs (HTTP/1.1 200) 4 headers in 158 bytes (1 switches on core 0)
Jun 16 20:05:43.336925 np0000002984 devstack@g-api.service[98808]: DEBUG swiftclient [None req-56bdfcb6-c7fc-4646-be84-fc283b89629c tempest-ServerBootFromVolumeStableRescueTest-1024680486 tempest-ServerBootFromVolumeStableRescueTest-1024680486-project-member] REQ: curl -i https://10.4.3.180:8080/v1/AUTH_7c19582d74a94737b0bcee47e57cf3d3/glance/8acdfa9d-8cb9-49d1-9cf8-d5e192f3bb04-00001 -X PUT -H "X-Auth-Token: gAAAAABqMayWNtZ0..." {{(pid=98808) http_log /opt/stack/data/venv/lib/python3.12/site-packages/swiftclient/client.py:160}}
Jun 16 20:05:43.337242 np0000002984 devstack@g-api.service[98808]: DEBUG swiftclient [None req-56bdfcb6-c7fc-4646-be84-fc283b89629c tempest-ServerBootFromVolumeStableRescueTest-1024680486 tempest-ServerBootFromVolumeStableRescueTest-1024680486-project-member] RESP STATUS: 201 Created {{(pid=98808) http_log /opt/stack/data/venv/lib/python3.12/site-packages/swiftclient/client.py:161}}
Jun 16 20:05:43.337242 np0000002984 devstack@g-api.service[98808]: DEBUG swiftclient [None req-56bdfcb6-c7fc-4646-be84-fc283b89629c tempest-ServerBootFromVolumeStableRescueTest-1024680486 tempest-ServerBootFromVolumeStableRescueTest-1024680486-project-member] RESP HEADERS: {'Date': 'Tue, 16 Jun 2026 20:05:43 GMT', 'Server': 'Apache/2.4.58 (Ubuntu)', 'Content-Type': 'text/html; charset=UTF-8', 'Content-Length': '0', 'Etag': '4fa343ee581d8d2e78533191fd1ac3e1', 'Last-Modified': 'Tue, 16 Jun 2026 20:05:43 GMT', 'X-Trans-Id': 'tx8629db90427e44e5a6029-006a31ac96', 'X-Openstack-Request-Id': 'tx8629db90427e44e5a6029-006a31ac96', 'Connection': 'close'} {{(pid=98808) http_log /opt/stack/data/venv/lib/python3.12/site-packages/swiftclient/client.py:162}}
Jun 16 20:05:43.337373 np0000002984 devstack@g-api.service[98808]: DEBUG glance_store._drivers.swift.store [None req-56bdfcb6-c7fc-4646-be84-fc283b89629c tempest-ServerBootFromVolumeStableRescueTest-1024680486 tempest-ServerBootFromVolumeStableRescueTest-1024680486-project-member] Wrote chunk 8acdfa9d-8cb9-49d1-9cf8-d5e192f3bb04-00001 (1/?) of length 23527424 to Swift returning MD5 of content: 4fa343ee581d8d2e78533191fd1ac3e1 {{(pid=98808) add /opt/stack/data/venv/lib/python3.12/site-packages/glance_store/_drivers/swift/store.py:1059}}
Jun 16 20:05:43.337614 np0000002984 devstack@g-api.service[98808]: DEBUG glance_store._drivers.swift.store [None req-56bdfcb6-c7fc-4646-be84-fc283b89629c tempest-ServerBootFromVolumeStableRescueTest-1024680486 tempest-ServerBootFromVolumeStableRescueTest-1024680486-project-member] Not writing zero-length chunk. {{(pid=98808) add /opt/stack/data/venv/lib/python3.12/site-packages/glance_store/_drivers/swift/store.py:1028}}
Jun 16 20:05:43.375306 np0000002984 devstack@g-api.service[98808]: DEBUG swiftclient [None req-56bdfcb6-c7fc-4646-be84-fc283b89629c tempest-ServerBootFromVolumeStableRescueTest-1024680486 tempest-ServerBootFromVolumeStableRescueTest-1024680486-project-member] REQ: curl -i https://10.4.3.180:8080/v1/AUTH_7c19582d74a94737b0bcee47e57cf3d3/glance/8acdfa9d-8cb9-49d1-9cf8-d5e192f3bb04 -X PUT -H "X-Object-Manifest: glance/8acdfa9d-8cb9-49d1-9cf8-d5e192f3bb04-" -H "X-Auth-Token: gAAAAABqMayWNtZ0..." -H "Content-Length: 0" {{(pid=98808) http_log /opt/stack/data/venv/lib/python3.12/site-packages/swiftclient/client.py:160}}
Jun 16 20:05:43.375306 np0000002984 devstack@g-api.service[98808]: DEBUG swiftclient [None req-56bdfcb6-c7fc-4646-be84-fc283b89629c tempest-ServerBootFromVolumeStableRescueTest-1024680486 tempest-ServerBootFromVolumeStableRescueTest-1024680486-project-member] RESP STATUS: 201 Created {{(pid=98808) http_log /opt/stack/data/venv/lib/python3.12/site-packages/swiftclient/client.py:161}}
Jun 16 20:05:43.375458 np0000002984 devstack@g-api.service[98808]: DEBUG swiftclient [None req-56bdfcb6-c7fc-4646-be84-fc283b89629c tempest-ServerBootFromVolumeStableRescueTest-1024680486 tempest-ServerBootFromVolumeStableRescueTest-1024680486-project-member] RESP HEADERS: {'Date': 'Tue, 16 Jun 2026 20:05:43 GMT', 'Server': 'Apache/2.4.58 (Ubuntu)', 'Content-Type': 'text/html; charset=UTF-8', 'Content-Length': '0', 'Etag': 'd41d8cd98f00b204e9800998ecf8427e', 'Last-Modified': 'Tue, 16 Jun 2026 20:05:44 GMT', 'X-Trans-Id': 'txd4b1f2c94c31488490efa-006a31ac97', 'X-Openstack-Request-Id': 'txd4b1f2c94c31488490efa-006a31ac97', 'Connection': 'close'} {{(pid=98808) http_log /opt/stack/data/venv/lib/python3.12/site-packages/swiftclient/client.py:162}}
Jun 16 20:05:43.375893 np0000002984 devstack@g-api.service[98808]: INFO glance.location [None req-56bdfcb6-c7fc-4646-be84-fc283b89629c tempest-ServerBootFromVolumeStableRescueTest-1024680486 tempest-ServerBootFromVolumeStableRescueTest-1024680486-project-member] Image format matched and virtual size computed: 1073741824
Jun 16 20:05:43.424373 np0000002984 devstack@g-api.service[98808]: DEBUG glance_store.backend [None req-56bdfcb6-c7fc-4646-be84-fc283b89629c tempest-ServerBootFromVolumeStableRescueTest-1024680486 tempest-ServerBootFromVolumeStableRescueTest-1024680486-project-member] Attempting to import store swift {{(pid=98808) _load_store /opt/stack/data/venv/lib/python3.12/site-packages/glance_store/backend.py:215}}
Jun 16 20:05:43.428569 np0000002984 devstack@g-api.service[98808]: DEBUG glance_store.capabilities [None req-56bdfcb6-c7fc-4646-be84-fc283b89629c tempest-ServerBootFromVolumeStableRescueTest-1024680486 tempest-ServerBootFromVolumeStableRescueTest-1024680486-project-member] Store glance_store._drivers.swift.store.SingleTenantStore doesn't support updating dynamic storage capabilities. Please overwrite 'update_capabilities' method of the store to implement updating logics if needed. {{(pid=98808) update_capabilities /opt/stack/data/venv/lib/python3.12/site-packages/glance_store/capabilities.py:91}}
Jun 16 20:05:43.428569 np0000002984 devstack@g-api.service[98808]: DEBUG glance_store.driver [None req-56bdfcb6-c7fc-4646-be84-fc283b89629c tempest-ServerBootFromVolumeStableRescueTest-1024680486 tempest-ServerBootFromVolumeStableRescueTest-1024680486-project-member] Late loading location class glance_store._drivers.swift.store.StoreLocation {{(pid=98808) get_store_location_class /opt/stack/data/venv/lib/python3.12/site-packages/glance_store/driver.py:134}}
Jun 16 20:05:43.428569 np0000002984 devstack@g-api.service[98808]: DEBUG glance_store.location [None req-56bdfcb6-c7fc-4646-be84-fc283b89629c tempest-ServerBootFromVolumeStableRescueTest-1024680486 tempest-ServerBootFromVolumeStableRescueTest-1024680486-project-member] Registering scheme swift+https with {'store': , 'location_class': , 'store_entry': 'swift'} {{(pid=98808) register_scheme_map /opt/stack/data/venv/lib/python3.12/site-packages/glance_store/location.py:146}}
Jun 16 20:05:43.428569 np0000002984 devstack@g-api.service[98808]: DEBUG glance_store.location [None req-56bdfcb6-c7fc-4646-be84-fc283b89629c tempest-ServerBootFromVolumeStableRescueTest-1024680486 tempest-ServerBootFromVolumeStableRescueTest-1024680486-project-member] Registering scheme swift+https with {'store': , 'location_class': , 'store_entry': 'swift'} {{(pid=98808) register_scheme_map /opt/stack/data/venv/lib/python3.12/site-packages/glance_store/location.py:146}}
Jun 16 20:05:43.428569 np0000002984 devstack@g-api.service[98808]: DEBUG glance_store.location [None req-56bdfcb6-c7fc-4646-be84-fc283b89629c tempest-ServerBootFromVolumeStableRescueTest-1024680486 tempest-ServerBootFromVolumeStableRescueTest-1024680486-project-member] Registering scheme swift with {'store': , 'location_class': , 'store_entry': 'swift'} {{(pid=98808) register_scheme_map /opt/stack/data/venv/lib/python3.12/site-packages/glance_store/location.py:146}}
Jun 16 20:05:43.428569 np0000002984 devstack@g-api.service[98808]: DEBUG glance_store.location [None req-56bdfcb6-c7fc-4646-be84-fc283b89629c tempest-ServerBootFromVolumeStableRescueTest-1024680486 tempest-ServerBootFromVolumeStableRescueTest-1024680486-project-member] Registering scheme swift+https with {'store': , 'location_class': , 'store_entry': 'swift'} {{(pid=98808) register_scheme_map /opt/stack/data/venv/lib/python3.12/site-packages/glance_store/location.py:146}}
Jun 16 20:05:43.428569 np0000002984 devstack@g-api.service[98808]: DEBUG glance_store.location [None req-56bdfcb6-c7fc-4646-be84-fc283b89629c tempest-ServerBootFromVolumeStableRescueTest-1024680486 tempest-ServerBootFromVolumeStableRescueTest-1024680486-project-member] Registering scheme swift with {'store': , 'location_class': , 'store_entry': 'swift'} {{(pid=98808) register_scheme_map /opt/stack/data/venv/lib/python3.12/site-packages/glance_store/location.py:146}}
Jun 16 20:05:43.428569 np0000002984 devstack@g-api.service[98808]: DEBUG glance_store.location [None req-56bdfcb6-c7fc-4646-be84-fc283b89629c tempest-ServerBootFromVolumeStableRescueTest-1024680486 tempest-ServerBootFromVolumeStableRescueTest-1024680486-project-member] Registering scheme swift+http with {'store': , 'location_class': , 'store_entry': 'swift'} {{(pid=98808) register_scheme_map /opt/stack/data/venv/lib/python3.12/site-packages/glance_store/location.py:146}}
Jun 16 20:05:43.428569 np0000002984 devstack@g-api.service[98808]: DEBUG glance_store.location [None req-56bdfcb6-c7fc-4646-be84-fc283b89629c tempest-ServerBootFromVolumeStableRescueTest-1024680486 tempest-ServerBootFromVolumeStableRescueTest-1024680486-project-member] Registering scheme swift+https with {'store': , 'location_class': , 'store_entry': 'swift'} {{(pid=98808) register_scheme_map /opt/stack/data/venv/lib/python3.12/site-packages/glance_store/location.py:146}}
Jun 16 20:05:43.428569 np0000002984 devstack@g-api.service[98808]: DEBUG glance_store.location [None req-56bdfcb6-c7fc-4646-be84-fc283b89629c tempest-ServerBootFromVolumeStableRescueTest-1024680486 tempest-ServerBootFromVolumeStableRescueTest-1024680486-project-member] Registering scheme swift with {'store': , 'location_class': , 'store_entry': 'swift'} {{(pid=98808) register_scheme_map /opt/stack/data/venv/lib/python3.12/site-packages/glance_store/location.py:146}}
Jun 16 20:05:43.429036 np0000002984 devstack@g-api.service[98808]: DEBUG glance_store.location [None req-56bdfcb6-c7fc-4646-be84-fc283b89629c tempest-ServerBootFromVolumeStableRescueTest-1024680486 tempest-ServerBootFromVolumeStableRescueTest-1024680486-project-member] Registering scheme swift+http with {'store': , 'location_class': , 'store_entry': 'swift'} {{(pid=98808) register_scheme_map /opt/stack/data/venv/lib/python3.12/site-packages/glance_store/location.py:146}}
Jun 16 20:05:43.429036 np0000002984 devstack@g-api.service[98808]: DEBUG glance_store.location [None req-56bdfcb6-c7fc-4646-be84-fc283b89629c tempest-ServerBootFromVolumeStableRescueTest-1024680486 tempest-ServerBootFromVolumeStableRescueTest-1024680486-project-member] Registering scheme swift+config with {'store': , 'location_class': , 'store_entry': 'swift'} {{(pid=98808) register_scheme_map /opt/stack/data/venv/lib/python3.12/site-packages/glance_store/location.py:146}}
Jun 16 20:05:43.429036 np0000002984 devstack@g-api.service[98808]: DEBUG glance_store.backend [None req-56bdfcb6-c7fc-4646-be84-fc283b89629c tempest-ServerBootFromVolumeStableRescueTest-1024680486 tempest-ServerBootFromVolumeStableRescueTest-1024680486-project-member] Skipping store.set_acls... not implemented. {{(pid=98808) set_acls /opt/stack/data/venv/lib/python3.12/site-packages/glance_store/backend.py:507}}
Jun 16 20:05:43.433955 np0000002984 devstack@g-api.service[98808]: [pid: 98808|app: 0|req: 152/323] 127.0.0.1 () {46 vars in 1158 bytes} [Tue Jun 16 20:05:41 2026] PUT /v2/images/8acdfa9d-8cb9-49d1-9cf8-d5e192f3bb04/file => generated 0 bytes in 2221 msecs (HTTP/1.1 204) 4 headers in 171 bytes (1 switches on core 0)
Jun 16 20:05:43.496113 np0000002984 devstack@g-api.service[98807]: DEBUG glance.api.middleware.version_negotiation [None req-2dd90b0d-0c78-4431-a13c-259b2ae4061b tempest-ServerBootFromVolumeStableRescueTest-1024680486 tempest-ServerBootFromVolumeStableRescueTest-1024680486-project-member] Determining version of request: GET /v2/images/8acdfa9d-8cb9-49d1-9cf8-d5e192f3bb04 Accept: */* {{(pid=98807) process_request /opt/stack/glance/glance/api/middleware/version_negotiation.py:44}}
Jun 16 20:05:43.496509 np0000002984 devstack@g-api.service[98807]: DEBUG glance.api.middleware.version_negotiation [None req-2dd90b0d-0c78-4431-a13c-259b2ae4061b tempest-ServerBootFromVolumeStableRescueTest-1024680486 tempest-ServerBootFromVolumeStableRescueTest-1024680486-project-member] Using url versioning {{(pid=98807) process_request /opt/stack/glance/glance/api/middleware/version_negotiation.py:57}}
Jun 16 20:05:43.496684 np0000002984 devstack@g-api.service[98807]: DEBUG glance.api.middleware.version_negotiation [None req-2dd90b0d-0c78-4431-a13c-259b2ae4061b tempest-ServerBootFromVolumeStableRescueTest-1024680486 tempest-ServerBootFromVolumeStableRescueTest-1024680486-project-member] Matched version: v2 {{(pid=98807) process_request /opt/stack/glance/glance/api/middleware/version_negotiation.py:69}}
Jun 16 20:05:43.496858 np0000002984 devstack@g-api.service[98807]: DEBUG glance.api.middleware.version_negotiation [None req-2dd90b0d-0c78-4431-a13c-259b2ae4061b tempest-ServerBootFromVolumeStableRescueTest-1024680486 tempest-ServerBootFromVolumeStableRescueTest-1024680486-project-member] new path /v2/images/8acdfa9d-8cb9-49d1-9cf8-d5e192f3bb04 {{(pid=98807) process_request /opt/stack/glance/glance/api/middleware/version_negotiation.py:70}}
Jun 16 20:05:43.515201 np0000002984 devstack@g-api.service[98807]: [pid: 98807|app: 0|req: 172/324] 127.0.0.1 () {44 vars in 1115 bytes} [Tue Jun 16 20:05:43 2026] GET /v2/images/8acdfa9d-8cb9-49d1-9cf8-d5e192f3bb04 => generated 1641 bytes in 19 msecs (HTTP/1.1 200) 4 headers in 158 bytes (1 switches on core 0)
Jun 16 20:05:43.560625 np0000002984 devstack@g-api.service[98808]: DEBUG glance.api.middleware.version_negotiation [None req-56bdfcb6-c7fc-4646-be84-fc283b89629c tempest-ServerBootFromVolumeStableRescueTest-1024680486 tempest-ServerBootFromVolumeStableRescueTest-1024680486-project-member] Determining version of request: GET /v2/schemas/image Accept: */* {{(pid=98808) process_request /opt/stack/glance/glance/api/middleware/version_negotiation.py:44}}
Jun 16 20:05:43.561017 np0000002984 devstack@g-api.service[98808]: DEBUG glance.api.middleware.version_negotiation [None req-56bdfcb6-c7fc-4646-be84-fc283b89629c tempest-ServerBootFromVolumeStableRescueTest-1024680486 tempest-ServerBootFromVolumeStableRescueTest-1024680486-project-member] Using url versioning {{(pid=98808) process_request /opt/stack/glance/glance/api/middleware/version_negotiation.py:57}}
Jun 16 20:05:43.561073 np0000002984 devstack@g-api.service[98808]: DEBUG glance.api.middleware.version_negotiation [None req-56bdfcb6-c7fc-4646-be84-fc283b89629c tempest-ServerBootFromVolumeStableRescueTest-1024680486 tempest-ServerBootFromVolumeStableRescueTest-1024680486-project-member] Matched version: v2 {{(pid=98808) process_request /opt/stack/glance/glance/api/middleware/version_negotiation.py:69}}
Jun 16 20:05:43.561230 np0000002984 devstack@g-api.service[98808]: DEBUG glance.api.middleware.version_negotiation [None req-56bdfcb6-c7fc-4646-be84-fc283b89629c tempest-ServerBootFromVolumeStableRescueTest-1024680486 tempest-ServerBootFromVolumeStableRescueTest-1024680486-project-member] new path /v2/schemas/image {{(pid=98808) process_request /opt/stack/glance/glance/api/middleware/version_negotiation.py:70}}
Jun 16 20:05:43.577074 np0000002984 devstack@g-api.service[98808]: [pid: 98808|app: 0|req: 153/325] 127.0.0.1 () {44 vars in 1055 bytes} [Tue Jun 16 20:05:43 2026] GET /v2/schemas/image => generated 6083 bytes in 17 msecs (HTTP/1.1 200) 4 headers in 158 bytes (1 switches on core 0)
Jun 16 20:05:43.982071 np0000002984 devstack@g-api.service[98807]: DEBUG glance.api.middleware.version_negotiation [None req-56bdfcb6-c7fc-4646-be84-fc283b89629c tempest-ServerBootFromVolumeStableRescueTest-1024680486 tempest-ServerBootFromVolumeStableRescueTest-1024680486-project-member] Determining version of request: GET /v2/images/8acdfa9d-8cb9-49d1-9cf8-d5e192f3bb04 Accept: application/json {{(pid=98807) process_request /opt/stack/glance/glance/api/middleware/version_negotiation.py:44}}
Jun 16 20:05:43.982468 np0000002984 devstack@g-api.service[98807]: DEBUG glance.api.middleware.version_negotiation [None req-56bdfcb6-c7fc-4646-be84-fc283b89629c tempest-ServerBootFromVolumeStableRescueTest-1024680486 tempest-ServerBootFromVolumeStableRescueTest-1024680486-project-member] Using url versioning {{(pid=98807) process_request /opt/stack/glance/glance/api/middleware/version_negotiation.py:57}}
Jun 16 20:05:43.982468 np0000002984 devstack@g-api.service[98807]: DEBUG glance.api.middleware.version_negotiation [None req-56bdfcb6-c7fc-4646-be84-fc283b89629c tempest-ServerBootFromVolumeStableRescueTest-1024680486 tempest-ServerBootFromVolumeStableRescueTest-1024680486-project-member] Matched version: v2 {{(pid=98807) process_request /opt/stack/glance/glance/api/middleware/version_negotiation.py:69}}
Jun 16 20:05:43.982597 np0000002984 devstack@g-api.service[98807]: DEBUG glance.api.middleware.version_negotiation [None req-56bdfcb6-c7fc-4646-be84-fc283b89629c tempest-ServerBootFromVolumeStableRescueTest-1024680486 tempest-ServerBootFromVolumeStableRescueTest-1024680486-project-member] new path /v2/images/8acdfa9d-8cb9-49d1-9cf8-d5e192f3bb04 {{(pid=98807) process_request /opt/stack/glance/glance/api/middleware/version_negotiation.py:70}}
Jun 16 20:05:43.995341 np0000002984 devstack@g-api.service[98807]: [pid: 98807|app: 0|req: 173/326] 127.0.0.1 () {40 vars in 838 bytes} [Tue Jun 16 20:05:43 2026] GET /v2/images/8acdfa9d-8cb9-49d1-9cf8-d5e192f3bb04 => generated 1641 bytes in 13 msecs (HTTP/1.1 200) 4 headers in 158 bytes (1 switches on core 0)
Jun 16 20:05:44.002953 np0000002984 devstack@g-api.service[98808]: DEBUG glance.api.middleware.version_negotiation [None req-56bdfcb6-c7fc-4646-be84-fc283b89629c tempest-ServerBootFromVolumeStableRescueTest-1024680486 tempest-ServerBootFromVolumeStableRescueTest-1024680486-project-member] Determining version of request: GET /v2/images/8acdfa9d-8cb9-49d1-9cf8-d5e192f3bb04 Accept: application/json {{(pid=98808) process_request /opt/stack/glance/glance/api/middleware/version_negotiation.py:44}}
Jun 16 20:05:44.003170 np0000002984 devstack@g-api.service[98808]: DEBUG glance.api.middleware.version_negotiation [None req-56bdfcb6-c7fc-4646-be84-fc283b89629c tempest-ServerBootFromVolumeStableRescueTest-1024680486 tempest-ServerBootFromVolumeStableRescueTest-1024680486-project-member] Using url versioning {{(pid=98808) process_request /opt/stack/glance/glance/api/middleware/version_negotiation.py:57}}
Jun 16 20:05:44.003341 np0000002984 devstack@g-api.service[98808]: DEBUG glance.api.middleware.version_negotiation [None req-56bdfcb6-c7fc-4646-be84-fc283b89629c tempest-ServerBootFromVolumeStableRescueTest-1024680486 tempest-ServerBootFromVolumeStableRescueTest-1024680486-project-member] Matched version: v2 {{(pid=98808) process_request /opt/stack/glance/glance/api/middleware/version_negotiation.py:69}}
Jun 16 20:05:44.003843 np0000002984 devstack@g-api.service[98808]: DEBUG glance.api.middleware.version_negotiation [None req-56bdfcb6-c7fc-4646-be84-fc283b89629c tempest-ServerBootFromVolumeStableRescueTest-1024680486 tempest-ServerBootFromVolumeStableRescueTest-1024680486-project-member] new path /v2/images/8acdfa9d-8cb9-49d1-9cf8-d5e192f3bb04 {{(pid=98808) process_request /opt/stack/glance/glance/api/middleware/version_negotiation.py:70}}
Jun 16 20:05:44.029799 np0000002984 devstack@g-api.service[98808]: [pid: 98808|app: 0|req: 154/327] 127.0.0.1 () {40 vars in 838 bytes} [Tue Jun 16 20:05:44 2026] GET /v2/images/8acdfa9d-8cb9-49d1-9cf8-d5e192f3bb04 => generated 1641 bytes in 26 msecs (HTTP/1.1 200) 4 headers in 158 bytes (1 switches on core 0)
Jun 16 20:05:44.641402 np0000002984 devstack@g-api.service[98807]: DEBUG glance.api.middleware.version_negotiation [None req-c75dc194-f2ed-4008-a79a-291fa6403b5f tempest-ServerBootFromVolumeStableRescueTest-1024680486 tempest-ServerBootFromVolumeStableRescueTest-1024680486-project-member] Determining version of request: GET /v2/images/196e025e-dbff-4b53-b3ea-19658e5cbcbc Accept: */* {{(pid=98807) process_request /opt/stack/glance/glance/api/middleware/version_negotiation.py:44}}
Jun 16 20:05:44.641580 np0000002984 devstack@g-api.service[98807]: DEBUG glance.api.middleware.version_negotiation [None req-c75dc194-f2ed-4008-a79a-291fa6403b5f tempest-ServerBootFromVolumeStableRescueTest-1024680486 tempest-ServerBootFromVolumeStableRescueTest-1024680486-project-member] Using url versioning {{(pid=98807) process_request /opt/stack/glance/glance/api/middleware/version_negotiation.py:57}}
Jun 16 20:05:44.641800 np0000002984 devstack@g-api.service[98807]: DEBUG glance.api.middleware.version_negotiation [None req-c75dc194-f2ed-4008-a79a-291fa6403b5f tempest-ServerBootFromVolumeStableRescueTest-1024680486 tempest-ServerBootFromVolumeStableRescueTest-1024680486-project-member] Matched version: v2 {{(pid=98807) process_request /opt/stack/glance/glance/api/middleware/version_negotiation.py:69}}
Jun 16 20:05:44.642187 np0000002984 devstack@g-api.service[98807]: DEBUG glance.api.middleware.version_negotiation [None req-c75dc194-f2ed-4008-a79a-291fa6403b5f tempest-ServerBootFromVolumeStableRescueTest-1024680486 tempest-ServerBootFromVolumeStableRescueTest-1024680486-project-member] new path /v2/images/196e025e-dbff-4b53-b3ea-19658e5cbcbc {{(pid=98807) process_request /opt/stack/glance/glance/api/middleware/version_negotiation.py:70}}
Jun 16 20:05:44.662053 np0000002984 devstack@g-api.service[98807]: [pid: 98807|app: 0|req: 174/328] 127.0.0.1 () {44 vars in 1115 bytes} [Tue Jun 16 20:05:44 2026] GET /v2/images/196e025e-dbff-4b53-b3ea-19658e5cbcbc => generated 1044 bytes in 21 msecs (HTTP/1.1 200) 4 headers in 158 bytes (1 switches on core 0)
Jun 16 20:05:44.691282 np0000002984 devstack@g-api.service[98808]: DEBUG glance.api.middleware.version_negotiation [None req-9612cae6-28fe-4738-9b03-9930a3b881e8 tempest-ServerBootFromVolumeStableRescueTest-1024680486 tempest-ServerBootFromVolumeStableRescueTest-1024680486-project-member] Determining version of request: GET /v2/schemas/image Accept: */* {{(pid=98808) process_request /opt/stack/glance/glance/api/middleware/version_negotiation.py:44}}
Jun 16 20:05:44.691675 np0000002984 devstack@g-api.service[98808]: DEBUG glance.api.middleware.version_negotiation [None req-9612cae6-28fe-4738-9b03-9930a3b881e8 tempest-ServerBootFromVolumeStableRescueTest-1024680486 tempest-ServerBootFromVolumeStableRescueTest-1024680486-project-member] Using url versioning {{(pid=98808) process_request /opt/stack/glance/glance/api/middleware/version_negotiation.py:57}}
Jun 16 20:05:44.691742 np0000002984 devstack@g-api.service[98808]: DEBUG glance.api.middleware.version_negotiation [None req-9612cae6-28fe-4738-9b03-9930a3b881e8 tempest-ServerBootFromVolumeStableRescueTest-1024680486 tempest-ServerBootFromVolumeStableRescueTest-1024680486-project-member] Matched version: v2 {{(pid=98808) process_request /opt/stack/glance/glance/api/middleware/version_negotiation.py:69}}
Jun 16 20:05:44.691854 np0000002984 devstack@g-api.service[98808]: DEBUG glance.api.middleware.version_negotiation [None req-9612cae6-28fe-4738-9b03-9930a3b881e8 tempest-ServerBootFromVolumeStableRescueTest-1024680486 tempest-ServerBootFromVolumeStableRescueTest-1024680486-project-member] new path /v2/schemas/image {{(pid=98808) process_request /opt/stack/glance/glance/api/middleware/version_negotiation.py:70}}
Jun 16 20:05:44.694920 np0000002984 devstack@g-api.service[98808]: [pid: 98808|app: 0|req: 155/329] 127.0.0.1 () {44 vars in 1055 bytes} [Tue Jun 16 20:05:44 2026] GET /v2/schemas/image => generated 6083 bytes in 4 msecs (HTTP/1.1 200) 4 headers in 158 bytes (1 switches on core 0)
Jun 16 20:05:45.921729 np0000002984 devstack@g-api.service[98807]: DEBUG glance.api.middleware.version_negotiation [None req-6cef78ef-0db3-46a3-81a0-625f9c6338a9 tempest-ServerBootFromVolumeStableRescueTest-1024680486 tempest-ServerBootFromVolumeStableRescueTest-1024680486-project-member] Determining version of request: GET /v2/images/196e025e-dbff-4b53-b3ea-19658e5cbcbc Accept: */* {{(pid=98807) process_request /opt/stack/glance/glance/api/middleware/version_negotiation.py:44}}
Jun 16 20:05:45.922139 np0000002984 devstack@g-api.service[98807]: DEBUG glance.api.middleware.version_negotiation [None req-6cef78ef-0db3-46a3-81a0-625f9c6338a9 tempest-ServerBootFromVolumeStableRescueTest-1024680486 tempest-ServerBootFromVolumeStableRescueTest-1024680486-project-member] Using url versioning {{(pid=98807) process_request /opt/stack/glance/glance/api/middleware/version_negotiation.py:57}}
Jun 16 20:05:45.922139 np0000002984 devstack@g-api.service[98807]: DEBUG glance.api.middleware.version_negotiation [None req-6cef78ef-0db3-46a3-81a0-625f9c6338a9 tempest-ServerBootFromVolumeStableRescueTest-1024680486 tempest-ServerBootFromVolumeStableRescueTest-1024680486-project-member] Matched version: v2 {{(pid=98807) process_request /opt/stack/glance/glance/api/middleware/version_negotiation.py:69}}
Jun 16 20:05:45.922221 np0000002984 devstack@g-api.service[98807]: DEBUG glance.api.middleware.version_negotiation [None req-6cef78ef-0db3-46a3-81a0-625f9c6338a9 tempest-ServerBootFromVolumeStableRescueTest-1024680486 tempest-ServerBootFromVolumeStableRescueTest-1024680486-project-member] new path /v2/images/196e025e-dbff-4b53-b3ea-19658e5cbcbc {{(pid=98807) process_request /opt/stack/glance/glance/api/middleware/version_negotiation.py:70}}
Jun 16 20:05:45.946701 np0000002984 devstack@g-api.service[98807]: [pid: 98807|app: 0|req: 175/330] 127.0.0.1 () {44 vars in 1115 bytes} [Tue Jun 16 20:05:45 2026] GET /v2/images/196e025e-dbff-4b53-b3ea-19658e5cbcbc => generated 1044 bytes in 25 msecs (HTTP/1.1 200) 4 headers in 158 bytes (1 switches on core 0)
Jun 16 20:05:45.995180 np0000002984 devstack@g-api.service[98808]: DEBUG glance.api.middleware.version_negotiation [None req-6cef78ef-0db3-46a3-81a0-625f9c6338a9 tempest-ServerBootFromVolumeStableRescueTest-1024680486 tempest-ServerBootFromVolumeStableRescueTest-1024680486-project-member] Determining version of request: GET /v2/schemas/image Accept: */* {{(pid=98808) process_request /opt/stack/glance/glance/api/middleware/version_negotiation.py:44}}
Jun 16 20:05:45.995600 np0000002984 devstack@g-api.service[98808]: DEBUG glance.api.middleware.version_negotiation [None req-6cef78ef-0db3-46a3-81a0-625f9c6338a9 tempest-ServerBootFromVolumeStableRescueTest-1024680486 tempest-ServerBootFromVolumeStableRescueTest-1024680486-project-member] Using url versioning {{(pid=98808) process_request /opt/stack/glance/glance/api/middleware/version_negotiation.py:57}}
Jun 16 20:05:45.995644 np0000002984 devstack@g-api.service[98808]: DEBUG glance.api.middleware.version_negotiation [None req-6cef78ef-0db3-46a3-81a0-625f9c6338a9 tempest-ServerBootFromVolumeStableRescueTest-1024680486 tempest-ServerBootFromVolumeStableRescueTest-1024680486-project-member] Matched version: v2 {{(pid=98808) process_request /opt/stack/glance/glance/api/middleware/version_negotiation.py:69}}
Jun 16 20:05:45.995842 np0000002984 devstack@g-api.service[98808]: DEBUG glance.api.middleware.version_negotiation [None req-6cef78ef-0db3-46a3-81a0-625f9c6338a9 tempest-ServerBootFromVolumeStableRescueTest-1024680486 tempest-ServerBootFromVolumeStableRescueTest-1024680486-project-member] new path /v2/schemas/image {{(pid=98808) process_request /opt/stack/glance/glance/api/middleware/version_negotiation.py:70}}
Jun 16 20:05:45.999811 np0000002984 devstack@g-api.service[98808]: [pid: 98808|app: 0|req: 156/331] 127.0.0.1 () {44 vars in 1055 bytes} [Tue Jun 16 20:05:45 2026] GET /v2/schemas/image => generated 6083 bytes in 4 msecs (HTTP/1.1 200) 4 headers in 158 bytes (1 switches on core 0)
Jun 16 20:05:53.318558 np0000002984 devstack@g-api.service[98807]: DEBUG glance.api.middleware.version_negotiation [None req-77645ac6-2757-4f1c-b923-781adf6c2195 tempest-VolumesNegativeTest-1412331726 tempest-VolumesNegativeTest-1412331726-project-member] Determining version of request: GET /v2/images/196e025e-dbff-4b53-b3ea-19658e5cbcbc Accept: */* {{(pid=98807) process_request /opt/stack/glance/glance/api/middleware/version_negotiation.py:44}}
Jun 16 20:05:53.318913 np0000002984 devstack@g-api.service[98807]: DEBUG glance.api.middleware.version_negotiation [None req-77645ac6-2757-4f1c-b923-781adf6c2195 tempest-VolumesNegativeTest-1412331726 tempest-VolumesNegativeTest-1412331726-project-member] Using url versioning {{(pid=98807) process_request /opt/stack/glance/glance/api/middleware/version_negotiation.py:57}}
Jun 16 20:05:53.319291 np0000002984 devstack@g-api.service[98807]: DEBUG glance.api.middleware.version_negotiation [None req-77645ac6-2757-4f1c-b923-781adf6c2195 tempest-VolumesNegativeTest-1412331726 tempest-VolumesNegativeTest-1412331726-project-member] Matched version: v2 {{(pid=98807) process_request /opt/stack/glance/glance/api/middleware/version_negotiation.py:69}}
Jun 16 20:05:53.319291 np0000002984 devstack@g-api.service[98807]: DEBUG glance.api.middleware.version_negotiation [None req-77645ac6-2757-4f1c-b923-781adf6c2195 tempest-VolumesNegativeTest-1412331726 tempest-VolumesNegativeTest-1412331726-project-member] new path /v2/images/196e025e-dbff-4b53-b3ea-19658e5cbcbc {{(pid=98807) process_request /opt/stack/glance/glance/api/middleware/version_negotiation.py:70}}
Jun 16 20:05:53.339045 np0000002984 devstack@g-api.service[98807]: [pid: 98807|app: 0|req: 176/332] 127.0.0.1 () {44 vars in 1115 bytes} [Tue Jun 16 20:05:53 2026] GET /v2/images/196e025e-dbff-4b53-b3ea-19658e5cbcbc => generated 1044 bytes in 20 msecs (HTTP/1.1 200) 4 headers in 158 bytes (1 switches on core 0)
Jun 16 20:05:53.351348 np0000002984 devstack@g-api.service[98808]: DEBUG glance.api.middleware.version_negotiation [None req-77645ac6-2757-4f1c-b923-781adf6c2195 tempest-VolumesNegativeTest-1412331726 tempest-VolumesNegativeTest-1412331726-project-member] Determining version of request: GET /v2/schemas/image Accept: */* {{(pid=98808) process_request /opt/stack/glance/glance/api/middleware/version_negotiation.py:44}}
Jun 16 20:05:53.352108 np0000002984 devstack@g-api.service[98808]: DEBUG glance.api.middleware.version_negotiation [None req-77645ac6-2757-4f1c-b923-781adf6c2195 tempest-VolumesNegativeTest-1412331726 tempest-VolumesNegativeTest-1412331726-project-member] Using url versioning {{(pid=98808) process_request /opt/stack/glance/glance/api/middleware/version_negotiation.py:57}}
Jun 16 20:05:53.352108 np0000002984 devstack@g-api.service[98808]: DEBUG glance.api.middleware.version_negotiation [None req-77645ac6-2757-4f1c-b923-781adf6c2195 tempest-VolumesNegativeTest-1412331726 tempest-VolumesNegativeTest-1412331726-project-member] Matched version: v2 {{(pid=98808) process_request /opt/stack/glance/glance/api/middleware/version_negotiation.py:69}}
Jun 16 20:05:53.352108 np0000002984 devstack@g-api.service[98808]: DEBUG glance.api.middleware.version_negotiation [None req-77645ac6-2757-4f1c-b923-781adf6c2195 tempest-VolumesNegativeTest-1412331726 tempest-VolumesNegativeTest-1412331726-project-member] new path /v2/schemas/image {{(pid=98808) process_request /opt/stack/glance/glance/api/middleware/version_negotiation.py:70}}
Jun 16 20:05:53.359409 np0000002984 devstack@g-api.service[98808]: [pid: 98808|app: 0|req: 157/333] 127.0.0.1 () {44 vars in 1055 bytes} [Tue Jun 16 20:05:53 2026] GET /v2/schemas/image => generated 6083 bytes in 8 msecs (HTTP/1.1 200) 4 headers in 158 bytes (1 switches on core 0)
Jun 16 20:05:53.377128 np0000002984 devstack@g-api.service[98807]: DEBUG glance.api.middleware.version_negotiation [None req-6cef78ef-0db3-46a3-81a0-625f9c6338a9 tempest-ServerBootFromVolumeStableRescueTest-1024680486 tempest-ServerBootFromVolumeStableRescueTest-1024680486-project-member] Determining version of request: GET /v2/schemas/image Accept: */* {{(pid=98807) process_request /opt/stack/glance/glance/api/middleware/version_negotiation.py:44}}
Jun 16 20:05:53.378535 np0000002984 devstack@g-api.service[98807]: DEBUG glance.api.middleware.version_negotiation [None req-6cef78ef-0db3-46a3-81a0-625f9c6338a9 tempest-ServerBootFromVolumeStableRescueTest-1024680486 tempest-ServerBootFromVolumeStableRescueTest-1024680486-project-member] Using url versioning {{(pid=98807) process_request /opt/stack/glance/glance/api/middleware/version_negotiation.py:57}}
Jun 16 20:05:53.378750 np0000002984 devstack@g-api.service[98807]: DEBUG glance.api.middleware.version_negotiation [None req-6cef78ef-0db3-46a3-81a0-625f9c6338a9 tempest-ServerBootFromVolumeStableRescueTest-1024680486 tempest-ServerBootFromVolumeStableRescueTest-1024680486-project-member] Matched version: v2 {{(pid=98807) process_request /opt/stack/glance/glance/api/middleware/version_negotiation.py:69}}
Jun 16 20:05:53.378842 np0000002984 devstack@g-api.service[98807]: DEBUG glance.api.middleware.version_negotiation [None req-6cef78ef-0db3-46a3-81a0-625f9c6338a9 tempest-ServerBootFromVolumeStableRescueTest-1024680486 tempest-ServerBootFromVolumeStableRescueTest-1024680486-project-member] new path /v2/schemas/image {{(pid=98807) process_request /opt/stack/glance/glance/api/middleware/version_negotiation.py:70}}
Jun 16 20:05:53.383389 np0000002984 devstack@g-api.service[98807]: [pid: 98807|app: 0|req: 177/334] 127.0.0.1 () {44 vars in 1055 bytes} [Tue Jun 16 20:05:53 2026] GET /v2/schemas/image => generated 6083 bytes in 6 msecs (HTTP/1.1 200) 4 headers in 158 bytes (1 switches on core 0)
Jun 16 20:05:53.403294 np0000002984 devstack@g-api.service[98808]: DEBUG glance.api.middleware.version_negotiation [None req-6cef78ef-0db3-46a3-81a0-625f9c6338a9 tempest-ServerBootFromVolumeStableRescueTest-1024680486 tempest-ServerBootFromVolumeStableRescueTest-1024680486-project-member] Determining version of request: GET /v2/images/196e025e-dbff-4b53-b3ea-19658e5cbcbc Accept: */* {{(pid=98808) process_request /opt/stack/glance/glance/api/middleware/version_negotiation.py:44}}
Jun 16 20:05:53.403294 np0000002984 devstack@g-api.service[98808]: DEBUG glance.api.middleware.version_negotiation [None req-6cef78ef-0db3-46a3-81a0-625f9c6338a9 tempest-ServerBootFromVolumeStableRescueTest-1024680486 tempest-ServerBootFromVolumeStableRescueTest-1024680486-project-member] Using url versioning {{(pid=98808) process_request /opt/stack/glance/glance/api/middleware/version_negotiation.py:57}}
Jun 16 20:05:53.403542 np0000002984 devstack@g-api.service[98808]: DEBUG glance.api.middleware.version_negotiation [None req-6cef78ef-0db3-46a3-81a0-625f9c6338a9 tempest-ServerBootFromVolumeStableRescueTest-1024680486 tempest-ServerBootFromVolumeStableRescueTest-1024680486-project-member] Matched version: v2 {{(pid=98808) process_request /opt/stack/glance/glance/api/middleware/version_negotiation.py:69}}
Jun 16 20:05:53.403594 np0000002984 devstack@g-api.service[98808]: DEBUG glance.api.middleware.version_negotiation [None req-6cef78ef-0db3-46a3-81a0-625f9c6338a9 tempest-ServerBootFromVolumeStableRescueTest-1024680486 tempest-ServerBootFromVolumeStableRescueTest-1024680486-project-member] new path /v2/images/196e025e-dbff-4b53-b3ea-19658e5cbcbc {{(pid=98808) process_request /opt/stack/glance/glance/api/middleware/version_negotiation.py:70}}
Jun 16 20:05:53.416900 np0000002984 devstack@g-api.service[98808]: [pid: 98808|app: 0|req: 158/335] 127.0.0.1 () {44 vars in 1115 bytes} [Tue Jun 16 20:05:53 2026] GET /v2/images/196e025e-dbff-4b53-b3ea-19658e5cbcbc => generated 1044 bytes in 14 msecs (HTTP/1.1 200) 4 headers in 158 bytes (1 switches on core 0)
Jun 16 20:05:53.430643 np0000002984 devstack@g-api.service[98807]: DEBUG glance.api.middleware.version_negotiation [None req-6cef78ef-0db3-46a3-81a0-625f9c6338a9 tempest-ServerBootFromVolumeStableRescueTest-1024680486 tempest-ServerBootFromVolumeStableRescueTest-1024680486-project-member] Determining version of request: GET /v2/schemas/image Accept: */* {{(pid=98807) process_request /opt/stack/glance/glance/api/middleware/version_negotiation.py:44}}
Jun 16 20:05:53.430792 np0000002984 devstack@g-api.service[98807]: DEBUG glance.api.middleware.version_negotiation [None req-6cef78ef-0db3-46a3-81a0-625f9c6338a9 tempest-ServerBootFromVolumeStableRescueTest-1024680486 tempest-ServerBootFromVolumeStableRescueTest-1024680486-project-member] Using url versioning {{(pid=98807) process_request /opt/stack/glance/glance/api/middleware/version_negotiation.py:57}}
Jun 16 20:05:53.430946 np0000002984 devstack@g-api.service[98807]: DEBUG glance.api.middleware.version_negotiation [None req-6cef78ef-0db3-46a3-81a0-625f9c6338a9 tempest-ServerBootFromVolumeStableRescueTest-1024680486 tempest-ServerBootFromVolumeStableRescueTest-1024680486-project-member] Matched version: v2 {{(pid=98807) process_request /opt/stack/glance/glance/api/middleware/version_negotiation.py:69}}
Jun 16 20:05:53.431045 np0000002984 devstack@g-api.service[98807]: DEBUG glance.api.middleware.version_negotiation [None req-6cef78ef-0db3-46a3-81a0-625f9c6338a9 tempest-ServerBootFromVolumeStableRescueTest-1024680486 tempest-ServerBootFromVolumeStableRescueTest-1024680486-project-member] new path /v2/schemas/image {{(pid=98807) process_request /opt/stack/glance/glance/api/middleware/version_negotiation.py:70}}
Jun 16 20:05:53.436359 np0000002984 devstack@g-api.service[98807]: [pid: 98807|app: 0|req: 178/336] 127.0.0.1 () {44 vars in 1055 bytes} [Tue Jun 16 20:05:53 2026] GET /v2/schemas/image => generated 6083 bytes in 5 msecs (HTTP/1.1 200) 4 headers in 158 bytes (1 switches on core 0)
Jun 16 20:05:53.455620 np0000002984 devstack@g-api.service[98808]: DEBUG glance.api.middleware.version_negotiation [None req-6cef78ef-0db3-46a3-81a0-625f9c6338a9 tempest-ServerBootFromVolumeStableRescueTest-1024680486 tempest-ServerBootFromVolumeStableRescueTest-1024680486-project-member] Determining version of request: GET /v2/schemas/image Accept: */* {{(pid=98808) process_request /opt/stack/glance/glance/api/middleware/version_negotiation.py:44}}
Jun 16 20:05:53.455770 np0000002984 devstack@g-api.service[98808]: DEBUG glance.api.middleware.version_negotiation [None req-6cef78ef-0db3-46a3-81a0-625f9c6338a9 tempest-ServerBootFromVolumeStableRescueTest-1024680486 tempest-ServerBootFromVolumeStableRescueTest-1024680486-project-member] Using url versioning {{(pid=98808) process_request /opt/stack/glance/glance/api/middleware/version_negotiation.py:57}}
Jun 16 20:05:53.455934 np0000002984 devstack@g-api.service[98808]: DEBUG glance.api.middleware.version_negotiation [None req-6cef78ef-0db3-46a3-81a0-625f9c6338a9 tempest-ServerBootFromVolumeStableRescueTest-1024680486 tempest-ServerBootFromVolumeStableRescueTest-1024680486-project-member] Matched version: v2 {{(pid=98808) process_request /opt/stack/glance/glance/api/middleware/version_negotiation.py:69}}
Jun 16 20:05:53.456087 np0000002984 devstack@g-api.service[98808]: DEBUG glance.api.middleware.version_negotiation [None req-6cef78ef-0db3-46a3-81a0-625f9c6338a9 tempest-ServerBootFromVolumeStableRescueTest-1024680486 tempest-ServerBootFromVolumeStableRescueTest-1024680486-project-member] new path /v2/schemas/image {{(pid=98808) process_request /opt/stack/glance/glance/api/middleware/version_negotiation.py:70}}
Jun 16 20:05:53.460488 np0000002984 devstack@g-api.service[98808]: [pid: 98808|app: 0|req: 159/337] 127.0.0.1 () {44 vars in 1055 bytes} [Tue Jun 16 20:05:53 2026] GET /v2/schemas/image => generated 6083 bytes in 5 msecs (HTTP/1.1 200) 4 headers in 158 bytes (1 switches on core 0)
Jun 16 20:05:53.496307 np0000002984 devstack@g-api.service[98807]: DEBUG glance.api.middleware.version_negotiation [None req-6cef78ef-0db3-46a3-81a0-625f9c6338a9 tempest-ServerBootFromVolumeStableRescueTest-1024680486 tempest-ServerBootFromVolumeStableRescueTest-1024680486-project-member] Determining version of request: GET /v2/images/196e025e-dbff-4b53-b3ea-19658e5cbcbc Accept: */* {{(pid=98807) process_request /opt/stack/glance/glance/api/middleware/version_negotiation.py:44}}
Jun 16 20:05:53.496478 np0000002984 devstack@g-api.service[98807]: DEBUG glance.api.middleware.version_negotiation [None req-6cef78ef-0db3-46a3-81a0-625f9c6338a9 tempest-ServerBootFromVolumeStableRescueTest-1024680486 tempest-ServerBootFromVolumeStableRescueTest-1024680486-project-member] Using url versioning {{(pid=98807) process_request /opt/stack/glance/glance/api/middleware/version_negotiation.py:57}}
Jun 16 20:05:53.496632 np0000002984 devstack@g-api.service[98807]: DEBUG glance.api.middleware.version_negotiation [None req-6cef78ef-0db3-46a3-81a0-625f9c6338a9 tempest-ServerBootFromVolumeStableRescueTest-1024680486 tempest-ServerBootFromVolumeStableRescueTest-1024680486-project-member] Matched version: v2 {{(pid=98807) process_request /opt/stack/glance/glance/api/middleware/version_negotiation.py:69}}
Jun 16 20:05:53.496754 np0000002984 devstack@g-api.service[98807]: DEBUG glance.api.middleware.version_negotiation [None req-6cef78ef-0db3-46a3-81a0-625f9c6338a9 tempest-ServerBootFromVolumeStableRescueTest-1024680486 tempest-ServerBootFromVolumeStableRescueTest-1024680486-project-member] new path /v2/images/196e025e-dbff-4b53-b3ea-19658e5cbcbc {{(pid=98807) process_request /opt/stack/glance/glance/api/middleware/version_negotiation.py:70}}
Jun 16 20:05:53.510800 np0000002984 devstack@g-api.service[98807]: [pid: 98807|app: 0|req: 179/338] 127.0.0.1 () {44 vars in 1115 bytes} [Tue Jun 16 20:05:53 2026] GET /v2/images/196e025e-dbff-4b53-b3ea-19658e5cbcbc => generated 1044 bytes in 15 msecs (HTTP/1.1 200) 4 headers in 158 bytes (1 switches on core 0)
Jun 16 20:05:53.525904 np0000002984 devstack@g-api.service[98808]: DEBUG glance.api.middleware.version_negotiation [None req-6cef78ef-0db3-46a3-81a0-625f9c6338a9 tempest-ServerBootFromVolumeStableRescueTest-1024680486 tempest-ServerBootFromVolumeStableRescueTest-1024680486-project-member] Determining version of request: GET /v2/schemas/image Accept: */* {{(pid=98808) process_request /opt/stack/glance/glance/api/middleware/version_negotiation.py:44}}
Jun 16 20:05:53.525904 np0000002984 devstack@g-api.service[98808]: DEBUG glance.api.middleware.version_negotiation [None req-6cef78ef-0db3-46a3-81a0-625f9c6338a9 tempest-ServerBootFromVolumeStableRescueTest-1024680486 tempest-ServerBootFromVolumeStableRescueTest-1024680486-project-member] Using url versioning {{(pid=98808) process_request /opt/stack/glance/glance/api/middleware/version_negotiation.py:57}}
Jun 16 20:05:53.525904 np0000002984 devstack@g-api.service[98808]: DEBUG glance.api.middleware.version_negotiation [None req-6cef78ef-0db3-46a3-81a0-625f9c6338a9 tempest-ServerBootFromVolumeStableRescueTest-1024680486 tempest-ServerBootFromVolumeStableRescueTest-1024680486-project-member] Matched version: v2 {{(pid=98808) process_request /opt/stack/glance/glance/api/middleware/version_negotiation.py:69}}
Jun 16 20:05:53.525904 np0000002984 devstack@g-api.service[98808]: DEBUG glance.api.middleware.version_negotiation [None req-6cef78ef-0db3-46a3-81a0-625f9c6338a9 tempest-ServerBootFromVolumeStableRescueTest-1024680486 tempest-ServerBootFromVolumeStableRescueTest-1024680486-project-member] new path /v2/schemas/image {{(pid=98808) process_request /opt/stack/glance/glance/api/middleware/version_negotiation.py:70}}
Jun 16 20:05:53.527099 np0000002984 devstack@g-api.service[98808]: [pid: 98808|app: 0|req: 160/339] 127.0.0.1 () {44 vars in 1055 bytes} [Tue Jun 16 20:05:53 2026] GET /v2/schemas/image => generated 6083 bytes in 4 msecs (HTTP/1.1 200) 4 headers in 158 bytes (1 switches on core 0)
Jun 16 20:05:54.127178 np0000002984 devstack@g-api.service[98807]: DEBUG glance.api.middleware.version_negotiation [None req-6cef78ef-0db3-46a3-81a0-625f9c6338a9 tempest-ServerBootFromVolumeStableRescueTest-1024680486 tempest-ServerBootFromVolumeStableRescueTest-1024680486-project-member] Determining version of request: GET /versions Accept: */* {{(pid=98807) process_request /opt/stack/glance/glance/api/middleware/version_negotiation.py:44}}
Jun 16 20:05:54.127916 np0000002984 devstack@g-api.service[98807]: [pid: 98807|app: 0|req: 180/340] 127.0.0.1 () {44 vars in 1039 bytes} [Tue Jun 16 20:05:54 2026] GET /versions => generated 1407 bytes in 1 msecs (HTTP/1.1 200) 3 headers in 92 bytes (1 switches on core 0)
Jun 16 20:05:54.139313 np0000002984 devstack@g-api.service[98808]: DEBUG glance.api.middleware.version_negotiation [None req-6cef78ef-0db3-46a3-81a0-625f9c6338a9 tempest-ServerBootFromVolumeStableRescueTest-1024680486 tempest-ServerBootFromVolumeStableRescueTest-1024680486-project-member] Determining version of request: GET /v2/images/196e025e-dbff-4b53-b3ea-19658e5cbcbc/locations Accept: */* {{(pid=98808) process_request /opt/stack/glance/glance/api/middleware/version_negotiation.py:44}}
Jun 16 20:05:54.139522 np0000002984 devstack@g-api.service[98808]: DEBUG glance.api.middleware.version_negotiation [None req-6cef78ef-0db3-46a3-81a0-625f9c6338a9 tempest-ServerBootFromVolumeStableRescueTest-1024680486 tempest-ServerBootFromVolumeStableRescueTest-1024680486-project-member] Using url versioning {{(pid=98808) process_request /opt/stack/glance/glance/api/middleware/version_negotiation.py:57}}
Jun 16 20:05:54.139686 np0000002984 devstack@g-api.service[98808]: DEBUG glance.api.middleware.version_negotiation [None req-6cef78ef-0db3-46a3-81a0-625f9c6338a9 tempest-ServerBootFromVolumeStableRescueTest-1024680486 tempest-ServerBootFromVolumeStableRescueTest-1024680486-project-member] Matched version: v2 {{(pid=98808) process_request /opt/stack/glance/glance/api/middleware/version_negotiation.py:69}}
Jun 16 20:05:54.139806 np0000002984 devstack@g-api.service[98808]: DEBUG glance.api.middleware.version_negotiation [None req-6cef78ef-0db3-46a3-81a0-625f9c6338a9 tempest-ServerBootFromVolumeStableRescueTest-1024680486 tempest-ServerBootFromVolumeStableRescueTest-1024680486-project-member] new path /v2/images/196e025e-dbff-4b53-b3ea-19658e5cbcbc/locations {{(pid=98808) process_request /opt/stack/glance/glance/api/middleware/version_negotiation.py:70}}
Jun 16 20:05:54.224041 np0000002984 devstack@g-api.service[98808]: [pid: 98808|app: 0|req: 161/341] 127.0.0.1 () {44 vars in 1135 bytes} [Tue Jun 16 20:05:54 2026] GET /v2/images/196e025e-dbff-4b53-b3ea-19658e5cbcbc/locations => generated 92 bytes in 85 msecs (HTTP/1.1 200) 4 headers in 156 bytes (1 switches on core 0)
Jun 16 20:05:54.243418 np0000002984 devstack@g-api.service[98807]: DEBUG glance.api.middleware.version_negotiation [None req-6cef78ef-0db3-46a3-81a0-625f9c6338a9 tempest-ServerBootFromVolumeStableRescueTest-1024680486 tempest-ServerBootFromVolumeStableRescueTest-1024680486-project-member] Determining version of request: GET /v2/images/196e025e-dbff-4b53-b3ea-19658e5cbcbc Accept: */* {{(pid=98807) process_request /opt/stack/glance/glance/api/middleware/version_negotiation.py:44}}
Jun 16 20:05:54.245830 np0000002984 devstack@g-api.service[98807]: DEBUG glance.api.middleware.version_negotiation [None req-6cef78ef-0db3-46a3-81a0-625f9c6338a9 tempest-ServerBootFromVolumeStableRescueTest-1024680486 tempest-ServerBootFromVolumeStableRescueTest-1024680486-project-member] Using url versioning {{(pid=98807) process_request /opt/stack/glance/glance/api/middleware/version_negotiation.py:57}}
