May 18 01:44:24.140291 np0000000906 neutron-periodic-workers[88667]: DEBUG cotyledon.oslo_config_glue [-] ovn.bfd_min_tx = 100 {{(pid=88667) log_opt_values /opt/stack/data/venv/lib/python3.12/site-packages/oslo_config/cfg.py:3006}}
May 18 01:44:24.140291 np0000000906 neutron-periodic-workers[88667]: DEBUG cotyledon.oslo_config_glue [-] ovn.bfd_mult = 3 {{(pid=88667) log_opt_values /opt/stack/data/venv/lib/python3.12/site-packages/oslo_config/cfg.py:3006}}
May 18 01:44:24.140455 np0000000906 neutron-periodic-workers[88667]: DEBUG cotyledon.oslo_config_glue [-] ovn.broadcast_arps_to_all_routers = True {{(pid=88667) log_opt_values /opt/stack/data/venv/lib/python3.12/site-packages/oslo_config/cfg.py:3006}}
May 18 01:44:24.140455 np0000000906 neutron-periodic-workers[88667]: DEBUG cotyledon.oslo_config_glue [-] ovn.dhcp_default_lease_time = 43200 {{(pid=88667) log_opt_values /opt/stack/data/venv/lib/python3.12/site-packages/oslo_config/cfg.py:3006}}
May 18 01:44:24.140455 np0000000906 neutron-periodic-workers[88667]: DEBUG cotyledon.oslo_config_glue [-] ovn.disable_ovn_dhcp_for_baremetal_ports = False {{(pid=88667) log_opt_values /opt/stack/data/venv/lib/python3.12/site-packages/oslo_config/cfg.py:3006}}
May 18 01:44:24.140455 np0000000906 neutron-periodic-workers[88667]: DEBUG cotyledon.oslo_config_glue [-] ovn.dns_records_ovn_owned = False {{(pid=88667) log_opt_values /opt/stack/data/venv/lib/python3.12/site-packages/oslo_config/cfg.py:3006}}
May 18 01:44:24.140455 np0000000906 neutron-periodic-workers[88667]: DEBUG cotyledon.oslo_config_glue [-] ovn.dns_servers = [] {{(pid=88667) log_opt_values /opt/stack/data/venv/lib/python3.12/site-packages/oslo_config/cfg.py:3006}}
May 18 01:44:24.140455 np0000000906 neutron-periodic-workers[88667]: DEBUG cotyledon.oslo_config_glue [-] ovn.enable_distributed_floating_ip = False {{(pid=88667) log_opt_values /opt/stack/data/venv/lib/python3.12/site-packages/oslo_config/cfg.py:3006}}
May 18 01:44:24.140455 np0000000906 neutron-periodic-workers[88667]: DEBUG cotyledon.oslo_config_glue [-] ovn.fdb_age_threshold = 300 {{(pid=88667) log_opt_values /opt/stack/data/venv/lib/python3.12/site-packages/oslo_config/cfg.py:3006}}
May 18 01:44:24.140455 np0000000906 neutron-periodic-workers[88667]: DEBUG cotyledon.oslo_config_glue [-] ovn.ha_failover_strategy = normal {{(pid=88667) log_opt_values /opt/stack/data/venv/lib/python3.12/site-packages/oslo_config/cfg.py:3006}}
May 18 01:44:24.140455 np0000000906 neutron-periodic-workers[88667]: DEBUG cotyledon.oslo_config_glue [-] ovn.live_migration_activation_strategy = rarp {{(pid=88667) log_opt_values /opt/stack/data/venv/lib/python3.12/site-packages/oslo_config/cfg.py:3006}}
May 18 01:44:24.140653 np0000000906 neutron-periodic-workers[88667]: DEBUG cotyledon.oslo_config_glue [-] ovn.localnet_learn_fdb = False {{(pid=88667) log_opt_values /opt/stack/data/venv/lib/python3.12/site-packages/oslo_config/cfg.py:3006}}
May 18 01:44:24.140653 np0000000906 neutron-periodic-workers[88667]: DEBUG cotyledon.oslo_config_glue [-] ovn.mac_binding_age_threshold = 300 {{(pid=88667) log_opt_values /opt/stack/data/venv/lib/python3.12/site-packages/oslo_config/cfg.py:3006}}
May 18 01:44:24.140653 np0000000906 neutron-periodic-workers[88667]: DEBUG cotyledon.oslo_config_glue [-] ovn.neutron_sync_mode = log {{(pid=88667) log_opt_values /opt/stack/data/venv/lib/python3.12/site-packages/oslo_config/cfg.py:3006}}
May 18 01:44:24.140653 np0000000906 neutron-periodic-workers[88667]: DEBUG cotyledon.oslo_config_glue [-] ovn.ovn_dhcp4_global_options = {} {{(pid=88667) log_opt_values /opt/stack/data/venv/lib/python3.12/site-packages/oslo_config/cfg.py:3006}}
May 18 01:44:24.140653 np0000000906 neutron-periodic-workers[88667]: DEBUG cotyledon.oslo_config_glue [-] ovn.ovn_dhcp6_global_options = {} {{(pid=88667) log_opt_values /opt/stack/data/venv/lib/python3.12/site-packages/oslo_config/cfg.py:3006}}
May 18 01:44:24.140653 np0000000906 neutron-periodic-workers[88667]: DEBUG cotyledon.oslo_config_glue [-] ovn.ovn_l3_scheduler = leastloaded {{(pid=88667) log_opt_values /opt/stack/data/venv/lib/python3.12/site-packages/oslo_config/cfg.py:3006}}
May 18 01:44:24.140653 np0000000906 neutron-periodic-workers[88667]: DEBUG cotyledon.oslo_config_glue [-] ovn.ovn_metadata_enabled = True {{(pid=88667) log_opt_values /opt/stack/data/venv/lib/python3.12/site-packages/oslo_config/cfg.py:3006}}
May 18 01:44:24.140653 np0000000906 neutron-periodic-workers[88667]: DEBUG cotyledon.oslo_config_glue [-] ovn.ovn_nb_ca_cert = /opt/stack/data/CA/int-ca/ca-chain.pem {{(pid=88667) log_opt_values /opt/stack/data/venv/lib/python3.12/site-packages/oslo_config/cfg.py:3006}}
May 18 01:44:24.140653 np0000000906 neutron-periodic-workers[88667]: DEBUG cotyledon.oslo_config_glue [-] ovn.ovn_nb_certificate = /opt/stack/data/CA/int-ca/devstack-cert.crt {{(pid=88667) log_opt_values /opt/stack/data/venv/lib/python3.12/site-packages/oslo_config/cfg.py:3006}}
May 18 01:44:24.140821 np0000000906 neutron-periodic-workers[88667]: DEBUG cotyledon.oslo_config_glue [-] ovn.ovn_nb_connection = ['ssl:10.4.3.65:6641'] {{(pid=88667) log_opt_values /opt/stack/data/venv/lib/python3.12/site-packages/oslo_config/cfg.py:3006}}
May 18 01:44:24.140821 np0000000906 neutron-periodic-workers[88667]: DEBUG cotyledon.oslo_config_glue [-] ovn.ovn_nb_private_key = /opt/stack/data/CA/int-ca/private/devstack-cert.key {{(pid=88667) log_opt_values /opt/stack/data/venv/lib/python3.12/site-packages/oslo_config/cfg.py:3006}}
May 18 01:44:24.140821 np0000000906 neutron-periodic-workers[88667]: DEBUG cotyledon.oslo_config_glue [-] ovn.ovn_router_indirect_snat = False {{(pid=88667) log_opt_values /opt/stack/data/venv/lib/python3.12/site-packages/oslo_config/cfg.py:3006}}
May 18 01:44:24.140821 np0000000906 neutron-periodic-workers[88667]: DEBUG cotyledon.oslo_config_glue [-] ovn.ovn_sb_ca_cert = /opt/stack/data/CA/int-ca/ca-chain.pem {{(pid=88667) log_opt_values /opt/stack/data/venv/lib/python3.12/site-packages/oslo_config/cfg.py:3006}}
May 18 01:44:24.140821 np0000000906 neutron-periodic-workers[88667]: DEBUG cotyledon.oslo_config_glue [-] ovn.ovn_sb_certificate = /opt/stack/data/CA/int-ca/devstack-cert.crt {{(pid=88667) log_opt_values /opt/stack/data/venv/lib/python3.12/site-packages/oslo_config/cfg.py:3006}}
May 18 01:44:24.140821 np0000000906 neutron-periodic-workers[88667]: DEBUG cotyledon.oslo_config_glue [-] ovn.ovn_sb_connection = ['ssl:10.4.3.65:6642'] {{(pid=88667) log_opt_values /opt/stack/data/venv/lib/python3.12/site-packages/oslo_config/cfg.py:3006}}
May 18 01:44:24.140821 np0000000906 neutron-periodic-workers[88667]: DEBUG cotyledon.oslo_config_glue [-] ovn.ovn_sb_private_key = /opt/stack/data/CA/int-ca/private/devstack-cert.key {{(pid=88667) log_opt_values /opt/stack/data/venv/lib/python3.12/site-packages/oslo_config/cfg.py:3006}}
May 18 01:44:24.140821 np0000000906 neutron-periodic-workers[88667]: DEBUG cotyledon.oslo_config_glue [-] ovn.ovs_create_tap = False {{(pid=88667) log_opt_values /opt/stack/data/venv/lib/python3.12/site-packages/oslo_config/cfg.py:3006}}
May 18 01:44:24.140963 np0000000906 neutron-periodic-workers[88667]: DEBUG cotyledon.oslo_config_glue [-] ovn.ovsdb_connection_timeout = 180 {{(pid=88667) log_opt_values /opt/stack/data/venv/lib/python3.12/site-packages/oslo_config/cfg.py:3006}}
May 18 01:44:24.140963 np0000000906 neutron-periodic-workers[88667]: DEBUG cotyledon.oslo_config_glue [-] ovn.ovsdb_log_level = INFO {{(pid=88667) log_opt_values /opt/stack/data/venv/lib/python3.12/site-packages/oslo_config/cfg.py:3006}}
May 18 01:44:24.140963 np0000000906 neutron-periodic-workers[88667]: DEBUG cotyledon.oslo_config_glue [-] ovn.ovsdb_probe_interval = 60000 {{(pid=88667) log_opt_values /opt/stack/data/venv/lib/python3.12/site-packages/oslo_config/cfg.py:3006}}
May 18 01:44:24.140963 np0000000906 neutron-periodic-workers[88667]: DEBUG cotyledon.oslo_config_glue [-] ovn.ovsdb_retry_max_interval = 180 {{(pid=88667) log_opt_values /opt/stack/data/venv/lib/python3.12/site-packages/oslo_config/cfg.py:3006}}
May 18 01:44:24.140963 np0000000906 neutron-periodic-workers[88667]: DEBUG cotyledon.oslo_config_glue [-] ovn.stateless_nat_enabled = False {{(pid=88667) log_opt_values /opt/stack/data/venv/lib/python3.12/site-packages/oslo_config/cfg.py:3006}}
May 18 01:44:24.140963 np0000000906 neutron-periodic-workers[88667]: DEBUG cotyledon.oslo_config_glue [-] ovn.vhost_sock_dir = /var/run/openvswitch {{(pid=88667) log_opt_values /opt/stack/data/venv/lib/python3.12/site-packages/oslo_config/cfg.py:3006}}
May 18 01:44:24.140963 np0000000906 neutron-periodic-workers[88667]: DEBUG cotyledon.oslo_config_glue [-] OVS.bridge_mac_table_size = 50000 {{(pid=88667) log_opt_values /opt/stack/data/venv/lib/python3.12/site-packages/oslo_config/cfg.py:3006}}
May 18 01:44:24.140963 np0000000906 neutron-periodic-workers[88667]: DEBUG cotyledon.oslo_config_glue [-] OVS.igmp_flood = False {{(pid=88667) log_opt_values /opt/stack/data/venv/lib/python3.12/site-packages/oslo_config/cfg.py:3006}}
May 18 01:44:24.140963 np0000000906 neutron-periodic-workers[88667]: DEBUG cotyledon.oslo_config_glue [-] OVS.igmp_flood_reports = True {{(pid=88667) log_opt_values /opt/stack/data/venv/lib/python3.12/site-packages/oslo_config/cfg.py:3006}}
May 18 01:44:24.141152 np0000000906 neutron-periodic-workers[88667]: DEBUG cotyledon.oslo_config_glue [-] OVS.igmp_flood_unregistered = False {{(pid=88667) log_opt_values /opt/stack/data/venv/lib/python3.12/site-packages/oslo_config/cfg.py:3006}}
May 18 01:44:24.141152 np0000000906 neutron-periodic-workers[88667]: DEBUG cotyledon.oslo_config_glue [-] OVS.igmp_snooping_enable = False {{(pid=88667) log_opt_values /opt/stack/data/venv/lib/python3.12/site-packages/oslo_config/cfg.py:3006}}
May 18 01:44:24.141152 np0000000906 neutron-periodic-workers[88667]: DEBUG cotyledon.oslo_config_glue [-] OVS.ovsdb_timeout = 10 {{(pid=88667) log_opt_values /opt/stack/data/venv/lib/python3.12/site-packages/oslo_config/cfg.py:3006}}
May 18 01:44:24.141152 np0000000906 neutron-periodic-workers[88667]: DEBUG cotyledon.oslo_config_glue [-] ovn_nb_global.fdb_removal_limit = 0 {{(pid=88667) log_opt_values /opt/stack/data/venv/lib/python3.12/site-packages/oslo_config/cfg.py:3006}}
May 18 01:44:24.141152 np0000000906 neutron-periodic-workers[88667]: DEBUG cotyledon.oslo_config_glue [-] ovn_nb_global.ignore_lsp_down = False {{(pid=88667) log_opt_values /opt/stack/data/venv/lib/python3.12/site-packages/oslo_config/cfg.py:3006}}
May 18 01:44:24.141152 np0000000906 neutron-periodic-workers[88667]: DEBUG cotyledon.oslo_config_glue [-] ovn_nb_global.mac_binding_removal_limit = 0 {{(pid=88667) log_opt_values /opt/stack/data/venv/lib/python3.12/site-packages/oslo_config/cfg.py:3006}}
May 18 01:44:24.141152 np0000000906 neutron-periodic-workers[88667]: DEBUG cotyledon.oslo_config_glue [-] ******************************************************************************** {{(pid=88667) log_opt_values /opt/stack/data/venv/lib/python3.12/site-packages/oslo_config/cfg.py:3013}}
May 18 01:44:24.141152 np0000000906 neutron-periodic-workers[88667]: DEBUG cotyledon._service_worker [-] Run service ServiceWrapper(0) [88667] {{(pid=88667) wait_forever /opt/stack/data/venv/lib/python3.12/site-packages/cotyledon/_service_worker.py:218}}
May 18 01:44:33.767384 np0000000906 neutron-periodic-workers[87741]: DEBUG dbcounter [-] [87741] Writing DB stats neutron:SELECT=4 {{(pid=87741) stat_writer /opt/stack/data/venv/lib/python3.12/site-packages/dbcounter.py:115}}
May 18 01:45:11.111063 np0000000906 neutron-periodic-workers[88647]: DEBUG oslo_db.sqlalchemy.engines [None req-d63da800-d33b-47e8-a15d-1bf8224bd13b None None] Parent process 87741 forked (88647) with an open database connection, which is being discarded and recreated. {{(pid=88647) checkout /opt/stack/data/venv/lib/python3.12/site-packages/oslo_db/sqlalchemy/engines.py:402}}
May 18 01:45:11.117260 np0000000906 neutron-periodic-workers[88647]: DEBUG dbcounter [-] [88647] Writer thread running {{(pid=88647) stat_writer /opt/stack/data/venv/lib/python3.12/site-packages/dbcounter.py:102}}
May 18 01:45:11.125408 np0000000906 neutron-periodic-workers[88647]: DEBUG oslo.service.backend._threading.loopingcall [None req-d63da800-d33b-47e8-a15d-1bf8224bd13b None None] Fixed interval looping call 'neutron.plugins.ml2.plugin.DhcpAgentSchedulerDbMixin.remove_networks_from_down_agents' sleeping for 36.98 seconds {{(pid=88647) _run_loop /opt/stack/data/venv/lib/python3.12/site-packages/oslo_service/backend/_threading/loopingcall.py:125}}
May 18 01:45:21.124488 np0000000906 neutron-periodic-workers[88647]: DEBUG dbcounter [-] [88647] Writing DB stats neutron:SELECT=3 {{(pid=88647) stat_writer /opt/stack/data/venv/lib/python3.12/site-packages/dbcounter.py:115}}
May 18 01:45:23.116253 np0000000906 neutron-periodic-workers[88658]: DEBUG dbcounter [-] [88658] Writer thread running {{(pid=88658) stat_writer /opt/stack/data/venv/lib/python3.12/site-packages/dbcounter.py:102}}
May 18 01:45:23.119108 np0000000906 neutron-periodic-workers[88658]: DEBUG neutron.db.agents_db [None req-fb0595ea-9bdb-40e3-a71c-d7d519be5e6e None None] Agent healthcheck: found 0 active agents {{(pid=88658) agent_health_check /opt/stack/neutron/neutron/db/agents_db.py:322}}
May 18 01:45:23.119337 np0000000906 neutron-periodic-workers[88658]: DEBUG oslo.service.backend._threading.loopingcall [None req-fb0595ea-9bdb-40e3-a71c-d7d519be5e6e None None] Fixed interval looping call 'neutron.plugins.ml2.plugin.AgentDbMixin.agent_health_check' sleeping for 36.99 seconds {{(pid=88658) _run_loop /opt/stack/data/venv/lib/python3.12/site-packages/oslo_service/backend/_threading/loopingcall.py:125}}
May 18 01:45:33.116660 np0000000906 neutron-periodic-workers[88658]: DEBUG dbcounter [-] [88658] Writing DB stats neutron:SELECT=1 {{(pid=88658) stat_writer /opt/stack/data/venv/lib/python3.12/site-packages/dbcounter.py:115}}
May 18 01:45:48.111567 np0000000906 neutron-periodic-workers[88647]: DEBUG oslo.service.backend._threading.loopingcall [None req-d63da800-d33b-47e8-a15d-1bf8224bd13b None None] Fixed interval looping call 'neutron.plugins.ml2.plugin.DhcpAgentSchedulerDbMixin.remove_networks_from_down_agents' sleeping for 36.99 seconds {{(pid=88647) _run_loop /opt/stack/data/venv/lib/python3.12/site-packages/oslo_service/backend/_threading/loopingcall.py:125}}
May 18 01:45:58.110581 np0000000906 neutron-periodic-workers[88647]: DEBUG dbcounter [-] [88647] Writing DB stats neutron:SELECT=3 {{(pid=88647) stat_writer /opt/stack/data/venv/lib/python3.12/site-packages/dbcounter.py:115}}
May 18 01:46:00.113379 np0000000906 neutron-periodic-workers[88658]: DEBUG neutron.db.agents_db [None req-fb0595ea-9bdb-40e3-a71c-d7d519be5e6e None None] Agent healthcheck: found 0 active agents {{(pid=88658) agent_health_check /opt/stack/neutron/neutron/db/agents_db.py:322}}
May 18 01:46:00.114025 np0000000906 neutron-periodic-workers[88658]: DEBUG oslo.service.backend._threading.loopingcall [None req-fb0595ea-9bdb-40e3-a71c-d7d519be5e6e None None] Fixed interval looping call 'neutron.plugins.ml2.plugin.AgentDbMixin.agent_health_check' sleeping for 37.00 seconds {{(pid=88658) _run_loop /opt/stack/data/venv/lib/python3.12/site-packages/oslo_service/backend/_threading/loopingcall.py:125}}
May 18 01:46:10.113112 np0000000906 neutron-periodic-workers[88658]: DEBUG dbcounter [-] [88658] Writing DB stats neutron:SELECT=1 {{(pid=88658) stat_writer /opt/stack/data/venv/lib/python3.12/site-packages/dbcounter.py:115}}
May 18 01:46:24.143634 np0000000906 neutron-periodic-workers[88667]: DEBUG dbcounter [-] [88667] Writer thread running {{(pid=88667) stat_writer /opt/stack/data/venv/lib/python3.12/site-packages/dbcounter.py:102}}
May 18 01:46:24.145220 np0000000906 neutron-periodic-workers[88667]: DEBUG oslo.service.backend._threading.loopingcall [None req-9a9ed8ad-e6e0-4e90-99fa-db89d9766e4a None None] Fixed interval looping call 'neutron.db.quota.driver_nolock.DbQuotaNoLockDriver._remove_expired_reservations' sleeping for 119.99 seconds {{(pid=88667) _run_loop /opt/stack/data/venv/lib/python3.12/site-packages/oslo_service/backend/_threading/loopingcall.py:125}}
May 18 01:46:25.107337 np0000000906 neutron-periodic-workers[88647]: DEBUG oslo.service.backend._threading.loopingcall [None req-d63da800-d33b-47e8-a15d-1bf8224bd13b None None] Fixed interval looping call 'neutron.plugins.ml2.plugin.DhcpAgentSchedulerDbMixin.remove_networks_from_down_agents' sleeping for 36.99 seconds {{(pid=88647) _run_loop /opt/stack/data/venv/lib/python3.12/site-packages/oslo_service/backend/_threading/loopingcall.py:125}}
May 18 01:46:34.144015 np0000000906 neutron-periodic-workers[88667]: DEBUG dbcounter [-] [88667] Writing DB stats neutron:DELETE=1 {{(pid=88667) stat_writer /opt/stack/data/venv/lib/python3.12/site-packages/dbcounter.py:115}}
May 18 01:46:35.106644 np0000000906 neutron-periodic-workers[88647]: DEBUG dbcounter [-] [88647] Writing DB stats neutron:SELECT=3 {{(pid=88647) stat_writer /opt/stack/data/venv/lib/python3.12/site-packages/dbcounter.py:115}}
May 18 01:46:37.117571 np0000000906 neutron-periodic-workers[88658]: DEBUG neutron.db.agents_db [None req-fb0595ea-9bdb-40e3-a71c-d7d519be5e6e None None] Agent healthcheck: found 0 active agents {{(pid=88658) agent_health_check /opt/stack/neutron/neutron/db/agents_db.py:322}}
May 18 01:46:37.117571 np0000000906 neutron-periodic-workers[88658]: DEBUG oslo.service.backend._threading.loopingcall [None req-fb0595ea-9bdb-40e3-a71c-d7d519be5e6e None None] Fixed interval looping call 'neutron.plugins.ml2.plugin.AgentDbMixin.agent_health_check' sleeping for 37.00 seconds {{(pid=88658) _run_loop /opt/stack/data/venv/lib/python3.12/site-packages/oslo_service/backend/_threading/loopingcall.py:125}}
May 18 01:46:47.116668 np0000000906 neutron-periodic-workers[88658]: DEBUG dbcounter [-] [88658] Writing DB stats neutron:SELECT=1 {{(pid=88658) stat_writer /opt/stack/data/venv/lib/python3.12/site-packages/dbcounter.py:115}}
May 18 01:47:02.102884 np0000000906 neutron-periodic-workers[88647]: DEBUG oslo.service.backend._threading.loopingcall [None req-d63da800-d33b-47e8-a15d-1bf8224bd13b None None] Fixed interval looping call 'neutron.plugins.ml2.plugin.DhcpAgentSchedulerDbMixin.remove_networks_from_down_agents' sleeping for 37.00 seconds {{(pid=88647) _run_loop /opt/stack/data/venv/lib/python3.12/site-packages/oslo_service/backend/_threading/loopingcall.py:125}}
May 18 01:47:12.102201 np0000000906 neutron-periodic-workers[88647]: DEBUG dbcounter [-] [88647] Writing DB stats neutron:SELECT=3 {{(pid=88647) stat_writer /opt/stack/data/venv/lib/python3.12/site-packages/dbcounter.py:115}}
May 18 01:47:14.121645 np0000000906 neutron-periodic-workers[88658]: DEBUG neutron.db.agents_db [None req-fb0595ea-9bdb-40e3-a71c-d7d519be5e6e None None] Agent healthcheck: found 0 active agents {{(pid=88658) agent_health_check /opt/stack/neutron/neutron/db/agents_db.py:322}}
May 18 01:47:14.122077 np0000000906 neutron-periodic-workers[88658]: DEBUG oslo.service.backend._threading.loopingcall [None req-fb0595ea-9bdb-40e3-a71c-d7d519be5e6e None None] Fixed interval looping call 'neutron.plugins.ml2.plugin.AgentDbMixin.agent_health_check' sleeping for 37.00 seconds {{(pid=88658) _run_loop /opt/stack/data/venv/lib/python3.12/site-packages/oslo_service/backend/_threading/loopingcall.py:125}}
May 18 01:47:24.120744 np0000000906 neutron-periodic-workers[88658]: DEBUG dbcounter [-] [88658] Writing DB stats neutron:SELECT=1 {{(pid=88658) stat_writer /opt/stack/data/venv/lib/python3.12/site-packages/dbcounter.py:115}}
May 18 01:47:39.116753 np0000000906 neutron-periodic-workers[88647]: DEBUG oslo.service.backend._threading.loopingcall [None req-d63da800-d33b-47e8-a15d-1bf8224bd13b None None] Fixed interval looping call 'neutron.plugins.ml2.plugin.DhcpAgentSchedulerDbMixin.remove_networks_from_down_agents' sleeping for 36.99 seconds {{(pid=88647) _run_loop /opt/stack/data/venv/lib/python3.12/site-packages/oslo_service/backend/_threading/loopingcall.py:125}}
May 18 01:47:49.130477 np0000000906 neutron-periodic-workers[88647]: DEBUG dbcounter [-] [88647] Writing DB stats neutron:SELECT=3 {{(pid=88647) stat_writer /opt/stack/data/venv/lib/python3.12/site-packages/dbcounter.py:115}}
May 18 01:47:50.110671 np0000000906 neutron-periodic-workers[88633]: DEBUG dbcounter [-] [88633] Writer thread running {{(pid=88633) stat_writer /opt/stack/data/venv/lib/python3.12/site-packages/dbcounter.py:102}}
May 18 01:47:50.125939 np0000000906 neutron-periodic-workers[88633]: DEBUG oslo.service.backend._threading.loopingcall [None req-60bce87d-e343-4ef0-b34b-e31457a77fe2 None None] Fixed interval looping call 'neutron.services.ovn_l3.plugin.L3_NAT_dbonly_mixin._clean_garbage' sleeping for 299.96 seconds {{(pid=88633) _run_loop /opt/stack/data/venv/lib/python3.12/site-packages/oslo_service/backend/_threading/loopingcall.py:125}}
May 18 01:47:51.126110 np0000000906 neutron-periodic-workers[88658]: DEBUG neutron.db.agents_db [None req-fb0595ea-9bdb-40e3-a71c-d7d519be5e6e None None] Agent healthcheck: found 0 active agents {{(pid=88658) agent_health_check /opt/stack/neutron/neutron/db/agents_db.py:322}}
May 18 01:47:51.126640 np0000000906 neutron-periodic-workers[88658]: DEBUG oslo.service.backend._threading.loopingcall [None req-fb0595ea-9bdb-40e3-a71c-d7d519be5e6e None None] Fixed interval looping call 'neutron.plugins.ml2.plugin.AgentDbMixin.agent_health_check' sleeping for 37.00 seconds {{(pid=88658) _run_loop /opt/stack/data/venv/lib/python3.12/site-packages/oslo_service/backend/_threading/loopingcall.py:125}}
May 18 01:48:00.111823 np0000000906 neutron-periodic-workers[88633]: DEBUG dbcounter [-] [88633] Writing DB stats neutron:SELECT=1 {{(pid=88633) stat_writer /opt/stack/data/venv/lib/python3.12/site-packages/dbcounter.py:115}}
May 18 01:48:01.128158 np0000000906 neutron-periodic-workers[88658]: DEBUG dbcounter [-] [88658] Writing DB stats neutron:SELECT=1 {{(pid=88658) stat_writer /opt/stack/data/venv/lib/python3.12/site-packages/dbcounter.py:115}}
May 18 01:48:16.113345 np0000000906 neutron-periodic-workers[88647]: DEBUG oslo.service.backend._threading.loopingcall [None req-d63da800-d33b-47e8-a15d-1bf8224bd13b None None] Fixed interval looping call 'neutron.plugins.ml2.plugin.DhcpAgentSchedulerDbMixin.remove_networks_from_down_agents' sleeping for 36.99 seconds {{(pid=88647) _run_loop /opt/stack/data/venv/lib/python3.12/site-packages/oslo_service/backend/_threading/loopingcall.py:125}}
May 18 01:48:24.139896 np0000000906 neutron-periodic-workers[88667]: DEBUG oslo.service.backend._threading.loopingcall [None req-9a9ed8ad-e6e0-4e90-99fa-db89d9766e4a None None] Fixed interval looping call 'neutron.db.quota.driver_nolock.DbQuotaNoLockDriver._remove_expired_reservations' sleeping for 120.00 seconds {{(pid=88667) _run_loop /opt/stack/data/venv/lib/python3.12/site-packages/oslo_service/backend/_threading/loopingcall.py:125}}
May 18 01:48:26.113073 np0000000906 neutron-periodic-workers[88647]: DEBUG dbcounter [-] [88647] Writing DB stats neutron:SELECT=3 {{(pid=88647) stat_writer /opt/stack/data/venv/lib/python3.12/site-packages/dbcounter.py:115}}
May 18 01:48:28.136145 np0000000906 neutron-periodic-workers[88658]: DEBUG neutron.db.agents_db [None req-fb0595ea-9bdb-40e3-a71c-d7d519be5e6e None None] Agent healthcheck: found 0 active agents {{(pid=88658) agent_health_check /opt/stack/neutron/neutron/db/agents_db.py:322}}
May 18 01:48:28.136519 np0000000906 neutron-periodic-workers[88658]: DEBUG oslo.service.backend._threading.loopingcall [None req-fb0595ea-9bdb-40e3-a71c-d7d519be5e6e None None] Fixed interval looping call 'neutron.plugins.ml2.plugin.AgentDbMixin.agent_health_check' sleeping for 36.99 seconds {{(pid=88658) _run_loop /opt/stack/data/venv/lib/python3.12/site-packages/oslo_service/backend/_threading/loopingcall.py:125}}
May 18 01:48:34.138341 np0000000906 neutron-periodic-workers[88667]: DEBUG dbcounter [-] [88667] Writing DB stats neutron:DELETE=1 {{(pid=88667) stat_writer /opt/stack/data/venv/lib/python3.12/site-packages/dbcounter.py:115}}
May 18 01:48:38.141363 np0000000906 neutron-periodic-workers[88658]: DEBUG dbcounter [-] [88658] Writing DB stats neutron:SELECT=1 {{(pid=88658) stat_writer /opt/stack/data/venv/lib/python3.12/site-packages/dbcounter.py:115}}
May 18 01:48:53.119772 np0000000906 neutron-periodic-workers[88647]: DEBUG oslo.service.backend._threading.loopingcall [None req-d63da800-d33b-47e8-a15d-1bf8224bd13b None None] Fixed interval looping call 'neutron.plugins.ml2.plugin.DhcpAgentSchedulerDbMixin.remove_networks_from_down_agents' sleeping for 36.98 seconds {{(pid=88647) _run_loop /opt/stack/data/venv/lib/python3.12/site-packages/oslo_service/backend/_threading/loopingcall.py:125}}
May 18 01:49:03.116935 np0000000906 neutron-periodic-workers[88647]: DEBUG dbcounter [-] [88647] Writing DB stats neutron:SELECT=3 {{(pid=88647) stat_writer /opt/stack/data/venv/lib/python3.12/site-packages/dbcounter.py:115}}
May 18 01:49:05.132985 np0000000906 neutron-periodic-workers[88658]: DEBUG neutron.db.agents_db [None req-fb0595ea-9bdb-40e3-a71c-d7d519be5e6e None None] Agent healthcheck: found 0 active agents {{(pid=88658) agent_health_check /opt/stack/neutron/neutron/db/agents_db.py:322}}
May 18 01:49:05.133548 np0000000906 neutron-periodic-workers[88658]: DEBUG oslo.service.backend._threading.loopingcall [None req-fb0595ea-9bdb-40e3-a71c-d7d519be5e6e None None] Fixed interval looping call 'neutron.plugins.ml2.plugin.AgentDbMixin.agent_health_check' sleeping for 36.99 seconds {{(pid=88658) _run_loop /opt/stack/data/venv/lib/python3.12/site-packages/oslo_service/backend/_threading/loopingcall.py:125}}
May 18 01:49:15.131211 np0000000906 neutron-periodic-workers[88658]: DEBUG dbcounter [-] [88658] Writing DB stats neutron:SELECT=1 {{(pid=88658) stat_writer /opt/stack/data/venv/lib/python3.12/site-packages/dbcounter.py:115}}
May 18 01:49:30.114376 np0000000906 neutron-periodic-workers[88647]: DEBUG oslo.service.backend._threading.loopingcall [None req-d63da800-d33b-47e8-a15d-1bf8224bd13b None None] Fixed interval looping call 'neutron.plugins.ml2.plugin.DhcpAgentSchedulerDbMixin.remove_networks_from_down_agents' sleeping for 36.99 seconds {{(pid=88647) _run_loop /opt/stack/data/venv/lib/python3.12/site-packages/oslo_service/backend/_threading/loopingcall.py:125}}
May 18 01:49:40.116687 np0000000906 neutron-periodic-workers[88647]: DEBUG dbcounter [-] [88647] Writing DB stats neutron:SELECT=3 {{(pid=88647) stat_writer /opt/stack/data/venv/lib/python3.12/site-packages/dbcounter.py:115}}
May 18 01:49:42.126626 np0000000906 neutron-periodic-workers[88658]: DEBUG neutron.db.agents_db [None req-fb0595ea-9bdb-40e3-a71c-d7d519be5e6e None None] Agent healthcheck: found 0 active agents {{(pid=88658) agent_health_check /opt/stack/neutron/neutron/db/agents_db.py:322}}
May 18 01:49:42.127249 np0000000906 neutron-periodic-workers[88658]: DEBUG oslo.service.backend._threading.loopingcall [None req-fb0595ea-9bdb-40e3-a71c-d7d519be5e6e None None] Fixed interval looping call 'neutron.plugins.ml2.plugin.AgentDbMixin.agent_health_check' sleeping for 37.00 seconds {{(pid=88658) _run_loop /opt/stack/data/venv/lib/python3.12/site-packages/oslo_service/backend/_threading/loopingcall.py:125}}
May 18 01:49:52.125636 np0000000906 neutron-periodic-workers[88658]: DEBUG dbcounter [-] [88658] Writing DB stats neutron:SELECT=1 {{(pid=88658) stat_writer /opt/stack/data/venv/lib/python3.12/site-packages/dbcounter.py:115}}
May 18 01:50:07.113364 np0000000906 neutron-periodic-workers[88647]: DEBUG oslo.service.backend._threading.loopingcall [None req-d63da800-d33b-47e8-a15d-1bf8224bd13b None None] Fixed interval looping call 'neutron.plugins.ml2.plugin.DhcpAgentSchedulerDbMixin.remove_networks_from_down_agents' sleeping for 36.99 seconds {{(pid=88647) _run_loop /opt/stack/data/venv/lib/python3.12/site-packages/oslo_service/backend/_threading/loopingcall.py:125}}
May 18 01:50:17.112169 np0000000906 neutron-periodic-workers[88647]: DEBUG dbcounter [-] [88647] Writing DB stats neutron:SELECT=3 {{(pid=88647) stat_writer /opt/stack/data/venv/lib/python3.12/site-packages/dbcounter.py:115}}
May 18 01:50:19.134716 np0000000906 neutron-periodic-workers[88658]: DEBUG neutron.db.agents_db [None req-fb0595ea-9bdb-40e3-a71c-d7d519be5e6e None None] Agent healthcheck: found 0 active agents {{(pid=88658) agent_health_check /opt/stack/neutron/neutron/db/agents_db.py:322}}
May 18 01:50:19.134716 np0000000906 neutron-periodic-workers[88658]: DEBUG oslo.service.backend._threading.loopingcall [None req-fb0595ea-9bdb-40e3-a71c-d7d519be5e6e None None] Fixed interval looping call 'neutron.plugins.ml2.plugin.AgentDbMixin.agent_health_check' sleeping for 36.99 seconds {{(pid=88658) _run_loop /opt/stack/data/venv/lib/python3.12/site-packages/oslo_service/backend/_threading/loopingcall.py:125}}
May 18 01:50:24.144391 np0000000906 neutron-periodic-workers[88667]: DEBUG oslo.service.backend._threading.loopingcall [None req-9a9ed8ad-e6e0-4e90-99fa-db89d9766e4a None None] Fixed interval looping call 'neutron.db.quota.driver_nolock.DbQuotaNoLockDriver._remove_expired_reservations' sleeping for 120.00 seconds {{(pid=88667) _run_loop /opt/stack/data/venv/lib/python3.12/site-packages/oslo_service/backend/_threading/loopingcall.py:125}}
May 18 01:50:29.132386 np0000000906 neutron-periodic-workers[88658]: DEBUG dbcounter [-] [88658] Writing DB stats neutron:SELECT=1 {{(pid=88658) stat_writer /opt/stack/data/venv/lib/python3.12/site-packages/dbcounter.py:115}}
May 18 01:50:34.143203 np0000000906 neutron-periodic-workers[88667]: DEBUG dbcounter [-] [88667] Writing DB stats neutron:DELETE=1 {{(pid=88667) stat_writer /opt/stack/data/venv/lib/python3.12/site-packages/dbcounter.py:115}}
May 18 01:50:44.119351 np0000000906 neutron-periodic-workers[88647]: DEBUG oslo.service.backend._threading.loopingcall [None req-d63da800-d33b-47e8-a15d-1bf8224bd13b None None] Fixed interval looping call 'neutron.plugins.ml2.plugin.DhcpAgentSchedulerDbMixin.remove_networks_from_down_agents' sleeping for 36.99 seconds {{(pid=88647) _run_loop /opt/stack/data/venv/lib/python3.12/site-packages/oslo_service/backend/_threading/loopingcall.py:125}}
May 18 01:50:54.116515 np0000000906 neutron-periodic-workers[88647]: DEBUG dbcounter [-] [88647] Writing DB stats neutron:SELECT=3 {{(pid=88647) stat_writer /opt/stack/data/venv/lib/python3.12/site-packages/dbcounter.py:115}}
May 18 01:50:56.133201 np0000000906 neutron-periodic-workers[88658]: DEBUG neutron.db.agents_db [None req-fb0595ea-9bdb-40e3-a71c-d7d519be5e6e None None] Agent healthcheck: found 0 active agents {{(pid=88658) agent_health_check /opt/stack/neutron/neutron/db/agents_db.py:322}}
May 18 01:50:56.133788 np0000000906 neutron-periodic-workers[88658]: DEBUG oslo.service.backend._threading.loopingcall [None req-fb0595ea-9bdb-40e3-a71c-d7d519be5e6e None None] Fixed interval looping call 'neutron.plugins.ml2.plugin.AgentDbMixin.agent_health_check' sleeping for 36.99 seconds {{(pid=88658) _run_loop /opt/stack/data/venv/lib/python3.12/site-packages/oslo_service/backend/_threading/loopingcall.py:125}}
May 18 01:51:06.129356 np0000000906 neutron-periodic-workers[88658]: DEBUG dbcounter [-] [88658] Writing DB stats neutron:SELECT=1 {{(pid=88658) stat_writer /opt/stack/data/venv/lib/python3.12/site-packages/dbcounter.py:115}}
May 18 01:51:21.125912 np0000000906 neutron-periodic-workers[88647]: DEBUG oslo.service.backend._threading.loopingcall [None req-d63da800-d33b-47e8-a15d-1bf8224bd13b None None] Fixed interval looping call 'neutron.plugins.ml2.plugin.DhcpAgentSchedulerDbMixin.remove_networks_from_down_agents' sleeping for 36.98 seconds {{(pid=88647) _run_loop /opt/stack/data/venv/lib/python3.12/site-packages/oslo_service/backend/_threading/loopingcall.py:125}}
May 18 01:51:31.128457 np0000000906 neutron-periodic-workers[88647]: DEBUG dbcounter [-] [88647] Writing DB stats neutron:SELECT=3 {{(pid=88647) stat_writer /opt/stack/data/venv/lib/python3.12/site-packages/dbcounter.py:115}}
May 18 01:51:33.127308 np0000000906 neutron-periodic-workers[88658]: DEBUG neutron.db.agents_db [None req-fb0595ea-9bdb-40e3-a71c-d7d519be5e6e None None] Agent healthcheck: found 0 active agents {{(pid=88658) agent_health_check /opt/stack/neutron/neutron/db/agents_db.py:322}}
May 18 01:51:33.127911 np0000000906 neutron-periodic-workers[88658]: DEBUG oslo.service.backend._threading.loopingcall [None req-fb0595ea-9bdb-40e3-a71c-d7d519be5e6e None None] Fixed interval looping call 'neutron.plugins.ml2.plugin.AgentDbMixin.agent_health_check' sleeping for 37.00 seconds {{(pid=88658) _run_loop /opt/stack/data/venv/lib/python3.12/site-packages/oslo_service/backend/_threading/loopingcall.py:125}}
May 18 01:51:43.126541 np0000000906 neutron-periodic-workers[88658]: DEBUG dbcounter [-] [88658] Writing DB stats neutron:SELECT=1 {{(pid=88658) stat_writer /opt/stack/data/venv/lib/python3.12/site-packages/dbcounter.py:115}}
May 18 01:51:58.119852 np0000000906 neutron-periodic-workers[88647]: DEBUG oslo.service.backend._threading.loopingcall [None req-d63da800-d33b-47e8-a15d-1bf8224bd13b None None] Fixed interval looping call 'neutron.plugins.ml2.plugin.DhcpAgentSchedulerDbMixin.remove_networks_from_down_agents' sleeping for 36.99 seconds {{(pid=88647) _run_loop /opt/stack/data/venv/lib/python3.12/site-packages/oslo_service/backend/_threading/loopingcall.py:125}}
May 18 01:52:08.119019 np0000000906 neutron-periodic-workers[88647]: DEBUG dbcounter [-] [88647] Writing DB stats neutron:SELECT=3 {{(pid=88647) stat_writer /opt/stack/data/venv/lib/python3.12/site-packages/dbcounter.py:115}}
May 18 01:52:10.135730 np0000000906 neutron-periodic-workers[88658]: DEBUG neutron.db.agents_db [None req-fb0595ea-9bdb-40e3-a71c-d7d519be5e6e None None] Agent healthcheck: found 0 active agents {{(pid=88658) agent_health_check /opt/stack/neutron/neutron/db/agents_db.py:322}}
May 18 01:52:10.135730 np0000000906 neutron-periodic-workers[88658]: DEBUG oslo.service.backend._threading.loopingcall [None req-fb0595ea-9bdb-40e3-a71c-d7d519be5e6e None None] Fixed interval looping call 'neutron.plugins.ml2.plugin.AgentDbMixin.agent_health_check' sleeping for 36.99 seconds {{(pid=88658) _run_loop /opt/stack/data/venv/lib/python3.12/site-packages/oslo_service/backend/_threading/loopingcall.py:125}}
May 18 01:52:20.131007 np0000000906 neutron-periodic-workers[88658]: DEBUG dbcounter [-] [88658] Writing DB stats neutron:SELECT=1 {{(pid=88658) stat_writer /opt/stack/data/venv/lib/python3.12/site-packages/dbcounter.py:115}}
May 18 01:52:24.149122 np0000000906 neutron-periodic-workers[88667]: DEBUG oslo.service.backend._threading.loopingcall [None req-9a9ed8ad-e6e0-4e90-99fa-db89d9766e4a None None] Fixed interval looping call 'neutron.db.quota.driver_nolock.DbQuotaNoLockDriver._remove_expired_reservations' sleeping for 120.00 seconds {{(pid=88667) _run_loop /opt/stack/data/venv/lib/python3.12/site-packages/oslo_service/backend/_threading/loopingcall.py:125}}
May 18 01:52:34.148712 np0000000906 neutron-periodic-workers[88667]: DEBUG dbcounter [-] [88667] Writing DB stats neutron:DELETE=1 {{(pid=88667) stat_writer /opt/stack/data/venv/lib/python3.12/site-packages/dbcounter.py:115}}
May 18 01:52:35.125197 np0000000906 neutron-periodic-workers[88647]: DEBUG oslo.service.backend._threading.loopingcall [None req-d63da800-d33b-47e8-a15d-1bf8224bd13b None None] Fixed interval looping call 'neutron.plugins.ml2.plugin.DhcpAgentSchedulerDbMixin.remove_networks_from_down_agents' sleeping for 36.99 seconds {{(pid=88647) _run_loop /opt/stack/data/venv/lib/python3.12/site-packages/oslo_service/backend/_threading/loopingcall.py:125}}
May 18 01:52:45.123707 np0000000906 neutron-periodic-workers[88647]: DEBUG dbcounter [-] [88647] Writing DB stats neutron:SELECT=3 {{(pid=88647) stat_writer /opt/stack/data/venv/lib/python3.12/site-packages/dbcounter.py:115}}
May 18 01:52:47.134792 np0000000906 neutron-periodic-workers[88658]: DEBUG neutron.db.agents_db [None req-fb0595ea-9bdb-40e3-a71c-d7d519be5e6e None None] Agent healthcheck: found 0 active agents {{(pid=88658) agent_health_check /opt/stack/neutron/neutron/db/agents_db.py:322}}
May 18 01:52:47.135347 np0000000906 neutron-periodic-workers[88658]: DEBUG oslo.service.backend._threading.loopingcall [None req-fb0595ea-9bdb-40e3-a71c-d7d519be5e6e None None] Fixed interval looping call 'neutron.plugins.ml2.plugin.AgentDbMixin.agent_health_check' sleeping for 36.99 seconds {{(pid=88658) _run_loop /opt/stack/data/venv/lib/python3.12/site-packages/oslo_service/backend/_threading/loopingcall.py:125}}
May 18 01:52:50.099280 np0000000906 neutron-periodic-workers[88633]: DEBUG oslo.service.backend._threading.loopingcall [None req-60bce87d-e343-4ef0-b34b-e31457a77fe2 None None] Fixed interval looping call 'neutron.services.ovn_l3.plugin.L3_NAT_dbonly_mixin._clean_garbage' sleeping for 299.99 seconds {{(pid=88633) _run_loop /opt/stack/data/venv/lib/python3.12/site-packages/oslo_service/backend/_threading/loopingcall.py:125}}
May 18 01:52:57.134976 np0000000906 neutron-periodic-workers[88658]: DEBUG dbcounter [-] [88658] Writing DB stats neutron:SELECT=1 {{(pid=88658) stat_writer /opt/stack/data/venv/lib/python3.12/site-packages/dbcounter.py:115}}
May 18 01:53:00.090523 np0000000906 neutron-periodic-workers[88633]: DEBUG dbcounter [-] [88633] Writing DB stats neutron:SELECT=1 {{(pid=88633) stat_writer /opt/stack/data/venv/lib/python3.12/site-packages/dbcounter.py:115}}
May 18 01:53:12.139626 np0000000906 neutron-periodic-workers[88647]: DEBUG oslo.service.backend._threading.loopingcall [None req-d63da800-d33b-47e8-a15d-1bf8224bd13b None None] Fixed interval looping call 'neutron.plugins.ml2.plugin.DhcpAgentSchedulerDbMixin.remove_networks_from_down_agents' sleeping for 36.98 seconds {{(pid=88647) _run_loop /opt/stack/data/venv/lib/python3.12/site-packages/oslo_service/backend/_threading/loopingcall.py:125}}
May 18 01:53:22.133379 np0000000906 neutron-periodic-workers[88647]: DEBUG dbcounter [-] [88647] Writing DB stats neutron:SELECT=3 {{(pid=88647) stat_writer /opt/stack/data/venv/lib/python3.12/site-packages/dbcounter.py:115}}
May 18 01:53:24.128411 np0000000906 neutron-periodic-workers[88658]: DEBUG neutron.db.agents_db [None req-fb0595ea-9bdb-40e3-a71c-d7d519be5e6e None None] Agent healthcheck: found 0 active agents {{(pid=88658) agent_health_check /opt/stack/neutron/neutron/db/agents_db.py:322}}
May 18 01:53:24.129051 np0000000906 neutron-periodic-workers[88658]: DEBUG oslo.service.backend._threading.loopingcall [None req-fb0595ea-9bdb-40e3-a71c-d7d519be5e6e None None] Fixed interval looping call 'neutron.plugins.ml2.plugin.AgentDbMixin.agent_health_check' sleeping for 37.00 seconds {{(pid=88658) _run_loop /opt/stack/data/venv/lib/python3.12/site-packages/oslo_service/backend/_threading/loopingcall.py:125}}
May 18 01:53:34.129809 np0000000906 neutron-periodic-workers[88658]: DEBUG dbcounter [-] [88658] Writing DB stats neutron:SELECT=1 {{(pid=88658) stat_writer /opt/stack/data/venv/lib/python3.12/site-packages/dbcounter.py:115}}
May 18 01:53:49.143896 np0000000906 neutron-periodic-workers[88647]: DEBUG oslo.service.backend._threading.loopingcall [None req-d63da800-d33b-47e8-a15d-1bf8224bd13b None None] Fixed interval looping call 'neutron.plugins.ml2.plugin.DhcpAgentSchedulerDbMixin.remove_networks_from_down_agents' sleeping for 36.98 seconds {{(pid=88647) _run_loop /opt/stack/data/venv/lib/python3.12/site-packages/oslo_service/backend/_threading/loopingcall.py:125}}
May 18 01:53:59.138578 np0000000906 neutron-periodic-workers[88647]: DEBUG dbcounter [-] [88647] Writing DB stats neutron:SELECT=3 {{(pid=88647) stat_writer /opt/stack/data/venv/lib/python3.12/site-packages/dbcounter.py:115}}
May 18 01:54:01.141461 np0000000906 neutron-periodic-workers[88658]: DEBUG neutron.db.agents_db [None req-fb0595ea-9bdb-40e3-a71c-d7d519be5e6e None None] Agent healthcheck: found 0 active agents {{(pid=88658) agent_health_check /opt/stack/neutron/neutron/db/agents_db.py:322}}
May 18 01:54:01.141461 np0000000906 neutron-periodic-workers[88658]: DEBUG oslo.service.backend._threading.loopingcall [None req-fb0595ea-9bdb-40e3-a71c-d7d519be5e6e None None] Fixed interval looping call 'neutron.plugins.ml2.plugin.AgentDbMixin.agent_health_check' sleeping for 36.99 seconds {{(pid=88658) _run_loop /opt/stack/data/venv/lib/python3.12/site-packages/oslo_service/backend/_threading/loopingcall.py:125}}
May 18 01:54:11.137714 np0000000906 neutron-periodic-workers[88658]: DEBUG dbcounter [-] [88658] Writing DB stats neutron:SELECT=1 {{(pid=88658) stat_writer /opt/stack/data/venv/lib/python3.12/site-packages/dbcounter.py:115}}
May 18 01:54:24.156635 np0000000906 neutron-periodic-workers[88667]: DEBUG oslo.service.backend._threading.loopingcall [None req-9a9ed8ad-e6e0-4e90-99fa-db89d9766e4a None None] Fixed interval looping call 'neutron.db.quota.driver_nolock.DbQuotaNoLockDriver._remove_expired_reservations' sleeping for 119.99 seconds {{(pid=88667) _run_loop /opt/stack/data/venv/lib/python3.12/site-packages/oslo_service/backend/_threading/loopingcall.py:125}}
May 18 01:54:26.846927 np0000000906 neutron-periodic-workers[88647]: DEBUG oslo.service.backend._threading.loopingcall [None req-d63da800-d33b-47e8-a15d-1bf8224bd13b None None] Fixed interval looping call 'neutron.plugins.ml2.plugin.DhcpAgentSchedulerDbMixin.remove_networks_from_down_agents' sleeping for 36.99 seconds {{(pid=88647) _run_loop /opt/stack/data/venv/lib/python3.12/site-packages/oslo_service/backend/_threading/loopingcall.py:125}}
May 18 01:54:34.156369 np0000000906 neutron-periodic-workers[88667]: DEBUG dbcounter [-] [88667] Writing DB stats neutron:DELETE=1 {{(pid=88667) stat_writer /opt/stack/data/venv/lib/python3.12/site-packages/dbcounter.py:115}}
May 18 01:54:36.131474 np0000000906 neutron-periodic-workers[88647]: DEBUG dbcounter [-] [88647] Writing DB stats neutron:SELECT=3 {{(pid=88647) stat_writer /opt/stack/data/venv/lib/python3.12/site-packages/dbcounter.py:115}}
May 18 01:54:38.135957 np0000000906 neutron-periodic-workers[88658]: DEBUG neutron.db.agents_db [None req-fb0595ea-9bdb-40e3-a71c-d7d519be5e6e None None] Agent healthcheck: found 0 active agents {{(pid=88658) agent_health_check /opt/stack/neutron/neutron/db/agents_db.py:322}}
May 18 01:54:38.135957 np0000000906 neutron-periodic-workers[88658]: DEBUG oslo.service.backend._threading.loopingcall [None req-fb0595ea-9bdb-40e3-a71c-d7d519be5e6e None None] Fixed interval looping call 'neutron.plugins.ml2.plugin.AgentDbMixin.agent_health_check' sleeping for 37.00 seconds {{(pid=88658) _run_loop /opt/stack/data/venv/lib/python3.12/site-packages/oslo_service/backend/_threading/loopingcall.py:125}}
May 18 01:54:48.133859 np0000000906 neutron-periodic-workers[88658]: DEBUG dbcounter [-] [88658] Writing DB stats neutron:SELECT=1 {{(pid=88658) stat_writer /opt/stack/data/venv/lib/python3.12/site-packages/dbcounter.py:115}}
May 18 01:55:03.139850 np0000000906 neutron-periodic-workers[88647]: DEBUG oslo.service.backend._threading.loopingcall [None req-d63da800-d33b-47e8-a15d-1bf8224bd13b None None] Fixed interval looping call 'neutron.plugins.ml2.plugin.DhcpAgentSchedulerDbMixin.remove_networks_from_down_agents' sleeping for 36.98 seconds {{(pid=88647) _run_loop /opt/stack/data/venv/lib/python3.12/site-packages/oslo_service/backend/_threading/loopingcall.py:125}}
May 18 01:55:13.137024 np0000000906 neutron-periodic-workers[88647]: DEBUG dbcounter [-] [88647] Writing DB stats neutron:SELECT=3 {{(pid=88647) stat_writer /opt/stack/data/venv/lib/python3.12/site-packages/dbcounter.py:115}}
May 18 01:55:15.140107 np0000000906 neutron-periodic-workers[88658]: DEBUG neutron.db.agents_db [None req-fb0595ea-9bdb-40e3-a71c-d7d519be5e6e None None] Agent healthcheck: found 0 active agents {{(pid=88658) agent_health_check /opt/stack/neutron/neutron/db/agents_db.py:322}}
May 18 01:55:15.140908 np0000000906 neutron-periodic-workers[88658]: DEBUG oslo.service.backend._threading.loopingcall [None req-fb0595ea-9bdb-40e3-a71c-d7d519be5e6e None None] Fixed interval looping call 'neutron.plugins.ml2.plugin.AgentDbMixin.agent_health_check' sleeping for 37.00 seconds {{(pid=88658) _run_loop /opt/stack/data/venv/lib/python3.12/site-packages/oslo_service/backend/_threading/loopingcall.py:125}}
May 18 01:55:25.139571 np0000000906 neutron-periodic-workers[88658]: DEBUG dbcounter [-] [88658] Writing DB stats neutron:SELECT=1 {{(pid=88658) stat_writer /opt/stack/data/venv/lib/python3.12/site-packages/dbcounter.py:115}}
May 18 01:55:40.134375 np0000000906 neutron-periodic-workers[88647]: DEBUG oslo.service.backend._threading.loopingcall [None req-d63da800-d33b-47e8-a15d-1bf8224bd13b None None] Fixed interval looping call 'neutron.plugins.ml2.plugin.DhcpAgentSchedulerDbMixin.remove_networks_from_down_agents' sleeping for 36.99 seconds {{(pid=88647) _run_loop /opt/stack/data/venv/lib/python3.12/site-packages/oslo_service/backend/_threading/loopingcall.py:125}}
May 18 01:55:50.133117 np0000000906 neutron-periodic-workers[88647]: DEBUG dbcounter [-] [88647] Writing DB stats neutron:SELECT=3 {{(pid=88647) stat_writer /opt/stack/data/venv/lib/python3.12/site-packages/dbcounter.py:115}}
May 18 01:55:52.147615 np0000000906 neutron-periodic-workers[88658]: DEBUG neutron.db.agents_db [None req-fb0595ea-9bdb-40e3-a71c-d7d519be5e6e None None] Agent healthcheck: found 0 active agents {{(pid=88658) agent_health_check /opt/stack/neutron/neutron/db/agents_db.py:322}}
May 18 01:55:52.155246 np0000000906 neutron-periodic-workers[88658]: DEBUG oslo.service.backend._threading.loopingcall [None req-fb0595ea-9bdb-40e3-a71c-d7d519be5e6e None None] Fixed interval looping call 'neutron.plugins.ml2.plugin.AgentDbMixin.agent_health_check' sleeping for 36.99 seconds {{(pid=88658) _run_loop /opt/stack/data/venv/lib/python3.12/site-packages/oslo_service/backend/_threading/loopingcall.py:125}}
May 18 01:56:02.147932 np0000000906 neutron-periodic-workers[88658]: DEBUG dbcounter [-] [88658] Writing DB stats neutron:SELECT=1 {{(pid=88658) stat_writer /opt/stack/data/venv/lib/python3.12/site-packages/dbcounter.py:115}}
May 18 01:56:17.131955 np0000000906 neutron-periodic-workers[88647]: DEBUG oslo.service.backend._threading.loopingcall [None req-d63da800-d33b-47e8-a15d-1bf8224bd13b None None] Fixed interval looping call 'neutron.plugins.ml2.plugin.DhcpAgentSchedulerDbMixin.remove_networks_from_down_agents' sleeping for 36.99 seconds {{(pid=88647) _run_loop /opt/stack/data/venv/lib/python3.12/site-packages/oslo_service/backend/_threading/loopingcall.py:125}}
May 18 01:56:24.150731 np0000000906 neutron-periodic-workers[88667]: DEBUG oslo.service.backend._threading.loopingcall [None req-9a9ed8ad-e6e0-4e90-99fa-db89d9766e4a None None] Fixed interval looping call 'neutron.db.quota.driver_nolock.DbQuotaNoLockDriver._remove_expired_reservations' sleeping for 120.00 seconds {{(pid=88667) _run_loop /opt/stack/data/venv/lib/python3.12/site-packages/oslo_service/backend/_threading/loopingcall.py:125}}
May 18 01:56:27.132907 np0000000906 neutron-periodic-workers[88647]: DEBUG dbcounter [-] [88647] Writing DB stats neutron:SELECT=3 {{(pid=88647) stat_writer /opt/stack/data/venv/lib/python3.12/site-packages/dbcounter.py:115}}
May 18 01:56:29.141075 np0000000906 neutron-periodic-workers[88658]: DEBUG neutron.db.agents_db [None req-fb0595ea-9bdb-40e3-a71c-d7d519be5e6e None None] Agent healthcheck: found 0 active agents {{(pid=88658) agent_health_check /opt/stack/neutron/neutron/db/agents_db.py:322}}
May 18 01:56:29.141828 np0000000906 neutron-periodic-workers[88658]: DEBUG oslo.service.backend._threading.loopingcall [None req-fb0595ea-9bdb-40e3-a71c-d7d519be5e6e None None] Fixed interval looping call 'neutron.plugins.ml2.plugin.AgentDbMixin.agent_health_check' sleeping for 37.00 seconds {{(pid=88658) _run_loop /opt/stack/data/venv/lib/python3.12/site-packages/oslo_service/backend/_threading/loopingcall.py:125}}
May 18 01:56:34.149580 np0000000906 neutron-periodic-workers[88667]: DEBUG dbcounter [-] [88667] Writing DB stats neutron:DELETE=1 {{(pid=88667) stat_writer /opt/stack/data/venv/lib/python3.12/site-packages/dbcounter.py:115}}
May 18 01:56:39.140724 np0000000906 neutron-periodic-workers[88658]: DEBUG dbcounter [-] [88658] Writing DB stats neutron:SELECT=1 {{(pid=88658) stat_writer /opt/stack/data/venv/lib/python3.12/site-packages/dbcounter.py:115}}
May 18 01:56:54.129040 np0000000906 neutron-periodic-workers[88647]: DEBUG oslo.service.backend._threading.loopingcall [None req-d63da800-d33b-47e8-a15d-1bf8224bd13b None None] Fixed interval looping call 'neutron.plugins.ml2.plugin.DhcpAgentSchedulerDbMixin.remove_networks_from_down_agents' sleeping for 36.99 seconds {{(pid=88647) _run_loop /opt/stack/data/venv/lib/python3.12/site-packages/oslo_service/backend/_threading/loopingcall.py:125}}
May 18 01:57:04.127675 np0000000906 neutron-periodic-workers[88647]: DEBUG dbcounter [-] [88647] Writing DB stats neutron:SELECT=3 {{(pid=88647) stat_writer /opt/stack/data/venv/lib/python3.12/site-packages/dbcounter.py:115}}
May 18 01:57:06.146784 np0000000906 neutron-periodic-workers[88658]: DEBUG neutron.db.agents_db [None req-fb0595ea-9bdb-40e3-a71c-d7d519be5e6e None None] Agent healthcheck: found 0 active agents {{(pid=88658) agent_health_check /opt/stack/neutron/neutron/db/agents_db.py:322}}
May 18 01:57:06.147296 np0000000906 neutron-periodic-workers[88658]: DEBUG oslo.service.backend._threading.loopingcall [None req-fb0595ea-9bdb-40e3-a71c-d7d519be5e6e None None] Fixed interval looping call 'neutron.plugins.ml2.plugin.AgentDbMixin.agent_health_check' sleeping for 36.99 seconds {{(pid=88658) _run_loop /opt/stack/data/venv/lib/python3.12/site-packages/oslo_service/backend/_threading/loopingcall.py:125}}
May 18 01:57:16.145277 np0000000906 neutron-periodic-workers[88658]: DEBUG dbcounter [-] [88658] Writing DB stats neutron:SELECT=1 {{(pid=88658) stat_writer /opt/stack/data/venv/lib/python3.12/site-packages/dbcounter.py:115}}
