Jun 01 15:10:56.803175 np0000001859 devstack@neutron-api.service[87089]: DEBUG neutron_lib.callbacks.manager [None req-c0bf8ede-4eb5-47d7-a8a9-ada43d40ea75 admin admin] Publish callbacks ['neutron.plugins.ml2.drivers.ovn.mech_driver.mech_driver.OVNMechanismDriver._create_security_group-320819', 'neutron.plugins.ml2.ovo_rpc._ObjectChangeHandler.handle_event-1196677'] for security_group (50e06c66-06e5-4c46-a185-d3730c35108f), after_create {{(pid=87089) _notify_loop /opt/stack/data/venv/lib/python3.12/site-packages/neutron_lib/callbacks/manager.py:184}}
Jun 01 15:10:56.803949 np0000001859 devstack@neutron-api.service[87089]: DEBUG ovsdbapp.backend.ovs_idl.transaction [None req-f80a8ed1-21db-471d-a8ca-8652b5c20356 None None] Running txn n=1 command(idx=0): PgAddCommand(_result=None, name=pg_50e06c66_06e5_4c46_a185_d3730c35108f, may_exist=False, columns={'acls': [], 'external_ids': {'neutron:security_group_id': '50e06c66-06e5-4c46-a185-d3730c35108f'}}) {{(pid=87089) do_commit /opt/stack/data/venv/lib/python3.12/site-packages/ovsdbapp/backend/ovs_idl/transaction.py:89}}
Jun 01 15:10:56.804360 np0000001859 devstack@neutron-api.service[87089]: DEBUG ovsdbapp.backend.ovs_idl.transaction [None req-f80a8ed1-21db-471d-a8ca-8652b5c20356 None None] Running txn n=1 command(idx=1): PgAclAddCommand(_result=None, entity=pg_50e06c66_06e5_4c46_a185_d3730c35108f, direction=from-lport, priority=1002, match=inport == @pg_50e06c66_06e5_4c46_a185_d3730c35108f && ip6, action=allow-related, log=False, may_exist=True, severity=[], name=[], meter=[], external_ids={'neutron:security_group_rule_id': '7aed2939-7f8c-44a2-8fdf-160b981b6142'}) {{(pid=87089) do_commit /opt/stack/data/venv/lib/python3.12/site-packages/ovsdbapp/backend/ovs_idl/transaction.py:89}}
Jun 01 15:10:56.804776 np0000001859 devstack@neutron-api.service[87089]: DEBUG ovsdbapp.backend.ovs_idl.transaction [None req-f80a8ed1-21db-471d-a8ca-8652b5c20356 None None] Running txn n=1 command(idx=2): PgAclAddCommand(_result=None, entity=pg_50e06c66_06e5_4c46_a185_d3730c35108f, direction=to-lport, priority=1002, match=outport == @pg_50e06c66_06e5_4c46_a185_d3730c35108f && ip6 && ip6.src == $pg_50e06c66_06e5_4c46_a185_d3730c35108f_ip6, action=allow-related, log=False, may_exist=True, severity=[], name=[], meter=[], external_ids={'neutron:security_group_rule_id': 'a77bfc64-50c3-44a6-8942-435cef4bc8d2'}) {{(pid=87089) do_commit /opt/stack/data/venv/lib/python3.12/site-packages/ovsdbapp/backend/ovs_idl/transaction.py:89}}
Jun 01 15:10:56.805734 np0000001859 devstack@neutron-api.service[87089]: DEBUG ovsdbapp.backend.ovs_idl.transaction [None req-f80a8ed1-21db-471d-a8ca-8652b5c20356 None None] Running txn n=1 command(idx=3): PgAclAddCommand(_result=None, entity=pg_50e06c66_06e5_4c46_a185_d3730c35108f, direction=to-lport, priority=1002, match=outport == @pg_50e06c66_06e5_4c46_a185_d3730c35108f && ip4 && ip4.src == $pg_50e06c66_06e5_4c46_a185_d3730c35108f_ip4, action=allow-related, log=False, may_exist=True, severity=[], name=[], meter=[], external_ids={'neutron:security_group_rule_id': 'bb2ede06-cafb-4e9f-8518-8bd9b79ce84f'}) {{(pid=87089) do_commit /opt/stack/data/venv/lib/python3.12/site-packages/ovsdbapp/backend/ovs_idl/transaction.py:89}}
Jun 01 15:10:56.805734 np0000001859 devstack@neutron-api.service[87089]: DEBUG ovsdbapp.backend.ovs_idl.transaction [None req-f80a8ed1-21db-471d-a8ca-8652b5c20356 None None] Running txn n=1 command(idx=4): PgAclAddCommand(_result=None, entity=pg_50e06c66_06e5_4c46_a185_d3730c35108f, direction=from-lport, priority=1002, match=inport == @pg_50e06c66_06e5_4c46_a185_d3730c35108f && ip4, action=allow-related, log=False, may_exist=True, severity=[], name=[], meter=[], external_ids={'neutron:security_group_rule_id': 'fd9e9f52-19b1-4efc-9f84-61cc419b13eb'}) {{(pid=87089) do_commit /opt/stack/data/venv/lib/python3.12/site-packages/ovsdbapp/backend/ovs_idl/transaction.py:89}}
Jun 01 15:10:56.811122 np0000001859 devstack@neutron-api.service[87089]: DEBUG neutron.plugins.ml2.drivers.ovn.mech_driver.ovsdb.ovsdb_monitor [None req-f80a8ed1-21db-471d-a8ca-8652b5c20356 None None] Hash Ring: Node 8a549ef2325653a9b242a9a163530cfb (host: np0000001859) handling event "create" for row 8edfccb4-b6a0-455f-9154-f91131dee77d (table: ACL) {{(pid=87089) notify /opt/stack/neutron/neutron/plugins/ml2/drivers/ovn/mech_driver/ovsdb/ovsdb_monitor.py:986}}
Jun 01 15:10:56.811473 np0000001859 devstack@neutron-api.service[87089]: DEBUG neutron.plugins.ml2.drivers.ovn.mech_driver.ovsdb.ovsdb_monitor [None req-f80a8ed1-21db-471d-a8ca-8652b5c20356 None None] Hash Ring: Node 8a549ef2325653a9b242a9a163530cfb (host: np0000001859) handling event "create" for row 54719bd6-e6a1-4fbf-8539-4827c2071386 (table: Port_Group) {{(pid=87089) notify /opt/stack/neutron/neutron/plugins/ml2/drivers/ovn/mech_driver/ovsdb/ovsdb_monitor.py:986}}
Jun 01 15:10:56.812241 np0000001859 devstack@neutron-api.service[87090]: DEBUG neutron.plugins.ml2.drivers.ovn.mech_driver.ovsdb.ovsdb_monitor [None req-b65951f4-3f0e-4726-8e36-f5e1a214cc20 None None] Hash Ring: Node 6953b5e67635591d96ca97360531de97 (host: np0000001859) handling event "create" for row 79c9eab3-4d4e-4698-8cf0-65abb1dea6b3 (table: ACL) {{(pid=87090) notify /opt/stack/neutron/neutron/plugins/ml2/drivers/ovn/mech_driver/ovsdb/ovsdb_monitor.py:986}}
Jun 01 15:10:56.812538 np0000001859 devstack@neutron-api.service[87090]: DEBUG neutron.plugins.ml2.drivers.ovn.mech_driver.ovsdb.ovsdb_monitor [None req-b65951f4-3f0e-4726-8e36-f5e1a214cc20 None None] Hash Ring: Node 6953b5e67635591d96ca97360531de97 (host: np0000001859) handling event "create" for row e780327f-c7d3-41d4-ac9a-8d382363a447 (table: ACL) {{(pid=87090) notify /opt/stack/neutron/neutron/plugins/ml2/drivers/ovn/mech_driver/ovsdb/ovsdb_monitor.py:986}}
Jun 01 15:10:56.812739 np0000001859 devstack@neutron-api.service[87090]: DEBUG neutron.plugins.ml2.drivers.ovn.mech_driver.ovsdb.ovsdb_monitor [None req-b65951f4-3f0e-4726-8e36-f5e1a214cc20 None None] Hash Ring: Node 6953b5e67635591d96ca97360531de97 (host: np0000001859) handling event "create" for row fbe92458-8950-4cb7-9d85-8a2f4e690738 (table: ACL) {{(pid=87090) notify /opt/stack/neutron/neutron/plugins/ml2/drivers/ovn/mech_driver/ovsdb/ovsdb_monitor.py:986}}
Jun 01 15:10:56.813916 np0000001859 devstack@neutron-api.service[87090]: INFO neutron.db.ovn_revision_numbers_db [None req-efc9dfbf-1e8c-4cd6-9baa-e9e1710a41f6 admin admin] Successfully bumped revision number for resource 24adada2-905b-4340-88dc-460ccf90f10d (type: networks) to 1
Jun 01 15:10:56.826134 np0000001859 devstack@neutron-api.service[87090]: DEBUG neutron_lib.callbacks.manager [None req-efc9dfbf-1e8c-4cd6-9baa-e9e1710a41f6 admin admin] Publish callbacks ['neutron.plugins.ml2.plugin.SecurityGroupDbMixin._ensure_default_security_group_handler-98192'] for port (None), before_create {{(pid=87090) _notify_loop /opt/stack/data/venv/lib/python3.12/site-packages/neutron_lib/callbacks/manager.py:184}}
Jun 01 15:10:56.829912 np0000001859 devstack@neutron-api.service[87089]: INFO neutron.db.ovn_revision_numbers_db [None req-c0bf8ede-4eb5-47d7-a8a9-ada43d40ea75 admin admin] Successfully bumped revision number for resource 50e06c66-06e5-4c46-a185-d3730c35108f (type: security_groups) to 1
Jun 01 15:10:56.843238 np0000001859 devstack@neutron-api.service[87089]: INFO neutron.db.ovn_revision_numbers_db [None req-c0bf8ede-4eb5-47d7-a8a9-ada43d40ea75 admin admin] Successfully bumped revision number for resource 7aed2939-7f8c-44a2-8fdf-160b981b6142 (type: security_group_rules) to 0
Jun 01 15:10:56.855304 np0000001859 devstack@neutron-api.service[87089]: INFO neutron.db.ovn_revision_numbers_db [None req-c0bf8ede-4eb5-47d7-a8a9-ada43d40ea75 admin admin] Successfully bumped revision number for resource a77bfc64-50c3-44a6-8942-435cef4bc8d2 (type: security_group_rules) to 0
Jun 01 15:10:56.869168 np0000001859 devstack@neutron-api.service[87089]: INFO neutron.db.ovn_revision_numbers_db [None req-c0bf8ede-4eb5-47d7-a8a9-ada43d40ea75 admin admin] Successfully bumped revision number for resource bb2ede06-cafb-4e9f-8518-8bd9b79ce84f (type: security_group_rules) to 0
Jun 01 15:10:56.881595 np0000001859 devstack@neutron-api.service[87089]: INFO neutron.db.ovn_revision_numbers_db [None req-c0bf8ede-4eb5-47d7-a8a9-ada43d40ea75 admin admin] Successfully bumped revision number for resource fd9e9f52-19b1-4efc-9f84-61cc419b13eb (type: security_group_rules) to 0
Jun 01 15:10:56.890041 np0000001859 devstack@neutron-api.service[87090]: DEBUG neutron_lib.callbacks.manager [None req-efc9dfbf-1e8c-4cd6-9baa-e9e1710a41f6 admin admin] Publish callbacks ['neutron.plugins.ml2.drivers.ovn.mech_driver.mech_driver.OVNMechanismDriver._validate_allowed_address_pairs-204453'] for allowed_address_pair (45996243-6202-4f26-ba23-6304e3223d6f), before_create {{(pid=87090) _notify_loop /opt/stack/data/venv/lib/python3.12/site-packages/neutron_lib/callbacks/manager.py:184}}
Jun 01 15:10:56.890662 np0000001859 devstack@neutron-api.service[87090]: DEBUG neutron_lib.callbacks.manager [None req-efc9dfbf-1e8c-4cd6-9baa-e9e1710a41f6 admin admin] Publish callbacks [] for port (45996243-6202-4f26-ba23-6304e3223d6f), precommit_create {{(pid=87090) _notify_loop /opt/stack/data/venv/lib/python3.12/site-packages/neutron_lib/callbacks/manager.py:184}}
Jun 01 15:10:56.890801 np0000001859 devstack@neutron-api.service[87090]: DEBUG neutron.plugins.ml2.drivers.ovn.mech_driver.mech_driver [None req-efc9dfbf-1e8c-4cd6-9baa-e9e1710a41f6 admin admin] No provisioning block for port 45996243-6202-4f26-ba23-6304e3223d6f since it does not have a host {{(pid=87090) _is_port_provisioning_required /opt/stack/neutron/neutron/plugins/ml2/drivers/ovn/mech_driver/mech_driver.py:896}}
Jun 01 15:10:56.891038 np0000001859 devstack@neutron-api.service[87090]: DEBUG neutron.db.ovn_revision_numbers_db [None req-efc9dfbf-1e8c-4cd6-9baa-e9e1710a41f6 admin admin] create_initial_revision uuid=45996243-6202-4f26-ba23-6304e3223d6f, type=ports, rev=-1 {{(pid=87090) create_initial_revision /opt/stack/neutron/neutron/db/ovn_revision_numbers_db.py:98}}
Jun 01 15:10:56.904641 np0000001859 devstack@neutron-api.service[87089]: DEBUG neutron.api.rpc.handlers.resources_rpc [None req-c0bf8ede-4eb5-47d7-a8a9-ada43d40ea75 admin admin] Pushing event updated for resources: {'SecurityGroup': ['ID=50e06c66-06e5-4c46-a185-d3730c35108f,revision_number=1']} {{(pid=87089) push /opt/stack/neutron/neutron/api/rpc/handlers/resources_rpc.py:237}}
Jun 01 15:10:56.912405 np0000001859 devstack@neutron-api.service[87089]: DEBUG neutron.api.rpc.callbacks.version_manager [None req-c0bf8ede-4eb5-47d7-a8a9-ada43d40ea75 admin admin] Tracked resource versions report:
Jun 01 15:10:56.912405 np0000001859 devstack@neutron-api.service[87089]: pushed versions:
Jun 01 15:10:56.912405 np0000001859 devstack@neutron-api.service[87089]: { 'AddressGroup': {'1.2'},
Jun 01 15:10:56.912405 np0000001859 devstack@neutron-api.service[87089]: 'Agent': {'1.1'},
Jun 01 15:10:56.912405 np0000001859 devstack@neutron-api.service[87089]: 'ConntrackHelper': {'1.0'},
Jun 01 15:10:56.912405 np0000001859 devstack@neutron-api.service[87089]: 'LocalIPAssociation': {'1.0'},
Jun 01 15:10:56.912405 np0000001859 devstack@neutron-api.service[87089]: 'Log': {'1.0'},
Jun 01 15:10:56.912405 np0000001859 devstack@neutron-api.service[87089]: 'NDPProxy': {'1.0'},
Jun 01 15:10:56.912405 np0000001859 devstack@neutron-api.service[87089]: 'Network': {'1.3'},
Jun 01 15:10:56.912405 np0000001859 devstack@neutron-api.service[87089]: 'Port': {'1.11'},
Jun 01 15:10:56.912405 np0000001859 devstack@neutron-api.service[87089]: 'PortForwarding': {'1.3'},
Jun 01 15:10:56.912405 np0000001859 devstack@neutron-api.service[87089]: 'QosPolicy': {'1.10'},
Jun 01 15:10:56.912405 np0000001859 devstack@neutron-api.service[87089]: 'SecurityGroup': {'1.6'},
Jun 01 15:10:56.912405 np0000001859 devstack@neutron-api.service[87089]: 'SecurityGroupRule': {'1.3'},
Jun 01 15:10:56.912405 np0000001859 devstack@neutron-api.service[87089]: 'SubPort': {'1.0'},
Jun 01 15:10:56.912405 np0000001859 devstack@neutron-api.service[87089]: 'Subnet': {'1.2'},
Jun 01 15:10:56.912405 np0000001859 devstack@neutron-api.service[87089]: 'Trunk': {'1.1'}}
Jun 01 15:10:56.912405 np0000001859 devstack@neutron-api.service[87089]: consumer versions:
Jun 01 15:10:56.912405 np0000001859 devstack@neutron-api.service[87089]: { OVN Neutron agent@np0000001859: {},
Jun 01 15:10:56.912405 np0000001859 devstack@neutron-api.service[87089]: OVN Controller Gateway agent@np0000001859: {}}
Jun 01 15:10:56.912405 np0000001859 devstack@neutron-api.service[87089]: {{(pid=87089) report /opt/stack/neutron/neutron/api/rpc/callbacks/version_manager.py:183}}
Jun 01 15:10:56.920505 np0000001859 devstack@neutron-api.service[87090]: DEBUG neutron_lib.callbacks.manager [None req-efc9dfbf-1e8c-4cd6-9baa-e9e1710a41f6 admin admin] Publish callbacks ['neutron.plugins.ml2.ovo_rpc._ObjectChangeHandler.handle_event-15405398'] for port (45996243-6202-4f26-ba23-6304e3223d6f), after_create {{(pid=87090) _notify_loop /opt/stack/data/venv/lib/python3.12/site-packages/neutron_lib/callbacks/manager.py:184}}
Jun 01 15:10:56.945427 np0000001859 devstack@neutron-api.service[87089]: DEBUG neutron.plugins.ml2.drivers.helpers [None req-c0bf8ede-4eb5-47d7-a8a9-ada43d40ea75 admin admin] geneve segment allocate from pool success with {'geneve_vni': 34096} {{(pid=87089) allocate_partially_specified_segment /opt/stack/neutron/neutron/plugins/ml2/drivers/helpers.py:142}}
Jun 01 15:10:56.949621 np0000001859 devstack@neutron-api.service[87090]: DEBUG neutron.api.rpc.handlers.resources_rpc [None req-efc9dfbf-1e8c-4cd6-9baa-e9e1710a41f6 admin admin] Pushing event updated for resources: {'Port': ['ID=45996243-6202-4f26-ba23-6304e3223d6f,revision_number=1']} {{(pid=87090) push /opt/stack/neutron/neutron/api/rpc/handlers/resources_rpc.py:237}}
Jun 01 15:10:56.952537 np0000001859 devstack@neutron-api.service[87089]: DEBUG neutron_lib.callbacks.manager [None req-c0bf8ede-4eb5-47d7-a8a9-ada43d40ea75 admin admin] Publish callbacks ['neutron.services.segments.db._add_segment_host_mapping_for_segment-8423380294206', 'neutron.plugins.ml2.plugin.Ml2Plugin._handle_segment_change-458126'] for segment (702ef255-9963-4074-a6b6-fd8c2de3fff1), precommit_create {{(pid=87089) _notify_loop /opt/stack/data/venv/lib/python3.12/site-packages/neutron_lib/callbacks/manager.py:184}}
Jun 01 15:10:56.952712 np0000001859 devstack@neutron-api.service[87089]: INFO neutron.db.segments_db [None req-c0bf8ede-4eb5-47d7-a8a9-ada43d40ea75 admin admin] Added segment 702ef255-9963-4074-a6b6-fd8c2de3fff1 of type geneve for network 48f2faf6-ece8-4d0b-8d35-48731a4d35b9
Jun 01 15:10:56.955880 np0000001859 devstack@neutron-api.service[87090]: DEBUG ovsdbapp.backend.ovs_idl.transaction [None req-b65951f4-3f0e-4726-8e36-f5e1a214cc20 None None] Running txn n=1 command(idx=0): AddLSwitchPortCommand(_result=None, lport=45996243-6202-4f26-ba23-6304e3223d6f, lswitch=neutron-24adada2-905b-4340-88dc-460ccf90f10d, may_exist=True, network_uuid=24adada2-905b-4340-88dc-460ccf90f10d, columns={'addresses': ['fa:16:3e:68:8e:58'], 'external_ids': {'neutron:port_name': '', 'neutron:device_id': 'ovnmeta-24adada2-905b-4340-88dc-460ccf90f10d', 'neutron:project_id': '2c11bec6de114ff0957ef985c6552ce6', 'neutron:cidrs': '', 'neutron:device_owner': 'network:distributed', 'neutron:subnet_pool_addr_scope4': '', 'neutron:subnet_pool_addr_scope6': '', 'neutron:network_name': 'neutron-24adada2-905b-4340-88dc-460ccf90f10d', 'neutron:security_group_ids': '', 'neutron:revision_number': '1', 'neutron:vnic_type': 'normal', 'neutron:port_capabilities': '', 'neutron:mtu': '1372'}, 'parent_name': [], 'tag': [], 'enabled': True, 'options': {}, 'type': 'localport', 'port_security': [], 'dhcpv4_options': [], 'dhcpv6_options': []}) {{(pid=87090) do_commit /opt/stack/data/venv/lib/python3.12/site-packages/ovsdbapp/backend/ovs_idl/transaction.py:89}}
Jun 01 15:10:56.956488 np0000001859 devstack@neutron-api.service[87090]: DEBUG ovsdbapp.backend.ovs_idl.transaction [None req-b65951f4-3f0e-4726-8e36-f5e1a214cc20 None None] Running txn n=1 command(idx=1): QoSDelCommand(_result=None, switch=neutron-24adada2-905b-4340-88dc-460ccf90f10d, conditions=[('direction', '=', 'to-lport'), ('priority', '=', 2002), ('match', '=', 'outport == "45996243-6202-4f26-ba23-6304e3223d6f"')], if_exists=True) {{(pid=87090) do_commit /opt/stack/data/venv/lib/python3.12/site-packages/ovsdbapp/backend/ovs_idl/transaction.py:89}}
Jun 01 15:10:56.956672 np0000001859 devstack@neutron-api.service[87090]: DEBUG ovsdbapp.backend.ovs_idl.transaction [None req-b65951f4-3f0e-4726-8e36-f5e1a214cc20 None None] Running txn n=1 command(idx=2): QoSDelCommand(_result=None, switch=neutron-24adada2-905b-4340-88dc-460ccf90f10d, conditions=[('direction', '=', 'from-lport'), ('priority', '=', 2002), ('match', '=', 'inport == "45996243-6202-4f26-ba23-6304e3223d6f"')], if_exists=True) {{(pid=87090) do_commit /opt/stack/data/venv/lib/python3.12/site-packages/ovsdbapp/backend/ovs_idl/transaction.py:89}}
Jun 01 15:10:56.966332 np0000001859 devstack@neutron-api.service[87089]: DEBUG neutron.plugins.ml2.drivers.ovn.mech_driver.ovsdb.ovsdb_monitor [None req-f80a8ed1-21db-471d-a8ca-8652b5c20356 None None] Hash Ring: Node 8a549ef2325653a9b242a9a163530cfb (host: np0000001859) handling event "update" for row 24adada2-905b-4340-88dc-460ccf90f10d (table: Logical_Switch) {{(pid=87089) notify /opt/stack/neutron/neutron/plugins/ml2/drivers/ovn/mech_driver/ovsdb/ovsdb_monitor.py:986}}
Jun 01 15:10:56.968940 np0000001859 devstack@neutron-api.service[87089]: DEBUG neutron.plugins.ml2.drivers.ovn.mech_driver.ovsdb.ovsdb_monitor [None req-247c0160-2509-41df-a48c-7a6ae470b28e None None] Hash Ring: Node 8a549ef2325653a9b242a9a163530cfb (host: np0000001859) handling event "create" for row 08ad3579-b2cb-4073-bb00-1d4b034e7287 (table: Port_Binding) {{(pid=87089) notify /opt/stack/neutron/neutron/plugins/ml2/drivers/ovn/mech_driver/ovsdb/ovsdb_monitor.py:986}}
Jun 01 15:10:56.971052 np0000001859 devstack@neutron-api.service[87089]: DEBUG neutron.plugins.ml2.drivers.ovn.mech_driver.ovsdb.ovsdb_monitor [None req-f80a8ed1-21db-471d-a8ca-8652b5c20356 None None] Hash Ring: Node 8a549ef2325653a9b242a9a163530cfb (host: np0000001859) handling event "create" for row 9571a995-49e3-4e4b-9c00-6a1d9f2e5955 (table: Logical_Switch_Port) {{(pid=87089) notify /opt/stack/neutron/neutron/plugins/ml2/drivers/ovn/mech_driver/ovsdb/ovsdb_monitor.py:986}}
Jun 01 15:10:56.972442 np0000001859 devstack@neutron-api.service[87089]: DEBUG ovsdbapp.backend.ovs_idl.event [None req-f80a8ed1-21db-471d-a8ca-8652b5c20356 None None] Matched CREATE: LogicalSwitchPortCreateEvent(events=('create',), table='Logical_Switch_Port', conditions=[], old_conditions=None), priority=20 to row=Logical_Switch_Port(uuid=9571a995-49e3-4e4b-9c00-6a1d9f2e5955, addresses=['fa:16:3e:68:8e:58'], dhcpv4_options=[], dhcpv6_options=[], dynamic_addresses=[], enabled=True, external_ids={'neutron:cidrs': '', 'neutron:device_id': 'ovnmeta-24adada2-905b-4340-88dc-460ccf90f10d', 'neutron:device_owner': 'network:distributed', 'neutron:mtu': '1372', 'neutron:network_name': 'neutron-24adada2-905b-4340-88dc-460ccf90f10d', 'neutron:port_capabilities': '', 'neutron:port_name': '', 'neutron:project_id': '2c11bec6de114ff0957ef985c6552ce6', 'neutron:revision_number': '1', 'neutron:security_group_ids': '', 'neutron:subnet_pool_addr_scope4': '', 'neutron:subnet_pool_addr_scope6': '', 'neutron:vnic_type': 'normal'}, ha_chassis_group=[], mirror_rules=[], name='45996243-6202-4f26-ba23-6304e3223d6f', options={}, parent_name=[], port_security=[], tag=[], tag_request=[], type='localport', up=[]) old= {{(pid=87089) matches /opt/stack/data/venv/lib/python3.12/site-packages/ovsdbapp/backend/ovs_idl/event.py:55}}
Jun 01 15:10:56.974596 np0000001859 devstack@neutron-api.service[87089]: INFO neutron.plugins.ml2.drivers.ovn.mech_driver.mech_driver [None req-5b322afd-7ec0-43fb-a43b-edc6b4356a5f None None] OVN reports status down for port: 45996243-6202-4f26-ba23-6304e3223d6f
Jun 01 15:10:56.975607 np0000001859 devstack@neutron-api.service[87089]: DEBUG neutron.plugins.ml2.drivers.ovn.mech_driver.ovsdb.ovsdb_monitor [None req-f80a8ed1-21db-471d-a8ca-8652b5c20356 None None] Hash Ring: Node 8a549ef2325653a9b242a9a163530cfb (host: np0000001859) handling event "update" for row 9571a995-49e3-4e4b-9c00-6a1d9f2e5955 (table: Logical_Switch_Port) {{(pid=87089) notify /opt/stack/neutron/neutron/plugins/ml2/drivers/ovn/mech_driver/ovsdb/ovsdb_monitor.py:986}}
Jun 01 15:10:56.978421 np0000001859 devstack@neutron-api.service[87089]: DEBUG neutron_lib.callbacks.manager [None req-c0bf8ede-4eb5-47d7-a8a9-ada43d40ea75 admin admin] Publish callbacks ['neutron.services.auto_allocate.db._ensure_external_network_default_value_callback-8423379027778'] for network (48f2faf6-ece8-4d0b-8d35-48731a4d35b9), precommit_create {{(pid=87089) _notify_loop /opt/stack/data/venv/lib/python3.12/site-packages/neutron_lib/callbacks/manager.py:184}}
Jun 01 15:10:56.989137 np0000001859 devstack@neutron-api.service[87090]: INFO neutron.db.ovn_revision_numbers_db [None req-efc9dfbf-1e8c-4cd6-9baa-e9e1710a41f6 admin admin] Successfully bumped revision number for resource 45996243-6202-4f26-ba23-6304e3223d6f (type: ports) to 1
Jun 01 15:10:56.994971 np0000001859 devstack@neutron-api.service[87090]: DEBUG neutron.pecan_wsgi.hooks.policy_enforcement [None req-efc9dfbf-1e8c-4cd6-9baa-e9e1710a41f6 admin admin] Attributes excluded by policy engine: ['standard_attr_id'] {{(pid=87090) _exclude_attributes_by_policy /opt/stack/neutron/neutron/pecan_wsgi/hooks/policy_enforcement.py:256}}
Jun 01 15:10:56.995360 np0000001859 devstack@neutron-api.service[87090]: DEBUG neutron_lib.callbacks.manager [None req-efc9dfbf-1e8c-4cd6-9baa-e9e1710a41f6 admin admin] Publish callbacks [] for network (None), before_response {{(pid=87090) _notify_loop /opt/stack/data/venv/lib/python3.12/site-packages/neutron_lib/callbacks/manager.py:184}}
Jun 01 15:10:57.000883 np0000001859 devstack@neutron-api.service[87089]: DEBUG neutron.plugins.ml2.drivers.ovn.mech_driver.mech_driver [None req-c0bf8ede-4eb5-47d7-a8a9-ada43d40ea75 admin admin] Validating network segment with type geneve, segmentation ID 34096, physical network None {{(pid=87089) _validate_network_segments /opt/stack/neutron/neutron/plugins/ml2/drivers/ovn/mech_driver/mech_driver.py:643}}
Jun 01 15:10:57.001304 np0000001859 devstack@neutron-api.service[87089]: DEBUG neutron.db.ovn_revision_numbers_db [None req-c0bf8ede-4eb5-47d7-a8a9-ada43d40ea75 admin admin] create_initial_revision uuid=48f2faf6-ece8-4d0b-8d35-48731a4d35b9, type=networks, rev=-1 {{(pid=87089) create_initial_revision /opt/stack/neutron/neutron/db/ovn_revision_numbers_db.py:98}}
Jun 01 15:10:57.004896 np0000001859 devstack@neutron-api.service[87090]: [pid: 87090|app: 0|req: 23/44] 10.4.3.211 () {68 vars in 1277 bytes} [Mon Jun 1 15:10:55 2026] POST /networking/v2.0/networks => generated 723 bytes in 1045 msecs (HTTP/1.1 201) 4 headers in 162 bytes (1 switches on core 0)
Jun 01 15:10:57.015070 np0000001859 devstack@neutron-api.service[87089]: DEBUG neutron_lib.callbacks.manager [None req-c0bf8ede-4eb5-47d7-a8a9-ada43d40ea75 admin admin] Publish callbacks ['neutron.plugins.ml2.ovo_rpc._ObjectChangeHandler.handle_event-1196682'] for network (48f2faf6-ece8-4d0b-8d35-48731a4d35b9), after_create {{(pid=87089) _notify_loop /opt/stack/data/venv/lib/python3.12/site-packages/neutron_lib/callbacks/manager.py:184}}
Jun 01 15:10:57.017246 np0000001859 devstack@neutron-api.service[87089]: DEBUG neutron.db.provisioning_blocks [None req-5b322afd-7ec0-43fb-a43b-edc6b4356a5f None None] Transition to ACTIVE for port object 45996243-6202-4f26-ba23-6304e3223d6f will not be triggered until provisioned by entity L2. {{(pid=87089) add_provisioning_component /opt/stack/neutron/neutron/db/provisioning_blocks.py:74}}
Jun 01 15:10:57.048099 np0000001859 devstack@neutron-api.service[87089]: DEBUG neutron.api.rpc.handlers.resources_rpc [None req-c0bf8ede-4eb5-47d7-a8a9-ada43d40ea75 admin admin] Pushing event updated for resources: {'Network': ['ID=48f2faf6-ece8-4d0b-8d35-48731a4d35b9,revision_number=1']} {{(pid=87089) push /opt/stack/neutron/neutron/api/rpc/handlers/resources_rpc.py:237}}
Jun 01 15:10:57.056912 np0000001859 devstack@neutron-api.service[87089]: DEBUG neutron.plugins.ml2.plugin [None req-5b322afd-7ec0-43fb-a43b-edc6b4356a5f None None] Current status of the port 45996243-6202-4f26-ba23-6304e3223d6f is: DOWN; New status is: DOWN {{(pid=87089) _update_individual_port_db_status /opt/stack/neutron/neutron/plugins/ml2/plugin.py:2469}}
Jun 01 15:10:57.058724 np0000001859 devstack@neutron-api.service[87089]: DEBUG ovsdbapp.backend.ovs_idl.transaction [None req-f80a8ed1-21db-471d-a8ca-8652b5c20356 None None] Running txn n=1 command(idx=0): DbRemoveCommand(_result=None, table=Logical_Switch_Port, record=45996243-6202-4f26-ba23-6304e3223d6f, column=external_ids, values=('neutron:host_id',), keyvalues={}, if_exists=True) {{(pid=87089) do_commit /opt/stack/data/venv/lib/python3.12/site-packages/ovsdbapp/backend/ovs_idl/transaction.py:89}}
Jun 01 15:10:57.060163 np0000001859 devstack@neutron-api.service[87089]: DEBUG ovsdbapp.backend.ovs_idl.transaction [None req-f80a8ed1-21db-471d-a8ca-8652b5c20356 None None] Running txn n=1 command(idx=0): AddNetworkCommand(_result=None, network_uuid=48f2faf6-ece8-4d0b-8d35-48731a4d35b9, may_exist=True, columns={'external_ids': {'neutron:network_name': 'tempest-TaggedBootDevicesTest_v242-404694776-network', 'neutron:mtu': '1372', 'neutron:revision_number': '1', 'neutron:availability_zone_hints': '', 'neutron:provnet-network-type': 'geneve'}, 'other_config': {'mcast_snoop': 'false', 'mcast_flood_unregistered': 'false', 'vlan-passthru': 'false'}}) {{(pid=87089) do_commit /opt/stack/data/venv/lib/python3.12/site-packages/ovsdbapp/backend/ovs_idl/transaction.py:89}}
Jun 01 15:10:57.066847 np0000001859 devstack@neutron-api.service[87089]: DEBUG neutron.plugins.ml2.drivers.ovn.mech_driver.ovsdb.ovsdb_monitor [None req-f80a8ed1-21db-471d-a8ca-8652b5c20356 None None] Hash Ring: Node 8a549ef2325653a9b242a9a163530cfb (host: np0000001859) handling event "create" for row 48f2faf6-ece8-4d0b-8d35-48731a4d35b9 (table: Logical_Switch) {{(pid=87089) notify /opt/stack/neutron/neutron/plugins/ml2/drivers/ovn/mech_driver/ovsdb/ovsdb_monitor.py:986}}
Jun 01 15:10:57.069794 np0000001859 devstack@neutron-api.service[87090]: DEBUG neutron.plugins.ml2.drivers.ovn.mech_driver.ovsdb.ovsdb_monitor [None req-bff6669b-bea0-4a7a-a9d3-b06d24db08ad None None] Hash Ring: Node 6953b5e67635591d96ca97360531de97 (host: np0000001859) handling event "create" for row fed4482a-862f-4835-9701-9a538fe7026f (table: Datapath_Binding) {{(pid=87090) notify /opt/stack/neutron/neutron/plugins/ml2/drivers/ovn/mech_driver/ovsdb/ovsdb_monitor.py:986}}
Jun 01 15:10:57.087282 np0000001859 devstack@neutron-api.service[87089]: INFO neutron.db.ovn_revision_numbers_db [None req-c0bf8ede-4eb5-47d7-a8a9-ada43d40ea75 admin admin] Successfully bumped revision number for resource 48f2faf6-ece8-4d0b-8d35-48731a4d35b9 (type: networks) to 1
Jun 01 15:10:57.098728 np0000001859 devstack@neutron-api.service[87089]: DEBUG neutron_lib.callbacks.manager [None req-c0bf8ede-4eb5-47d7-a8a9-ada43d40ea75 admin admin] Publish callbacks ['neutron.plugins.ml2.plugin.SecurityGroupDbMixin._ensure_default_security_group_handler-870084'] for port (None), before_create {{(pid=87089) _notify_loop /opt/stack/data/venv/lib/python3.12/site-packages/neutron_lib/callbacks/manager.py:184}}
Jun 01 15:10:57.170096 np0000001859 devstack@neutron-api.service[87089]: DEBUG neutron_lib.callbacks.manager [None req-c0bf8ede-4eb5-47d7-a8a9-ada43d40ea75 admin admin] Publish callbacks ['neutron.plugins.ml2.drivers.ovn.mech_driver.mech_driver.OVNMechanismDriver._validate_allowed_address_pairs-320861'] for allowed_address_pair (fdb0ddd6-e9c3-4893-8b7c-bafae4c7b4de), before_create {{(pid=87089) _notify_loop /opt/stack/data/venv/lib/python3.12/site-packages/neutron_lib/callbacks/manager.py:184}}
Jun 01 15:10:57.170681 np0000001859 devstack@neutron-api.service[87089]: DEBUG neutron_lib.callbacks.manager [None req-c0bf8ede-4eb5-47d7-a8a9-ada43d40ea75 admin admin] Publish callbacks [] for port (fdb0ddd6-e9c3-4893-8b7c-bafae4c7b4de), precommit_create {{(pid=87089) _notify_loop /opt/stack/data/venv/lib/python3.12/site-packages/neutron_lib/callbacks/manager.py:184}}
Jun 01 15:10:57.170892 np0000001859 devstack@neutron-api.service[87089]: DEBUG neutron.plugins.ml2.drivers.ovn.mech_driver.mech_driver [None req-c0bf8ede-4eb5-47d7-a8a9-ada43d40ea75 admin admin] No provisioning block for port fdb0ddd6-e9c3-4893-8b7c-bafae4c7b4de since it does not have a host {{(pid=87089) _is_port_provisioning_required /opt/stack/neutron/neutron/plugins/ml2/drivers/ovn/mech_driver/mech_driver.py:896}}
Jun 01 15:10:57.171018 np0000001859 devstack@neutron-api.service[87089]: DEBUG neutron.db.ovn_revision_numbers_db [None req-c0bf8ede-4eb5-47d7-a8a9-ada43d40ea75 admin admin] create_initial_revision uuid=fdb0ddd6-e9c3-4893-8b7c-bafae4c7b4de, type=ports, rev=-1 {{(pid=87089) create_initial_revision /opt/stack/neutron/neutron/db/ovn_revision_numbers_db.py:98}}
Jun 01 15:10:57.199906 np0000001859 devstack@neutron-api.service[87089]: DEBUG neutron_lib.callbacks.manager [None req-c0bf8ede-4eb5-47d7-a8a9-ada43d40ea75 admin admin] Publish callbacks ['neutron.plugins.ml2.ovo_rpc._ObjectChangeHandler.handle_event-1196729'] for port (fdb0ddd6-e9c3-4893-8b7c-bafae4c7b4de), after_create {{(pid=87089) _notify_loop /opt/stack/data/venv/lib/python3.12/site-packages/neutron_lib/callbacks/manager.py:184}}
Jun 01 15:10:57.218203 np0000001859 devstack@neutron-api.service[87090]: DEBUG neutron.api.v2.base [None req-8d828522-7215-4937-be5e-b3e0928ef3e2 admin admin] Request body: {'network': {'name': 'tempest-TaggedBootDevicesTest-1050550119-network', 'project_id': '1ba8912649ad46028bb3fe8269178d34'}} {{(pid=87090) prepare_request_body /opt/stack/neutron/neutron/api/v2/base.py:727}}
Jun 01 15:10:57.229742 np0000001859 devstack@neutron-api.service[87089]: DEBUG neutron.api.rpc.handlers.resources_rpc [None req-c0bf8ede-4eb5-47d7-a8a9-ada43d40ea75 admin admin] Pushing event updated for resources: {'Port': ['ID=fdb0ddd6-e9c3-4893-8b7c-bafae4c7b4de,revision_number=1']} {{(pid=87089) push /opt/stack/neutron/neutron/api/rpc/handlers/resources_rpc.py:237}}
Jun 01 15:10:57.235602 np0000001859 devstack@neutron-api.service[87090]: DEBUG neutron.pecan_wsgi.hooks.quota_enforcement [None req-8d828522-7215-4937-be5e-b3e0928ef3e2 admin admin] Made reservation on behalf of 1ba8912649ad46028bb3fe8269178d34 for: {'network': 1} {{(pid=87090) before /opt/stack/neutron/neutron/pecan_wsgi/hooks/quota_enforcement.py:66}}
Jun 01 15:10:57.236438 np0000001859 devstack@neutron-api.service[87089]: DEBUG ovsdbapp.backend.ovs_idl.transaction [None req-f80a8ed1-21db-471d-a8ca-8652b5c20356 None None] Running txn n=1 command(idx=0): AddLSwitchPortCommand(_result=None, lport=fdb0ddd6-e9c3-4893-8b7c-bafae4c7b4de, lswitch=neutron-48f2faf6-ece8-4d0b-8d35-48731a4d35b9, may_exist=True, network_uuid=48f2faf6-ece8-4d0b-8d35-48731a4d35b9, columns={'addresses': ['fa:16:3e:07:2f:b3'], 'external_ids': {'neutron:port_name': '', 'neutron:device_id': 'ovnmeta-48f2faf6-ece8-4d0b-8d35-48731a4d35b9', 'neutron:project_id': 'c69c204ed9b746b9b14cb859339d7718', 'neutron:cidrs': '', 'neutron:device_owner': 'network:distributed', 'neutron:subnet_pool_addr_scope4': '', 'neutron:subnet_pool_addr_scope6': '', 'neutron:network_name': 'neutron-48f2faf6-ece8-4d0b-8d35-48731a4d35b9', 'neutron:security_group_ids': '', 'neutron:revision_number': '1', 'neutron:vnic_type': 'normal', 'neutron:port_capabilities': '', 'neutron:mtu': '1372'}, 'parent_name': [], 'tag': [], 'enabled': True, 'options': {}, 'type': 'localport', 'port_security': [], 'dhcpv4_options': [], 'dhcpv6_options': []}) {{(pid=87089) do_commit /opt/stack/data/venv/lib/python3.12/site-packages/ovsdbapp/backend/ovs_idl/transaction.py:89}}
Jun 01 15:10:57.236999 np0000001859 devstack@neutron-api.service[87089]: DEBUG ovsdbapp.backend.ovs_idl.transaction [None req-f80a8ed1-21db-471d-a8ca-8652b5c20356 None None] Running txn n=1 command(idx=1): QoSDelCommand(_result=None, switch=neutron-48f2faf6-ece8-4d0b-8d35-48731a4d35b9, conditions=[('direction', '=', 'to-lport'), ('priority', '=', 2002), ('match', '=', 'outport == "fdb0ddd6-e9c3-4893-8b7c-bafae4c7b4de"')], if_exists=True) {{(pid=87089) do_commit /opt/stack/data/venv/lib/python3.12/site-packages/ovsdbapp/backend/ovs_idl/transaction.py:89}}
Jun 01 15:10:57.237170 np0000001859 devstack@neutron-api.service[87089]: DEBUG ovsdbapp.backend.ovs_idl.transaction [None req-f80a8ed1-21db-471d-a8ca-8652b5c20356 None None] Running txn n=1 command(idx=2): QoSDelCommand(_result=None, switch=neutron-48f2faf6-ece8-4d0b-8d35-48731a4d35b9, conditions=[('direction', '=', 'from-lport'), ('priority', '=', 2002), ('match', '=', 'inport == "fdb0ddd6-e9c3-4893-8b7c-bafae4c7b4de"')], if_exists=True) {{(pid=87089) do_commit /opt/stack/data/venv/lib/python3.12/site-packages/ovsdbapp/backend/ovs_idl/transaction.py:89}}
Jun 01 15:10:57.239394 np0000001859 devstack@neutron-api.service[87090]: DEBUG neutron_lib.callbacks.manager [None req-8d828522-7215-4937-be5e-b3e0928ef3e2 admin admin] Publish callbacks ['neutron.plugins.ml2.plugin.SecurityGroupDbMixin._ensure_default_security_group_handler-98192'] for network (None), before_create {{(pid=87090) _notify_loop /opt/stack/data/venv/lib/python3.12/site-packages/neutron_lib/callbacks/manager.py:184}}
Jun 01 15:10:57.239591 np0000001859 devstack@neutron-api.service[87089]: DEBUG neutron.plugins.ml2.drivers.ovn.mech_driver.ovsdb.ovsdb_monitor [None req-f80a8ed1-21db-471d-a8ca-8652b5c20356 None None] Hash Ring: Node 8a549ef2325653a9b242a9a163530cfb (host: np0000001859) handling event "update" for row 48f2faf6-ece8-4d0b-8d35-48731a4d35b9 (table: Logical_Switch) {{(pid=87089) notify /opt/stack/neutron/neutron/plugins/ml2/drivers/ovn/mech_driver/ovsdb/ovsdb_monitor.py:986}}
Jun 01 15:10:57.239821 np0000001859 devstack@neutron-api.service[87089]: DEBUG neutron.plugins.ml2.drivers.ovn.mech_driver.ovsdb.ovsdb_monitor [None req-f80a8ed1-21db-471d-a8ca-8652b5c20356 None None] Hash Ring: Node 8a549ef2325653a9b242a9a163530cfb (host: np0000001859) handling event "create" for row a374e943-6e45-4e3b-8592-c311481531a5 (table: Logical_Switch_Port) {{(pid=87089) notify /opt/stack/neutron/neutron/plugins/ml2/drivers/ovn/mech_driver/ovsdb/ovsdb_monitor.py:986}}
Jun 01 15:10:57.241007 np0000001859 devstack@neutron-api.service[87089]: DEBUG ovsdbapp.backend.ovs_idl.event [None req-f80a8ed1-21db-471d-a8ca-8652b5c20356 None None] Matched CREATE: LogicalSwitchPortCreateEvent(events=('create',), table='Logical_Switch_Port', conditions=[], old_conditions=None), priority=20 to row=Logical_Switch_Port(uuid=a374e943-6e45-4e3b-8592-c311481531a5, addresses=['fa:16:3e:07:2f:b3'], dhcpv4_options=[], dhcpv6_options=[], dynamic_addresses=[], enabled=True, external_ids={'neutron:cidrs': '', 'neutron:device_id': 'ovnmeta-48f2faf6-ece8-4d0b-8d35-48731a4d35b9', 'neutron:device_owner': 'network:distributed', 'neutron:mtu': '1372', 'neutron:network_name': 'neutron-48f2faf6-ece8-4d0b-8d35-48731a4d35b9', 'neutron:port_capabilities': '', 'neutron:port_name': '', 'neutron:project_id': 'c69c204ed9b746b9b14cb859339d7718', 'neutron:revision_number': '1', 'neutron:security_group_ids': '', 'neutron:subnet_pool_addr_scope4': '', 'neutron:subnet_pool_addr_scope6': '', 'neutron:vnic_type': 'normal'}, ha_chassis_group=[], mirror_rules=[], name='fdb0ddd6-e9c3-4893-8b7c-bafae4c7b4de', options={}, parent_name=[], port_security=[], tag=[], tag_request=[], type='localport', up=[]) old= {{(pid=87089) matches /opt/stack/data/venv/lib/python3.12/site-packages/ovsdbapp/backend/ovs_idl/event.py:55}}
Jun 01 15:10:57.244054 np0000001859 devstack@neutron-api.service[87089]: INFO neutron.plugins.ml2.drivers.ovn.mech_driver.mech_driver [None req-5b322afd-7ec0-43fb-a43b-edc6b4356a5f None None] OVN reports status down for port: fdb0ddd6-e9c3-4893-8b7c-bafae4c7b4de
Jun 01 15:10:57.245674 np0000001859 devstack@neutron-api.service[87089]: DEBUG neutron.plugins.ml2.drivers.ovn.mech_driver.ovsdb.ovsdb_monitor [None req-f80a8ed1-21db-471d-a8ca-8652b5c20356 None None] Hash Ring: Node 8a549ef2325653a9b242a9a163530cfb (host: np0000001859) handling event "update" for row a374e943-6e45-4e3b-8592-c311481531a5 (table: Logical_Switch_Port) {{(pid=87089) notify /opt/stack/neutron/neutron/plugins/ml2/drivers/ovn/mech_driver/ovsdb/ovsdb_monitor.py:986}}
Jun 01 15:10:57.245750 np0000001859 devstack@neutron-api.service[87090]: DEBUG neutron.plugins.ml2.drivers.ovn.mech_driver.ovsdb.ovsdb_monitor [None req-bff6669b-bea0-4a7a-a9d3-b06d24db08ad None None] Hash Ring: Node 6953b5e67635591d96ca97360531de97 (host: np0000001859) handling event "create" for row d0789cf7-a659-4f54-83c6-280c1683615a (table: Port_Binding) {{(pid=87090) notify /opt/stack/neutron/neutron/plugins/ml2/drivers/ovn/mech_driver/ovsdb/ovsdb_monitor.py:986}}
Jun 01 15:10:57.249586 np0000001859 devstack@neutron-api.service[87090]: DEBUG neutron_lib.callbacks.manager [None req-8d828522-7215-4937-be5e-b3e0928ef3e2 admin admin] Publish callbacks [] for security_group (None), before_create {{(pid=87090) _notify_loop /opt/stack/data/venv/lib/python3.12/site-packages/neutron_lib/callbacks/manager.py:184}}
Jun 01 15:10:57.292690 np0000001859 devstack@neutron-api.service[87089]: DEBUG neutron.db.provisioning_blocks [None req-5b322afd-7ec0-43fb-a43b-edc6b4356a5f None None] Transition to ACTIVE for port object fdb0ddd6-e9c3-4893-8b7c-bafae4c7b4de will not be triggered until provisioned by entity L2. {{(pid=87089) add_provisioning_component /opt/stack/neutron/neutron/db/provisioning_blocks.py:74}}
Jun 01 15:10:57.294077 np0000001859 devstack@neutron-api.service[87089]: INFO neutron.db.ovn_revision_numbers_db [None req-c0bf8ede-4eb5-47d7-a8a9-ada43d40ea75 admin admin] Successfully bumped revision number for resource fdb0ddd6-e9c3-4893-8b7c-bafae4c7b4de (type: ports) to 1
Jun 01 15:10:57.303590 np0000001859 devstack@neutron-api.service[87089]: DEBUG neutron.pecan_wsgi.hooks.policy_enforcement [None req-c0bf8ede-4eb5-47d7-a8a9-ada43d40ea75 admin admin] Attributes excluded by policy engine: ['standard_attr_id'] {{(pid=87089) _exclude_attributes_by_policy /opt/stack/neutron/neutron/pecan_wsgi/hooks/policy_enforcement.py:256}}
Jun 01 15:10:57.304045 np0000001859 devstack@neutron-api.service[87089]: DEBUG neutron_lib.callbacks.manager [None req-c0bf8ede-4eb5-47d7-a8a9-ada43d40ea75 admin admin] Publish callbacks [] for network (None), before_response {{(pid=87089) _notify_loop /opt/stack/data/venv/lib/python3.12/site-packages/neutron_lib/callbacks/manager.py:184}}
Jun 01 15:10:57.324051 np0000001859 devstack@neutron-api.service[87090]: DEBUG neutron_lib.callbacks.manager [None req-8d828522-7215-4937-be5e-b3e0928ef3e2 admin admin] Publish callbacks ['neutron.plugins.ml2.drivers.ovn.mech_driver.mech_driver.OVNMechanismDriver._create_security_group_precommit-204125'] for security_group (0ef1b8a5-288b-468a-a9a6-34421a2b376c), precommit_create {{(pid=87090) _notify_loop /opt/stack/data/venv/lib/python3.12/site-packages/neutron_lib/callbacks/manager.py:184}}
Jun 01 15:10:57.324234 np0000001859 devstack@neutron-api.service[87090]: DEBUG neutron.db.ovn_revision_numbers_db [None req-8d828522-7215-4937-be5e-b3e0928ef3e2 admin admin] create_initial_revision uuid=0ef1b8a5-288b-468a-a9a6-34421a2b376c, type=security_groups, rev=-1 {{(pid=87090) create_initial_revision /opt/stack/neutron/neutron/db/ovn_revision_numbers_db.py:98}}
Jun 01 15:10:57.325535 np0000001859 devstack@neutron-api.service[87090]: DEBUG neutron.db.ovn_revision_numbers_db [None req-8d828522-7215-4937-be5e-b3e0928ef3e2 admin admin] create_initial_revision uuid=5122dd8f-d96d-4bae-9a6f-f6bdde0ed6ea, type=security_group_rules, rev=-1 {{(pid=87090) create_initial_revision /opt/stack/neutron/neutron/db/ovn_revision_numbers_db.py:98}}
Jun 01 15:10:57.326604 np0000001859 devstack@neutron-api.service[87090]: DEBUG neutron.db.ovn_revision_numbers_db [None req-8d828522-7215-4937-be5e-b3e0928ef3e2 admin admin] create_initial_revision uuid=be5d94d4-823b-4173-9a9d-926a704d73fa, type=security_group_rules, rev=-1 {{(pid=87090) create_initial_revision /opt/stack/neutron/neutron/db/ovn_revision_numbers_db.py:98}}
Jun 01 15:10:57.326766 np0000001859 devstack@neutron-api.service[87089]: [pid: 87089|app: 0|req: 22/45] 10.4.3.211 () {68 vars in 1277 bytes} [Mon Jun 1 15:10:56 2026] POST /networking/v2.0/networks => generated 726 bytes in 1277 msecs (HTTP/1.1 201) 4 headers in 162 bytes (1 switches on core 0)
Jun 01 15:10:57.327776 np0000001859 devstack@neutron-api.service[87090]: DEBUG neutron.db.ovn_revision_numbers_db [None req-8d828522-7215-4937-be5e-b3e0928ef3e2 admin admin] create_initial_revision uuid=ed6436f4-8cac-4dbb-bc59-7e6ad62c7906, type=security_group_rules, rev=-1 {{(pid=87090) create_initial_revision /opt/stack/neutron/neutron/db/ovn_revision_numbers_db.py:98}}
Jun 01 15:10:57.328959 np0000001859 devstack@neutron-api.service[87090]: DEBUG neutron.db.ovn_revision_numbers_db [None req-8d828522-7215-4937-be5e-b3e0928ef3e2 admin admin] create_initial_revision uuid=fd147f91-4323-413f-9706-cc0a6782ed40, type=security_group_rules, rev=-1 {{(pid=87090) create_initial_revision /opt/stack/neutron/neutron/db/ovn_revision_numbers_db.py:98}}
Jun 01 15:10:57.336537 np0000001859 devstack@neutron-api.service[87089]: DEBUG neutron.plugins.ml2.plugin [None req-5b322afd-7ec0-43fb-a43b-edc6b4356a5f None None] Current status of the port fdb0ddd6-e9c3-4893-8b7c-bafae4c7b4de is: DOWN; New status is: DOWN {{(pid=87089) _update_individual_port_db_status /opt/stack/neutron/neutron/plugins/ml2/plugin.py:2469}}
Jun 01 15:10:57.338239 np0000001859 devstack@neutron-api.service[87090]: DEBUG neutron_lib.callbacks.manager [None req-8d828522-7215-4937-be5e-b3e0928ef3e2 admin admin] Publish callbacks ['neutron.plugins.ml2.drivers.ovn.mech_driver.mech_driver.OVNMechanismDriver._create_security_group-204107', 'neutron.plugins.ml2.ovo_rpc._ObjectChangeHandler.handle_event-15405755'] for security_group (0ef1b8a5-288b-468a-a9a6-34421a2b376c), after_create {{(pid=87090) _notify_loop /opt/stack/data/venv/lib/python3.12/site-packages/neutron_lib/callbacks/manager.py:184}}
Jun 01 15:10:57.338778 np0000001859 devstack@neutron-api.service[87090]: DEBUG ovsdbapp.backend.ovs_idl.transaction [None req-b65951f4-3f0e-4726-8e36-f5e1a214cc20 None None] Running txn n=1 command(idx=0): PgAddCommand(_result=None, name=pg_0ef1b8a5_288b_468a_a9a6_34421a2b376c, may_exist=False, columns={'acls': [], 'external_ids': {'neutron:security_group_id': '0ef1b8a5-288b-468a-a9a6-34421a2b376c'}}) {{(pid=87090) do_commit /opt/stack/data/venv/lib/python3.12/site-packages/ovsdbapp/backend/ovs_idl/transaction.py:89}}
Jun 01 15:10:57.338888 np0000001859 devstack@neutron-api.service[87089]: DEBUG ovsdbapp.backend.ovs_idl.transaction [None req-f80a8ed1-21db-471d-a8ca-8652b5c20356 None None] Running txn n=1 command(idx=0): DbRemoveCommand(_result=None, table=Logical_Switch_Port, record=fdb0ddd6-e9c3-4893-8b7c-bafae4c7b4de, column=external_ids, values=('neutron:host_id',), keyvalues={}, if_exists=True) {{(pid=87089) do_commit /opt/stack/data/venv/lib/python3.12/site-packages/ovsdbapp/backend/ovs_idl/transaction.py:89}}
Jun 01 15:10:57.339154 np0000001859 devstack@neutron-api.service[87090]: DEBUG ovsdbapp.backend.ovs_idl.transaction [None req-b65951f4-3f0e-4726-8e36-f5e1a214cc20 None None] Running txn n=1 command(idx=1): PgAclAddCommand(_result=None, entity=pg_0ef1b8a5_288b_468a_a9a6_34421a2b376c, direction=to-lport, priority=1002, match=outport == @pg_0ef1b8a5_288b_468a_a9a6_34421a2b376c && ip6 && ip6.src == $pg_0ef1b8a5_288b_468a_a9a6_34421a2b376c_ip6, action=allow-related, log=False, may_exist=True, severity=[], name=[], meter=[], external_ids={'neutron:security_group_rule_id': '5122dd8f-d96d-4bae-9a6f-f6bdde0ed6ea'}) {{(pid=87090) do_commit /opt/stack/data/venv/lib/python3.12/site-packages/ovsdbapp/backend/ovs_idl/transaction.py:89}}
Jun 01 15:10:57.339585 np0000001859 devstack@neutron-api.service[87090]: DEBUG ovsdbapp.backend.ovs_idl.transaction [None req-b65951f4-3f0e-4726-8e36-f5e1a214cc20 None None] Running txn n=1 command(idx=2): PgAclAddCommand(_result=None, entity=pg_0ef1b8a5_288b_468a_a9a6_34421a2b376c, direction=to-lport, priority=1002, match=outport == @pg_0ef1b8a5_288b_468a_a9a6_34421a2b376c && ip4 && ip4.src == $pg_0ef1b8a5_288b_468a_a9a6_34421a2b376c_ip4, action=allow-related, log=False, may_exist=True, severity=[], name=[], meter=[], external_ids={'neutron:security_group_rule_id': 'be5d94d4-823b-4173-9a9d-926a704d73fa'}) {{(pid=87090) do_commit /opt/stack/data/venv/lib/python3.12/site-packages/ovsdbapp/backend/ovs_idl/transaction.py:89}}
Jun 01 15:10:57.339763 np0000001859 devstack@neutron-api.service[87090]: DEBUG ovsdbapp.backend.ovs_idl.transaction [None req-b65951f4-3f0e-4726-8e36-f5e1a214cc20 None None] Running txn n=1 command(idx=3): PgAclAddCommand(_result=None, entity=pg_0ef1b8a5_288b_468a_a9a6_34421a2b376c, direction=from-lport, priority=1002, match=inport == @pg_0ef1b8a5_288b_468a_a9a6_34421a2b376c && ip6, action=allow-related, log=False, may_exist=True, severity=[], name=[], meter=[], external_ids={'neutron:security_group_rule_id': 'ed6436f4-8cac-4dbb-bc59-7e6ad62c7906'}) {{(pid=87090) do_commit /opt/stack/data/venv/lib/python3.12/site-packages/ovsdbapp/backend/ovs_idl/transaction.py:89}}
Jun 01 15:10:57.340057 np0000001859 devstack@neutron-api.service[87090]: DEBUG ovsdbapp.backend.ovs_idl.transaction [None req-b65951f4-3f0e-4726-8e36-f5e1a214cc20 None None] Running txn n=1 command(idx=4): PgAclAddCommand(_result=None, entity=pg_0ef1b8a5_288b_468a_a9a6_34421a2b376c, direction=from-lport, priority=1002, match=inport == @pg_0ef1b8a5_288b_468a_a9a6_34421a2b376c && ip4, action=allow-related, log=False, may_exist=True, severity=[], name=[], meter=[], external_ids={'neutron:security_group_rule_id': 'fd147f91-4323-413f-9706-cc0a6782ed40'}) {{(pid=87090) do_commit /opt/stack/data/venv/lib/python3.12/site-packages/ovsdbapp/backend/ovs_idl/transaction.py:89}}
Jun 01 15:10:57.343139 np0000001859 devstack@neutron-api.service[87090]: DEBUG neutron.plugins.ml2.drivers.ovn.mech_driver.ovsdb.ovsdb_monitor [None req-b65951f4-3f0e-4726-8e36-f5e1a214cc20 None None] Hash Ring: Node 6953b5e67635591d96ca97360531de97 (host: np0000001859) handling event "create" for row 481356ca-c5fe-48eb-b36d-2f2a93b310ee (table: ACL) {{(pid=87090) notify /opt/stack/neutron/neutron/plugins/ml2/drivers/ovn/mech_driver/ovsdb/ovsdb_monitor.py:986}}
Jun 01 15:10:57.343354 np0000001859 devstack@neutron-api.service[87090]: DEBUG neutron.plugins.ml2.drivers.ovn.mech_driver.ovsdb.ovsdb_monitor [None req-b65951f4-3f0e-4726-8e36-f5e1a214cc20 None None] Hash Ring: Node 6953b5e67635591d96ca97360531de97 (host: np0000001859) handling event "create" for row a89015ed-a85f-4fb7-b83a-8daf2387380a (table: Port_Group) {{(pid=87090) notify /opt/stack/neutron/neutron/plugins/ml2/drivers/ovn/mech_driver/ovsdb/ovsdb_monitor.py:986}}
Jun 01 15:10:57.345018 np0000001859 devstack@neutron-api.service[87089]: DEBUG neutron.plugins.ml2.drivers.ovn.mech_driver.ovsdb.ovsdb_monitor [None req-f80a8ed1-21db-471d-a8ca-8652b5c20356 None None] Hash Ring: Node 8a549ef2325653a9b242a9a163530cfb (host: np0000001859) handling event "create" for row 4bff8b67-a756-4fde-8266-dc28813cf24d (table: ACL) {{(pid=87089) notify /opt/stack/neutron/neutron/plugins/ml2/drivers/ovn/mech_driver/ovsdb/ovsdb_monitor.py:986}}
Jun 01 15:10:57.345260 np0000001859 devstack@neutron-api.service[87089]: DEBUG neutron.plugins.ml2.drivers.ovn.mech_driver.ovsdb.ovsdb_monitor [None req-f80a8ed1-21db-471d-a8ca-8652b5c20356 None None] Hash Ring: Node 8a549ef2325653a9b242a9a163530cfb (host: np0000001859) handling event "create" for row 5dd355d8-db06-47e4-bda4-13428e1d7c91 (table: ACL) {{(pid=87089) notify /opt/stack/neutron/neutron/plugins/ml2/drivers/ovn/mech_driver/ovsdb/ovsdb_monitor.py:986}}
Jun 01 15:10:57.345345 np0000001859 devstack@neutron-api.service[87089]: DEBUG neutron.plugins.ml2.drivers.ovn.mech_driver.ovsdb.ovsdb_monitor [None req-f80a8ed1-21db-471d-a8ca-8652b5c20356 None None] Hash Ring: Node 8a549ef2325653a9b242a9a163530cfb (host: np0000001859) handling event "create" for row f5873fd2-6cf5-40a8-b9a0-49f44f0861c3 (table: ACL) {{(pid=87089) notify /opt/stack/neutron/neutron/plugins/ml2/drivers/ovn/mech_driver/ovsdb/ovsdb_monitor.py:986}}
Jun 01 15:10:57.363273 np0000001859 devstack@neutron-api.service[87090]: INFO neutron.db.ovn_revision_numbers_db [None req-8d828522-7215-4937-be5e-b3e0928ef3e2 admin admin] Successfully bumped revision number for resource 0ef1b8a5-288b-468a-a9a6-34421a2b376c (type: security_groups) to 1
Jun 01 15:10:57.375681 np0000001859 devstack@neutron-api.service[87090]: INFO neutron.db.ovn_revision_numbers_db [None req-8d828522-7215-4937-be5e-b3e0928ef3e2 admin admin] Successfully bumped revision number for resource 5122dd8f-d96d-4bae-9a6f-f6bdde0ed6ea (type: security_group_rules) to 0
Jun 01 15:10:57.387535 np0000001859 devstack@neutron-api.service[87090]: INFO neutron.db.ovn_revision_numbers_db [None req-8d828522-7215-4937-be5e-b3e0928ef3e2 admin admin] Successfully bumped revision number for resource be5d94d4-823b-4173-9a9d-926a704d73fa (type: security_group_rules) to 0
Jun 01 15:10:57.398042 np0000001859 devstack@neutron-api.service[87090]: INFO neutron.db.ovn_revision_numbers_db [None req-8d828522-7215-4937-be5e-b3e0928ef3e2 admin admin] Successfully bumped revision number for resource ed6436f4-8cac-4dbb-bc59-7e6ad62c7906 (type: security_group_rules) to 0
