Jun 16 11:51:40.965357 np0000002939 nova-scheduler[95640]: DEBUG cotyledon.oslo_config_glue [-] oslo_limit.certfile = None {{(pid=95640) log_opt_values /opt/stack/data/venv/lib/python3.12/site-packages/oslo_config/cfg.py:3253}}
Jun 16 11:51:40.965357 np0000002939 nova-scheduler[95640]: DEBUG cotyledon.oslo_config_glue [-] oslo_limit.collect_timing = False {{(pid=95640) log_opt_values /opt/stack/data/venv/lib/python3.12/site-packages/oslo_config/cfg.py:3253}}
Jun 16 11:51:40.965357 np0000002939 nova-scheduler[95640]: DEBUG cotyledon.oslo_config_glue [-] oslo_limit.connect_retries = None {{(pid=95640) log_opt_values /opt/stack/data/venv/lib/python3.12/site-packages/oslo_config/cfg.py:3253}}
Jun 16 11:51:40.965357 np0000002939 nova-scheduler[95640]: DEBUG cotyledon.oslo_config_glue [-] oslo_limit.connect_retry_delay = None {{(pid=95640) log_opt_values /opt/stack/data/venv/lib/python3.12/site-packages/oslo_config/cfg.py:3253}}
Jun 16 11:51:40.965357 np0000002939 nova-scheduler[95640]: DEBUG cotyledon.oslo_config_glue [-] oslo_limit.endpoint_id = None {{(pid=95640) log_opt_values /opt/stack/data/venv/lib/python3.12/site-packages/oslo_config/cfg.py:3253}}
Jun 16 11:51:40.965357 np0000002939 nova-scheduler[95640]: DEBUG cotyledon.oslo_config_glue [-] oslo_limit.endpoint_interface = public {{(pid=95640) log_opt_values /opt/stack/data/venv/lib/python3.12/site-packages/oslo_config/cfg.py:3253}}
Jun 16 11:51:40.965357 np0000002939 nova-scheduler[95640]: DEBUG cotyledon.oslo_config_glue [-] oslo_limit.endpoint_override = None {{(pid=95640) log_opt_values /opt/stack/data/venv/lib/python3.12/site-packages/oslo_config/cfg.py:3253}}
Jun 16 11:51:40.965357 np0000002939 nova-scheduler[95640]: DEBUG cotyledon.oslo_config_glue [-] oslo_limit.endpoint_region_name = None {{(pid=95640) log_opt_values /opt/stack/data/venv/lib/python3.12/site-packages/oslo_config/cfg.py:3253}}
Jun 16 11:51:40.965357 np0000002939 nova-scheduler[95640]: DEBUG cotyledon.oslo_config_glue [-] oslo_limit.endpoint_service_name = None {{(pid=95640) log_opt_values /opt/stack/data/venv/lib/python3.12/site-packages/oslo_config/cfg.py:3253}}
Jun 16 11:51:40.965527 np0000002939 nova-scheduler[95640]: DEBUG cotyledon.oslo_config_glue [-] oslo_limit.endpoint_service_type = None {{(pid=95640) log_opt_values /opt/stack/data/venv/lib/python3.12/site-packages/oslo_config/cfg.py:3253}}
Jun 16 11:51:40.965527 np0000002939 nova-scheduler[95640]: DEBUG cotyledon.oslo_config_glue [-] oslo_limit.insecure = False {{(pid=95640) log_opt_values /opt/stack/data/venv/lib/python3.12/site-packages/oslo_config/cfg.py:3253}}
Jun 16 11:51:40.965527 np0000002939 nova-scheduler[95640]: DEBUG cotyledon.oslo_config_glue [-] oslo_limit.keyfile = None {{(pid=95640) log_opt_values /opt/stack/data/venv/lib/python3.12/site-packages/oslo_config/cfg.py:3253}}
Jun 16 11:51:40.965527 np0000002939 nova-scheduler[95640]: DEBUG cotyledon.oslo_config_glue [-] oslo_limit.max_version = None {{(pid=95640) log_opt_values /opt/stack/data/venv/lib/python3.12/site-packages/oslo_config/cfg.py:3253}}
Jun 16 11:51:40.965527 np0000002939 nova-scheduler[95640]: DEBUG cotyledon.oslo_config_glue [-] oslo_limit.min_version = None {{(pid=95640) log_opt_values /opt/stack/data/venv/lib/python3.12/site-packages/oslo_config/cfg.py:3253}}
Jun 16 11:51:40.965527 np0000002939 nova-scheduler[95640]: DEBUG cotyledon.oslo_config_glue [-] oslo_limit.region_name = None {{(pid=95640) log_opt_values /opt/stack/data/venv/lib/python3.12/site-packages/oslo_config/cfg.py:3253}}
Jun 16 11:51:40.965527 np0000002939 nova-scheduler[95640]: DEBUG cotyledon.oslo_config_glue [-] oslo_limit.retriable_status_codes = None {{(pid=95640) log_opt_values /opt/stack/data/venv/lib/python3.12/site-packages/oslo_config/cfg.py:3253}}
Jun 16 11:51:40.965527 np0000002939 nova-scheduler[95640]: DEBUG cotyledon.oslo_config_glue [-] oslo_limit.service_name = None {{(pid=95640) log_opt_values /opt/stack/data/venv/lib/python3.12/site-packages/oslo_config/cfg.py:3253}}
Jun 16 11:51:40.965527 np0000002939 nova-scheduler[95640]: DEBUG cotyledon.oslo_config_glue [-] oslo_limit.service_type = None {{(pid=95640) log_opt_values /opt/stack/data/venv/lib/python3.12/site-packages/oslo_config/cfg.py:3253}}
Jun 16 11:51:40.965707 np0000002939 nova-scheduler[95640]: DEBUG cotyledon.oslo_config_glue [-] oslo_limit.split_loggers = False {{(pid=95640) log_opt_values /opt/stack/data/venv/lib/python3.12/site-packages/oslo_config/cfg.py:3253}}
Jun 16 11:51:40.965707 np0000002939 nova-scheduler[95640]: DEBUG cotyledon.oslo_config_glue [-] oslo_limit.status_code_retries = None {{(pid=95640) log_opt_values /opt/stack/data/venv/lib/python3.12/site-packages/oslo_config/cfg.py:3253}}
Jun 16 11:51:40.965707 np0000002939 nova-scheduler[95640]: DEBUG cotyledon.oslo_config_glue [-] oslo_limit.status_code_retry_delay = None {{(pid=95640) log_opt_values /opt/stack/data/venv/lib/python3.12/site-packages/oslo_config/cfg.py:3253}}
Jun 16 11:51:40.965707 np0000002939 nova-scheduler[95640]: DEBUG cotyledon.oslo_config_glue [-] oslo_limit.timeout = None {{(pid=95640) log_opt_values /opt/stack/data/venv/lib/python3.12/site-packages/oslo_config/cfg.py:3253}}
Jun 16 11:51:40.965707 np0000002939 nova-scheduler[95640]: DEBUG cotyledon.oslo_config_glue [-] oslo_limit.valid_interfaces = None {{(pid=95640) log_opt_values /opt/stack/data/venv/lib/python3.12/site-packages/oslo_config/cfg.py:3253}}
Jun 16 11:51:40.965707 np0000002939 nova-scheduler[95640]: DEBUG cotyledon.oslo_config_glue [-] oslo_limit.version = None {{(pid=95640) log_opt_values /opt/stack/data/venv/lib/python3.12/site-packages/oslo_config/cfg.py:3253}}
Jun 16 11:51:40.965707 np0000002939 nova-scheduler[95640]: DEBUG cotyledon.oslo_config_glue [-] oslo_reports.file_event_handler = None {{(pid=95640) log_opt_values /opt/stack/data/venv/lib/python3.12/site-packages/oslo_config/cfg.py:3253}}
Jun 16 11:51:40.965707 np0000002939 nova-scheduler[95640]: DEBUG cotyledon.oslo_config_glue [-] oslo_reports.file_event_handler_interval = 1 {{(pid=95640) log_opt_values /opt/stack/data/venv/lib/python3.12/site-packages/oslo_config/cfg.py:3253}}
Jun 16 11:51:40.965707 np0000002939 nova-scheduler[95640]: DEBUG cotyledon.oslo_config_glue [-] oslo_reports.log_dir = None {{(pid=95640) log_opt_values /opt/stack/data/venv/lib/python3.12/site-packages/oslo_config/cfg.py:3253}}
Jun 16 11:51:40.965894 np0000002939 nova-scheduler[95640]: DEBUG cotyledon.oslo_config_glue [-] ******************************************************************************** {{(pid=95640) log_opt_values /opt/stack/data/venv/lib/python3.12/site-packages/oslo_config/cfg.py:3260}}
Jun 16 11:51:40.965894 np0000002939 nova-scheduler[95640]: DEBUG cotyledon._service_worker [-] Run service ServiceWrapper(2) [95640] {{(pid=95640) wait_forever /opt/stack/data/venv/lib/python3.12/site-packages/cotyledon/_service_worker.py:218}}
Jun 16 11:51:40.966698 np0000002939 nova-scheduler[95640]: INFO nova.service [-] Starting scheduler node (version 33.1.0)
Jun 16 11:51:40.973054 np0000002939 nova-scheduler[95640]: INFO dbcounter [None req-701f0213-eb4c-4645-a533-549c0b06700f None None] Registered counter for database nova_cell0
Jun 16 11:51:40.978740 np0000002939 nova-scheduler[95636]: DEBUG oslo_db.sqlalchemy.engines [None req-e63ec5eb-82cc-4599-a28f-94492e266af7 None None] MySQL server mode set to STRICT_TRANS_TABLES,STRICT_ALL_TABLES,NO_ZERO_IN_DATE,NO_ZERO_DATE,ERROR_FOR_DIVISION_BY_ZERO,TRADITIONAL,NO_ENGINE_SUBSTITUTION {{(pid=95636) _check_effective_sql_mode /opt/stack/data/venv/lib/python3.12/site-packages/oslo_db/sqlalchemy/engines.py:325}}
Jun 16 11:51:40.992775 np0000002939 nova-scheduler[95636]: DEBUG dbcounter [-] [95636] Writer thread running {{(pid=95636) stat_writer /opt/stack/data/venv/lib/python3.12/site-packages/dbcounter.py:102}}
Jun 16 11:51:41.014056 np0000002939 nova-scheduler[95636]: DEBUG nova.service [None req-e63ec5eb-82cc-4599-a28f-94492e266af7 None None] Creating RPC server for service: nova-scheduler on topic: scheduler {{(pid=95636) start /opt/stack/nova/nova/service.py:196}}
Jun 16 11:51:41.016043 np0000002939 nova-scheduler[95640]: DEBUG oslo_db.sqlalchemy.engines [None req-701f0213-eb4c-4645-a533-549c0b06700f None None] MySQL server mode set to STRICT_TRANS_TABLES,STRICT_ALL_TABLES,NO_ZERO_IN_DATE,NO_ZERO_DATE,ERROR_FOR_DIVISION_BY_ZERO,TRADITIONAL,NO_ENGINE_SUBSTITUTION {{(pid=95640) _check_effective_sql_mode /opt/stack/data/venv/lib/python3.12/site-packages/oslo_db/sqlalchemy/engines.py:325}}
Jun 16 11:51:41.019801 np0000002939 nova-scheduler[95638]: DEBUG oslo_db.sqlalchemy.engines [None req-d3bdca19-4dd5-4ef8-9ae4-83d598d73f1c None None] MySQL server mode set to STRICT_TRANS_TABLES,STRICT_ALL_TABLES,NO_ZERO_IN_DATE,NO_ZERO_DATE,ERROR_FOR_DIVISION_BY_ZERO,TRADITIONAL,NO_ENGINE_SUBSTITUTION {{(pid=95638) _check_effective_sql_mode /opt/stack/data/venv/lib/python3.12/site-packages/oslo_db/sqlalchemy/engines.py:325}}
Jun 16 11:51:41.028699 np0000002939 nova-scheduler[95640]: DEBUG dbcounter [-] [95640] Writer thread running {{(pid=95640) stat_writer /opt/stack/data/venv/lib/python3.12/site-packages/dbcounter.py:102}}
Jun 16 11:51:41.031917 np0000002939 nova-scheduler[95638]: DEBUG dbcounter [-] [95638] Writer thread running {{(pid=95638) stat_writer /opt/stack/data/venv/lib/python3.12/site-packages/dbcounter.py:102}}
Jun 16 11:51:41.032641 np0000002939 nova-scheduler[95640]: DEBUG nova.service [None req-701f0213-eb4c-4645-a533-549c0b06700f None None] Creating RPC server for service: nova-scheduler on topic: scheduler {{(pid=95640) start /opt/stack/nova/nova/service.py:196}}
Jun 16 11:51:41.035833 np0000002939 nova-scheduler[95638]: DEBUG nova.service [None req-d3bdca19-4dd5-4ef8-9ae4-83d598d73f1c None None] Creating RPC server for service: nova-scheduler on topic: scheduler {{(pid=95638) start /opt/stack/nova/nova/service.py:196}}
Jun 16 11:51:41.036899 np0000002939 nova-scheduler[95636]: DEBUG nova.service [None req-e63ec5eb-82cc-4599-a28f-94492e266af7 None None] Join ServiceGroup membership for this service scheduler {{(pid=95636) start /opt/stack/nova/nova/service.py:222}}
Jun 16 11:51:41.037160 np0000002939 nova-scheduler[95636]: DEBUG nova.servicegroup.drivers.db [None req-e63ec5eb-82cc-4599-a28f-94492e266af7 None None] DB_Driver: join new ServiceGroup member np0000002939 to the scheduler group, service = {{(pid=95636) join /opt/stack/nova/nova/servicegroup/drivers/db.py:44}}
Jun 16 11:51:41.054370 np0000002939 nova-scheduler[95640]: DEBUG nova.service [None req-701f0213-eb4c-4645-a533-549c0b06700f None None] Join ServiceGroup membership for this service scheduler {{(pid=95640) start /opt/stack/nova/nova/service.py:222}}
Jun 16 11:51:41.054613 np0000002939 nova-scheduler[95640]: DEBUG nova.servicegroup.drivers.db [None req-701f0213-eb4c-4645-a533-549c0b06700f None None] DB_Driver: join new ServiceGroup member np0000002939 to the scheduler group, service = {{(pid=95640) join /opt/stack/nova/nova/servicegroup/drivers/db.py:44}}
Jun 16 11:51:41.057026 np0000002939 nova-scheduler[95638]: DEBUG nova.service [None req-d3bdca19-4dd5-4ef8-9ae4-83d598d73f1c None None] Join ServiceGroup membership for this service scheduler {{(pid=95638) start /opt/stack/nova/nova/service.py:222}}
Jun 16 11:51:41.057413 np0000002939 nova-scheduler[95638]: DEBUG nova.servicegroup.drivers.db [None req-d3bdca19-4dd5-4ef8-9ae4-83d598d73f1c None None] DB_Driver: join new ServiceGroup member np0000002939 to the scheduler group, service = {{(pid=95638) join /opt/stack/nova/nova/servicegroup/drivers/db.py:44}}
Jun 16 11:51:46.052738 np0000002939 nova-scheduler[95636]: DEBUG oslo.service.backend._threading.loopingcall [-] Fixed interval looping call 'nova.servicegroup.drivers.db.DbDriver._report_state' sleeping for 119.99 seconds {{(pid=95636) _run_loop /opt/stack/data/venv/lib/python3.12/site-packages/oslo_service/backend/_threading/loopingcall.py:125}}
Jun 16 11:51:46.067996 np0000002939 nova-scheduler[95640]: DEBUG oslo.service.backend._threading.loopingcall [-] Fixed interval looping call 'nova.servicegroup.drivers.db.DbDriver._report_state' sleeping for 119.99 seconds {{(pid=95640) _run_loop /opt/stack/data/venv/lib/python3.12/site-packages/oslo_service/backend/_threading/loopingcall.py:125}}
Jun 16 11:51:46.070230 np0000002939 nova-scheduler[95638]: DEBUG oslo.service.backend._threading.loopingcall [-] Fixed interval looping call 'nova.servicegroup.drivers.db.DbDriver._report_state' sleeping for 119.99 seconds {{(pid=95638) _run_loop /opt/stack/data/venv/lib/python3.12/site-packages/oslo_service/backend/_threading/loopingcall.py:125}}
Jun 16 11:51:49.567057 np0000002939 nova-scheduler[94445]: DEBUG dbcounter [-] [94445] Writing DB stats nova_api:SELECT=3 {{(pid=94445) stat_writer /opt/stack/data/venv/lib/python3.12/site-packages/dbcounter.py:115}}
Jun 16 11:51:49.702195 np0000002939 nova-scheduler[94445]: DEBUG dbcounter [-] [94445] Writing DB stats nova_cell0:SELECT=1 {{(pid=94445) stat_writer /opt/stack/data/venv/lib/python3.12/site-packages/dbcounter.py:115}}
Jun 16 11:51:49.706560 np0000002939 nova-scheduler[94445]: DEBUG dbcounter [-] [94445] Writing DB stats nova_cell1:SELECT=1 {{(pid=94445) stat_writer /opt/stack/data/venv/lib/python3.12/site-packages/dbcounter.py:115}}
Jun 16 11:51:56.047324 np0000002939 nova-scheduler[95636]: DEBUG dbcounter [-] [95636] Writing DB stats nova_cell0:SELECT=4,nova_cell0:INSERT=1,nova_cell0:UPDATE=1 {{(pid=95636) stat_writer /opt/stack/data/venv/lib/python3.12/site-packages/dbcounter.py:115}}
Jun 16 11:51:56.066805 np0000002939 nova-scheduler[95638]: DEBUG dbcounter [-] [95638] Writing DB stats nova_cell0:SELECT=3 {{(pid=95638) stat_writer /opt/stack/data/venv/lib/python3.12/site-packages/dbcounter.py:115}}
Jun 16 11:51:56.068261 np0000002939 nova-scheduler[95640]: DEBUG dbcounter [-] [95640] Writing DB stats nova_cell0:SELECT=3 {{(pid=95640) stat_writer /opt/stack/data/venv/lib/python3.12/site-packages/dbcounter.py:115}}
Jun 16 11:51:59.057233 np0000002939 nova-scheduler[95640]: DEBUG oslo.service.backend._threading.loopingcall [None req-26329333-019e-443b-969a-4aa34d7f8179 None None] Dynamic interval looping call 'nova.service.Service.periodic_tasks' sleeping for 60.00 seconds {{(pid=95640) _run_loop /opt/stack/data/venv/lib/python3.12/site-packages/oslo_service/backend/_threading/loopingcall.py:125}}
Jun 16 11:52:05.060014 np0000002939 nova-scheduler[95638]: DEBUG oslo.service.backend._threading.loopingcall [None req-159d2cf2-3a95-46ac-b8bf-4fa30477e109 None None] Dynamic interval looping call 'nova.service.Service.periodic_tasks' sleeping for 60.00 seconds {{(pid=95638) _run_loop /opt/stack/data/venv/lib/python3.12/site-packages/oslo_service/backend/_threading/loopingcall.py:125}}
Jun 16 11:52:34.040528 np0000002939 nova-scheduler[95636]: DEBUG oslo.service.backend._threading.loopingcall [None req-8c5b5f0b-47fb-4bd9-9bdd-019846b218f0 None None] Dynamic interval looping call 'nova.service.Service.periodic_tasks' sleeping for 60.00 seconds {{(pid=95636) _run_loop /opt/stack/data/venv/lib/python3.12/site-packages/oslo_service/backend/_threading/loopingcall.py:125}}
Jun 16 11:52:59.057616 np0000002939 nova-scheduler[95640]: DEBUG oslo.service.backend._threading.loopingcall [None req-26329333-019e-443b-969a-4aa34d7f8179 None None] Dynamic interval looping call 'nova.service.Service.periodic_tasks' sleeping for 60.00 seconds {{(pid=95640) _run_loop /opt/stack/data/venv/lib/python3.12/site-packages/oslo_service/backend/_threading/loopingcall.py:125}}
Jun 16 11:53:05.060569 np0000002939 nova-scheduler[95638]: DEBUG oslo.service.backend._threading.loopingcall [None req-159d2cf2-3a95-46ac-b8bf-4fa30477e109 None None] Dynamic interval looping call 'nova.service.Service.periodic_tasks' sleeping for 60.00 seconds {{(pid=95638) _run_loop /opt/stack/data/venv/lib/python3.12/site-packages/oslo_service/backend/_threading/loopingcall.py:125}}
Jun 16 11:53:34.041058 np0000002939 nova-scheduler[95636]: DEBUG oslo.service.backend._threading.loopingcall [None req-8c5b5f0b-47fb-4bd9-9bdd-019846b218f0 None None] Dynamic interval looping call 'nova.service.Service.periodic_tasks' sleeping for 60.00 seconds {{(pid=95636) _run_loop /opt/stack/data/venv/lib/python3.12/site-packages/oslo_service/backend/_threading/loopingcall.py:125}}
Jun 16 11:53:46.049607 np0000002939 nova-scheduler[95636]: DEBUG oslo.service.backend._threading.loopingcall [-] Fixed interval looping call 'nova.servicegroup.drivers.db.DbDriver._report_state' sleeping for 119.99 seconds {{(pid=95636) _run_loop /opt/stack/data/venv/lib/python3.12/site-packages/oslo_service/backend/_threading/loopingcall.py:125}}
Jun 16 11:53:46.060881 np0000002939 nova-scheduler[95640]: DEBUG oslo.service.backend._threading.loopingcall [-] Fixed interval looping call 'nova.servicegroup.drivers.db.DbDriver._report_state' sleeping for 120.00 seconds {{(pid=95640) _run_loop /opt/stack/data/venv/lib/python3.12/site-packages/oslo_service/backend/_threading/loopingcall.py:125}}
Jun 16 11:53:46.063482 np0000002939 nova-scheduler[95638]: DEBUG oslo.service.backend._threading.loopingcall [-] Fixed interval looping call 'nova.servicegroup.drivers.db.DbDriver._report_state' sleeping for 120.00 seconds {{(pid=95638) _run_loop /opt/stack/data/venv/lib/python3.12/site-packages/oslo_service/backend/_threading/loopingcall.py:125}}
Jun 16 11:53:56.046179 np0000002939 nova-scheduler[95636]: DEBUG dbcounter [-] [95636] Writing DB stats nova_cell0:SELECT=1,nova_cell0:UPDATE=1 {{(pid=95636) stat_writer /opt/stack/data/venv/lib/python3.12/site-packages/dbcounter.py:115}}
Jun 16 11:53:56.059270 np0000002939 nova-scheduler[95640]: DEBUG dbcounter [-] [95640] Writing DB stats nova_cell0:SELECT=1 {{(pid=95640) stat_writer /opt/stack/data/venv/lib/python3.12/site-packages/dbcounter.py:115}}
Jun 16 11:53:56.061937 np0000002939 nova-scheduler[95638]: DEBUG dbcounter [-] [95638] Writing DB stats nova_cell0:SELECT=1 {{(pid=95638) stat_writer /opt/stack/data/venv/lib/python3.12/site-packages/dbcounter.py:115}}
Jun 16 11:53:59.058108 np0000002939 nova-scheduler[95640]: DEBUG oslo.service.backend._threading.loopingcall [None req-26329333-019e-443b-969a-4aa34d7f8179 None None] Dynamic interval looping call 'nova.service.Service.periodic_tasks' sleeping for 60.00 seconds {{(pid=95640) _run_loop /opt/stack/data/venv/lib/python3.12/site-packages/oslo_service/backend/_threading/loopingcall.py:125}}
Jun 16 11:54:05.061028 np0000002939 nova-scheduler[95638]: DEBUG oslo.service.backend._threading.loopingcall [None req-159d2cf2-3a95-46ac-b8bf-4fa30477e109 None None] Dynamic interval looping call 'nova.service.Service.periodic_tasks' sleeping for 60.00 seconds {{(pid=95638) _run_loop /opt/stack/data/venv/lib/python3.12/site-packages/oslo_service/backend/_threading/loopingcall.py:125}}
Jun 16 11:54:34.041570 np0000002939 nova-scheduler[95636]: DEBUG oslo.service.backend._threading.loopingcall [None req-8c5b5f0b-47fb-4bd9-9bdd-019846b218f0 None None] Dynamic interval looping call 'nova.service.Service.periodic_tasks' sleeping for 60.00 seconds {{(pid=95636) _run_loop /opt/stack/data/venv/lib/python3.12/site-packages/oslo_service/backend/_threading/loopingcall.py:125}}
Jun 16 11:54:40.510439 np0000002939 nova-scheduler[95636]: DEBUG nova.scheduler.manager [None req-1d05c628-e897-42cf-9fd2-e44f1a0bf64f tempest-DeleteServersTestJSON-128670368 tempest-DeleteServersTestJSON-128670368-project-member] Starting to schedule for instances: ['faab5cae-543e-4270-93ad-b4a0b8dbee45'] {{(pid=95636) select_destinations /opt/stack/nova/nova/scheduler/manager.py:210}}
Jun 16 11:54:40.511464 np0000002939 nova-scheduler[95636]: DEBUG nova.scheduler.request_filter [None req-1d05c628-e897-42cf-9fd2-e44f1a0bf64f tempest-DeleteServersTestJSON-128670368 tempest-DeleteServersTestJSON-128670368-project-member] compute_status_filter request filter added forbidden trait COMPUTE_STATUS_DISABLED {{(pid=95636) compute_status_filter /opt/stack/nova/nova/scheduler/request_filter.py:253}}
Jun 16 11:54:40.511613 np0000002939 nova-scheduler[95636]: DEBUG nova.scheduler.request_filter [None req-1d05c628-e897-42cf-9fd2-e44f1a0bf64f tempest-DeleteServersTestJSON-128670368 tempest-DeleteServersTestJSON-128670368-project-member] Request filter 'compute_status_filter' took 0.0 seconds {{(pid=95636) wrapper /opt/stack/nova/nova/scheduler/request_filter.py:46}}
Jun 16 11:54:40.511831 np0000002939 nova-scheduler[95636]: DEBUG nova.scheduler.request_filter [None req-1d05c628-e897-42cf-9fd2-e44f1a0bf64f tempest-DeleteServersTestJSON-128670368 tempest-DeleteServersTestJSON-128670368-project-member] Request filter 'accelerators_filter' took 0.0 seconds {{(pid=95636) wrapper /opt/stack/nova/nova/scheduler/request_filter.py:46}}
Jun 16 11:54:40.512122 np0000002939 nova-scheduler[95636]: DEBUG nova.scheduler.request_filter [None req-1d05c628-e897-42cf-9fd2-e44f1a0bf64f tempest-DeleteServersTestJSON-128670368 tempest-DeleteServersTestJSON-128670368-project-member] Request filter 'packed_virtqueue_filter' took 0.0 seconds {{(pid=95636) wrapper /opt/stack/nova/nova/scheduler/request_filter.py:46}}
Jun 16 11:54:40.512413 np0000002939 nova-scheduler[95636]: DEBUG nova.scheduler.request_filter [None req-1d05c628-e897-42cf-9fd2-e44f1a0bf64f tempest-DeleteServersTestJSON-128670368 tempest-DeleteServersTestJSON-128670368-project-member] Request filter 'remote_managed_ports_filter' took 0.0 seconds {{(pid=95636) wrapper /opt/stack/nova/nova/scheduler/request_filter.py:46}}
Jun 16 11:54:40.512590 np0000002939 nova-scheduler[95636]: DEBUG nova.scheduler.request_filter [None req-1d05c628-e897-42cf-9fd2-e44f1a0bf64f tempest-DeleteServersTestJSON-128670368 tempest-DeleteServersTestJSON-128670368-project-member] ephemeral_encryption_filter skipped {{(pid=95636) ephemeral_encryption_filter /opt/stack/nova/nova/scheduler/request_filter.py:426}}
Jun 16 11:54:40.512715 np0000002939 nova-scheduler[95636]: DEBUG nova.scheduler.request_filter [None req-1d05c628-e897-42cf-9fd2-e44f1a0bf64f tempest-DeleteServersTestJSON-128670368 tempest-DeleteServersTestJSON-128670368-project-member] virtio_sound_filter skipped {{(pid=95636) virtio_sound_filter /opt/stack/nova/nova/scheduler/request_filter.py:460}}
Jun 16 11:54:40.512826 np0000002939 nova-scheduler[95636]: DEBUG nova.scheduler.request_filter [None req-1d05c628-e897-42cf-9fd2-e44f1a0bf64f tempest-DeleteServersTestJSON-128670368 tempest-DeleteServersTestJSON-128670368-project-member] tpm_secret_security_filter skipped {{(pid=95636) tpm_secret_security_filter /opt/stack/nova/nova/scheduler/request_filter.py:477}}
Jun 16 11:54:40.538312 np0000002939 nova-scheduler[95640]: DEBUG nova.scheduler.manager [None req-a0d85b35-b888-4db2-96cf-5f7a501b37c8 tempest-ImageDependencyTests-946271136 tempest-ImageDependencyTests-946271136-project-member] Starting to schedule for instances: ['8cc336ae-68fb-4241-b3d3-1eb7f879f944'] {{(pid=95640) select_destinations /opt/stack/nova/nova/scheduler/manager.py:210}}
Jun 16 11:54:40.539066 np0000002939 nova-scheduler[95640]: DEBUG nova.scheduler.request_filter [None req-a0d85b35-b888-4db2-96cf-5f7a501b37c8 tempest-ImageDependencyTests-946271136 tempest-ImageDependencyTests-946271136-project-member] compute_status_filter request filter added forbidden trait COMPUTE_STATUS_DISABLED {{(pid=95640) compute_status_filter /opt/stack/nova/nova/scheduler/request_filter.py:253}}
Jun 16 11:54:40.539549 np0000002939 nova-scheduler[95640]: DEBUG nova.scheduler.request_filter [None req-a0d85b35-b888-4db2-96cf-5f7a501b37c8 tempest-ImageDependencyTests-946271136 tempest-ImageDependencyTests-946271136-project-member] Request filter 'compute_status_filter' took 0.0 seconds {{(pid=95640) wrapper /opt/stack/nova/nova/scheduler/request_filter.py:46}}
Jun 16 11:54:40.539873 np0000002939 nova-scheduler[95640]: DEBUG nova.scheduler.request_filter [None req-a0d85b35-b888-4db2-96cf-5f7a501b37c8 tempest-ImageDependencyTests-946271136 tempest-ImageDependencyTests-946271136-project-member] Request filter 'accelerators_filter' took 0.0 seconds {{(pid=95640) wrapper /opt/stack/nova/nova/scheduler/request_filter.py:46}}
Jun 16 11:54:40.540211 np0000002939 nova-scheduler[95640]: DEBUG nova.scheduler.request_filter [None req-a0d85b35-b888-4db2-96cf-5f7a501b37c8 tempest-ImageDependencyTests-946271136 tempest-ImageDependencyTests-946271136-project-member] Request filter 'packed_virtqueue_filter' took 0.0 seconds {{(pid=95640) wrapper /opt/stack/nova/nova/scheduler/request_filter.py:46}}
Jun 16 11:54:40.540528 np0000002939 nova-scheduler[95640]: DEBUG nova.scheduler.request_filter [None req-a0d85b35-b888-4db2-96cf-5f7a501b37c8 tempest-ImageDependencyTests-946271136 tempest-ImageDependencyTests-946271136-project-member] Request filter 'remote_managed_ports_filter' took 0.0 seconds {{(pid=95640) wrapper /opt/stack/nova/nova/scheduler/request_filter.py:46}}
Jun 16 11:54:40.540825 np0000002939 nova-scheduler[95640]: DEBUG nova.scheduler.request_filter [None req-a0d85b35-b888-4db2-96cf-5f7a501b37c8 tempest-ImageDependencyTests-946271136 tempest-ImageDependencyTests-946271136-project-member] ephemeral_encryption_filter skipped {{(pid=95640) ephemeral_encryption_filter /opt/stack/nova/nova/scheduler/request_filter.py:426}}
Jun 16 11:54:40.540974 np0000002939 nova-scheduler[95640]: DEBUG nova.scheduler.request_filter [None req-a0d85b35-b888-4db2-96cf-5f7a501b37c8 tempest-ImageDependencyTests-946271136 tempest-ImageDependencyTests-946271136-project-member] virtio_sound_filter skipped {{(pid=95640) virtio_sound_filter /opt/stack/nova/nova/scheduler/request_filter.py:460}}
Jun 16 11:54:40.541190 np0000002939 nova-scheduler[95640]: DEBUG nova.scheduler.request_filter [None req-a0d85b35-b888-4db2-96cf-5f7a501b37c8 tempest-ImageDependencyTests-946271136 tempest-ImageDependencyTests-946271136-project-member] tpm_secret_security_filter skipped {{(pid=95640) tpm_secret_security_filter /opt/stack/nova/nova/scheduler/request_filter.py:477}}
Jun 16 11:54:40.974083 np0000002939 nova-scheduler[95640]: INFO nova.utils [None req-a0d85b35-b888-4db2-96cf-5f7a501b37c8 tempest-ImageDependencyTests-946271136 tempest-ImageDependencyTests-946271136-project-member] The cell worker thread pool ForkProcess-3.cell_worker is initialized
Jun 16 11:54:40.974083 np0000002939 nova-scheduler[95640]: DEBUG oslo_concurrency.lockutils [None req-a0d85b35-b888-4db2-96cf-5f7a501b37c8 tempest-ImageDependencyTests-946271136 tempest-ImageDependencyTests-946271136-project-member] Acquiring lock "7ca7a47f-d06e-4404-b3a1-4bbc221cb984" by "nova.context.set_target_cell..get_or_set_cached_cell_and_set_connections" {{(pid=95640) inner /opt/stack/data/venv/lib/python3.12/site-packages/oslo_concurrency/lockutils.py:511}}
Jun 16 11:54:40.974206 np0000002939 nova-scheduler[95640]: DEBUG oslo_concurrency.lockutils [None req-a0d85b35-b888-4db2-96cf-5f7a501b37c8 tempest-ImageDependencyTests-946271136 tempest-ImageDependencyTests-946271136-project-member] Lock "7ca7a47f-d06e-4404-b3a1-4bbc221cb984" acquired by "nova.context.set_target_cell..get_or_set_cached_cell_and_set_connections" :: waited 0.000s {{(pid=95640) inner /opt/stack/data/venv/lib/python3.12/site-packages/oslo_concurrency/lockutils.py:524}}
Jun 16 11:54:40.975525 np0000002939 nova-scheduler[95640]: DEBUG oslo_concurrency.lockutils [None req-a0d85b35-b888-4db2-96cf-5f7a501b37c8 tempest-ImageDependencyTests-946271136 tempest-ImageDependencyTests-946271136-project-member] Lock "7ca7a47f-d06e-4404-b3a1-4bbc221cb984" "released" by "nova.context.set_target_cell..get_or_set_cached_cell_and_set_connections" :: held 0.001s {{(pid=95640) inner /opt/stack/data/venv/lib/python3.12/site-packages/oslo_concurrency/lockutils.py:543}}
Jun 16 11:54:40.977887 np0000002939 nova-scheduler[95640]: INFO dbcounter [None req-a0d85b35-b888-4db2-96cf-5f7a501b37c8 tempest-ImageDependencyTests-946271136 tempest-ImageDependencyTests-946271136-project-member] Registered counter for database nova_cell1
Jun 16 11:54:40.995518 np0000002939 nova-scheduler[95636]: INFO nova.utils [None req-1d05c628-e897-42cf-9fd2-e44f1a0bf64f tempest-DeleteServersTestJSON-128670368 tempest-DeleteServersTestJSON-128670368-project-member] The cell worker thread pool ForkProcess-1.cell_worker is initialized
Jun 16 11:54:40.995518 np0000002939 nova-scheduler[95636]: DEBUG oslo_concurrency.lockutils [None req-1d05c628-e897-42cf-9fd2-e44f1a0bf64f tempest-DeleteServersTestJSON-128670368 tempest-DeleteServersTestJSON-128670368-project-member] Acquiring lock "7ca7a47f-d06e-4404-b3a1-4bbc221cb984" by "nova.context.set_target_cell..get_or_set_cached_cell_and_set_connections" {{(pid=95636) inner /opt/stack/data/venv/lib/python3.12/site-packages/oslo_concurrency/lockutils.py:511}}
Jun 16 11:54:40.995518 np0000002939 nova-scheduler[95636]: DEBUG oslo_concurrency.lockutils [None req-1d05c628-e897-42cf-9fd2-e44f1a0bf64f tempest-DeleteServersTestJSON-128670368 tempest-DeleteServersTestJSON-128670368-project-member] Lock "7ca7a47f-d06e-4404-b3a1-4bbc221cb984" acquired by "nova.context.set_target_cell..get_or_set_cached_cell_and_set_connections" :: waited 0.000s {{(pid=95636) inner /opt/stack/data/venv/lib/python3.12/site-packages/oslo_concurrency/lockutils.py:524}}
Jun 16 11:54:40.996413 np0000002939 nova-scheduler[95636]: DEBUG oslo_concurrency.lockutils [None req-1d05c628-e897-42cf-9fd2-e44f1a0bf64f tempest-DeleteServersTestJSON-128670368 tempest-DeleteServersTestJSON-128670368-project-member] Lock "7ca7a47f-d06e-4404-b3a1-4bbc221cb984" "released" by "nova.context.set_target_cell..get_or_set_cached_cell_and_set_connections" :: held 0.001s {{(pid=95636) inner /opt/stack/data/venv/lib/python3.12/site-packages/oslo_concurrency/lockutils.py:543}}
Jun 16 11:54:40.998483 np0000002939 nova-scheduler[95636]: INFO dbcounter [None req-1d05c628-e897-42cf-9fd2-e44f1a0bf64f tempest-DeleteServersTestJSON-128670368 tempest-DeleteServersTestJSON-128670368-project-member] Registered counter for database nova_cell1
Jun 16 11:54:41.025096 np0000002939 nova-scheduler[95640]: DEBUG oslo_db.sqlalchemy.engines [None req-a0d85b35-b888-4db2-96cf-5f7a501b37c8 tempest-ImageDependencyTests-946271136 tempest-ImageDependencyTests-946271136-project-member] MySQL server mode set to STRICT_TRANS_TABLES,STRICT_ALL_TABLES,NO_ZERO_IN_DATE,NO_ZERO_DATE,ERROR_FOR_DIVISION_BY_ZERO,TRADITIONAL,NO_ENGINE_SUBSTITUTION {{(pid=95640) _check_effective_sql_mode /opt/stack/data/venv/lib/python3.12/site-packages/oslo_db/sqlalchemy/engines.py:325}}
Jun 16 11:54:41.031781 np0000002939 nova-scheduler[95640]: DEBUG dbcounter [-] [95640] Writer thread running {{(pid=95640) stat_writer /opt/stack/data/venv/lib/python3.12/site-packages/dbcounter.py:102}}
Jun 16 11:54:41.045468 np0000002939 nova-scheduler[95640]: DEBUG oslo_db.sqlalchemy.engines [None req-a0d85b35-b888-4db2-96cf-5f7a501b37c8 tempest-ImageDependencyTests-946271136 tempest-ImageDependencyTests-946271136-project-member] Parent process 94445 forked (95640) with an open database connection, which is being discarded and recreated. {{(pid=95640) checkout /opt/stack/data/venv/lib/python3.12/site-packages/oslo_db/sqlalchemy/engines.py:402}}
Jun 16 11:54:41.047724 np0000002939 nova-scheduler[95636]: DEBUG oslo_db.sqlalchemy.engines [None req-1d05c628-e897-42cf-9fd2-e44f1a0bf64f tempest-DeleteServersTestJSON-128670368 tempest-DeleteServersTestJSON-128670368-project-member] MySQL server mode set to STRICT_TRANS_TABLES,STRICT_ALL_TABLES,NO_ZERO_IN_DATE,NO_ZERO_DATE,ERROR_FOR_DIVISION_BY_ZERO,TRADITIONAL,NO_ENGINE_SUBSTITUTION {{(pid=95636) _check_effective_sql_mode /opt/stack/data/venv/lib/python3.12/site-packages/oslo_db/sqlalchemy/engines.py:325}}
Jun 16 11:54:41.054499 np0000002939 nova-scheduler[95636]: DEBUG dbcounter [-] [95636] Writer thread running {{(pid=95636) stat_writer /opt/stack/data/venv/lib/python3.12/site-packages/dbcounter.py:102}}
Jun 16 11:54:41.091460 np0000002939 nova-scheduler[95640]: DEBUG dbcounter [-] [95640] Writer thread running {{(pid=95640) stat_writer /opt/stack/data/venv/lib/python3.12/site-packages/dbcounter.py:102}}
Jun 16 11:54:41.094276 np0000002939 nova-scheduler[95640]: DEBUG oslo_concurrency.lockutils [None req-a0d85b35-b888-4db2-96cf-5f7a501b37c8 tempest-ImageDependencyTests-946271136 tempest-ImageDependencyTests-946271136-project-member] Acquiring lock "7ca7a47f-d06e-4404-b3a1-4bbc221cb984" by "nova.context.set_target_cell..get_or_set_cached_cell_and_set_connections" {{(pid=95640) inner /opt/stack/data/venv/lib/python3.12/site-packages/oslo_concurrency/lockutils.py:511}}
Jun 16 11:54:41.095591 np0000002939 nova-scheduler[95640]: DEBUG oslo_concurrency.lockutils [None req-a0d85b35-b888-4db2-96cf-5f7a501b37c8 tempest-ImageDependencyTests-946271136 tempest-ImageDependencyTests-946271136-project-member] Lock "7ca7a47f-d06e-4404-b3a1-4bbc221cb984" acquired by "nova.context.set_target_cell..get_or_set_cached_cell_and_set_connections" :: waited 0.000s {{(pid=95640) inner /opt/stack/data/venv/lib/python3.12/site-packages/oslo_concurrency/lockutils.py:524}}
Jun 16 11:54:41.095591 np0000002939 nova-scheduler[95640]: DEBUG oslo_concurrency.lockutils [None req-a0d85b35-b888-4db2-96cf-5f7a501b37c8 tempest-ImageDependencyTests-946271136 tempest-ImageDependencyTests-946271136-project-member] Lock "7ca7a47f-d06e-4404-b3a1-4bbc221cb984" "released" by "nova.context.set_target_cell..get_or_set_cached_cell_and_set_connections" :: held 0.000s {{(pid=95640) inner /opt/stack/data/venv/lib/python3.12/site-packages/oslo_concurrency/lockutils.py:543}}
Jun 16 11:54:41.099016 np0000002939 nova-scheduler[95640]: DEBUG oslo_concurrency.lockutils [None req-a0d85b35-b888-4db2-96cf-5f7a501b37c8 tempest-ImageDependencyTests-946271136 tempest-ImageDependencyTests-946271136-project-member] Acquiring lock "('np0000002939', 'np0000002939')" by "nova.scheduler.host_manager.HostState.update.._locked_update" {{(pid=95640) inner /opt/stack/data/venv/lib/python3.12/site-packages/oslo_concurrency/lockutils.py:511}}
Jun 16 11:54:41.099287 np0000002939 nova-scheduler[95640]: DEBUG oslo_concurrency.lockutils [None req-a0d85b35-b888-4db2-96cf-5f7a501b37c8 tempest-ImageDependencyTests-946271136 tempest-ImageDependencyTests-946271136-project-member] Lock "('np0000002939', 'np0000002939')" acquired by "nova.scheduler.host_manager.HostState.update.._locked_update" :: waited 0.000s {{(pid=95640) inner /opt/stack/data/venv/lib/python3.12/site-packages/oslo_concurrency/lockutils.py:524}}
Jun 16 11:54:41.100078 np0000002939 nova-scheduler[95640]: DEBUG nova.scheduler.host_manager [None req-a0d85b35-b888-4db2-96cf-5f7a501b37c8 tempest-ImageDependencyTests-946271136 tempest-ImageDependencyTests-946271136-project-member] Update host state from compute node: ComputeNode(cpu_allocation_ratio=4.0,cpu_info='{"arch": "x86_64", "model": "EPYC-Milan", "vendor": "AMD", "topology": {"cells": 1, "sockets": 12, "cores": 1, "threads": 1}, "maxphysaddr": {"mode": "emulate", "bits": 40}, "features": ["v-vmsave-vmload", "stibp-always-on", "rdpid", "mca", "cmov", "mmxext", "vmcb-clean", "arat", "gds-no", "ssse3", "topoext", "pni", "amd-ssbd", "cmp_legacy", "cx8", "tsc_adjust", "aes", "pause-filter", "xsaveerptr", "pcid", "tsc-scale", "vaes", "sse4a", "fsrm", "pfthreshold", "abm", "fpu", "misalignsse", "apic", "mmx", "cx16", "clwb", "3dnowprefetch", "xgetbv1", "rdctl-no", "invpcid", "umip", "fxsr", "sep", "clflushopt", "fsgsbase", "fxsr_opt", "sse2", "perfctr_core", "bmi2", "x2apic", "rdrand", "pschange-mc-no", "arch-capabilities", "amd-stibp", "xsave", "svm", "xsaveopt", "lfence-always-serializing", "pdpe1gb", "null-sel-clr-base", "xsaves", "adx", "virt-ssbd", "tsc-deadline", "lahf_lm", "movbe", "smep", "mds-no", "avx", "nrip-save", "mtrr", "sse4.2", "popcnt", "de", "msr", "pse", "flushbyasid", "lm", "ssbd", "ibpb", "rdtscp", "cr8legacy", "sha-ni", "vgif", "vpclmulqdq", "sse4.1", "pclmuldq", "clzero", "pat", "pge", "wbnoinvd", "pse36", "ibrs", "syscall", "pku", "vme", "tsc", "mce", "bmi1", "skip-l1dfl-vmentry", "npt", "sse", "no-nested-data-bp", "f16c", "lbrv", "erms", "stibp", "amd-psfd", "smap", "hypervisor", "pae", "xsavec", "avx2", "spec-ctrl", "clflush", "fma", "nx", "svme-addr-chk", "rdseed", "osvw"]}',created_at=2026-06-16T11:52:07Z,current_workload=0,deleted=False,deleted_at=None,disk_allocation_ratio=1.0,disk_available_least=74,free_disk_gb=95,free_ram_mb=23518,host='np0000002939',host_ip=10.4.3.226,hypervisor_hostname='np0000002939',hypervisor_type='QEMU',hypervisor_version=8002002,id=1,local_gb=95,local_gb_used=0,mapped=1,memory_mb=24030,memory_mb_used=512,metrics='[]',numa_topology='{"nova_object.name": "NUMATopology", "nova_object.namespace": "nova", "nova_object.version": "1.2", "nova_object.data": {"cells": [{"nova_object.name": "NUMACell", "nova_object.namespace": "nova", "nova_object.version": "1.5", "nova_object.data": {"id": 0, "cpuset": [0, 1, 2, 3, 4, 5, 6, 7, 8, 9, 10, 11], "pcpuset": [0, 1, 2, 3, 4, 5, 6, 7, 8, 9, 10, 11], "memory": 24030, "cpu_usage": 0, "memory_usage": 0, "pinned_cpus": [], "siblings": [[6], [2], [5], [11], [8], [4], [1], [7], [10], [0], [3], [9]], "mempages": [{"nova_object.name": "NUMAPagesTopology", "nova_object.namespace": "nova", "nova_object.version": "1.1", "nova_object.data": {"size_kb": 4, "total": 6151798, "used": 0, "reserved": 0}, "nova_object.changes": ["used", "total", "reserved", "size_kb"]}, {"nova_object.name": "NUMAPagesTopology", "nova_object.namespace": "nova", "nova_object.version": "1.1", "nova_object.data": {"size_kb": 2048, "total": 0, "used": 0, "reserved": 0}, "nova_object.changes": ["used", "total", "reserved", "size_kb"]}, {"nova_object.name": "NUMAPagesTopology", "nova_object.namespace": "nova", "nova_object.version": "1.1", "nova_object.data": {"size_kb": 1048576, "total": 0, "used": 0, "reserved": 0}, "nova_object.changes": ["used", "total", "reserved", "size_kb"]}], "network_metadata": {"nova_object.name": "NetworkMetadata", "nova_object.namespace": "nova", "nova_object.version": "1.0", "nova_object.data": {"physnets": [], "tunneled": false}, "nova_object.changes": ["physnets", "tunneled"]}, "socket": null}, "nova_object.changes": ["socket", "pcpuset", "pinned_cpus", "mempages", "id", "memory", "network_metadata", "cpuset", "memory_usage", "cpu_usage", "siblings"]}]}, "nova_object.changes": ["cells"]}',pci_device_pools=PciDevicePoolList,ram_allocation_ratio=1.0,running_vms=0,service_id=2,stats={failed_builds='0',uptime=' 11:53:53 up 24 min, 2 users, load average: 1.03, 1.35, 0.85
Jun 16 11:54:41.100078 np0000002939 nova-scheduler[95640]: '},supported_hv_specs=[HVSpec,HVSpec,HVSpec,HVSpec,HVSpec,HVSpec,HVSpec,HVSpec,HVSpec,HVSpec,HVSpec,HVSpec,HVSpec,HVSpec,HVSpec,HVSpec,HVSpec,HVSpec,HVSpec,HVSpec,HVSpec,HVSpec,HVSpec,HVSpec,HVSpec],updated_at=2026-06-16T11:53:55Z,uuid=0e595528-b359-45c6-8ee7-1bd0b76423f2,vcpus=12,vcpus_used=0) {{(pid=95640) _locked_update /opt/stack/nova/nova/scheduler/host_manager.py:168}}
Jun 16 11:54:41.101098 np0000002939 nova-scheduler[95640]: DEBUG nova.scheduler.host_manager [None req-a0d85b35-b888-4db2-96cf-5f7a501b37c8 tempest-ImageDependencyTests-946271136 tempest-ImageDependencyTests-946271136-project-member] Update host state with aggregates: [] {{(pid=95640) _locked_update /opt/stack/nova/nova/scheduler/host_manager.py:171}}
Jun 16 11:54:41.101274 np0000002939 nova-scheduler[95640]: DEBUG nova.scheduler.host_manager [None req-a0d85b35-b888-4db2-96cf-5f7a501b37c8 tempest-ImageDependencyTests-946271136 tempest-ImageDependencyTests-946271136-project-member] Update host state with service dict: {'id': 2, 'uuid': '0f33fd24-53de-4ec5-a93b-2c181dadd0b3', 'host': 'np0000002939', 'binary': 'nova-compute', 'topic': 'compute', 'report_count': 2, 'disabled': False, 'disabled_reason': None, 'last_seen_up': datetime.datetime(2026, 6, 16, 11, 54, 16, tzinfo=datetime.timezone.utc), 'forced_down': False, 'version': 72, 'created_at': datetime.datetime(2026, 6, 16, 11, 52, 5, tzinfo=datetime.timezone.utc), 'updated_at': datetime.datetime(2026, 6, 16, 11, 54, 16, tzinfo=datetime.timezone.utc), 'deleted_at': None, 'deleted': False} {{(pid=95640) _locked_update /opt/stack/nova/nova/scheduler/host_manager.py:174}}
Jun 16 11:54:41.101441 np0000002939 nova-scheduler[95640]: DEBUG nova.scheduler.host_manager [None req-a0d85b35-b888-4db2-96cf-5f7a501b37c8 tempest-ImageDependencyTests-946271136 tempest-ImageDependencyTests-946271136-project-member] Update host state with instances: [] {{(pid=95640) _locked_update /opt/stack/nova/nova/scheduler/host_manager.py:177}}
Jun 16 11:54:41.101538 np0000002939 nova-scheduler[95640]: DEBUG oslo_concurrency.lockutils [None req-a0d85b35-b888-4db2-96cf-5f7a501b37c8 tempest-ImageDependencyTests-946271136 tempest-ImageDependencyTests-946271136-project-member] Lock "('np0000002939', 'np0000002939')" "released" by "nova.scheduler.host_manager.HostState.update.._locked_update" :: held 0.002s {{(pid=95640) inner /opt/stack/data/venv/lib/python3.12/site-packages/oslo_concurrency/lockutils.py:543}}
Jun 16 11:54:41.102164 np0000002939 nova-scheduler[95640]: DEBUG nova.filters [None req-a0d85b35-b888-4db2-96cf-5f7a501b37c8 tempest-ImageDependencyTests-946271136 tempest-ImageDependencyTests-946271136-project-member] Starting with 1 host(s) {{(pid=95640) get_filtered_objects /opt/stack/nova/nova/filters.py:70}}
Jun 16 11:54:41.102441 np0000002939 nova-scheduler[95640]: DEBUG nova.filters [None req-a0d85b35-b888-4db2-96cf-5f7a501b37c8 tempest-ImageDependencyTests-946271136 tempest-ImageDependencyTests-946271136-project-member] Filter ComputeFilter returned 1 host(s) {{(pid=95640) get_filtered_objects /opt/stack/nova/nova/filters.py:102}}
Jun 16 11:54:41.102632 np0000002939 nova-scheduler[95640]: DEBUG nova.filters [None req-a0d85b35-b888-4db2-96cf-5f7a501b37c8 tempest-ImageDependencyTests-946271136 tempest-ImageDependencyTests-946271136-project-member] Filter ComputeCapabilitiesFilter returned 1 host(s) {{(pid=95640) get_filtered_objects /opt/stack/nova/nova/filters.py:102}}
Jun 16 11:54:41.102886 np0000002939 nova-scheduler[95640]: DEBUG nova.filters [None req-a0d85b35-b888-4db2-96cf-5f7a501b37c8 tempest-ImageDependencyTests-946271136 tempest-ImageDependencyTests-946271136-project-member] Filter ImagePropertiesFilter returned 1 host(s) {{(pid=95640) get_filtered_objects /opt/stack/nova/nova/filters.py:102}}
Jun 16 11:54:41.103062 np0000002939 nova-scheduler[95640]: DEBUG nova.filters [None req-a0d85b35-b888-4db2-96cf-5f7a501b37c8 tempest-ImageDependencyTests-946271136 tempest-ImageDependencyTests-946271136-project-member] Filter ServerGroupAntiAffinityFilter returned 1 host(s) {{(pid=95640) get_filtered_objects /opt/stack/nova/nova/filters.py:102}}
Jun 16 11:54:41.103171 np0000002939 nova-scheduler[95640]: DEBUG nova.filters [None req-a0d85b35-b888-4db2-96cf-5f7a501b37c8 tempest-ImageDependencyTests-946271136 tempest-ImageDependencyTests-946271136-project-member] Filter ServerGroupAffinityFilter returned 1 host(s) {{(pid=95640) get_filtered_objects /opt/stack/nova/nova/filters.py:102}}
Jun 16 11:54:41.103288 np0000002939 nova-scheduler[95640]: DEBUG nova.filters [None req-a0d85b35-b888-4db2-96cf-5f7a501b37c8 tempest-ImageDependencyTests-946271136 tempest-ImageDependencyTests-946271136-project-member] Filter SameHostFilter returned 1 host(s) {{(pid=95640) get_filtered_objects /opt/stack/nova/nova/filters.py:102}}
Jun 16 11:54:41.103576 np0000002939 nova-scheduler[95640]: DEBUG nova.filters [None req-a0d85b35-b888-4db2-96cf-5f7a501b37c8 tempest-ImageDependencyTests-946271136 tempest-ImageDependencyTests-946271136-project-member] Filter DifferentHostFilter returned 1 host(s) {{(pid=95640) get_filtered_objects /opt/stack/nova/nova/filters.py:102}}
Jun 16 11:54:41.104074 np0000002939 nova-scheduler[95640]: DEBUG nova.scheduler.manager [None req-a0d85b35-b888-4db2-96cf-5f7a501b37c8 tempest-ImageDependencyTests-946271136 tempest-ImageDependencyTests-946271136-project-member] Filtered [(np0000002939, np0000002939) ram: 23518MB disk: 75776MB io_ops: 0 instances: 0, allocation_candidates: 1] {{(pid=95640) _get_sorted_hosts /opt/stack/nova/nova/scheduler/manager.py:743}}
Jun 16 11:54:41.104074 np0000002939 nova-scheduler[95640]: DEBUG nova.scheduler.manager [None req-a0d85b35-b888-4db2-96cf-5f7a501b37c8 tempest-ImageDependencyTests-946271136 tempest-ImageDependencyTests-946271136-project-member] Weighed [WeighedHost [host: (np0000002939, np0000002939) ram: 23518MB disk: 75776MB io_ops: 0 instances: 0, allocation_candidates: 1, weight: 0.0]] {{(pid=95640) _get_sorted_hosts /opt/stack/nova/nova/scheduler/manager.py:765}}
Jun 16 11:54:41.104163 np0000002939 nova-scheduler[95640]: DEBUG nova.scheduler.utils [None req-a0d85b35-b888-4db2-96cf-5f7a501b37c8 tempest-ImageDependencyTests-946271136 tempest-ImageDependencyTests-946271136-project-member] Attempting to claim resources in the placement API for instance 8cc336ae-68fb-4241-b3d3-1eb7f879f944 {{(pid=95640) claim_resources /opt/stack/nova/nova/scheduler/utils.py:1345}}
Jun 16 11:54:41.119802 np0000002939 nova-scheduler[95636]: DEBUG dbcounter [-] [95636] Writer thread running {{(pid=95636) stat_writer /opt/stack/data/venv/lib/python3.12/site-packages/dbcounter.py:102}}
Jun 16 11:54:41.129389 np0000002939 nova-scheduler[95636]: DEBUG oslo_concurrency.lockutils [None req-1d05c628-e897-42cf-9fd2-e44f1a0bf64f tempest-DeleteServersTestJSON-128670368 tempest-DeleteServersTestJSON-128670368-project-member] Acquiring lock "7ca7a47f-d06e-4404-b3a1-4bbc221cb984" by "nova.context.set_target_cell..get_or_set_cached_cell_and_set_connections" {{(pid=95636) inner /opt/stack/data/venv/lib/python3.12/site-packages/oslo_concurrency/lockutils.py:511}}
Jun 16 11:54:41.129541 np0000002939 nova-scheduler[95636]: DEBUG oslo_concurrency.lockutils [None req-1d05c628-e897-42cf-9fd2-e44f1a0bf64f tempest-DeleteServersTestJSON-128670368 tempest-DeleteServersTestJSON-128670368-project-member] Lock "7ca7a47f-d06e-4404-b3a1-4bbc221cb984" acquired by "nova.context.set_target_cell..get_or_set_cached_cell_and_set_connections" :: waited 0.000s {{(pid=95636) inner /opt/stack/data/venv/lib/python3.12/site-packages/oslo_concurrency/lockutils.py:524}}
Jun 16 11:54:41.129721 np0000002939 nova-scheduler[95636]: DEBUG oslo_concurrency.lockutils [None req-1d05c628-e897-42cf-9fd2-e44f1a0bf64f tempest-DeleteServersTestJSON-128670368 tempest-DeleteServersTestJSON-128670368-project-member] Lock "7ca7a47f-d06e-4404-b3a1-4bbc221cb984" "released" by "nova.context.set_target_cell..get_or_set_cached_cell_and_set_connections" :: held 0.000s {{(pid=95636) inner /opt/stack/data/venv/lib/python3.12/site-packages/oslo_concurrency/lockutils.py:543}}
Jun 16 11:54:41.134121 np0000002939 nova-scheduler[95636]: DEBUG oslo_concurrency.lockutils [None req-1d05c628-e897-42cf-9fd2-e44f1a0bf64f tempest-DeleteServersTestJSON-128670368 tempest-DeleteServersTestJSON-128670368-project-member] Acquiring lock "('np0000002939', 'np0000002939')" by "nova.scheduler.host_manager.HostState.update.._locked_update" {{(pid=95636) inner /opt/stack/data/venv/lib/python3.12/site-packages/oslo_concurrency/lockutils.py:511}}
Jun 16 11:54:41.134281 np0000002939 nova-scheduler[95636]: DEBUG oslo_concurrency.lockutils [None req-1d05c628-e897-42cf-9fd2-e44f1a0bf64f tempest-DeleteServersTestJSON-128670368 tempest-DeleteServersTestJSON-128670368-project-member] Lock "('np0000002939', 'np0000002939')" acquired by "nova.scheduler.host_manager.HostState.update.._locked_update" :: waited 0.000s {{(pid=95636) inner /opt/stack/data/venv/lib/python3.12/site-packages/oslo_concurrency/lockutils.py:524}}
