May 20 16:51:58.827118 np0000001088 devstack@g-api.service[98957]: DEBUG glance.api.middleware.version_negotiation [None req-e49bfcda-a826-407a-909a-f81504d0fbec tempest-ImageDependencyTests-588269451 tempest-ImageDependencyTests-588269451-project-member] new path /v2/images/d08f5659-725c-4e02-8f98-8a0bab34c7b5 {{(pid=98957) process_request /opt/stack/glance/glance/api/middleware/version_negotiation.py:70}}
May 20 16:51:58.832300 np0000001088 devstack@g-api.service[98958]: [pid: 98958|app: 0|req: 64/141] 127.0.0.1 () {40 vars in 841 bytes} [Wed May 20 16:51:58 2026] DELETE /v2/images/595f3ab8-57ed-453e-badc-85bdbbdc569e => generated 0 bytes in 295 msecs (HTTP/1.1 204) 4 headers in 171 bytes (1 switches on core 0)
May 20 16:51:58.840274 np0000001088 devstack@g-api.service[98957]: WARNING glance.api.v2.images [None req-74a84e4e-aef2-48fa-ab53-94ac938375aa tempest-AttachSCSIVolumeTestJSON-1155065611 tempest-AttachSCSIVolumeTestJSON-1155065611-project-admin] After upload to backend, deletion of staged image data has failed because it cannot be found at /tmp/staging//d08f5659-725c-4e02-8f98-8a0bab34c7b5
May 20 16:51:58.841059 np0000001088 devstack@g-api.service[98957]: DEBUG glance_store.backend [None req-74a84e4e-aef2-48fa-ab53-94ac938375aa tempest-AttachSCSIVolumeTestJSON-1155065611 tempest-AttachSCSIVolumeTestJSON-1155065611-project-admin] Attempting to import store swift {{(pid=98957) _load_store /opt/stack/data/venv/lib/python3.12/site-packages/glance_store/backend.py:215}}
May 20 16:51:58.844145 np0000001088 devstack@g-api.service[98957]: DEBUG glance_store.capabilities [None req-74a84e4e-aef2-48fa-ab53-94ac938375aa tempest-AttachSCSIVolumeTestJSON-1155065611 tempest-AttachSCSIVolumeTestJSON-1155065611-project-admin] Store glance_store._drivers.swift.store.SingleTenantStore doesn't support updating dynamic storage capabilities. Please overwrite 'update_capabilities' method of the store to implement updating logics if needed. {{(pid=98957) update_capabilities /opt/stack/data/venv/lib/python3.12/site-packages/glance_store/capabilities.py:91}}
May 20 16:51:58.844311 np0000001088 devstack@g-api.service[98957]: DEBUG glance_store.driver [None req-74a84e4e-aef2-48fa-ab53-94ac938375aa tempest-AttachSCSIVolumeTestJSON-1155065611 tempest-AttachSCSIVolumeTestJSON-1155065611-project-admin] Late loading location class glance_store._drivers.swift.store.StoreLocation {{(pid=98957) get_store_location_class /opt/stack/data/venv/lib/python3.12/site-packages/glance_store/driver.py:134}}
May 20 16:51:58.844476 np0000001088 devstack@g-api.service[98957]: DEBUG glance_store.location [None req-74a84e4e-aef2-48fa-ab53-94ac938375aa tempest-AttachSCSIVolumeTestJSON-1155065611 tempest-AttachSCSIVolumeTestJSON-1155065611-project-admin] Registering scheme swift+https with {'store': , 'location_class': , 'store_entry': 'swift'} {{(pid=98957) register_scheme_map /opt/stack/data/venv/lib/python3.12/site-packages/glance_store/location.py:146}}
May 20 16:51:58.844607 np0000001088 devstack@g-api.service[98957]: DEBUG glance_store.location [None req-74a84e4e-aef2-48fa-ab53-94ac938375aa tempest-AttachSCSIVolumeTestJSON-1155065611 tempest-AttachSCSIVolumeTestJSON-1155065611-project-admin] Registering scheme swift+https with {'store': , 'location_class': , 'store_entry': 'swift'} {{(pid=98957) register_scheme_map /opt/stack/data/venv/lib/python3.12/site-packages/glance_store/location.py:146}}
May 20 16:51:58.844713 np0000001088 devstack@g-api.service[98957]: DEBUG glance_store.location [None req-74a84e4e-aef2-48fa-ab53-94ac938375aa tempest-AttachSCSIVolumeTestJSON-1155065611 tempest-AttachSCSIVolumeTestJSON-1155065611-project-admin] Registering scheme swift with {'store': , 'location_class': , 'store_entry': 'swift'} {{(pid=98957) register_scheme_map /opt/stack/data/venv/lib/python3.12/site-packages/glance_store/location.py:146}}
May 20 16:51:58.844832 np0000001088 devstack@g-api.service[98957]: DEBUG glance_store.location [None req-74a84e4e-aef2-48fa-ab53-94ac938375aa tempest-AttachSCSIVolumeTestJSON-1155065611 tempest-AttachSCSIVolumeTestJSON-1155065611-project-admin] Registering scheme swift+https with {'store': , 'location_class': , 'store_entry': 'swift'} {{(pid=98957) register_scheme_map /opt/stack/data/venv/lib/python3.12/site-packages/glance_store/location.py:146}}
May 20 16:51:58.844958 np0000001088 devstack@g-api.service[98957]: DEBUG glance_store.location [None req-74a84e4e-aef2-48fa-ab53-94ac938375aa tempest-AttachSCSIVolumeTestJSON-1155065611 tempest-AttachSCSIVolumeTestJSON-1155065611-project-admin] Registering scheme swift with {'store': , 'location_class': , 'store_entry': 'swift'} {{(pid=98957) register_scheme_map /opt/stack/data/venv/lib/python3.12/site-packages/glance_store/location.py:146}}
May 20 16:51:58.845069 np0000001088 devstack@g-api.service[98957]: DEBUG glance_store.location [None req-74a84e4e-aef2-48fa-ab53-94ac938375aa tempest-AttachSCSIVolumeTestJSON-1155065611 tempest-AttachSCSIVolumeTestJSON-1155065611-project-admin] Registering scheme swift+http with {'store': , 'location_class': , 'store_entry': 'swift'} {{(pid=98957) register_scheme_map /opt/stack/data/venv/lib/python3.12/site-packages/glance_store/location.py:146}}
May 20 16:51:58.845195 np0000001088 devstack@g-api.service[98957]: DEBUG glance_store.location [None req-74a84e4e-aef2-48fa-ab53-94ac938375aa tempest-AttachSCSIVolumeTestJSON-1155065611 tempest-AttachSCSIVolumeTestJSON-1155065611-project-admin] Registering scheme swift+https with {'store': , 'location_class': , 'store_entry': 'swift'} {{(pid=98957) register_scheme_map /opt/stack/data/venv/lib/python3.12/site-packages/glance_store/location.py:146}}
May 20 16:51:58.845298 np0000001088 devstack@g-api.service[98957]: DEBUG glance_store.location [None req-74a84e4e-aef2-48fa-ab53-94ac938375aa tempest-AttachSCSIVolumeTestJSON-1155065611 tempest-AttachSCSIVolumeTestJSON-1155065611-project-admin] Registering scheme swift with {'store': , 'location_class': , 'store_entry': 'swift'} {{(pid=98957) register_scheme_map /opt/stack/data/venv/lib/python3.12/site-packages/glance_store/location.py:146}}
May 20 16:51:58.845386 np0000001088 devstack@g-api.service[98958]: DEBUG glance.api.middleware.version_negotiation [None req-399df939-36f5-42ce-b5dc-78f1db68f6b5 tempest-ImageDependencyTests-588269451 tempest-ImageDependencyTests-588269451-project-member] Determining version of request: GET /v2/images/595f3ab8-57ed-453e-badc-85bdbbdc569e Accept: application/json {{(pid=98958) process_request /opt/stack/glance/glance/api/middleware/version_negotiation.py:44}}
May 20 16:51:58.845431 np0000001088 devstack@g-api.service[98957]: DEBUG glance_store.location [None req-74a84e4e-aef2-48fa-ab53-94ac938375aa tempest-AttachSCSIVolumeTestJSON-1155065611 tempest-AttachSCSIVolumeTestJSON-1155065611-project-admin] Registering scheme swift+http with {'store': , 'location_class': , 'store_entry': 'swift'} {{(pid=98957) register_scheme_map /opt/stack/data/venv/lib/python3.12/site-packages/glance_store/location.py:146}}
May 20 16:51:58.845495 np0000001088 devstack@g-api.service[98957]: DEBUG glance_store.location [None req-74a84e4e-aef2-48fa-ab53-94ac938375aa tempest-AttachSCSIVolumeTestJSON-1155065611 tempest-AttachSCSIVolumeTestJSON-1155065611-project-admin] Registering scheme swift+config with {'store': , 'location_class': , 'store_entry': 'swift'} {{(pid=98957) register_scheme_map /opt/stack/data/venv/lib/python3.12/site-packages/glance_store/location.py:146}}
May 20 16:51:58.845592 np0000001088 devstack@g-api.service[98958]: DEBUG glance.api.middleware.version_negotiation [None req-399df939-36f5-42ce-b5dc-78f1db68f6b5 tempest-ImageDependencyTests-588269451 tempest-ImageDependencyTests-588269451-project-member] Using url versioning {{(pid=98958) process_request /opt/stack/glance/glance/api/middleware/version_negotiation.py:57}}
May 20 16:51:58.845784 np0000001088 devstack@g-api.service[98958]: DEBUG glance.api.middleware.version_negotiation [None req-399df939-36f5-42ce-b5dc-78f1db68f6b5 tempest-ImageDependencyTests-588269451 tempest-ImageDependencyTests-588269451-project-member] Matched version: v2 {{(pid=98958) process_request /opt/stack/glance/glance/api/middleware/version_negotiation.py:69}}
May 20 16:51:58.845940 np0000001088 devstack@g-api.service[98958]: DEBUG glance.api.middleware.version_negotiation [None req-399df939-36f5-42ce-b5dc-78f1db68f6b5 tempest-ImageDependencyTests-588269451 tempest-ImageDependencyTests-588269451-project-member] new path /v2/images/595f3ab8-57ed-453e-badc-85bdbbdc569e {{(pid=98958) process_request /opt/stack/glance/glance/api/middleware/version_negotiation.py:70}}
May 20 16:51:58.846435 np0000001088 devstack@g-api.service[98957]: DEBUG keystoneclient.auth.identity.v3.base [None req-74a84e4e-aef2-48fa-ab53-94ac938375aa tempest-AttachSCSIVolumeTestJSON-1155065611 tempest-AttachSCSIVolumeTestJSON-1155065611-project-admin] Making authentication request to https://10.4.3.148/identity/v3/auth/tokens {{(pid=98957) get_auth_ref /opt/stack/data/venv/lib/python3.12/site-packages/keystoneclient/auth/identity/v3/base.py:185}}
May 20 16:51:58.850873 np0000001088 devstack@g-api.service[98958]: DEBUG glance.db.sqlalchemy.api [None req-8fe016c3-df9b-4155-a779-fe60f0c7dcd5 tempest-ImageDependencyTests-588269451 tempest-ImageDependencyTests-588269451-project-member] No image found with ID 595f3ab8-57ed-453e-badc-85bdbbdc569e {{(pid=98958) _image_get /opt/stack/glance/glance/db/sqlalchemy/api.py:303}}
May 20 16:51:58.852385 np0000001088 devstack@g-api.service[98958]: [pid: 98958|app: 0|req: 65/142] 127.0.0.1 () {40 vars in 838 bytes} [Wed May 20 16:51:58 2026] GET /v2/images/595f3ab8-57ed-453e-badc-85bdbbdc569e => generated 139 bytes in 7 msecs (HTTP/1.1 404) 4 headers in 164 bytes (1 switches on core 0)
May 20 16:51:58.896480 np0000001088 devstack@g-api.service[98957]: DEBUG keystoneclient.auth.identity.v3.base [None req-74a84e4e-aef2-48fa-ab53-94ac938375aa tempest-AttachSCSIVolumeTestJSON-1155065611 tempest-AttachSCSIVolumeTestJSON-1155065611-project-admin] {"token": {"methods": ["password"], "user": {"domain": {"id": "default", "name": "Default"}, "id": "70efd5f8c00e41c59f53f5c175a67aaa", "name": "glance-swift", "password_expires_at": null}, "audit_ids": ["Z10Z6osESrurHAsteYisCw"], "expires_at": "2026-05-20T17:51:58.000000Z", "issued_at": "2026-05-20T16:51:58.000000Z", "project": {"domain": {"id": "default", "name": "Default"}, "id": "4f4b81d6fa314e628334ed6949f00c72", "name": "service"}, "is_domain": false, "roles": [{"id": "62754729639948c8b729387e06d14f62", "name": "ResellerAdmin"}, {"id": "894d1ad121ad4f028ce6bcefd8146c82", "name": "service"}], "catalog": [{"endpoints": [{"id": "c193650172cc4784a3c783bae29e061e", "interface": "public", "region_id": "RegionOne", "url": "https://10.4.3.148/identity", "region": "RegionOne"}], "id": "2750f2f7703344dd9a4e6bc8f6f95140", "type": "identity", "name": "keystone"}, {"endpoints": [{"id": "1f422891ba59481da7b78885bc91dd5d", "interface": "public", "region_id": "RegionOne", "url": "https://10.4.3.148/compute/v2/4f4b81d6fa314e628334ed6949f00c72", "region": "RegionOne"}], "id": "63aee80c8a4f4aa2a64e2ab6d3dc475e", "type": "compute_legacy", "name": "nova_legacy"}, {"endpoints": [{"id": "99af64c3d1994995bd558970213bd514", "interface": "public", "region_id": "RegionOne", "url": "https://10.4.3.148/volume/v3", "region": "RegionOne"}], "id": "833b5e8cb6d545258ac5a0a4987c7dc1", "type": "block-storage", "name": "cinder"}, {"endpoints": [{"id": "986a6a7caed0476aa2ed528a9fa66861", "interface": "public", "region_id": "RegionOne", "url": "https://10.4.3.148/networking", "region": "RegionOne"}], "id": "8b8d802011c04ccc84976b016018ff70", "type": "network", "name": "neutron"}, {"endpoints": [{"id": "a3480080a54943a39308bc382cbd2dc6", "interface": "public", "region_id": "RegionOne", "url": "https://10.4.3.148/placement", "region": "RegionOne"}], "id": "c4a80944ded440bd94002742d4af4e1b", "type": "placement", "name": "placement"}, {"endpoints": [{"id": "00a6b3b756c04e708759047ef1b9d006", "interface": "public", "region_id": "RegionOne", "url": "https://10.4.3.148/compute/v2.1", "region": "RegionOne"}], "id": "cd0f571d2289458f84a27c7522a47141", "type": "compute", "name": "nova"}, {"endpoints": [{"id": "55982c0f4d8041f595920192f2b6b8a5", "interface": "public", "region_id": "RegionOne", "url": "https://10.4.3.148:8080/v1/AUTH_4f4b81d6fa314e628334ed6949f00c72", "region": "RegionOne"}, {"id": "d65a251b21c643e7a56a35f1a8432aae", "interface": "admin", "region_id": "RegionOne", "url": "https://10.4.3.148:8080", "region": "RegionOne"}], "id": "d62f76090ceb466d869ecf44cf2c11cc", "type": "object-store", "name": "swift"}, {"endpoints": [{"id": "552f0c516b65422cb2bb20be7074fd53", "interface": "public", "region_id": "RegionOne", "url": "https://10.4.3.148/image", "region": "RegionOne"}], "id": "e63e3a406d28465c82d909f33d39b0f5", "type": "image", "name": "glance"}]}} {{(pid=98957) get_auth_ref /opt/stack/data/venv/lib/python3.12/site-packages/keystoneclient/auth/identity/v3/base.py:190}}
May 20 16:51:58.897005 np0000001088 devstack@g-api.service[98957]: DEBUG keystoneclient.httpclient [None req-74a84e4e-aef2-48fa-ab53-94ac938375aa tempest-AttachSCSIVolumeTestJSON-1155065611 tempest-AttachSCSIVolumeTestJSON-1155065611-project-admin] Failed to find endpoint for management url admin endpoint for identity service not found {{(pid=98957) _process_management_url /opt/stack/data/venv/lib/python3.12/site-packages/keystoneclient/httpclient.py:670}}
May 20 16:51:58.981213 np0000001088 devstack@g-api.service[98957]: DEBUG swiftclient [None req-74a84e4e-aef2-48fa-ab53-94ac938375aa tempest-AttachSCSIVolumeTestJSON-1155065611 tempest-AttachSCSIVolumeTestJSON-1155065611-project-admin] REQ: curl -i https://10.4.3.148:8080/v1/AUTH_4f4b81d6fa314e628334ed6949f00c72/glance/d08f5659-725c-4e02-8f98-8a0bab34c7b5 -I -H "X-Auth-Token: gAAAAABqDeau6Q11..." {{(pid=98957) http_log /opt/stack/data/venv/lib/python3.12/site-packages/swiftclient/client.py:160}}
May 20 16:51:58.981295 np0000001088 devstack@g-api.service[98957]: DEBUG swiftclient [None req-74a84e4e-aef2-48fa-ab53-94ac938375aa tempest-AttachSCSIVolumeTestJSON-1155065611 tempest-AttachSCSIVolumeTestJSON-1155065611-project-admin] RESP STATUS: 200 OK {{(pid=98957) http_log /opt/stack/data/venv/lib/python3.12/site-packages/swiftclient/client.py:161}}
May 20 16:51:58.981438 np0000001088 devstack@g-api.service[98957]: DEBUG swiftclient [None req-74a84e4e-aef2-48fa-ab53-94ac938375aa tempest-AttachSCSIVolumeTestJSON-1155065611 tempest-AttachSCSIVolumeTestJSON-1155065611-project-admin] RESP HEADERS: {'Date': 'Wed, 20 May 2026 16:51:58 GMT', 'Server': 'Apache/2.4.58 (Ubuntu)', 'Content-Type': 'application/octet-stream', 'Content-Length': '21692416', 'X-Object-Manifest': 'glance/d08f5659-725c-4e02-8f98-8a0bab34c7b5-', 'Last-Modified': 'Wed, 20 May 2026 16:49:59 GMT', 'X-Timestamp': '1779295798.38914', 'Accept-Ranges': 'bytes', 'Etag': '"737c2a37dd3f91e374c48cad70137398"', 'X-Trans-Id': 'txae8010a2bd7e44b1be589-006a0de6ae', 'X-Openstack-Request-Id': 'txae8010a2bd7e44b1be589-006a0de6ae', 'Connection': 'close'} {{(pid=98957) http_log /opt/stack/data/venv/lib/python3.12/site-packages/swiftclient/client.py:162}}
May 20 16:51:59.008421 np0000001088 devstack@g-api.service[98957]: DEBUG swiftclient [None req-74a84e4e-aef2-48fa-ab53-94ac938375aa tempest-AttachSCSIVolumeTestJSON-1155065611 tempest-AttachSCSIVolumeTestJSON-1155065611-project-admin] REQ: curl -i https://10.4.3.148:8080/v1/AUTH_4f4b81d6fa314e628334ed6949f00c72/glance?format=json&prefix=d08f5659-725c-4e02-8f98-8a0bab34c7b5- -X GET -H "X-Auth-Token: gAAAAABqDeau6Q11..." -H "Accept-Encoding: gzip" {{(pid=98957) http_log /opt/stack/data/venv/lib/python3.12/site-packages/swiftclient/client.py:160}}
May 20 16:51:59.008571 np0000001088 devstack@g-api.service[98957]: DEBUG swiftclient [None req-74a84e4e-aef2-48fa-ab53-94ac938375aa tempest-AttachSCSIVolumeTestJSON-1155065611 tempest-AttachSCSIVolumeTestJSON-1155065611-project-admin] RESP STATUS: 200 OK {{(pid=98957) http_log /opt/stack/data/venv/lib/python3.12/site-packages/swiftclient/client.py:161}}
May 20 16:51:59.008653 np0000001088 devstack@g-api.service[98957]: DEBUG swiftclient [None req-74a84e4e-aef2-48fa-ab53-94ac938375aa tempest-AttachSCSIVolumeTestJSON-1155065611 tempest-AttachSCSIVolumeTestJSON-1155065611-project-admin] RESP HEADERS: {'Date': 'Wed, 20 May 2026 16:51:59 GMT', 'Server': 'Apache/2.4.58 (Ubuntu)', 'Content-Type': 'application/json; charset=utf-8', 'Content-Length': '210', 'X-Container-Object-Count': '5', 'X-Container-Bytes-Used': '86048768', 'X-Timestamp': '1779295647.62497', 'Last-Modified': 'Wed, 20 May 2026 16:47:28 GMT', 'Accept-Ranges': 'bytes', 'X-Storage-Policy': 'Policy-0', 'X-Container-Sharding': 'False', 'X-Trans-Id': 'txd900396877d24fcfa254c-006a0de6ae', 'X-Openstack-Request-Id': 'txd900396877d24fcfa254c-006a0de6ae', 'Connection': 'close'} {{(pid=98957) http_log /opt/stack/data/venv/lib/python3.12/site-packages/swiftclient/client.py:162}}
May 20 16:51:59.009038 np0000001088 devstack@g-api.service[98957]: DEBUG swiftclient [None req-74a84e4e-aef2-48fa-ab53-94ac938375aa tempest-AttachSCSIVolumeTestJSON-1155065611 tempest-AttachSCSIVolumeTestJSON-1155065611-project-admin] RESP BODY: b'[{"bytes": 21692416, "hash": "87617e24a5e30cb3b87fda8c0764838f", "name": "d08f5659-725c-4e02-8f98-8a0bab34c7b5-00001", "content_type": "application/octet-stream", "last_modified": "2026-05-20T16:49:58.150130"}]' {{(pid=98957) http_log /opt/stack/data/venv/lib/python3.12/site-packages/swiftclient/client.py:166}}
May 20 16:51:59.037391 np0000001088 devstack@g-api.service[98957]: DEBUG swiftclient [None req-74a84e4e-aef2-48fa-ab53-94ac938375aa tempest-AttachSCSIVolumeTestJSON-1155065611 tempest-AttachSCSIVolumeTestJSON-1155065611-project-admin] REQ: curl -i https://10.4.3.148:8080/v1/AUTH_4f4b81d6fa314e628334ed6949f00c72/glance/d08f5659-725c-4e02-8f98-8a0bab34c7b5-00001 DELETE -H "X-Auth-Token: gAAAAABqDeau6Q11..." {{(pid=98957) http_log /opt/stack/data/venv/lib/python3.12/site-packages/swiftclient/client.py:160}}
May 20 16:51:59.037499 np0000001088 devstack@g-api.service[98957]: DEBUG swiftclient [None req-74a84e4e-aef2-48fa-ab53-94ac938375aa tempest-AttachSCSIVolumeTestJSON-1155065611 tempest-AttachSCSIVolumeTestJSON-1155065611-project-admin] RESP STATUS: 204 No Content {{(pid=98957) http_log /opt/stack/data/venv/lib/python3.12/site-packages/swiftclient/client.py:161}}
May 20 16:51:59.037647 np0000001088 devstack@g-api.service[98957]: DEBUG swiftclient [None req-74a84e4e-aef2-48fa-ab53-94ac938375aa tempest-AttachSCSIVolumeTestJSON-1155065611 tempest-AttachSCSIVolumeTestJSON-1155065611-project-admin] RESP HEADERS: {'Date': 'Wed, 20 May 2026 16:51:59 GMT', 'Server': 'Apache/2.4.58 (Ubuntu)', 'Content-Type': 'text/html; charset=UTF-8', 'X-Trans-Id': 'txc73ac040110048b8aaea6-006a0de6af', 'X-Openstack-Request-Id': 'txc73ac040110048b8aaea6-006a0de6af', 'Connection': 'close'} {{(pid=98957) http_log /opt/stack/data/venv/lib/python3.12/site-packages/swiftclient/client.py:162}}
May 20 16:51:59.061221 np0000001088 devstack@g-api.service[98957]: DEBUG swiftclient [None req-74a84e4e-aef2-48fa-ab53-94ac938375aa tempest-AttachSCSIVolumeTestJSON-1155065611 tempest-AttachSCSIVolumeTestJSON-1155065611-project-admin] REQ: curl -i https://10.4.3.148:8080/v1/AUTH_4f4b81d6fa314e628334ed6949f00c72/glance/d08f5659-725c-4e02-8f98-8a0bab34c7b5 DELETE -H "X-Auth-Token: gAAAAABqDeau6Q11..." {{(pid=98957) http_log /opt/stack/data/venv/lib/python3.12/site-packages/swiftclient/client.py:160}}
May 20 16:51:59.061484 np0000001088 devstack@g-api.service[98957]: DEBUG swiftclient [None req-74a84e4e-aef2-48fa-ab53-94ac938375aa tempest-AttachSCSIVolumeTestJSON-1155065611 tempest-AttachSCSIVolumeTestJSON-1155065611-project-admin] RESP STATUS: 204 No Content {{(pid=98957) http_log /opt/stack/data/venv/lib/python3.12/site-packages/swiftclient/client.py:161}}
May 20 16:51:59.061680 np0000001088 devstack@g-api.service[98957]: DEBUG swiftclient [None req-74a84e4e-aef2-48fa-ab53-94ac938375aa tempest-AttachSCSIVolumeTestJSON-1155065611 tempest-AttachSCSIVolumeTestJSON-1155065611-project-admin] RESP HEADERS: {'Date': 'Wed, 20 May 2026 16:51:59 GMT', 'Server': 'Apache/2.4.58 (Ubuntu)', 'Content-Type': 'text/html; charset=UTF-8', 'X-Trans-Id': 'tx69119566fa2c4098847e5-006a0de6af', 'X-Openstack-Request-Id': 'tx69119566fa2c4098847e5-006a0de6af', 'Connection': 'close'} {{(pid=98957) http_log /opt/stack/data/venv/lib/python3.12/site-packages/swiftclient/client.py:162}}
May 20 16:51:59.131957 np0000001088 devstack@g-api.service[98957]: DEBUG glance.api.middleware.cache [None req-74a84e4e-aef2-48fa-ab53-94ac938375aa tempest-AttachSCSIVolumeTestJSON-1155065611 tempest-AttachSCSIVolumeTestJSON-1155065611-project-admin] Removing image d08f5659-725c-4e02-8f98-8a0bab34c7b5 from cache {{(pid=98957) _process_DELETE_response /opt/stack/glance/glance/api/middleware/cache.py:264}}
May 20 16:51:59.131957 np0000001088 devstack@g-api.service[98957]: DEBUG glance.image_cache.drivers.centralized_db [None req-74a84e4e-aef2-48fa-ab53-94ac938375aa tempest-AttachSCSIVolumeTestJSON-1155065611 tempest-AttachSCSIVolumeTestJSON-1155065611-project-admin] Deleting image cache file '/opt/stack/data/glance/cache/d08f5659-725c-4e02-8f98-8a0bab34c7b5' {{(pid=98957) delete_cached_file /opt/stack/glance/glance/image_cache/drivers/centralized_db.py:395}}
May 20 16:51:59.141434 np0000001088 devstack@g-api.service[98957]: [pid: 98957|app: 0|req: 78/143] 127.0.0.1 () {40 vars in 841 bytes} [Wed May 20 16:51:58 2026] DELETE /v2/images/d08f5659-725c-4e02-8f98-8a0bab34c7b5 => generated 0 bytes in 315 msecs (HTTP/1.1 204) 4 headers in 171 bytes (1 switches on core 0)
May 20 16:51:59.149467 np0000001088 devstack@g-api.service[98958]: DEBUG glance.api.middleware.version_negotiation [None req-8fe016c3-df9b-4155-a779-fe60f0c7dcd5 tempest-ImageDependencyTests-588269451 tempest-ImageDependencyTests-588269451-project-member] Determining version of request: GET /v2/images/d08f5659-725c-4e02-8f98-8a0bab34c7b5 Accept: application/json {{(pid=98958) process_request /opt/stack/glance/glance/api/middleware/version_negotiation.py:44}}
May 20 16:51:59.149651 np0000001088 devstack@g-api.service[98958]: DEBUG glance.api.middleware.version_negotiation [None req-8fe016c3-df9b-4155-a779-fe60f0c7dcd5 tempest-ImageDependencyTests-588269451 tempest-ImageDependencyTests-588269451-project-member] Using url versioning {{(pid=98958) process_request /opt/stack/glance/glance/api/middleware/version_negotiation.py:57}}
May 20 16:51:59.149800 np0000001088 devstack@g-api.service[98958]: DEBUG glance.api.middleware.version_negotiation [None req-8fe016c3-df9b-4155-a779-fe60f0c7dcd5 tempest-ImageDependencyTests-588269451 tempest-ImageDependencyTests-588269451-project-member] Matched version: v2 {{(pid=98958) process_request /opt/stack/glance/glance/api/middleware/version_negotiation.py:69}}
May 20 16:51:59.149962 np0000001088 devstack@g-api.service[98958]: DEBUG glance.api.middleware.version_negotiation [None req-8fe016c3-df9b-4155-a779-fe60f0c7dcd5 tempest-ImageDependencyTests-588269451 tempest-ImageDependencyTests-588269451-project-member] new path /v2/images/d08f5659-725c-4e02-8f98-8a0bab34c7b5 {{(pid=98958) process_request /opt/stack/glance/glance/api/middleware/version_negotiation.py:70}}
May 20 16:51:59.155781 np0000001088 devstack@g-api.service[98958]: DEBUG glance.db.sqlalchemy.api [None req-a1970bf6-5266-4570-b964-c0a44d35b509 tempest-AttachSCSIVolumeTestJSON-1880290366 tempest-AttachSCSIVolumeTestJSON-1880290366-project-reader] No image found with ID d08f5659-725c-4e02-8f98-8a0bab34c7b5 {{(pid=98958) _image_get /opt/stack/glance/glance/db/sqlalchemy/api.py:303}}
May 20 16:51:59.157246 np0000001088 devstack@g-api.service[98958]: [pid: 98958|app: 0|req: 66/144] 127.0.0.1 () {40 vars in 838 bytes} [Wed May 20 16:51:59 2026] GET /v2/images/d08f5659-725c-4e02-8f98-8a0bab34c7b5 => generated 139 bytes in 8 msecs (HTTP/1.1 404) 4 headers in 164 bytes (1 switches on core 0)
May 20 16:52:01.613025 np0000001088 devstack@g-api.service[98957]: DEBUG glance.api.middleware.version_negotiation [None req-74a84e4e-aef2-48fa-ab53-94ac938375aa tempest-AttachSCSIVolumeTestJSON-1155065611 tempest-AttachSCSIVolumeTestJSON-1155065611-project-admin] Determining version of request: GET /v2/schemas/image Accept: */* {{(pid=98957) process_request /opt/stack/glance/glance/api/middleware/version_negotiation.py:44}}
May 20 16:52:01.613025 np0000001088 devstack@g-api.service[98957]: DEBUG glance.api.middleware.version_negotiation [None req-74a84e4e-aef2-48fa-ab53-94ac938375aa tempest-AttachSCSIVolumeTestJSON-1155065611 tempest-AttachSCSIVolumeTestJSON-1155065611-project-admin] Using url versioning {{(pid=98957) process_request /opt/stack/glance/glance/api/middleware/version_negotiation.py:57}}
May 20 16:52:01.613025 np0000001088 devstack@g-api.service[98957]: DEBUG glance.api.middleware.version_negotiation [None req-74a84e4e-aef2-48fa-ab53-94ac938375aa tempest-AttachSCSIVolumeTestJSON-1155065611 tempest-AttachSCSIVolumeTestJSON-1155065611-project-admin] Matched version: v2 {{(pid=98957) process_request /opt/stack/glance/glance/api/middleware/version_negotiation.py:69}}
May 20 16:52:01.613025 np0000001088 devstack@g-api.service[98957]: DEBUG glance.api.middleware.version_negotiation [None req-74a84e4e-aef2-48fa-ab53-94ac938375aa tempest-AttachSCSIVolumeTestJSON-1155065611 tempest-AttachSCSIVolumeTestJSON-1155065611-project-admin] new path /v2/schemas/image {{(pid=98957) process_request /opt/stack/glance/glance/api/middleware/version_negotiation.py:70}}
May 20 16:52:01.618378 np0000001088 devstack@g-api.service[98957]: [pid: 98957|app: 0|req: 79/145] 127.0.0.1 () {44 vars in 1055 bytes} [Wed May 20 16:52:01 2026] GET /v2/schemas/image => generated 6083 bytes in 6 msecs (HTTP/1.1 200) 4 headers in 158 bytes (1 switches on core 0)
May 20 16:52:01.674098 np0000001088 devstack@g-api.service[98958]: DEBUG glance.api.middleware.version_negotiation [None req-a1970bf6-5266-4570-b964-c0a44d35b509 tempest-AttachSCSIVolumeTestJSON-1880290366 tempest-AttachSCSIVolumeTestJSON-1880290366-project-reader] Determining version of request: POST /v2/images Accept: */* {{(pid=98958) process_request /opt/stack/glance/glance/api/middleware/version_negotiation.py:44}}
May 20 16:52:01.674605 np0000001088 devstack@g-api.service[98958]: DEBUG glance.api.middleware.version_negotiation [None req-a1970bf6-5266-4570-b964-c0a44d35b509 tempest-AttachSCSIVolumeTestJSON-1880290366 tempest-AttachSCSIVolumeTestJSON-1880290366-project-reader] Using url versioning {{(pid=98958) process_request /opt/stack/glance/glance/api/middleware/version_negotiation.py:57}}
May 20 16:52:01.674605 np0000001088 devstack@g-api.service[98958]: DEBUG glance.api.middleware.version_negotiation [None req-a1970bf6-5266-4570-b964-c0a44d35b509 tempest-AttachSCSIVolumeTestJSON-1880290366 tempest-AttachSCSIVolumeTestJSON-1880290366-project-reader] Matched version: v2 {{(pid=98958) process_request /opt/stack/glance/glance/api/middleware/version_negotiation.py:69}}
May 20 16:52:01.674705 np0000001088 devstack@g-api.service[98958]: DEBUG glance.api.middleware.version_negotiation [None req-a1970bf6-5266-4570-b964-c0a44d35b509 tempest-AttachSCSIVolumeTestJSON-1880290366 tempest-AttachSCSIVolumeTestJSON-1880290366-project-reader] new path /v2/images {{(pid=98958) process_request /opt/stack/glance/glance/api/middleware/version_negotiation.py:70}}
May 20 16:52:02.195215 np0000001088 devstack@g-api.service[98958]: [pid: 98958|app: 0|req: 67/146] 127.0.0.1 () {46 vars in 1055 bytes} [Wed May 20 16:52:01 2026] POST /v2/images => generated 1336 bytes in 521 msecs (HTTP/1.1 201) 6 headers in 316 bytes (1 switches on core 0)
May 20 16:52:02.323670 np0000001088 devstack@g-api.service[98957]: DEBUG glance.api.middleware.version_negotiation [None req-b610ebab-a8c4-4a7b-ad82-825f1cbadf20 tempest-ServerStableDeviceRescueTest-1288162654 tempest-ServerStableDeviceRescueTest-1288162654-project-member] Determining version of request: GET /v2/images/34a45690-3c85-466e-bb40-9f6497833a2c Accept: */* {{(pid=98957) process_request /opt/stack/glance/glance/api/middleware/version_negotiation.py:44}}
May 20 16:52:02.323798 np0000001088 devstack@g-api.service[98957]: DEBUG glance.api.middleware.version_negotiation [None req-b610ebab-a8c4-4a7b-ad82-825f1cbadf20 tempest-ServerStableDeviceRescueTest-1288162654 tempest-ServerStableDeviceRescueTest-1288162654-project-member] Using url versioning {{(pid=98957) process_request /opt/stack/glance/glance/api/middleware/version_negotiation.py:57}}
May 20 16:52:02.323995 np0000001088 devstack@g-api.service[98957]: DEBUG glance.api.middleware.version_negotiation [None req-b610ebab-a8c4-4a7b-ad82-825f1cbadf20 tempest-ServerStableDeviceRescueTest-1288162654 tempest-ServerStableDeviceRescueTest-1288162654-project-member] Matched version: v2 {{(pid=98957) process_request /opt/stack/glance/glance/api/middleware/version_negotiation.py:69}}
May 20 16:52:02.324050 np0000001088 devstack@g-api.service[98957]: DEBUG glance.api.middleware.version_negotiation [None req-b610ebab-a8c4-4a7b-ad82-825f1cbadf20 tempest-ServerStableDeviceRescueTest-1288162654 tempest-ServerStableDeviceRescueTest-1288162654-project-member] new path /v2/images/34a45690-3c85-466e-bb40-9f6497833a2c {{(pid=98957) process_request /opt/stack/glance/glance/api/middleware/version_negotiation.py:70}}
May 20 16:52:02.333572 np0000001088 devstack@g-api.service[98957]: [pid: 98957|app: 0|req: 80/147] 127.0.0.1 () {44 vars in 1115 bytes} [Wed May 20 16:52:02 2026] GET /v2/images/34a45690-3c85-466e-bb40-9f6497833a2c => generated 1336 bytes in 10 msecs (HTTP/1.1 200) 4 headers in 158 bytes (1 switches on core 0)
May 20 16:52:02.371271 np0000001088 devstack@g-api.service[98958]: DEBUG glance.api.middleware.version_negotiation [None req-b610ebab-a8c4-4a7b-ad82-825f1cbadf20 tempest-ServerStableDeviceRescueTest-1288162654 tempest-ServerStableDeviceRescueTest-1288162654-project-member] Determining version of request: GET /v2/schemas/image Accept: */* {{(pid=98958) process_request /opt/stack/glance/glance/api/middleware/version_negotiation.py:44}}
May 20 16:52:02.371426 np0000001088 devstack@g-api.service[98958]: DEBUG glance.api.middleware.version_negotiation [None req-b610ebab-a8c4-4a7b-ad82-825f1cbadf20 tempest-ServerStableDeviceRescueTest-1288162654 tempest-ServerStableDeviceRescueTest-1288162654-project-member] Using url versioning {{(pid=98958) process_request /opt/stack/glance/glance/api/middleware/version_negotiation.py:57}}
May 20 16:52:02.371699 np0000001088 devstack@g-api.service[98958]: DEBUG glance.api.middleware.version_negotiation [None req-b610ebab-a8c4-4a7b-ad82-825f1cbadf20 tempest-ServerStableDeviceRescueTest-1288162654 tempest-ServerStableDeviceRescueTest-1288162654-project-member] Matched version: v2 {{(pid=98958) process_request /opt/stack/glance/glance/api/middleware/version_negotiation.py:69}}
May 20 16:52:02.371699 np0000001088 devstack@g-api.service[98958]: DEBUG glance.api.middleware.version_negotiation [None req-b610ebab-a8c4-4a7b-ad82-825f1cbadf20 tempest-ServerStableDeviceRescueTest-1288162654 tempest-ServerStableDeviceRescueTest-1288162654-project-member] new path /v2/schemas/image {{(pid=98958) process_request /opt/stack/glance/glance/api/middleware/version_negotiation.py:70}}
May 20 16:52:02.374057 np0000001088 devstack@g-api.service[98958]: [pid: 98958|app: 0|req: 68/148] 127.0.0.1 () {44 vars in 1055 bytes} [Wed May 20 16:52:02 2026] GET /v2/schemas/image => generated 6083 bytes in 3 msecs (HTTP/1.1 200) 4 headers in 158 bytes (1 switches on core 0)
May 20 16:52:03.467872 np0000001088 devstack@g-api.service[98957]: DEBUG glance.api.middleware.version_negotiation [None req-d4efb06d-62ee-4155-8ee3-b3f830b62caf tempest-ServerStableDeviceRescueTest-1288162654 tempest-ServerStableDeviceRescueTest-1288162654-project-member] Determining version of request: GET /v2/images/34a45690-3c85-466e-bb40-9f6497833a2c Accept: */* {{(pid=98957) process_request /opt/stack/glance/glance/api/middleware/version_negotiation.py:44}}
May 20 16:52:03.467872 np0000001088 devstack@g-api.service[98957]: DEBUG glance.api.middleware.version_negotiation [None req-d4efb06d-62ee-4155-8ee3-b3f830b62caf tempest-ServerStableDeviceRescueTest-1288162654 tempest-ServerStableDeviceRescueTest-1288162654-project-member] Using url versioning {{(pid=98957) process_request /opt/stack/glance/glance/api/middleware/version_negotiation.py:57}}
May 20 16:52:03.467872 np0000001088 devstack@g-api.service[98957]: DEBUG glance.api.middleware.version_negotiation [None req-d4efb06d-62ee-4155-8ee3-b3f830b62caf tempest-ServerStableDeviceRescueTest-1288162654 tempest-ServerStableDeviceRescueTest-1288162654-project-member] Matched version: v2 {{(pid=98957) process_request /opt/stack/glance/glance/api/middleware/version_negotiation.py:69}}
May 20 16:52:03.467872 np0000001088 devstack@g-api.service[98957]: DEBUG glance.api.middleware.version_negotiation [None req-d4efb06d-62ee-4155-8ee3-b3f830b62caf tempest-ServerStableDeviceRescueTest-1288162654 tempest-ServerStableDeviceRescueTest-1288162654-project-member] new path /v2/images/34a45690-3c85-466e-bb40-9f6497833a2c {{(pid=98957) process_request /opt/stack/glance/glance/api/middleware/version_negotiation.py:70}}
May 20 16:52:03.498230 np0000001088 devstack@g-api.service[98957]: [pid: 98957|app: 0|req: 81/149] 127.0.0.1 () {44 vars in 1115 bytes} [Wed May 20 16:52:03 2026] GET /v2/images/34a45690-3c85-466e-bb40-9f6497833a2c => generated 1336 bytes in 30 msecs (HTTP/1.1 200) 4 headers in 158 bytes (1 switches on core 0)
May 20 16:52:03.556438 np0000001088 devstack@g-api.service[98958]: DEBUG glance.api.middleware.version_negotiation [None req-d4efb06d-62ee-4155-8ee3-b3f830b62caf tempest-ServerStableDeviceRescueTest-1288162654 tempest-ServerStableDeviceRescueTest-1288162654-project-member] Determining version of request: GET /v2/schemas/image Accept: */* {{(pid=98958) process_request /opt/stack/glance/glance/api/middleware/version_negotiation.py:44}}
May 20 16:52:03.556813 np0000001088 devstack@g-api.service[98958]: DEBUG glance.api.middleware.version_negotiation [None req-d4efb06d-62ee-4155-8ee3-b3f830b62caf tempest-ServerStableDeviceRescueTest-1288162654 tempest-ServerStableDeviceRescueTest-1288162654-project-member] Using url versioning {{(pid=98958) process_request /opt/stack/glance/glance/api/middleware/version_negotiation.py:57}}
May 20 16:52:03.556813 np0000001088 devstack@g-api.service[98958]: DEBUG glance.api.middleware.version_negotiation [None req-d4efb06d-62ee-4155-8ee3-b3f830b62caf tempest-ServerStableDeviceRescueTest-1288162654 tempest-ServerStableDeviceRescueTest-1288162654-project-member] Matched version: v2 {{(pid=98958) process_request /opt/stack/glance/glance/api/middleware/version_negotiation.py:69}}
May 20 16:52:03.556913 np0000001088 devstack@g-api.service[98958]: DEBUG glance.api.middleware.version_negotiation [None req-d4efb06d-62ee-4155-8ee3-b3f830b62caf tempest-ServerStableDeviceRescueTest-1288162654 tempest-ServerStableDeviceRescueTest-1288162654-project-member] new path /v2/schemas/image {{(pid=98958) process_request /opt/stack/glance/glance/api/middleware/version_negotiation.py:70}}
May 20 16:52:03.564948 np0000001088 devstack@g-api.service[98958]: [pid: 98958|app: 0|req: 69/150] 127.0.0.1 () {44 vars in 1055 bytes} [Wed May 20 16:52:03 2026] GET /v2/schemas/image => generated 6083 bytes in 6 msecs (HTTP/1.1 200) 4 headers in 158 bytes (1 switches on core 0)
May 20 16:52:03.839542 np0000001088 devstack@g-api.service[98957]: DEBUG glance.api.middleware.version_negotiation [None req-2e1df2a8-b902-48c3-b271-cb1dce833d89 tempest-ServerStableDeviceRescueTest-1288162654 tempest-ServerStableDeviceRescueTest-1288162654-project-member] Determining version of request: GET /v2/images/34a45690-3c85-466e-bb40-9f6497833a2c Accept: */* {{(pid=98957) process_request /opt/stack/glance/glance/api/middleware/version_negotiation.py:44}}
May 20 16:52:03.843044 np0000001088 devstack@g-api.service[98957]: DEBUG glance.api.middleware.version_negotiation [None req-2e1df2a8-b902-48c3-b271-cb1dce833d89 tempest-ServerStableDeviceRescueTest-1288162654 tempest-ServerStableDeviceRescueTest-1288162654-project-member] Using url versioning {{(pid=98957) process_request /opt/stack/glance/glance/api/middleware/version_negotiation.py:57}}
May 20 16:52:03.843044 np0000001088 devstack@g-api.service[98957]: DEBUG glance.api.middleware.version_negotiation [None req-2e1df2a8-b902-48c3-b271-cb1dce833d89 tempest-ServerStableDeviceRescueTest-1288162654 tempest-ServerStableDeviceRescueTest-1288162654-project-member] Matched version: v2 {{(pid=98957) process_request /opt/stack/glance/glance/api/middleware/version_negotiation.py:69}}
May 20 16:52:03.843044 np0000001088 devstack@g-api.service[98957]: DEBUG glance.api.middleware.version_negotiation [None req-2e1df2a8-b902-48c3-b271-cb1dce833d89 tempest-ServerStableDeviceRescueTest-1288162654 tempest-ServerStableDeviceRescueTest-1288162654-project-member] new path /v2/images/34a45690-3c85-466e-bb40-9f6497833a2c {{(pid=98957) process_request /opt/stack/glance/glance/api/middleware/version_negotiation.py:70}}
May 20 16:52:03.854433 np0000001088 devstack@g-api.service[98957]: [pid: 98957|app: 0|req: 82/151] 127.0.0.1 () {44 vars in 1115 bytes} [Wed May 20 16:52:03 2026] GET /v2/images/34a45690-3c85-466e-bb40-9f6497833a2c => generated 1336 bytes in 15 msecs (HTTP/1.1 200) 4 headers in 158 bytes (1 switches on core 0)
May 20 16:52:03.894869 np0000001088 devstack@g-api.service[98958]: DEBUG glance.api.middleware.version_negotiation [None req-2e1df2a8-b902-48c3-b271-cb1dce833d89 tempest-ServerStableDeviceRescueTest-1288162654 tempest-ServerStableDeviceRescueTest-1288162654-project-member] Determining version of request: GET /v2/schemas/image Accept: */* {{(pid=98958) process_request /opt/stack/glance/glance/api/middleware/version_negotiation.py:44}}
May 20 16:52:03.895159 np0000001088 devstack@g-api.service[98958]: DEBUG glance.api.middleware.version_negotiation [None req-2e1df2a8-b902-48c3-b271-cb1dce833d89 tempest-ServerStableDeviceRescueTest-1288162654 tempest-ServerStableDeviceRescueTest-1288162654-project-member] Using url versioning {{(pid=98958) process_request /opt/stack/glance/glance/api/middleware/version_negotiation.py:57}}
May 20 16:52:03.895159 np0000001088 devstack@g-api.service[98958]: DEBUG glance.api.middleware.version_negotiation [None req-2e1df2a8-b902-48c3-b271-cb1dce833d89 tempest-ServerStableDeviceRescueTest-1288162654 tempest-ServerStableDeviceRescueTest-1288162654-project-member] Matched version: v2 {{(pid=98958) process_request /opt/stack/glance/glance/api/middleware/version_negotiation.py:69}}
May 20 16:52:03.895291 np0000001088 devstack@g-api.service[98958]: DEBUG glance.api.middleware.version_negotiation [None req-2e1df2a8-b902-48c3-b271-cb1dce833d89 tempest-ServerStableDeviceRescueTest-1288162654 tempest-ServerStableDeviceRescueTest-1288162654-project-member] new path /v2/schemas/image {{(pid=98958) process_request /opt/stack/glance/glance/api/middleware/version_negotiation.py:70}}
May 20 16:52:03.897498 np0000001088 devstack@g-api.service[98958]: [pid: 98958|app: 0|req: 70/152] 127.0.0.1 () {44 vars in 1055 bytes} [Wed May 20 16:52:03 2026] GET /v2/schemas/image => generated 6083 bytes in 3 msecs (HTTP/1.1 200) 4 headers in 158 bytes (1 switches on core 0)
May 20 16:52:04.665164 np0000001088 devstack@g-api.service[98957]: DEBUG glance.api.middleware.version_negotiation [None req-b610ebab-a8c4-4a7b-ad82-825f1cbadf20 tempest-ServerStableDeviceRescueTest-1288162654 tempest-ServerStableDeviceRescueTest-1288162654-project-member] Determining version of request: GET /v2/images/34a45690-3c85-466e-bb40-9f6497833a2c Accept: */* {{(pid=98957) process_request /opt/stack/glance/glance/api/middleware/version_negotiation.py:44}}
May 20 16:52:04.665534 np0000001088 devstack@g-api.service[98957]: DEBUG glance.api.middleware.version_negotiation [None req-b610ebab-a8c4-4a7b-ad82-825f1cbadf20 tempest-ServerStableDeviceRescueTest-1288162654 tempest-ServerStableDeviceRescueTest-1288162654-project-member] Using url versioning {{(pid=98957) process_request /opt/stack/glance/glance/api/middleware/version_negotiation.py:57}}
May 20 16:52:04.665534 np0000001088 devstack@g-api.service[98957]: DEBUG glance.api.middleware.version_negotiation [None req-b610ebab-a8c4-4a7b-ad82-825f1cbadf20 tempest-ServerStableDeviceRescueTest-1288162654 tempest-ServerStableDeviceRescueTest-1288162654-project-member] Matched version: v2 {{(pid=98957) process_request /opt/stack/glance/glance/api/middleware/version_negotiation.py:69}}
May 20 16:52:04.665534 np0000001088 devstack@g-api.service[98957]: DEBUG glance.api.middleware.version_negotiation [None req-b610ebab-a8c4-4a7b-ad82-825f1cbadf20 tempest-ServerStableDeviceRescueTest-1288162654 tempest-ServerStableDeviceRescueTest-1288162654-project-member] new path /v2/images/34a45690-3c85-466e-bb40-9f6497833a2c {{(pid=98957) process_request /opt/stack/glance/glance/api/middleware/version_negotiation.py:70}}
May 20 16:52:04.684917 np0000001088 devstack@g-api.service[98957]: [pid: 98957|app: 0|req: 83/153] 127.0.0.1 () {44 vars in 1115 bytes} [Wed May 20 16:52:04 2026] GET /v2/images/34a45690-3c85-466e-bb40-9f6497833a2c => generated 1336 bytes in 20 msecs (HTTP/1.1 200) 4 headers in 158 bytes (1 switches on core 0)
May 20 16:52:04.718082 np0000001088 devstack@g-api.service[98958]: DEBUG glance.api.middleware.version_negotiation [None req-b610ebab-a8c4-4a7b-ad82-825f1cbadf20 tempest-ServerStableDeviceRescueTest-1288162654 tempest-ServerStableDeviceRescueTest-1288162654-project-member] Determining version of request: GET /v2/schemas/image Accept: */* {{(pid=98958) process_request /opt/stack/glance/glance/api/middleware/version_negotiation.py:44}}
May 20 16:52:04.718530 np0000001088 devstack@g-api.service[98958]: DEBUG glance.api.middleware.version_negotiation [None req-b610ebab-a8c4-4a7b-ad82-825f1cbadf20 tempest-ServerStableDeviceRescueTest-1288162654 tempest-ServerStableDeviceRescueTest-1288162654-project-member] Using url versioning {{(pid=98958) process_request /opt/stack/glance/glance/api/middleware/version_negotiation.py:57}}
May 20 16:52:04.718530 np0000001088 devstack@g-api.service[98958]: DEBUG glance.api.middleware.version_negotiation [None req-b610ebab-a8c4-4a7b-ad82-825f1cbadf20 tempest-ServerStableDeviceRescueTest-1288162654 tempest-ServerStableDeviceRescueTest-1288162654-project-member] Matched version: v2 {{(pid=98958) process_request /opt/stack/glance/glance/api/middleware/version_negotiation.py:69}}
May 20 16:52:04.718658 np0000001088 devstack@g-api.service[98958]: DEBUG glance.api.middleware.version_negotiation [None req-b610ebab-a8c4-4a7b-ad82-825f1cbadf20 tempest-ServerStableDeviceRescueTest-1288162654 tempest-ServerStableDeviceRescueTest-1288162654-project-member] new path /v2/schemas/image {{(pid=98958) process_request /opt/stack/glance/glance/api/middleware/version_negotiation.py:70}}
May 20 16:52:04.722240 np0000001088 devstack@g-api.service[98958]: [pid: 98958|app: 0|req: 71/154] 127.0.0.1 () {44 vars in 1055 bytes} [Wed May 20 16:52:04 2026] GET /v2/schemas/image => generated 6083 bytes in 4 msecs (HTTP/1.1 200) 4 headers in 158 bytes (1 switches on core 0)
May 20 16:52:05.920733 np0000001088 devstack@g-api.service[98957]: DEBUG glance.api.middleware.version_negotiation [None req-88778d8b-f06e-4bfc-92df-a648b44277c6 tempest-ServerStableDeviceRescueTest-1288162654 tempest-ServerStableDeviceRescueTest-1288162654-project-member] Determining version of request: GET /v2/images/34a45690-3c85-466e-bb40-9f6497833a2c Accept: */* {{(pid=98957) process_request /opt/stack/glance/glance/api/middleware/version_negotiation.py:44}}
May 20 16:52:05.921095 np0000001088 devstack@g-api.service[98957]: DEBUG glance.api.middleware.version_negotiation [None req-88778d8b-f06e-4bfc-92df-a648b44277c6 tempest-ServerStableDeviceRescueTest-1288162654 tempest-ServerStableDeviceRescueTest-1288162654-project-member] Using url versioning {{(pid=98957) process_request /opt/stack/glance/glance/api/middleware/version_negotiation.py:57}}
May 20 16:52:05.921095 np0000001088 devstack@g-api.service[98957]: DEBUG glance.api.middleware.version_negotiation [None req-88778d8b-f06e-4bfc-92df-a648b44277c6 tempest-ServerStableDeviceRescueTest-1288162654 tempest-ServerStableDeviceRescueTest-1288162654-project-member] Matched version: v2 {{(pid=98957) process_request /opt/stack/glance/glance/api/middleware/version_negotiation.py:69}}
May 20 16:52:05.921095 np0000001088 devstack@g-api.service[98957]: DEBUG glance.api.middleware.version_negotiation [None req-88778d8b-f06e-4bfc-92df-a648b44277c6 tempest-ServerStableDeviceRescueTest-1288162654 tempest-ServerStableDeviceRescueTest-1288162654-project-member] new path /v2/images/34a45690-3c85-466e-bb40-9f6497833a2c {{(pid=98957) process_request /opt/stack/glance/glance/api/middleware/version_negotiation.py:70}}
May 20 16:52:05.938630 np0000001088 devstack@g-api.service[98957]: [pid: 98957|app: 0|req: 84/155] 127.0.0.1 () {44 vars in 1115 bytes} [Wed May 20 16:52:05 2026] GET /v2/images/34a45690-3c85-466e-bb40-9f6497833a2c => generated 1336 bytes in 18 msecs (HTTP/1.1 200) 4 headers in 158 bytes (1 switches on core 0)
May 20 16:52:05.979324 np0000001088 devstack@g-api.service[98958]: DEBUG glance.api.middleware.version_negotiation [None req-88778d8b-f06e-4bfc-92df-a648b44277c6 tempest-ServerStableDeviceRescueTest-1288162654 tempest-ServerStableDeviceRescueTest-1288162654-project-member] Determining version of request: GET /v2/schemas/image Accept: */* {{(pid=98958) process_request /opt/stack/glance/glance/api/middleware/version_negotiation.py:44}}
May 20 16:52:05.979719 np0000001088 devstack@g-api.service[98958]: DEBUG glance.api.middleware.version_negotiation [None req-88778d8b-f06e-4bfc-92df-a648b44277c6 tempest-ServerStableDeviceRescueTest-1288162654 tempest-ServerStableDeviceRescueTest-1288162654-project-member] Using url versioning {{(pid=98958) process_request /opt/stack/glance/glance/api/middleware/version_negotiation.py:57}}
May 20 16:52:05.979719 np0000001088 devstack@g-api.service[98958]: DEBUG glance.api.middleware.version_negotiation [None req-88778d8b-f06e-4bfc-92df-a648b44277c6 tempest-ServerStableDeviceRescueTest-1288162654 tempest-ServerStableDeviceRescueTest-1288162654-project-member] Matched version: v2 {{(pid=98958) process_request /opt/stack/glance/glance/api/middleware/version_negotiation.py:69}}
May 20 16:52:05.979719 np0000001088 devstack@g-api.service[98958]: DEBUG glance.api.middleware.version_negotiation [None req-88778d8b-f06e-4bfc-92df-a648b44277c6 tempest-ServerStableDeviceRescueTest-1288162654 tempest-ServerStableDeviceRescueTest-1288162654-project-member] new path /v2/schemas/image {{(pid=98958) process_request /opt/stack/glance/glance/api/middleware/version_negotiation.py:70}}
May 20 16:52:05.983129 np0000001088 devstack@g-api.service[98958]: [pid: 98958|app: 0|req: 72/156] 127.0.0.1 () {44 vars in 1055 bytes} [Wed May 20 16:52:05 2026] GET /v2/schemas/image => generated 6083 bytes in 4 msecs (HTTP/1.1 200) 4 headers in 158 bytes (1 switches on core 0)
May 20 16:52:06.777198 np0000001088 devstack@g-api.service[98957]: DEBUG glance.api.middleware.version_negotiation [None req-3c9fba87-da46-4e14-afdf-2a7dd95a3339 tempest-ServerStableDeviceRescueTest-1288162654 tempest-ServerStableDeviceRescueTest-1288162654-project-member] Determining version of request: DELETE /v2/images/0beb9f15-3aa7-4c45-b356-c977dde5bff3 Accept: application/json {{(pid=98957) process_request /opt/stack/glance/glance/api/middleware/version_negotiation.py:44}}
May 20 16:52:06.778334 np0000001088 devstack@g-api.service[98957]: DEBUG glance.api.middleware.version_negotiation [None req-3c9fba87-da46-4e14-afdf-2a7dd95a3339 tempest-ServerStableDeviceRescueTest-1288162654 tempest-ServerStableDeviceRescueTest-1288162654-project-member] Using url versioning {{(pid=98957) process_request /opt/stack/glance/glance/api/middleware/version_negotiation.py:57}}
May 20 16:52:06.778334 np0000001088 devstack@g-api.service[98957]: DEBUG glance.api.middleware.version_negotiation [None req-3c9fba87-da46-4e14-afdf-2a7dd95a3339 tempest-ServerStableDeviceRescueTest-1288162654 tempest-ServerStableDeviceRescueTest-1288162654-project-member] Matched version: v2 {{(pid=98957) process_request /opt/stack/glance/glance/api/middleware/version_negotiation.py:69}}
May 20 16:52:06.778334 np0000001088 devstack@g-api.service[98957]: DEBUG glance.api.middleware.version_negotiation [None req-3c9fba87-da46-4e14-afdf-2a7dd95a3339 tempest-ServerStableDeviceRescueTest-1288162654 tempest-ServerStableDeviceRescueTest-1288162654-project-member] new path /v2/images/0beb9f15-3aa7-4c45-b356-c977dde5bff3 {{(pid=98957) process_request /opt/stack/glance/glance/api/middleware/version_negotiation.py:70}}
May 20 16:52:06.783345 np0000001088 devstack@g-api.service[98957]: DEBUG glance.db.sqlalchemy.api [None req-ba634870-c745-4cb5-b4ac-dcb729eb6691 tempest-ImageDependencyTests-588269451 tempest-ImageDependencyTests-588269451-project-member] No image found with ID 0beb9f15-3aa7-4c45-b356-c977dde5bff3 {{(pid=98957) _image_get /opt/stack/glance/glance/db/sqlalchemy/api.py:303}}
May 20 16:52:06.786677 np0000001088 devstack@g-api.service[98957]: WARNING glance.api.v2.images [None req-ba634870-c745-4cb5-b4ac-dcb729eb6691 tempest-ImageDependencyTests-588269451 tempest-ImageDependencyTests-588269451-project-member] Failed to find image 0beb9f15-3aa7-4c45-b356-c977dde5bff3 to delete: glance.common.exception.ImageNotFound: No image found with ID 0beb9f15-3aa7-4c45-b356-c977dde5bff3
