Jun 04 09:50:08.696812 np0000002123 devstack@neutron-api.service[86982]: DEBUG ovsdbapp.backend.ovs_idl.transaction [None req-0b4eff26-ac7b-44d8-b8a6-b0deef5eb20d None None] Running txn n=1 command(idx=3): PgAclAddCommand(_result=None, entity=pg_62ed8eab_d2a6_4068_9fe7_a08360e8cce0, direction=from-lport, priority=1002, match=inport == @pg_62ed8eab_d2a6_4068_9fe7_a08360e8cce0 && ip4, action=allow-related, log=False, may_exist=True, severity=[], name=[], meter=[], external_ids={'neutron:security_group_rule_id': 'bc30f542-6c5f-4b90-a858-07c356b409f1'}) {{(pid=86982) do_commit /opt/stack/data/venv/lib/python3.12/site-packages/ovsdbapp/backend/ovs_idl/transaction.py:89}}
Jun 04 09:50:08.696812 np0000002123 devstack@neutron-api.service[86982]: DEBUG ovsdbapp.backend.ovs_idl.transaction [None req-0b4eff26-ac7b-44d8-b8a6-b0deef5eb20d None None] Running txn n=1 command(idx=4): PgAclAddCommand(_result=None, entity=pg_62ed8eab_d2a6_4068_9fe7_a08360e8cce0, direction=to-lport, priority=1002, match=outport == @pg_62ed8eab_d2a6_4068_9fe7_a08360e8cce0 && ip4 && ip4.src == $pg_62ed8eab_d2a6_4068_9fe7_a08360e8cce0_ip4, action=allow-related, log=False, may_exist=True, severity=[], name=[], meter=[], external_ids={'neutron:security_group_rule_id': 'e8e21b0a-65a9-4db1-bcea-1f46eff355be'}) {{(pid=86982) do_commit /opt/stack/data/venv/lib/python3.12/site-packages/ovsdbapp/backend/ovs_idl/transaction.py:89}}
Jun 04 09:50:08.701502 np0000002123 devstack@neutron-api.service[86981]: DEBUG neutron.plugins.ml2.drivers.ovn.mech_driver.ovsdb.ovsdb_monitor [None req-3fa6e436-3910-41ea-a095-05bbb160744a None None] Touching Hash Ring node "137b39e5e17d52408e78acb1ab468d89" from IDL notify handler {{(pid=86981) notify /opt/stack/neutron/neutron/plugins/ml2/drivers/ovn/mech_driver/ovsdb/ovsdb_monitor.py:1007}}
Jun 04 09:50:08.702708 np0000002123 devstack@neutron-api.service[86982]: DEBUG neutron.plugins.ml2.drivers.ovn.mech_driver.ovsdb.ovsdb_monitor [None req-0b4eff26-ac7b-44d8-b8a6-b0deef5eb20d None None] Touching Hash Ring node "8f2fafa487d9585392c8e748c8e3b268" from IDL notify handler {{(pid=86982) notify /opt/stack/neutron/neutron/plugins/ml2/drivers/ovn/mech_driver/ovsdb/ovsdb_monitor.py:1007}}
Jun 04 09:50:08.707320 np0000002123 devstack@neutron-api.service[86981]: DEBUG neutron.plugins.ml2.drivers.ovn.mech_driver.ovsdb.ovsdb_monitor [None req-3fa6e436-3910-41ea-a095-05bbb160744a None None] Hash Ring: Node 137b39e5e17d52408e78acb1ab468d89 (host: np0000002123) handling event "create" for row 3022ae2b-80b4-4265-a2dc-0bc61ca0f06f (table: ACL) {{(pid=86981) notify /opt/stack/neutron/neutron/plugins/ml2/drivers/ovn/mech_driver/ovsdb/ovsdb_monitor.py:1015}}
Jun 04 09:50:08.708320 np0000002123 devstack@neutron-api.service[86981]: DEBUG neutron.plugins.ml2.drivers.ovn.mech_driver.ovsdb.ovsdb_monitor [None req-3fa6e436-3910-41ea-a095-05bbb160744a None None] Touching Hash Ring node "137b39e5e17d52408e78acb1ab468d89" from IDL notify handler {{(pid=86981) notify /opt/stack/neutron/neutron/plugins/ml2/drivers/ovn/mech_driver/ovsdb/ovsdb_monitor.py:1007}}
Jun 04 09:50:08.708608 np0000002123 devstack@neutron-api.service[86982]: DEBUG neutron.plugins.ml2.drivers.ovn.mech_driver.ovsdb.ovsdb_monitor [None req-0b4eff26-ac7b-44d8-b8a6-b0deef5eb20d None None] Hash Ring: Node 8f2fafa487d9585392c8e748c8e3b268 (host: np0000002123) handling event "create" for row 1f0d943c-62c5-41df-beb8-84752401f38d (table: ACL) {{(pid=86982) notify /opt/stack/neutron/neutron/plugins/ml2/drivers/ovn/mech_driver/ovsdb/ovsdb_monitor.py:1015}}
Jun 04 09:50:08.709440 np0000002123 devstack@neutron-api.service[86982]: DEBUG neutron.plugins.ml2.drivers.ovn.mech_driver.ovsdb.ovsdb_monitor [None req-0b4eff26-ac7b-44d8-b8a6-b0deef5eb20d None None] Touching Hash Ring node "8f2fafa487d9585392c8e748c8e3b268" from IDL notify handler {{(pid=86982) notify /opt/stack/neutron/neutron/plugins/ml2/drivers/ovn/mech_driver/ovsdb/ovsdb_monitor.py:1007}}
Jun 04 09:50:08.711036 np0000002123 devstack@neutron-api.service[86981]: DEBUG neutron.plugins.ml2.drivers.ovn.mech_driver.ovsdb.ovsdb_monitor [None req-3fa6e436-3910-41ea-a095-05bbb160744a None None] Hash Ring: Node 137b39e5e17d52408e78acb1ab468d89 (host: np0000002123) handling event "create" for row 8a6cfca2-8f18-49ce-824f-f2634cda908d (table: ACL) {{(pid=86981) notify /opt/stack/neutron/neutron/plugins/ml2/drivers/ovn/mech_driver/ovsdb/ovsdb_monitor.py:1015}}
Jun 04 09:50:08.711633 np0000002123 devstack@neutron-api.service[86982]: DEBUG neutron.plugins.ml2.drivers.ovn.mech_driver.ovsdb.ovsdb_monitor [None req-0b4eff26-ac7b-44d8-b8a6-b0deef5eb20d None None] Hash Ring: Node 8f2fafa487d9585392c8e748c8e3b268 (host: np0000002123) handling event "create" for row 52698a5c-9376-4c96-b391-aa6a66283244 (table: ACL) {{(pid=86982) notify /opt/stack/neutron/neutron/plugins/ml2/drivers/ovn/mech_driver/ovsdb/ovsdb_monitor.py:1015}}
Jun 04 09:50:08.711997 np0000002123 devstack@neutron-api.service[86981]: DEBUG neutron.plugins.ml2.drivers.ovn.mech_driver.ovsdb.ovsdb_monitor [None req-3fa6e436-3910-41ea-a095-05bbb160744a None None] Touching Hash Ring node "137b39e5e17d52408e78acb1ab468d89" from IDL notify handler {{(pid=86981) notify /opt/stack/neutron/neutron/plugins/ml2/drivers/ovn/mech_driver/ovsdb/ovsdb_monitor.py:1007}}
Jun 04 09:50:08.714223 np0000002123 devstack@neutron-api.service[86981]: DEBUG neutron.plugins.ml2.drivers.ovn.mech_driver.ovsdb.ovsdb_monitor [None req-3fa6e436-3910-41ea-a095-05bbb160744a None None] Hash Ring: Node 137b39e5e17d52408e78acb1ab468d89 (host: np0000002123) handling event "create" for row e078b5bf-6cd2-4525-a060-99a98a2eac1b (table: Port_Group) {{(pid=86981) notify /opt/stack/neutron/neutron/plugins/ml2/drivers/ovn/mech_driver/ovsdb/ovsdb_monitor.py:1015}}
Jun 04 09:50:08.734986 np0000002123 devstack@neutron-api.service[86982]: INFO neutron.db.ovn_revision_numbers_db [None req-97faac73-bc76-4119-8cbf-3ebe02db8f40 admin admin] Successfully bumped revision number for resource 62ed8eab-d2a6-4068-9fe7-a08360e8cce0 (type: security_groups) to 1
Jun 04 09:50:08.748494 np0000002123 devstack@neutron-api.service[86982]: INFO neutron.db.ovn_revision_numbers_db [None req-97faac73-bc76-4119-8cbf-3ebe02db8f40 admin admin] Successfully bumped revision number for resource 0898d9b1-4492-4c29-8c44-197052f3f635 (type: security_group_rules) to 0
Jun 04 09:50:08.757341 np0000002123 devstack@neutron-api.service[86982]: INFO neutron.db.ovn_revision_numbers_db [None req-97faac73-bc76-4119-8cbf-3ebe02db8f40 admin admin] Successfully bumped revision number for resource 2b377e0a-3b52-431b-af7a-4cc1398789a9 (type: security_group_rules) to 0
Jun 04 09:50:08.765218 np0000002123 devstack@neutron-api.service[86982]: INFO neutron.db.ovn_revision_numbers_db [None req-97faac73-bc76-4119-8cbf-3ebe02db8f40 admin admin] Successfully bumped revision number for resource bc30f542-6c5f-4b90-a858-07c356b409f1 (type: security_group_rules) to 0
Jun 04 09:50:08.773307 np0000002123 devstack@neutron-api.service[86982]: INFO neutron.db.ovn_revision_numbers_db [None req-97faac73-bc76-4119-8cbf-3ebe02db8f40 admin admin] Successfully bumped revision number for resource e8e21b0a-65a9-4db1-bcea-1f46eff355be (type: security_group_rules) to 0
Jun 04 09:50:08.794288 np0000002123 devstack@neutron-api.service[86982]: DEBUG neutron.api.rpc.handlers.resources_rpc [None req-97faac73-bc76-4119-8cbf-3ebe02db8f40 admin admin] Pushing event updated for resources: {'SecurityGroup': ['ID=62ed8eab-d2a6-4068-9fe7-a08360e8cce0,revision_number=1']} {{(pid=86982) push /opt/stack/neutron/neutron/api/rpc/handlers/resources_rpc.py:237}}
Jun 04 09:50:08.810937 np0000002123 devstack@neutron-api.service[86982]: [pid: 86982|app: 0|req: 22/42] 10.4.3.143 () {66 vars in 1389 bytes} [Thu Jun 4 09:50:08 2026] GET /networking/v2.0/security-groups?project_id=056897e569ca4bf0b9b77ac1ed83096e&name=default => generated 2921 bytes in 408 msecs (HTTP/1.1 200) 4 headers in 158 bytes (1 switches on core 0)
Jun 04 09:50:08.848281 np0000002123 devstack@neutron-api.service[86981]: DEBUG neutron_lib.callbacks.manager [None req-7398143e-b1a0-469f-90ae-72e52b547696 admin admin] Publish callbacks [] for security_group (62ed8eab-d2a6-4068-9fe7-a08360e8cce0), before_delete {{(pid=86981) _notify_loop /opt/stack/data/venv/lib/python3.12/site-packages/neutron_lib/callbacks/manager.py:184}}
Jun 04 09:50:08.864592 np0000002123 devstack@neutron-api.service[86981]: DEBUG neutron_lib.callbacks.manager [None req-7398143e-b1a0-469f-90ae-72e52b547696 admin admin] Publish callbacks ['neutron.plugins.ml2.drivers.ovn.mech_driver.mech_driver.OVNMechanismDriver._delete_security_group_precommit-517116'] for security_group (62ed8eab-d2a6-4068-9fe7-a08360e8cce0), precommit_delete {{(pid=86981) _notify_loop /opt/stack/data/venv/lib/python3.12/site-packages/neutron_lib/callbacks/manager.py:184}}
Jun 04 09:50:08.887978 np0000002123 devstack@neutron-api.service[86981]: DEBUG neutron.db.ovn_revision_numbers_db [None req-7398143e-b1a0-469f-90ae-72e52b547696 admin admin] delete_revision(0898d9b1-4492-4c29-8c44-197052f3f635) {{(pid=86981) delete_revision /opt/stack/neutron/neutron/db/ovn_revision_numbers_db.py:112}}
Jun 04 09:50:08.890738 np0000002123 devstack@neutron-api.service[86981]: DEBUG neutron.db.ovn_revision_numbers_db [None req-7398143e-b1a0-469f-90ae-72e52b547696 admin admin] delete_revision(e8e21b0a-65a9-4db1-bcea-1f46eff355be) {{(pid=86981) delete_revision /opt/stack/neutron/neutron/db/ovn_revision_numbers_db.py:112}}
Jun 04 09:50:08.892480 np0000002123 devstack@neutron-api.service[86981]: DEBUG ovsdbapp.backend.ovs_idl.transaction [None req-3fa6e436-3910-41ea-a095-05bbb160744a None None] Running txn n=1 command(idx=0): PgAclDelCommand(_result=None, entity=pg_62ed8eab_d2a6_4068_9fe7_a08360e8cce0, if_exists=False, conditions=[('direction', '=', 'to-lport'), ('priority', '=', 1002), ('match', '=', 'outport == @pg_62ed8eab_d2a6_4068_9fe7_a08360e8cce0 && ip6 && ip6.src == $pg_62ed8eab_d2a6_4068_9fe7_a08360e8cce0_ip6')]) {{(pid=86981) do_commit /opt/stack/data/venv/lib/python3.12/site-packages/ovsdbapp/backend/ovs_idl/transaction.py:89}}
Jun 04 09:50:08.892799 np0000002123 devstack@neutron-api.service[86981]: DEBUG ovsdbapp.backend.ovs_idl.transaction [None req-3fa6e436-3910-41ea-a095-05bbb160744a None None] Running txn n=1 command(idx=1): PgAclDelCommand(_result=None, entity=pg_62ed8eab_d2a6_4068_9fe7_a08360e8cce0, if_exists=False, conditions=[('direction', '=', 'to-lport'), ('priority', '=', 1002), ('match', '=', 'outport == @pg_62ed8eab_d2a6_4068_9fe7_a08360e8cce0 && ip4 && ip4.src == $pg_62ed8eab_d2a6_4068_9fe7_a08360e8cce0_ip4')]) {{(pid=86981) do_commit /opt/stack/data/venv/lib/python3.12/site-packages/ovsdbapp/backend/ovs_idl/transaction.py:89}}
Jun 04 09:50:08.895196 np0000002123 devstack@neutron-api.service[86981]: DEBUG neutron.plugins.ml2.drivers.ovn.mech_driver.ovsdb.ovsdb_monitor [None req-3fa6e436-3910-41ea-a095-05bbb160744a None None] Touching Hash Ring node "137b39e5e17d52408e78acb1ab468d89" from IDL notify handler {{(pid=86981) notify /opt/stack/neutron/neutron/plugins/ml2/drivers/ovn/mech_driver/ovsdb/ovsdb_monitor.py:1007}}
Jun 04 09:50:08.896677 np0000002123 devstack@neutron-api.service[86982]: DEBUG neutron.plugins.ml2.drivers.ovn.mech_driver.ovsdb.ovsdb_monitor [None req-0b4eff26-ac7b-44d8-b8a6-b0deef5eb20d None None] Touching Hash Ring node "8f2fafa487d9585392c8e748c8e3b268" from IDL notify handler {{(pid=86982) notify /opt/stack/neutron/neutron/plugins/ml2/drivers/ovn/mech_driver/ovsdb/ovsdb_monitor.py:1007}}
Jun 04 09:50:08.897375 np0000002123 devstack@neutron-api.service[86981]: DEBUG neutron.plugins.ml2.drivers.ovn.mech_driver.ovsdb.ovsdb_monitor [None req-3fa6e436-3910-41ea-a095-05bbb160744a None None] Hash Ring: Node 137b39e5e17d52408e78acb1ab468d89 (host: np0000002123) handling event "delete" for row 3022ae2b-80b4-4265-a2dc-0bc61ca0f06f (table: ACL) {{(pid=86981) notify /opt/stack/neutron/neutron/plugins/ml2/drivers/ovn/mech_driver/ovsdb/ovsdb_monitor.py:1015}}
Jun 04 09:50:08.898060 np0000002123 devstack@neutron-api.service[86981]: DEBUG neutron.plugins.ml2.drivers.ovn.mech_driver.ovsdb.ovsdb_monitor [None req-3fa6e436-3910-41ea-a095-05bbb160744a None None] Touching Hash Ring node "137b39e5e17d52408e78acb1ab468d89" from IDL notify handler {{(pid=86981) notify /opt/stack/neutron/neutron/plugins/ml2/drivers/ovn/mech_driver/ovsdb/ovsdb_monitor.py:1007}}
Jun 04 09:50:08.899476 np0000002123 devstack@neutron-api.service[86982]: DEBUG neutron.plugins.ml2.drivers.ovn.mech_driver.ovsdb.ovsdb_monitor [None req-0b4eff26-ac7b-44d8-b8a6-b0deef5eb20d None None] Hash Ring: Node 8f2fafa487d9585392c8e748c8e3b268 (host: np0000002123) handling event "delete" for row 52698a5c-9376-4c96-b391-aa6a66283244 (table: ACL) {{(pid=86982) notify /opt/stack/neutron/neutron/plugins/ml2/drivers/ovn/mech_driver/ovsdb/ovsdb_monitor.py:1015}}
Jun 04 09:50:08.899700 np0000002123 devstack@neutron-api.service[86981]: DEBUG neutron.plugins.ml2.drivers.ovn.mech_driver.ovsdb.ovsdb_monitor [None req-3fa6e436-3910-41ea-a095-05bbb160744a None None] Hash Ring: Node 137b39e5e17d52408e78acb1ab468d89 (host: np0000002123) handling event "update" for row e078b5bf-6cd2-4525-a060-99a98a2eac1b (table: Port_Group) {{(pid=86981) notify /opt/stack/neutron/neutron/plugins/ml2/drivers/ovn/mech_driver/ovsdb/ovsdb_monitor.py:1015}}
Jun 04 09:50:08.927907 np0000002123 devstack@neutron-api.service[86981]: DEBUG neutron_lib.callbacks.manager [None req-7398143e-b1a0-469f-90ae-72e52b547696 admin admin] Publish callbacks ['neutron.plugins.ml2.drivers.ovn.mech_driver.mech_driver.OVNMechanismDriver._delete_security_group-517066', 'neutron.plugins.ml2.ovo_rpc._ObjectChangeHandler.handle_event-2595544'] for security_group (62ed8eab-d2a6-4068-9fe7-a08360e8cce0), after_delete {{(pid=86981) _notify_loop /opt/stack/data/venv/lib/python3.12/site-packages/neutron_lib/callbacks/manager.py:184}}
Jun 04 09:50:08.928557 np0000002123 devstack@neutron-api.service[86981]: DEBUG ovsdbapp.backend.ovs_idl.transaction [None req-3fa6e436-3910-41ea-a095-05bbb160744a None None] Running txn n=1 command(idx=0): PgDelCommand(_result=None, name=pg_62ed8eab_d2a6_4068_9fe7_a08360e8cce0, if_exists=True) {{(pid=86981) do_commit /opt/stack/data/venv/lib/python3.12/site-packages/ovsdbapp/backend/ovs_idl/transaction.py:89}}
Jun 04 09:50:08.930917 np0000002123 devstack@neutron-api.service[86981]: DEBUG neutron.plugins.ml2.drivers.ovn.mech_driver.ovsdb.ovsdb_monitor [None req-3fa6e436-3910-41ea-a095-05bbb160744a None None] Touching Hash Ring node "137b39e5e17d52408e78acb1ab468d89" from IDL notify handler {{(pid=86981) notify /opt/stack/neutron/neutron/plugins/ml2/drivers/ovn/mech_driver/ovsdb/ovsdb_monitor.py:1007}}
Jun 04 09:50:08.932064 np0000002123 devstack@neutron-api.service[86982]: DEBUG neutron.plugins.ml2.drivers.ovn.mech_driver.ovsdb.ovsdb_monitor [None req-0b4eff26-ac7b-44d8-b8a6-b0deef5eb20d None None] Touching Hash Ring node "8f2fafa487d9585392c8e748c8e3b268" from IDL notify handler {{(pid=86982) notify /opt/stack/neutron/neutron/plugins/ml2/drivers/ovn/mech_driver/ovsdb/ovsdb_monitor.py:1007}}
Jun 04 09:50:08.933382 np0000002123 devstack@neutron-api.service[86981]: DEBUG neutron.plugins.ml2.drivers.ovn.mech_driver.ovsdb.ovsdb_monitor [None req-3fa6e436-3910-41ea-a095-05bbb160744a None None] Hash Ring: Node 137b39e5e17d52408e78acb1ab468d89 (host: np0000002123) handling event "delete" for row 8a6cfca2-8f18-49ce-824f-f2634cda908d (table: ACL) {{(pid=86981) notify /opt/stack/neutron/neutron/plugins/ml2/drivers/ovn/mech_driver/ovsdb/ovsdb_monitor.py:1015}}
Jun 04 09:50:08.934239 np0000002123 devstack@neutron-api.service[86981]: DEBUG neutron.plugins.ml2.drivers.ovn.mech_driver.ovsdb.ovsdb_monitor [None req-3fa6e436-3910-41ea-a095-05bbb160744a None None] Touching Hash Ring node "137b39e5e17d52408e78acb1ab468d89" from IDL notify handler {{(pid=86981) notify /opt/stack/neutron/neutron/plugins/ml2/drivers/ovn/mech_driver/ovsdb/ovsdb_monitor.py:1007}}
Jun 04 09:50:08.934591 np0000002123 devstack@neutron-api.service[86982]: DEBUG neutron.plugins.ml2.drivers.ovn.mech_driver.ovsdb.ovsdb_monitor [None req-0b4eff26-ac7b-44d8-b8a6-b0deef5eb20d None None] Hash Ring: Node 8f2fafa487d9585392c8e748c8e3b268 (host: np0000002123) handling event "delete" for row 1f0d943c-62c5-41df-beb8-84752401f38d (table: ACL) {{(pid=86982) notify /opt/stack/neutron/neutron/plugins/ml2/drivers/ovn/mech_driver/ovsdb/ovsdb_monitor.py:1015}}
Jun 04 09:50:08.936471 np0000002123 devstack@neutron-api.service[86981]: DEBUG neutron.plugins.ml2.drivers.ovn.mech_driver.ovsdb.ovsdb_monitor [None req-3fa6e436-3910-41ea-a095-05bbb160744a None None] Hash Ring: Node 137b39e5e17d52408e78acb1ab468d89 (host: np0000002123) handling event "delete" for row e078b5bf-6cd2-4525-a060-99a98a2eac1b (table: Port_Group) {{(pid=86981) notify /opt/stack/neutron/neutron/plugins/ml2/drivers/ovn/mech_driver/ovsdb/ovsdb_monitor.py:1015}}
Jun 04 09:50:08.937032 np0000002123 devstack@neutron-api.service[86981]: DEBUG neutron.db.ovn_revision_numbers_db [None req-7398143e-b1a0-469f-90ae-72e52b547696 admin admin] delete_revision(62ed8eab-d2a6-4068-9fe7-a08360e8cce0) {{(pid=86981) delete_revision /opt/stack/neutron/neutron/db/ovn_revision_numbers_db.py:112}}
Jun 04 09:50:08.941996 np0000002123 devstack@neutron-api.service[86981]: DEBUG neutron.db.ovn_revision_numbers_db [None req-7398143e-b1a0-469f-90ae-72e52b547696 admin admin] delete_revisions(['bc30f542-6c5f-4b90-a858-07c356b409f1', '2b377e0a-3b52-431b-af7a-4cc1398789a9']) {{(pid=86981) delete_revisions /opt/stack/neutron/neutron/db/ovn_revision_numbers_db.py:127}}
Jun 04 09:50:08.950154 np0000002123 devstack@neutron-api.service[86981]: DEBUG neutron.api.rpc.handlers.resources_rpc [None req-7398143e-b1a0-469f-90ae-72e52b547696 admin admin] Pushing event deleted for resources: {'SecurityGroup': ['ID=62ed8eab-d2a6-4068-9fe7-a08360e8cce0,revision_number=None']} {{(pid=86981) push /opt/stack/neutron/neutron/api/rpc/handlers/resources_rpc.py:237}}
Jun 04 09:50:08.953314 np0000002123 devstack@neutron-api.service[86981]: DEBUG neutron_lib.callbacks.manager [None req-7398143e-b1a0-469f-90ae-72e52b547696 admin admin] Publish callbacks [] for security_group (None), before_response {{(pid=86981) _notify_loop /opt/stack/data/venv/lib/python3.12/site-packages/neutron_lib/callbacks/manager.py:184}}
Jun 04 09:50:08.953710 np0000002123 devstack@neutron-api.service[86981]: [pid: 86981|app: 0|req: 21/43] 10.4.3.143 () {66 vars in 1390 bytes} [Thu Jun 4 09:50:08 2026] DELETE /networking/v2.0/security-groups/62ed8eab-d2a6-4068-9fe7-a08360e8cce0 => generated 0 bytes in 137 msecs (HTTP/1.1 204) 2 headers in 112 bytes (1 switches on core 0)
Jun 04 09:50:17.699344 np0000002123 devstack@neutron-api.service[86982]: DEBUG futurist.periodics [-] Submitting periodic callback 'neutron.plugins.ml2.drivers.ovn.mech_driver.ovsdb.maintenance.HashRingHealthCheckPeriodics.touch_hash_ring_node' {{(pid=86982) _process_scheduled /opt/stack/data/venv/lib/python3.12/site-packages/futurist/periodics.py:784}}
Jun 04 09:50:17.699829 np0000002123 devstack@neutron-api.service[86982]: DEBUG neutron.plugins.ml2.drivers.ovn.mech_driver.ovsdb.maintenance [-] Touching Hash Ring node "8f2fafa487d9585392c8e748c8e3b268" from periodic health check thread {{(pid=86982) touch_hash_ring_node /opt/stack/neutron/neutron/plugins/ml2/drivers/ovn/mech_driver/ovsdb/maintenance.py:1421}}
Jun 04 09:50:18.596065 np0000002123 devstack@neutron-api.service[86981]: DEBUG futurist.periodics [-] Submitting periodic callback 'neutron.plugins.ml2.drivers.ovn.mech_driver.ovsdb.maintenance.HashRingHealthCheckPeriodics.touch_hash_ring_node' {{(pid=86981) _process_scheduled /opt/stack/data/venv/lib/python3.12/site-packages/futurist/periodics.py:784}}
Jun 04 09:50:18.596545 np0000002123 devstack@neutron-api.service[86981]: DEBUG neutron.plugins.ml2.drivers.ovn.mech_driver.ovsdb.maintenance [-] Touching Hash Ring node "137b39e5e17d52408e78acb1ab468d89" from periodic health check thread {{(pid=86981) touch_hash_ring_node /opt/stack/neutron/neutron/plugins/ml2/drivers/ovn/mech_driver/ovsdb/maintenance.py:1421}}
Jun 04 09:50:27.705815 np0000002123 devstack@neutron-api.service[86982]: DEBUG dbcounter [-] [86982] Writing DB stats neutron:UPDATE=12,neutron:SELECT=59,neutron:INSERT=16 {{(pid=86982) stat_writer /opt/stack/data/venv/lib/python3.12/site-packages/dbcounter.py:115}}
Jun 04 09:50:28.602254 np0000002123 devstack@neutron-api.service[86981]: DEBUG dbcounter [-] [86981] Writing DB stats neutron:UPDATE=9,neutron:SELECT=43,neutron:DELETE=8 {{(pid=86981) stat_writer /opt/stack/data/venv/lib/python3.12/site-packages/dbcounter.py:115}}
Jun 04 09:50:32.699847 np0000002123 devstack@neutron-api.service[86982]: DEBUG futurist.periodics [-] Submitting periodic callback 'neutron.plugins.ml2.drivers.ovn.mech_driver.ovsdb.maintenance.HashRingHealthCheckPeriodics.touch_hash_ring_node' {{(pid=86982) _process_scheduled /opt/stack/data/venv/lib/python3.12/site-packages/futurist/periodics.py:784}}
Jun 04 09:50:32.700276 np0000002123 devstack@neutron-api.service[86982]: DEBUG neutron.plugins.ml2.drivers.ovn.mech_driver.ovsdb.maintenance [-] Touching Hash Ring node "8f2fafa487d9585392c8e748c8e3b268" from periodic health check thread {{(pid=86982) touch_hash_ring_node /opt/stack/neutron/neutron/plugins/ml2/drivers/ovn/mech_driver/ovsdb/maintenance.py:1421}}
Jun 04 09:50:33.596529 np0000002123 devstack@neutron-api.service[86981]: DEBUG futurist.periodics [-] Submitting periodic callback 'neutron.plugins.ml2.drivers.ovn.mech_driver.ovsdb.maintenance.HashRingHealthCheckPeriodics.touch_hash_ring_node' {{(pid=86981) _process_scheduled /opt/stack/data/venv/lib/python3.12/site-packages/futurist/periodics.py:784}}
Jun 04 09:50:33.597029 np0000002123 devstack@neutron-api.service[86981]: DEBUG neutron.plugins.ml2.drivers.ovn.mech_driver.ovsdb.maintenance [-] Touching Hash Ring node "137b39e5e17d52408e78acb1ab468d89" from periodic health check thread {{(pid=86981) touch_hash_ring_node /opt/stack/neutron/neutron/plugins/ml2/drivers/ovn/mech_driver/ovsdb/maintenance.py:1421}}
Jun 04 09:50:42.706089 np0000002123 devstack@neutron-api.service[86982]: DEBUG dbcounter [-] [86982] Writing DB stats neutron:UPDATE=1,neutron:SELECT=1 {{(pid=86982) stat_writer /opt/stack/data/venv/lib/python3.12/site-packages/dbcounter.py:115}}
Jun 04 09:50:43.602939 np0000002123 devstack@neutron-api.service[86981]: DEBUG dbcounter [-] [86981] Writing DB stats neutron:UPDATE=1,neutron:SELECT=1 {{(pid=86981) stat_writer /opt/stack/data/venv/lib/python3.12/site-packages/dbcounter.py:115}}
Jun 04 09:50:47.700284 np0000002123 devstack@neutron-api.service[86982]: DEBUG futurist.periodics [-] Submitting periodic callback 'neutron.plugins.ml2.drivers.ovn.mech_driver.ovsdb.maintenance.HashRingHealthCheckPeriodics.touch_hash_ring_node' {{(pid=86982) _process_scheduled /opt/stack/data/venv/lib/python3.12/site-packages/futurist/periodics.py:784}}
Jun 04 09:50:47.701943 np0000002123 devstack@neutron-api.service[86982]: DEBUG neutron.plugins.ml2.drivers.ovn.mech_driver.ovsdb.maintenance [-] Touching Hash Ring node "8f2fafa487d9585392c8e748c8e3b268" from periodic health check thread {{(pid=86982) touch_hash_ring_node /opt/stack/neutron/neutron/plugins/ml2/drivers/ovn/mech_driver/ovsdb/maintenance.py:1421}}
Jun 04 09:50:48.597042 np0000002123 devstack@neutron-api.service[86981]: DEBUG futurist.periodics [-] Submitting periodic callback 'neutron.plugins.ml2.drivers.ovn.mech_driver.ovsdb.maintenance.HashRingHealthCheckPeriodics.touch_hash_ring_node' {{(pid=86981) _process_scheduled /opt/stack/data/venv/lib/python3.12/site-packages/futurist/periodics.py:784}}
Jun 04 09:50:48.597475 np0000002123 devstack@neutron-api.service[86981]: DEBUG neutron.plugins.ml2.drivers.ovn.mech_driver.ovsdb.maintenance [-] Touching Hash Ring node "137b39e5e17d52408e78acb1ab468d89" from periodic health check thread {{(pid=86981) touch_hash_ring_node /opt/stack/neutron/neutron/plugins/ml2/drivers/ovn/mech_driver/ovsdb/maintenance.py:1421}}
Jun 04 09:50:55.208323 np0000002123 devstack@neutron-api.service[86982]: DEBUG neutron.api.v2.base [None req-73c55de8-dd90-4554-bb7e-4c4a03c85419 admin admin] Request body: {'network': {'name': 'tempest-VolumesAssistedSnapshotsTest-895507193-network', 'project_id': '1954b9b83a7e406e839dd76240195c15'}} {{(pid=86982) prepare_request_body /opt/stack/neutron/neutron/api/v2/base.py:727}}
Jun 04 09:50:55.223313 np0000002123 devstack@neutron-api.service[86982]: DEBUG neutron.pecan_wsgi.hooks.quota_enforcement [None req-73c55de8-dd90-4554-bb7e-4c4a03c85419 admin admin] Made reservation on behalf of 1954b9b83a7e406e839dd76240195c15 for: {'network': 1} {{(pid=86982) before /opt/stack/neutron/neutron/pecan_wsgi/hooks/quota_enforcement.py:66}}
Jun 04 09:50:55.226108 np0000002123 devstack@neutron-api.service[86982]: DEBUG neutron_lib.callbacks.manager [None req-73c55de8-dd90-4554-bb7e-4c4a03c85419 admin admin] Publish callbacks ['neutron.plugins.ml2.plugin.SecurityGroupDbMixin._ensure_default_security_group_handler-852484'] for network (None), before_create {{(pid=86982) _notify_loop /opt/stack/data/venv/lib/python3.12/site-packages/neutron_lib/callbacks/manager.py:184}}
Jun 04 09:50:55.231189 np0000002123 devstack@neutron-api.service[86982]: DEBUG neutron_lib.callbacks.manager [None req-73c55de8-dd90-4554-bb7e-4c4a03c85419 admin admin] Publish callbacks [] for security_group (None), before_create {{(pid=86982) _notify_loop /opt/stack/data/venv/lib/python3.12/site-packages/neutron_lib/callbacks/manager.py:184}}
Jun 04 09:50:55.288364 np0000002123 devstack@neutron-api.service[86982]: DEBUG neutron_lib.callbacks.manager [None req-73c55de8-dd90-4554-bb7e-4c4a03c85419 admin admin] Publish callbacks ['neutron.plugins.ml2.drivers.ovn.mech_driver.mech_driver.OVNMechanismDriver._create_security_group_precommit-479202'] for security_group (65161c48-497f-4d04-a86a-886bbbdf25f4), precommit_create {{(pid=86982) _notify_loop /opt/stack/data/venv/lib/python3.12/site-packages/neutron_lib/callbacks/manager.py:184}}
Jun 04 09:50:55.288800 np0000002123 devstack@neutron-api.service[86982]: DEBUG neutron.db.ovn_revision_numbers_db [None req-73c55de8-dd90-4554-bb7e-4c4a03c85419 admin admin] create_initial_revision uuid=65161c48-497f-4d04-a86a-886bbbdf25f4, type=security_groups, rev=-1 {{(pid=86982) create_initial_revision /opt/stack/neutron/neutron/db/ovn_revision_numbers_db.py:98}}
Jun 04 09:50:55.290240 np0000002123 devstack@neutron-api.service[86982]: DEBUG neutron.db.ovn_revision_numbers_db [None req-73c55de8-dd90-4554-bb7e-4c4a03c85419 admin admin] create_initial_revision uuid=42b4393e-cac7-4bd6-92ec-8226dd84a095, type=security_group_rules, rev=-1 {{(pid=86982) create_initial_revision /opt/stack/neutron/neutron/db/ovn_revision_numbers_db.py:98}}
Jun 04 09:50:55.291174 np0000002123 devstack@neutron-api.service[86982]: DEBUG neutron.db.ovn_revision_numbers_db [None req-73c55de8-dd90-4554-bb7e-4c4a03c85419 admin admin] create_initial_revision uuid=ced013e6-77b5-4ba6-828f-d630f49c2d4e, type=security_group_rules, rev=-1 {{(pid=86982) create_initial_revision /opt/stack/neutron/neutron/db/ovn_revision_numbers_db.py:98}}
Jun 04 09:50:55.292060 np0000002123 devstack@neutron-api.service[86982]: DEBUG neutron.db.ovn_revision_numbers_db [None req-73c55de8-dd90-4554-bb7e-4c4a03c85419 admin admin] create_initial_revision uuid=ee2c606e-993b-4c4f-a39d-c76863452a6a, type=security_group_rules, rev=-1 {{(pid=86982) create_initial_revision /opt/stack/neutron/neutron/db/ovn_revision_numbers_db.py:98}}
Jun 04 09:50:55.293135 np0000002123 devstack@neutron-api.service[86982]: DEBUG neutron.db.ovn_revision_numbers_db [None req-73c55de8-dd90-4554-bb7e-4c4a03c85419 admin admin] create_initial_revision uuid=fea1713a-5be7-49cc-a986-186ea2483017, type=security_group_rules, rev=-1 {{(pid=86982) create_initial_revision /opt/stack/neutron/neutron/db/ovn_revision_numbers_db.py:98}}
Jun 04 09:50:55.296725 np0000002123 devstack@neutron-api.service[86982]: DEBUG neutron_lib.callbacks.manager [None req-73c55de8-dd90-4554-bb7e-4c4a03c85419 admin admin] Publish callbacks ['neutron.plugins.ml2.drivers.ovn.mech_driver.mech_driver.OVNMechanismDriver._create_security_group-479128', 'neutron.plugins.ml2.ovo_rpc._ObjectChangeHandler.handle_event-4064096'] for security_group (65161c48-497f-4d04-a86a-886bbbdf25f4), after_create {{(pid=86982) _notify_loop /opt/stack/data/venv/lib/python3.12/site-packages/neutron_lib/callbacks/manager.py:184}}
Jun 04 09:50:55.297360 np0000002123 devstack@neutron-api.service[86982]: DEBUG ovsdbapp.backend.ovs_idl.transaction [None req-0b4eff26-ac7b-44d8-b8a6-b0deef5eb20d None None] Running txn n=1 command(idx=0): PgAddCommand(_result=None, name=pg_65161c48_497f_4d04_a86a_886bbbdf25f4, may_exist=False, columns={'acls': [], 'external_ids': {'neutron:security_group_id': '65161c48-497f-4d04-a86a-886bbbdf25f4'}}) {{(pid=86982) do_commit /opt/stack/data/venv/lib/python3.12/site-packages/ovsdbapp/backend/ovs_idl/transaction.py:89}}
Jun 04 09:50:55.297701 np0000002123 devstack@neutron-api.service[86982]: DEBUG ovsdbapp.backend.ovs_idl.transaction [None req-0b4eff26-ac7b-44d8-b8a6-b0deef5eb20d None None] Running txn n=1 command(idx=1): PgAclAddCommand(_result=None, entity=pg_65161c48_497f_4d04_a86a_886bbbdf25f4, direction=from-lport, priority=1002, match=inport == @pg_65161c48_497f_4d04_a86a_886bbbdf25f4 && ip4, action=allow-related, log=False, may_exist=True, severity=[], name=[], meter=[], external_ids={'neutron:security_group_rule_id': '42b4393e-cac7-4bd6-92ec-8226dd84a095'}) {{(pid=86982) do_commit /opt/stack/data/venv/lib/python3.12/site-packages/ovsdbapp/backend/ovs_idl/transaction.py:89}}
Jun 04 09:50:55.298110 np0000002123 devstack@neutron-api.service[86982]: DEBUG ovsdbapp.backend.ovs_idl.transaction [None req-0b4eff26-ac7b-44d8-b8a6-b0deef5eb20d None None] Running txn n=1 command(idx=2): PgAclAddCommand(_result=None, entity=pg_65161c48_497f_4d04_a86a_886bbbdf25f4, direction=to-lport, priority=1002, match=outport == @pg_65161c48_497f_4d04_a86a_886bbbdf25f4 && ip4 && ip4.src == $pg_65161c48_497f_4d04_a86a_886bbbdf25f4_ip4, action=allow-related, log=False, may_exist=True, severity=[], name=[], meter=[], external_ids={'neutron:security_group_rule_id': 'ced013e6-77b5-4ba6-828f-d630f49c2d4e'}) {{(pid=86982) do_commit /opt/stack/data/venv/lib/python3.12/site-packages/ovsdbapp/backend/ovs_idl/transaction.py:89}}
Jun 04 09:50:55.298420 np0000002123 devstack@neutron-api.service[86982]: DEBUG ovsdbapp.backend.ovs_idl.transaction [None req-0b4eff26-ac7b-44d8-b8a6-b0deef5eb20d None None] Running txn n=1 command(idx=3): PgAclAddCommand(_result=None, entity=pg_65161c48_497f_4d04_a86a_886bbbdf25f4, direction=to-lport, priority=1002, match=outport == @pg_65161c48_497f_4d04_a86a_886bbbdf25f4 && ip6 && ip6.src == $pg_65161c48_497f_4d04_a86a_886bbbdf25f4_ip6, action=allow-related, log=False, may_exist=True, severity=[], name=[], meter=[], external_ids={'neutron:security_group_rule_id': 'ee2c606e-993b-4c4f-a39d-c76863452a6a'}) {{(pid=86982) do_commit /opt/stack/data/venv/lib/python3.12/site-packages/ovsdbapp/backend/ovs_idl/transaction.py:89}}
Jun 04 09:50:55.298850 np0000002123 devstack@neutron-api.service[86982]: DEBUG ovsdbapp.backend.ovs_idl.transaction [None req-0b4eff26-ac7b-44d8-b8a6-b0deef5eb20d None None] Running txn n=1 command(idx=4): PgAclAddCommand(_result=None, entity=pg_65161c48_497f_4d04_a86a_886bbbdf25f4, direction=from-lport, priority=1002, match=inport == @pg_65161c48_497f_4d04_a86a_886bbbdf25f4 && ip6, action=allow-related, log=False, may_exist=True, severity=[], name=[], meter=[], external_ids={'neutron:security_group_rule_id': 'fea1713a-5be7-49cc-a986-186ea2483017'}) {{(pid=86982) do_commit /opt/stack/data/venv/lib/python3.12/site-packages/ovsdbapp/backend/ovs_idl/transaction.py:89}}
Jun 04 09:50:55.313653 np0000002123 devstack@neutron-api.service[86981]: DEBUG neutron.common.ovn.hash_ring_manager [None req-3fa6e436-3910-41ea-a095-05bbb160744a None None] Hash Ring loaded. 2 active nodes. 0 offline nodes {{(pid=86981) _load_hash_ring /opt/stack/neutron/neutron/common/ovn/hash_ring_manager.py:102}}
Jun 04 09:50:55.313938 np0000002123 devstack@neutron-api.service[86981]: DEBUG neutron.plugins.ml2.drivers.ovn.mech_driver.ovsdb.ovsdb_monitor [None req-3fa6e436-3910-41ea-a095-05bbb160744a None None] Hash Ring: Node 137b39e5e17d52408e78acb1ab468d89 (host: np0000002123) handling event "create" for row 36d0bee5-cad4-44ed-8731-3f671865be5f (table: ACL) {{(pid=86981) notify /opt/stack/neutron/neutron/plugins/ml2/drivers/ovn/mech_driver/ovsdb/ovsdb_monitor.py:1015}}
Jun 04 09:50:55.314199 np0000002123 devstack@neutron-api.service[86981]: DEBUG neutron.plugins.ml2.drivers.ovn.mech_driver.ovsdb.ovsdb_monitor [None req-3fa6e436-3910-41ea-a095-05bbb160744a None None] Hash Ring: Node 137b39e5e17d52408e78acb1ab468d89 (host: np0000002123) handling event "create" for row 5f92aafa-7f79-494e-add6-8a5977f0303d (table: Port_Group) {{(pid=86981) notify /opt/stack/neutron/neutron/plugins/ml2/drivers/ovn/mech_driver/ovsdb/ovsdb_monitor.py:1015}}
Jun 04 09:50:55.314847 np0000002123 devstack@neutron-api.service[86982]: DEBUG neutron.common.ovn.hash_ring_manager [None req-0b4eff26-ac7b-44d8-b8a6-b0deef5eb20d None None] Hash Ring loaded. 2 active nodes. 0 offline nodes {{(pid=86982) _load_hash_ring /opt/stack/neutron/neutron/common/ovn/hash_ring_manager.py:102}}
Jun 04 09:50:55.315046 np0000002123 devstack@neutron-api.service[86982]: DEBUG neutron.plugins.ml2.drivers.ovn.mech_driver.ovsdb.ovsdb_monitor [None req-0b4eff26-ac7b-44d8-b8a6-b0deef5eb20d None None] Hash Ring: Node 8f2fafa487d9585392c8e748c8e3b268 (host: np0000002123) handling event "create" for row 245b234e-453d-4a0f-97a6-cc2c9d7ef399 (table: ACL) {{(pid=86982) notify /opt/stack/neutron/neutron/plugins/ml2/drivers/ovn/mech_driver/ovsdb/ovsdb_monitor.py:1015}}
Jun 04 09:50:55.315257 np0000002123 devstack@neutron-api.service[86982]: DEBUG neutron.plugins.ml2.drivers.ovn.mech_driver.ovsdb.ovsdb_monitor [None req-0b4eff26-ac7b-44d8-b8a6-b0deef5eb20d None None] Hash Ring: Node 8f2fafa487d9585392c8e748c8e3b268 (host: np0000002123) handling event "create" for row befdec6b-d29c-4975-9f3e-195fc440d496 (table: ACL) {{(pid=86982) notify /opt/stack/neutron/neutron/plugins/ml2/drivers/ovn/mech_driver/ovsdb/ovsdb_monitor.py:1015}}
Jun 04 09:50:55.315407 np0000002123 devstack@neutron-api.service[86982]: DEBUG neutron.plugins.ml2.drivers.ovn.mech_driver.ovsdb.ovsdb_monitor [None req-0b4eff26-ac7b-44d8-b8a6-b0deef5eb20d None None] Hash Ring: Node 8f2fafa487d9585392c8e748c8e3b268 (host: np0000002123) handling event "create" for row dc0fa1e9-3156-41e1-9d6b-b351ebfb9bf9 (table: ACL) {{(pid=86982) notify /opt/stack/neutron/neutron/plugins/ml2/drivers/ovn/mech_driver/ovsdb/ovsdb_monitor.py:1015}}
Jun 04 09:50:55.330932 np0000002123 devstack@neutron-api.service[86982]: INFO neutron.db.ovn_revision_numbers_db [None req-73c55de8-dd90-4554-bb7e-4c4a03c85419 admin admin] Successfully bumped revision number for resource 65161c48-497f-4d04-a86a-886bbbdf25f4 (type: security_groups) to 1
Jun 04 09:50:55.342149 np0000002123 devstack@neutron-api.service[86982]: INFO neutron.db.ovn_revision_numbers_db [None req-73c55de8-dd90-4554-bb7e-4c4a03c85419 admin admin] Successfully bumped revision number for resource 42b4393e-cac7-4bd6-92ec-8226dd84a095 (type: security_group_rules) to 0
Jun 04 09:50:55.353721 np0000002123 devstack@neutron-api.service[86982]: INFO neutron.db.ovn_revision_numbers_db [None req-73c55de8-dd90-4554-bb7e-4c4a03c85419 admin admin] Successfully bumped revision number for resource ced013e6-77b5-4ba6-828f-d630f49c2d4e (type: security_group_rules) to 0
Jun 04 09:50:55.362987 np0000002123 devstack@neutron-api.service[86982]: INFO neutron.db.ovn_revision_numbers_db [None req-73c55de8-dd90-4554-bb7e-4c4a03c85419 admin admin] Successfully bumped revision number for resource ee2c606e-993b-4c4f-a39d-c76863452a6a (type: security_group_rules) to 0
Jun 04 09:50:55.373860 np0000002123 devstack@neutron-api.service[86982]: INFO neutron.db.ovn_revision_numbers_db [None req-73c55de8-dd90-4554-bb7e-4c4a03c85419 admin admin] Successfully bumped revision number for resource fea1713a-5be7-49cc-a986-186ea2483017 (type: security_group_rules) to 0
Jun 04 09:50:55.402240 np0000002123 devstack@neutron-api.service[86982]: DEBUG neutron.api.rpc.handlers.resources_rpc [None req-73c55de8-dd90-4554-bb7e-4c4a03c85419 admin admin] Pushing event updated for resources: {'SecurityGroup': ['ID=65161c48-497f-4d04-a86a-886bbbdf25f4,revision_number=1']} {{(pid=86982) push /opt/stack/neutron/neutron/api/rpc/handlers/resources_rpc.py:237}}
Jun 04 09:50:55.407786 np0000002123 devstack@neutron-api.service[86982]: DEBUG ovsdbapp.backend.ovs_idl.transaction [None req-0b4eff26-ac7b-44d8-b8a6-b0deef5eb20d None None] Running txn n=1 command(idx=0): CheckLivenessCommand(_result=None) {{(pid=86982) do_commit /opt/stack/data/venv/lib/python3.12/site-packages/ovsdbapp/backend/ovs_idl/transaction.py:89}}
Jun 04 09:50:55.410338 np0000002123 devstack@neutron-api.service[86982]: DEBUG neutron.plugins.ml2.drivers.ovn.mech_driver.ovsdb.ovsdb_monitor [None req-0b4eff26-ac7b-44d8-b8a6-b0deef5eb20d None None] Hash Ring: Node 8f2fafa487d9585392c8e748c8e3b268 (host: np0000002123) handling event "update" for row e1404c0d-bf26-4882-9696-1897665d6fd1 (table: NB_Global) {{(pid=86982) notify /opt/stack/neutron/neutron/plugins/ml2/drivers/ovn/mech_driver/ovsdb/ovsdb_monitor.py:1015}}
Jun 04 09:50:55.413630 np0000002123 devstack@neutron-api.service[86982]: DEBUG neutron.plugins.ml2.drivers.ovn.mech_driver.ovsdb.ovsdb_monitor [None req-0b4eff26-ac7b-44d8-b8a6-b0deef5eb20d None None] Hash Ring: Node 8f2fafa487d9585392c8e748c8e3b268 (host: np0000002123) handling event "update" for row e1404c0d-bf26-4882-9696-1897665d6fd1 (table: NB_Global) {{(pid=86982) notify /opt/stack/neutron/neutron/plugins/ml2/drivers/ovn/mech_driver/ovsdb/ovsdb_monitor.py:1015}}
Jun 04 09:50:55.414639 np0000002123 devstack@neutron-api.service[86982]: DEBUG neutron.plugins.ml2.drivers.ovn.mech_driver.ovsdb.ovsdb_monitor [None req-0b4eff26-ac7b-44d8-b8a6-b0deef5eb20d None None] Hash Ring: Node 8f2fafa487d9585392c8e748c8e3b268 (host: np0000002123) handling event "update" for row e1404c0d-bf26-4882-9696-1897665d6fd1 (table: NB_Global) {{(pid=86982) notify /opt/stack/neutron/neutron/plugins/ml2/drivers/ovn/mech_driver/ovsdb/ovsdb_monitor.py:1015}}
Jun 04 09:50:55.418743 np0000002123 devstack@neutron-api.service[86981]: DEBUG neutron.plugins.ml2.drivers.ovn.mech_driver.ovsdb.ovsdb_monitor [None req-93fb7090-1355-4c21-a333-92fed6629f97 None None] ChassisAgentWriteEvent : Matched Chassis_Private, update, None None {{(pid=86981) matches /opt/stack/neutron/neutron/plugins/ml2/drivers/ovn/mech_driver/ovsdb/ovsdb_monitor.py:64}}
Jun 04 09:50:55.419039 np0000002123 devstack@neutron-api.service[86982]: DEBUG neutron.plugins.ml2.drivers.ovn.mech_driver.ovsdb.ovsdb_monitor [None req-0b4eff26-ac7b-44d8-b8a6-b0deef5eb20d None None] Hash Ring: Node 8f2fafa487d9585392c8e748c8e3b268 (host: np0000002123) handling event "update" for row e1404c0d-bf26-4882-9696-1897665d6fd1 (table: NB_Global) {{(pid=86982) notify /opt/stack/neutron/neutron/plugins/ml2/drivers/ovn/mech_driver/ovsdb/ovsdb_monitor.py:1015}}
Jun 04 09:50:55.419671 np0000002123 devstack@neutron-api.service[86982]: DEBUG neutron.plugins.ml2.drivers.ovn.mech_driver.ovsdb.ovsdb_monitor [None req-19486bf1-ec1b-4fac-9d1b-726f5a3160ec None None] ChassisAgentWriteEvent : Matched Chassis_Private, update, None None {{(pid=86982) matches /opt/stack/neutron/neutron/plugins/ml2/drivers/ovn/mech_driver/ovsdb/ovsdb_monitor.py:64}}
Jun 04 09:50:55.425542 np0000002123 devstack@neutron-api.service[86982]: DEBUG neutron.api.rpc.callbacks.version_manager [None req-73c55de8-dd90-4554-bb7e-4c4a03c85419 admin admin] Tracked resource versions report:
Jun 04 09:50:55.425542 np0000002123 devstack@neutron-api.service[86982]: pushed versions:
Jun 04 09:50:55.425542 np0000002123 devstack@neutron-api.service[86982]: { 'AddressGroup': {'1.2'},
Jun 04 09:50:55.425542 np0000002123 devstack@neutron-api.service[86982]: 'Agent': {'1.1'},
Jun 04 09:50:55.425542 np0000002123 devstack@neutron-api.service[86982]: 'ConntrackHelper': {'1.0'},
Jun 04 09:50:55.425542 np0000002123 devstack@neutron-api.service[86982]: 'LocalIPAssociation': {'1.0'},
Jun 04 09:50:55.425542 np0000002123 devstack@neutron-api.service[86982]: 'Log': {'1.0'},
Jun 04 09:50:55.425542 np0000002123 devstack@neutron-api.service[86982]: 'NDPProxy': {'1.0'},
Jun 04 09:50:55.425542 np0000002123 devstack@neutron-api.service[86982]: 'Network': {'1.3'},
Jun 04 09:50:55.425542 np0000002123 devstack@neutron-api.service[86982]: 'Port': {'1.11'},
Jun 04 09:50:55.425542 np0000002123 devstack@neutron-api.service[86982]: 'PortForwarding': {'1.3'},
Jun 04 09:50:55.425542 np0000002123 devstack@neutron-api.service[86982]: 'QosPolicy': {'1.10'},
Jun 04 09:50:55.425542 np0000002123 devstack@neutron-api.service[86982]: 'SecurityGroup': {'1.6'},
Jun 04 09:50:55.425542 np0000002123 devstack@neutron-api.service[86982]: 'SecurityGroupRule': {'1.3'},
Jun 04 09:50:55.425542 np0000002123 devstack@neutron-api.service[86982]: 'SubPort': {'1.0'},
Jun 04 09:50:55.425542 np0000002123 devstack@neutron-api.service[86982]: 'Subnet': {'1.2'},
Jun 04 09:50:55.425542 np0000002123 devstack@neutron-api.service[86982]: 'Trunk': {'1.1'}}
Jun 04 09:50:55.425542 np0000002123 devstack@neutron-api.service[86982]: consumer versions:
Jun 04 09:50:55.425542 np0000002123 devstack@neutron-api.service[86982]: { OVN Controller Gateway agent@np0000002123: {},
Jun 04 09:50:55.425542 np0000002123 devstack@neutron-api.service[86982]: OVN Neutron agent@np0000002123: {}}
Jun 04 09:50:55.425542 np0000002123 devstack@neutron-api.service[86982]: {{(pid=86982) report /opt/stack/neutron/neutron/api/rpc/callbacks/version_manager.py:183}}
Jun 04 09:50:55.427582 np0000002123 devstack@neutron-api.service[86981]: DEBUG neutron.common.ovn.hash_ring_manager [None req-93fb7090-1355-4c21-a333-92fed6629f97 None None] Hash Ring loaded. 2 active nodes. 0 offline nodes {{(pid=86981) _load_hash_ring /opt/stack/neutron/neutron/common/ovn/hash_ring_manager.py:102}}
Jun 04 09:50:55.427745 np0000002123 devstack@neutron-api.service[86981]: DEBUG neutron.plugins.ml2.drivers.ovn.mech_driver.ovsdb.ovsdb_monitor [None req-93fb7090-1355-4c21-a333-92fed6629f97 None None] Hash Ring: Node 137b39e5e17d52408e78acb1ab468d89 (host: np0000002123) handling event "update" for row 18b714cb-7bd7-4cae-b9a3-10517d4d8fc7 (table: Chassis_Private) {{(pid=86981) notify /opt/stack/neutron/neutron/plugins/ml2/drivers/ovn/mech_driver/ovsdb/ovsdb_monitor.py:1015}}
Jun 04 09:50:55.432204 np0000002123 devstack@neutron-api.service[86982]: DEBUG neutron.common.ovn.hash_ring_manager [None req-19486bf1-ec1b-4fac-9d1b-726f5a3160ec None None] Hash Ring loaded. 2 active nodes. 0 offline nodes {{(pid=86982) _load_hash_ring /opt/stack/neutron/neutron/common/ovn/hash_ring_manager.py:102}}
Jun 04 09:50:55.454907 np0000002123 devstack@neutron-api.service[86982]: DEBUG neutron.plugins.ml2.drivers.helpers [None req-73c55de8-dd90-4554-bb7e-4c4a03c85419 admin admin] geneve segment allocate from pool success with {'geneve_vni': 64278} {{(pid=86982) allocate_partially_specified_segment /opt/stack/neutron/neutron/plugins/ml2/drivers/helpers.py:142}}
Jun 04 09:50:55.461981 np0000002123 devstack@neutron-api.service[86982]: DEBUG neutron_lib.callbacks.manager [None req-73c55de8-dd90-4554-bb7e-4c4a03c85419 admin admin] Publish callbacks ['neutron.plugins.ml2.plugin.Ml2Plugin._handle_segment_change-187576'] for segment (ef973ed9-743e-482a-beac-aa061ce3aa3b), precommit_create {{(pid=86982) _notify_loop /opt/stack/data/venv/lib/python3.12/site-packages/neutron_lib/callbacks/manager.py:184}}
Jun 04 09:50:55.462201 np0000002123 devstack@neutron-api.service[86982]: INFO neutron.db.segments_db [None req-73c55de8-dd90-4554-bb7e-4c4a03c85419 admin admin] Added segment ef973ed9-743e-482a-beac-aa061ce3aa3b of type geneve for network 46cefd05-f132-46af-8489-f28830c5509b
Jun 04 09:50:55.474418 np0000002123 devstack@neutron-api.service[86982]: DEBUG neutron_lib.callbacks.manager [None req-73c55de8-dd90-4554-bb7e-4c4a03c85419 admin admin] Publish callbacks ['neutron.services.auto_allocate.db._ensure_external_network_default_value_callback-8603638336032'] for network (46cefd05-f132-46af-8489-f28830c5509b), precommit_create {{(pid=86982) _notify_loop /opt/stack/data/venv/lib/python3.12/site-packages/neutron_lib/callbacks/manager.py:184}}
Jun 04 09:50:55.484687 np0000002123 devstack@neutron-api.service[86982]: DEBUG neutron.plugins.ml2.drivers.ovn.mech_driver.mech_driver [None req-73c55de8-dd90-4554-bb7e-4c4a03c85419 admin admin] Validating network segment with type geneve, segmentation ID 64278, physical network None {{(pid=86982) _validate_network_segments /opt/stack/neutron/neutron/plugins/ml2/drivers/ovn/mech_driver/mech_driver.py:643}}
Jun 04 09:50:55.484883 np0000002123 devstack@neutron-api.service[86982]: DEBUG neutron.db.ovn_revision_numbers_db [None req-73c55de8-dd90-4554-bb7e-4c4a03c85419 admin admin] create_initial_revision uuid=46cefd05-f132-46af-8489-f28830c5509b, type=networks, rev=-1 {{(pid=86982) create_initial_revision /opt/stack/neutron/neutron/db/ovn_revision_numbers_db.py:98}}
Jun 04 09:50:55.491920 np0000002123 devstack@neutron-api.service[86982]: DEBUG neutron_lib.callbacks.manager [None req-73c55de8-dd90-4554-bb7e-4c4a03c85419 admin admin] Publish callbacks ['neutron.plugins.ml2.ovo_rpc._ObjectChangeHandler.handle_event-4064111'] for network (46cefd05-f132-46af-8489-f28830c5509b), after_create {{(pid=86982) _notify_loop /opt/stack/data/venv/lib/python3.12/site-packages/neutron_lib/callbacks/manager.py:184}}
Jun 04 09:50:55.506454 np0000002123 devstack@neutron-api.service[86982]: DEBUG neutron.api.rpc.handlers.resources_rpc [None req-73c55de8-dd90-4554-bb7e-4c4a03c85419 admin admin] Pushing event updated for resources: {'Network': ['ID=46cefd05-f132-46af-8489-f28830c5509b,revision_number=1']} {{(pid=86982) push /opt/stack/neutron/neutron/api/rpc/handlers/resources_rpc.py:237}}
Jun 04 09:50:55.513777 np0000002123 devstack@neutron-api.service[86982]: DEBUG ovsdbapp.backend.ovs_idl.transaction [None req-0b4eff26-ac7b-44d8-b8a6-b0deef5eb20d None None] Running txn n=1 command(idx=0): AddNetworkCommand(_result=None, network_uuid=46cefd05-f132-46af-8489-f28830c5509b, may_exist=True, columns={'external_ids': {'neutron:network_name': 'tempest-VolumesAssistedSnapshotsTest-895507193-network', 'neutron:mtu': '1372', 'neutron:revision_number': '1', 'neutron:availability_zone_hints': '', 'neutron:provnet-network-type': 'geneve'}, 'other_config': {'mcast_snoop': 'false', 'mcast_flood_unregistered': 'false', 'vlan-passthru': 'false'}}) {{(pid=86982) do_commit /opt/stack/data/venv/lib/python3.12/site-packages/ovsdbapp/backend/ovs_idl/transaction.py:89}}
Jun 04 09:50:55.534274 np0000002123 devstack@neutron-api.service[86981]: DEBUG neutron.plugins.ml2.drivers.ovn.mech_driver.ovsdb.ovsdb_monitor [None req-3fa6e436-3910-41ea-a095-05bbb160744a None None] Hash Ring: Node 137b39e5e17d52408e78acb1ab468d89 (host: np0000002123) handling event "create" for row 46cefd05-f132-46af-8489-f28830c5509b (table: Logical_Switch) {{(pid=86981) notify /opt/stack/neutron/neutron/plugins/ml2/drivers/ovn/mech_driver/ovsdb/ovsdb_monitor.py:1015}}
Jun 04 09:50:55.535601 np0000002123 devstack@neutron-api.service[86981]: DEBUG neutron.plugins.ml2.drivers.ovn.mech_driver.ovsdb.ovsdb_monitor [None req-93fb7090-1355-4c21-a333-92fed6629f97 None None] Hash Ring: Node 137b39e5e17d52408e78acb1ab468d89 (host: np0000002123) handling event "create" for row 365a2850-8b87-45d2-a510-ae1883022b3e (table: Datapath_Binding) {{(pid=86981) notify /opt/stack/neutron/neutron/plugins/ml2/drivers/ovn/mech_driver/ovsdb/ovsdb_monitor.py:1015}}
Jun 04 09:50:55.554173 np0000002123 devstack@neutron-api.service[86982]: INFO neutron.db.ovn_revision_numbers_db [None req-73c55de8-dd90-4554-bb7e-4c4a03c85419 admin admin] Successfully bumped revision number for resource 46cefd05-f132-46af-8489-f28830c5509b (type: networks) to 1
Jun 04 09:50:55.565482 np0000002123 devstack@neutron-api.service[86982]: DEBUG neutron_lib.callbacks.manager [None req-73c55de8-dd90-4554-bb7e-4c4a03c85419 admin admin] Publish callbacks ['neutron.plugins.ml2.plugin.SecurityGroupDbMixin._ensure_default_security_group_handler-852484'] for port (None), before_create {{(pid=86982) _notify_loop /opt/stack/data/venv/lib/python3.12/site-packages/neutron_lib/callbacks/manager.py:184}}
Jun 04 09:50:55.635719 np0000002123 devstack@neutron-api.service[86982]: DEBUG neutron_lib.callbacks.manager [None req-73c55de8-dd90-4554-bb7e-4c4a03c85419 admin admin] Publish callbacks ['neutron.plugins.ml2.drivers.ovn.mech_driver.mech_driver.OVNMechanismDriver._validate_allowed_address_pairs-479082'] for allowed_address_pair (14e7256c-780e-409b-8d56-96769d143162), before_create {{(pid=86982) _notify_loop /opt/stack/data/venv/lib/python3.12/site-packages/neutron_lib/callbacks/manager.py:184}}
Jun 04 09:50:55.636473 np0000002123 devstack@neutron-api.service[86982]: DEBUG neutron_lib.callbacks.manager [None req-73c55de8-dd90-4554-bb7e-4c4a03c85419 admin admin] Publish callbacks [] for port (14e7256c-780e-409b-8d56-96769d143162), precommit_create {{(pid=86982) _notify_loop /opt/stack/data/venv/lib/python3.12/site-packages/neutron_lib/callbacks/manager.py:184}}
Jun 04 09:50:55.636720 np0000002123 devstack@neutron-api.service[86982]: DEBUG neutron.plugins.ml2.drivers.ovn.mech_driver.mech_driver [None req-73c55de8-dd90-4554-bb7e-4c4a03c85419 admin admin] No provisioning block for port 14e7256c-780e-409b-8d56-96769d143162 since it does not have a host {{(pid=86982) _is_port_provisioning_required /opt/stack/neutron/neutron/plugins/ml2/drivers/ovn/mech_driver/mech_driver.py:896}}
