Jun 16 02:54:41.884459 np0000002909 devstack@g-api.service[102036]: DEBUG glance_store.location [-] Registering scheme swift+config with {'store': , 'location_class': , 'store_entry': 'swift'} {{(pid=102036) register_scheme_map /opt/stack/data/venv/lib/python3.12/site-packages/glance_store/location.py:146}}
Jun 16 02:54:41.884509 np0000002909 devstack@g-api.service[102036]: DEBUG glance_store.backend [-] Attempting to import store file {{(pid=102036) _load_store /opt/stack/data/venv/lib/python3.12/site-packages/glance_store/backend.py:215}}
Jun 16 02:54:41.884953 np0000002909 devstack@g-api.service[102036]: DEBUG glance_store.capabilities [-] Store glance_store._drivers.filesystem.Store doesn't support updating dynamic storage capabilities. Please overwrite 'update_capabilities' method of the store to implement updating logics if needed. {{(pid=102036) update_capabilities /opt/stack/data/venv/lib/python3.12/site-packages/glance_store/capabilities.py:91}}
Jun 16 02:54:41.885009 np0000002909 devstack@g-api.service[102036]: DEBUG glance_store.backend [-] Registering store file with schemes ('file', 'filesystem') {{(pid=102036) create_stores /opt/stack/data/venv/lib/python3.12/site-packages/glance_store/backend.py:261}}
Jun 16 02:54:41.885079 np0000002909 devstack@g-api.service[102036]: DEBUG glance_store.driver [-] Late loading location class glance_store._drivers.filesystem.StoreLocation {{(pid=102036) get_store_location_class /opt/stack/data/venv/lib/python3.12/site-packages/glance_store/driver.py:134}}
Jun 16 02:54:41.885139 np0000002909 devstack@g-api.service[102036]: DEBUG glance_store.location [-] Registering scheme file with {'store': , 'location_class': , 'store_entry': 'file'} {{(pid=102036) register_scheme_map /opt/stack/data/venv/lib/python3.12/site-packages/glance_store/location.py:146}}
Jun 16 02:54:41.885179 np0000002909 devstack@g-api.service[102036]: DEBUG glance_store.location [-] Registering scheme filesystem with {'store': , 'location_class': , 'store_entry': 'file'} {{(pid=102036) register_scheme_map /opt/stack/data/venv/lib/python3.12/site-packages/glance_store/location.py:146}}
Jun 16 02:54:41.885234 np0000002909 devstack@g-api.service[102036]: DEBUG glance_store.backend [-] Attempting to import store http {{(pid=102036) _load_store /opt/stack/data/venv/lib/python3.12/site-packages/glance_store/backend.py:215}}
Jun 16 02:54:41.885387 np0000002909 devstack@g-api.service[102036]: DEBUG glance_store.capabilities [-] Store glance_store._drivers.http.Store doesn't support updating dynamic storage capabilities. Please overwrite 'update_capabilities' method of the store to implement updating logics if needed. {{(pid=102036) update_capabilities /opt/stack/data/venv/lib/python3.12/site-packages/glance_store/capabilities.py:91}}
Jun 16 02:54:41.885434 np0000002909 devstack@g-api.service[102036]: DEBUG glance_store.backend [-] Registering store http with schemes ('http', 'https') {{(pid=102036) create_stores /opt/stack/data/venv/lib/python3.12/site-packages/glance_store/backend.py:261}}
Jun 16 02:54:41.885482 np0000002909 devstack@g-api.service[102036]: DEBUG glance_store.driver [-] Late loading location class glance_store._drivers.http.StoreLocation {{(pid=102036) get_store_location_class /opt/stack/data/venv/lib/python3.12/site-packages/glance_store/driver.py:134}}
Jun 16 02:54:41.885550 np0000002909 devstack@g-api.service[102036]: DEBUG glance_store.location [-] Registering scheme http with {'store': , 'location_class': , 'store_entry': 'http'} {{(pid=102036) register_scheme_map /opt/stack/data/venv/lib/python3.12/site-packages/glance_store/location.py:146}}
Jun 16 02:54:41.885601 np0000002909 devstack@g-api.service[102036]: DEBUG glance_store.location [-] Registering scheme https with {'store': , 'location_class': , 'store_entry': 'http'} {{(pid=102036) register_scheme_map /opt/stack/data/venv/lib/python3.12/site-packages/glance_store/location.py:146}}
Jun 16 02:54:41.885690 np0000002909 devstack@g-api.service[102036]: DEBUG glance_store.backend [-] Attempting to import store swift {{(pid=102036) _load_store /opt/stack/data/venv/lib/python3.12/site-packages/glance_store/backend.py:215}}
Jun 16 02:54:41.886636 np0000002909 devstack@g-api.service[102036]: DEBUG glance_store.capabilities [-] Store glance_store._drivers.swift.store.SingleTenantStore doesn't support updating dynamic storage capabilities. Please overwrite 'update_capabilities' method of the store to implement updating logics if needed. {{(pid=102036) update_capabilities /opt/stack/data/venv/lib/python3.12/site-packages/glance_store/capabilities.py:91}}
Jun 16 02:54:41.886693 np0000002909 devstack@g-api.service[102036]: DEBUG glance_store.driver [-] Late loading location class glance_store._drivers.swift.store.StoreLocation {{(pid=102036) get_store_location_class /opt/stack/data/venv/lib/python3.12/site-packages/glance_store/driver.py:134}}
Jun 16 02:54:41.886750 np0000002909 devstack@g-api.service[102036]: DEBUG glance_store.location [-] Registering scheme swift+https with {'store': , 'location_class': , 'store_entry': 'swift'} {{(pid=102036) register_scheme_map /opt/stack/data/venv/lib/python3.12/site-packages/glance_store/location.py:146}}
Jun 16 02:54:41.886794 np0000002909 devstack@g-api.service[102036]: DEBUG glance_store.location [-] Registering scheme swift+https with {'store': , 'location_class': , 'store_entry': 'swift'} {{(pid=102036) register_scheme_map /opt/stack/data/venv/lib/python3.12/site-packages/glance_store/location.py:146}}
Jun 16 02:54:41.886845 np0000002909 devstack@g-api.service[102036]: DEBUG glance_store.location [-] Registering scheme swift with {'store': , 'location_class': , 'store_entry': 'swift'} {{(pid=102036) register_scheme_map /opt/stack/data/venv/lib/python3.12/site-packages/glance_store/location.py:146}}
Jun 16 02:54:41.886888 np0000002909 devstack@g-api.service[102036]: DEBUG glance_store.location [-] Registering scheme swift+https with {'store': , 'location_class': , 'store_entry': 'swift'} {{(pid=102036) register_scheme_map /opt/stack/data/venv/lib/python3.12/site-packages/glance_store/location.py:146}}
Jun 16 02:54:41.886935 np0000002909 devstack@g-api.service[102036]: DEBUG glance_store.location [-] Registering scheme swift with {'store': , 'location_class': , 'store_entry': 'swift'} {{(pid=102036) register_scheme_map /opt/stack/data/venv/lib/python3.12/site-packages/glance_store/location.py:146}}
Jun 16 02:54:41.886980 np0000002909 devstack@g-api.service[102036]: DEBUG glance_store.location [-] Registering scheme swift+http with {'store': , 'location_class': , 'store_entry': 'swift'} {{(pid=102036) register_scheme_map /opt/stack/data/venv/lib/python3.12/site-packages/glance_store/location.py:146}}
Jun 16 02:54:41.887019 np0000002909 devstack@g-api.service[102036]: DEBUG glance_store.location [-] Registering scheme swift+https with {'store': , 'location_class': , 'store_entry': 'swift'} {{(pid=102036) register_scheme_map /opt/stack/data/venv/lib/python3.12/site-packages/glance_store/location.py:146}}
Jun 16 02:54:41.887091 np0000002909 devstack@g-api.service[102036]: DEBUG glance_store.location [-] Registering scheme swift with {'store': , 'location_class': , 'store_entry': 'swift'} {{(pid=102036) register_scheme_map /opt/stack/data/venv/lib/python3.12/site-packages/glance_store/location.py:146}}
Jun 16 02:54:41.887150 np0000002909 devstack@g-api.service[102036]: DEBUG glance_store.location [-] Registering scheme swift+http with {'store': , 'location_class': , 'store_entry': 'swift'} {{(pid=102036) register_scheme_map /opt/stack/data/venv/lib/python3.12/site-packages/glance_store/location.py:146}}
Jun 16 02:54:41.887198 np0000002909 devstack@g-api.service[102036]: DEBUG glance_store.location [-] Registering scheme swift+config with {'store': , 'location_class': , 'store_entry': 'swift'} {{(pid=102036) register_scheme_map /opt/stack/data/venv/lib/python3.12/site-packages/glance_store/location.py:146}}
Jun 16 02:54:41.887413 np0000002909 devstack@g-api.service[102036]: DEBUG glance.sqlite_migration [-] SQLite caching database not located, skipping migration {{(pid=102036) get_db_path /opt/stack/glance/glance/sqlite_migration.py:68}}
Jun 16 02:54:41.887585 np0000002909 devstack@g-api.service[102036]: WARNING glance.common.wsgi_app [-] Import methods are enabled but staging directory /tmp/staging/ does not exist; Imports will fail!
Jun 16 02:54:42.012235 np0000002909 devstack@g-api.service[102035]: DEBUG glance.common.config [None req-f2afe5c5-d958-489a-9288-fb73201f413b None None] Loading glance-api-keystone+cachemanagement from /etc/glance/glance-api-paste.ini {{(pid=102035) load_paste_app /opt/stack/glance/glance/common/config.py:758}}
Jun 16 02:54:42.031123 np0000002909 devstack@g-api.service[102037]: DEBUG glance.common.config [None req-82b7e0a4-6efe-4d55-850e-a4e72638e94c None None] Loading glance-api-keystone+cachemanagement from /etc/glance/glance-api-paste.ini {{(pid=102037) load_paste_app /opt/stack/glance/glance/common/config.py:758}}
Jun 16 02:54:42.133609 np0000002909 devstack@g-api.service[102036]: DEBUG glance.common.config [None req-1003ea92-af04-4b55-be14-08aef2a705b8 None None] Loading glance-api-keystone+cachemanagement from /etc/glance/glance-api-paste.ini {{(pid=102036) load_paste_app /opt/stack/glance/glance/common/config.py:758}}
Jun 16 02:54:42.584730 np0000002909 devstack@g-api.service[102035]: INFO glance.image_cache [None req-f2afe5c5-d958-489a-9288-fb73201f413b None None] Image cache loaded driver 'centralized_db'.
Jun 16 02:54:42.586125 np0000002909 devstack@g-api.service[102037]: INFO glance.image_cache [None req-82b7e0a4-6efe-4d55-850e-a4e72638e94c None None] Image cache loaded driver 'centralized_db'.
Jun 16 02:54:42.628228 np0000002909 devstack@g-api.service[102035]: INFO dbcounter [None req-f2afe5c5-d958-489a-9288-fb73201f413b None None] Registered counter for database glance
Jun 16 02:54:42.628783 np0000002909 devstack@g-api.service[102037]: INFO dbcounter [None req-82b7e0a4-6efe-4d55-850e-a4e72638e94c None None] Registered counter for database glance
Jun 16 02:54:42.629861 np0000002909 devstack@g-api.service[102036]: INFO glance.image_cache [None req-1003ea92-af04-4b55-be14-08aef2a705b8 None None] Image cache loaded driver 'centralized_db'.
Jun 16 02:54:42.671508 np0000002909 devstack@g-api.service[102035]: DEBUG oslo_db.sqlalchemy.engines [None req-f2afe5c5-d958-489a-9288-fb73201f413b None None] MySQL server mode set to STRICT_TRANS_TABLES,STRICT_ALL_TABLES,NO_ZERO_IN_DATE,NO_ZERO_DATE,ERROR_FOR_DIVISION_BY_ZERO,TRADITIONAL,NO_ENGINE_SUBSTITUTION {{(pid=102035) _check_effective_sql_mode /opt/stack/data/venv/lib/python3.12/site-packages/oslo_db/sqlalchemy/engines.py:325}}
Jun 16 02:54:42.672615 np0000002909 devstack@g-api.service[102036]: INFO dbcounter [None req-1003ea92-af04-4b55-be14-08aef2a705b8 None None] Registered counter for database glance
Jun 16 02:54:42.675274 np0000002909 devstack@g-api.service[102037]: DEBUG oslo_db.sqlalchemy.engines [None req-82b7e0a4-6efe-4d55-850e-a4e72638e94c None None] MySQL server mode set to STRICT_TRANS_TABLES,STRICT_ALL_TABLES,NO_ZERO_IN_DATE,NO_ZERO_DATE,ERROR_FOR_DIVISION_BY_ZERO,TRADITIONAL,NO_ENGINE_SUBSTITUTION {{(pid=102037) _check_effective_sql_mode /opt/stack/data/venv/lib/python3.12/site-packages/oslo_db/sqlalchemy/engines.py:325}}
Jun 16 02:54:42.693614 np0000002909 devstack@g-api.service[102035]: DEBUG dbcounter [-] [102035] Writer thread running {{(pid=102035) stat_writer /opt/stack/data/venv/lib/python3.12/site-packages/dbcounter.py:102}}
Jun 16 02:54:42.695278 np0000002909 devstack@g-api.service[102037]: DEBUG dbcounter [-] [102037] Writer thread running {{(pid=102037) stat_writer /opt/stack/data/venv/lib/python3.12/site-packages/dbcounter.py:102}}
Jun 16 02:54:42.699961 np0000002909 devstack@g-api.service[102037]: DEBUG glance.image_cache.drivers.centralized_db [None req-82b7e0a4-6efe-4d55-850e-a4e72638e94c None None] Node reference is already recorded, ignoring it {{(pid=102037) configure /opt/stack/glance/glance/image_cache/drivers/centralized_db.py:71}}
Jun 16 02:54:42.704337 np0000002909 devstack@g-api.service[102035]: INFO glance.image_cache [None req-f2afe5c5-d958-489a-9288-fb73201f413b None None] Image cache loaded driver 'centralized_db'.
Jun 16 02:54:42.704622 np0000002909 devstack@g-api.service[102037]: INFO glance.image_cache [None req-82b7e0a4-6efe-4d55-850e-a4e72638e94c None None] Image cache loaded driver 'centralized_db'.
Jun 16 02:54:42.710982 np0000002909 devstack@g-api.service[102037]: DEBUG glance.image_cache.drivers.centralized_db [None req-82b7e0a4-6efe-4d55-850e-a4e72638e94c None None] Node reference is already recorded, ignoring it {{(pid=102037) configure /opt/stack/glance/glance/image_cache/drivers/centralized_db.py:71}}
Jun 16 02:54:42.711205 np0000002909 devstack@g-api.service[102035]: DEBUG glance.image_cache.drivers.centralized_db [None req-f2afe5c5-d958-489a-9288-fb73201f413b None None] Node reference is already recorded, ignoring it {{(pid=102035) configure /opt/stack/glance/glance/image_cache/drivers/centralized_db.py:71}}
Jun 16 02:54:42.715203 np0000002909 devstack@g-api.service[102037]: DEBUG glance.api.v2.cached_images [None req-82b7e0a4-6efe-4d55-850e-a4e72638e94c None None] Started cache worker thread {{(pid=102037) __init__ /opt/stack/glance/glance/api/v2/cached_images.py:69}}
Jun 16 02:54:42.715320 np0000002909 devstack@g-api.service[102036]: DEBUG oslo_db.sqlalchemy.engines [None req-1003ea92-af04-4b55-be14-08aef2a705b8 None None] MySQL server mode set to STRICT_TRANS_TABLES,STRICT_ALL_TABLES,NO_ZERO_IN_DATE,NO_ZERO_DATE,ERROR_FOR_DIVISION_BY_ZERO,TRADITIONAL,NO_ENGINE_SUBSTITUTION {{(pid=102036) _check_effective_sql_mode /opt/stack/data/venv/lib/python3.12/site-packages/oslo_db/sqlalchemy/engines.py:325}}
Jun 16 02:54:42.715678 np0000002909 devstack@g-api.service[102037]: INFO glance.image_cache [None req-82b7e0a4-6efe-4d55-850e-a4e72638e94c None None] Image cache loaded driver 'centralized_db'.
Jun 16 02:54:42.715950 np0000002909 devstack@g-api.service[102035]: DEBUG glance.api.v2.cached_images [None req-f2afe5c5-d958-489a-9288-fb73201f413b None None] Started cache worker thread {{(pid=102035) __init__ /opt/stack/glance/glance/api/v2/cached_images.py:69}}
Jun 16 02:54:42.716676 np0000002909 devstack@g-api.service[102035]: INFO glance.image_cache [None req-f2afe5c5-d958-489a-9288-fb73201f413b None None] Image cache loaded driver 'centralized_db'.
Jun 16 02:54:42.721564 np0000002909 devstack@g-api.service[102037]: DEBUG glance.image_cache.drivers.centralized_db [None req-82b7e0a4-6efe-4d55-850e-a4e72638e94c None None] Node reference is already recorded, ignoring it {{(pid=102037) configure /opt/stack/glance/glance/image_cache/drivers/centralized_db.py:71}}
Jun 16 02:54:42.723419 np0000002909 devstack@g-api.service[102035]: DEBUG glance.image_cache.drivers.centralized_db [None req-f2afe5c5-d958-489a-9288-fb73201f413b None None] Node reference is already recorded, ignoring it {{(pid=102035) configure /opt/stack/glance/glance/image_cache/drivers/centralized_db.py:71}}
Jun 16 02:54:42.726414 np0000002909 devstack@g-api.service[102037]: INFO glance.api.middleware.cache_manage [None req-82b7e0a4-6efe-4d55-850e-a4e72638e94c None None] Initialized image cache management middleware
Jun 16 02:54:42.726557 np0000002909 devstack@g-api.service[102037]: INFO glance.image_cache [None req-82b7e0a4-6efe-4d55-850e-a4e72638e94c None None] Image cache loaded driver 'centralized_db'.
Jun 16 02:54:42.729694 np0000002909 devstack@g-api.service[102035]: INFO glance.api.middleware.cache_manage [None req-f2afe5c5-d958-489a-9288-fb73201f413b None None] Initialized image cache management middleware
Jun 16 02:54:42.729884 np0000002909 devstack@g-api.service[102035]: INFO glance.image_cache [None req-f2afe5c5-d958-489a-9288-fb73201f413b None None] Image cache loaded driver 'centralized_db'.
Jun 16 02:54:42.735967 np0000002909 devstack@g-api.service[102036]: DEBUG dbcounter [-] [102036] Writer thread running {{(pid=102036) stat_writer /opt/stack/data/venv/lib/python3.12/site-packages/dbcounter.py:102}}
Jun 16 02:54:42.738574 np0000002909 devstack@g-api.service[102036]: DEBUG glance.image_cache.drivers.centralized_db [None req-1003ea92-af04-4b55-be14-08aef2a705b8 None None] Node reference is already recorded, ignoring it {{(pid=102036) configure /opt/stack/glance/glance/image_cache/drivers/centralized_db.py:71}}
Jun 16 02:54:42.743472 np0000002909 devstack@g-api.service[102036]: INFO glance.image_cache [None req-1003ea92-af04-4b55-be14-08aef2a705b8 None None] Image cache loaded driver 'centralized_db'.
Jun 16 02:54:42.750295 np0000002909 devstack@g-api.service[102036]: DEBUG glance.image_cache.drivers.centralized_db [None req-1003ea92-af04-4b55-be14-08aef2a705b8 None None] Node reference is already recorded, ignoring it {{(pid=102036) configure /opt/stack/glance/glance/image_cache/drivers/centralized_db.py:71}}
Jun 16 02:54:42.754850 np0000002909 devstack@g-api.service[102036]: DEBUG glance.api.v2.cached_images [None req-1003ea92-af04-4b55-be14-08aef2a705b8 None None] Started cache worker thread {{(pid=102036) __init__ /opt/stack/glance/glance/api/v2/cached_images.py:69}}
Jun 16 02:54:42.755388 np0000002909 devstack@g-api.service[102036]: INFO glance.image_cache [None req-1003ea92-af04-4b55-be14-08aef2a705b8 None None] Image cache loaded driver 'centralized_db'.
Jun 16 02:54:42.821068 np0000002909 devstack@g-api.service[102037]: DEBUG glance.image_cache.drivers.centralized_db [None req-82b7e0a4-6efe-4d55-850e-a4e72638e94c None None] Node reference is already recorded, ignoring it {{(pid=102037) configure /opt/stack/glance/glance/image_cache/drivers/centralized_db.py:71}}
Jun 16 02:54:42.824400 np0000002909 devstack@g-api.service[102037]: INFO glance.api.middleware.cache [None req-82b7e0a4-6efe-4d55-850e-a4e72638e94c None None] Initialized image cache middleware
Jun 16 02:54:42.827868 np0000002909 devstack@g-api.service[102035]: DEBUG glance.image_cache.drivers.centralized_db [None req-f2afe5c5-d958-489a-9288-fb73201f413b None None] Node reference is already recorded, ignoring it {{(pid=102035) configure /opt/stack/glance/glance/image_cache/drivers/centralized_db.py:71}}
Jun 16 02:54:42.833448 np0000002909 devstack@g-api.service[102035]: INFO glance.api.middleware.cache [None req-f2afe5c5-d958-489a-9288-fb73201f413b None None] Initialized image cache middleware
Jun 16 02:54:42.834715 np0000002909 devstack@g-api.service[102037]: DEBUG glance.common.config [None req-82b7e0a4-6efe-4d55-850e-a4e72638e94c None None] ******************************************************************************** {{(pid=102037) log_opt_values /opt/stack/data/venv/lib/python3.12/site-packages/oslo_config/cfg.py:3226}}
Jun 16 02:54:42.834822 np0000002909 devstack@g-api.service[102037]: DEBUG glance.common.config [None req-82b7e0a4-6efe-4d55-850e-a4e72638e94c None None] Configuration options gathered from: {{(pid=102037) log_opt_values /opt/stack/data/venv/lib/python3.12/site-packages/oslo_config/cfg.py:3227}}
Jun 16 02:54:42.835104 np0000002909 devstack@g-api.service[102037]: DEBUG glance.common.config [None req-82b7e0a4-6efe-4d55-850e-a4e72638e94c None None] command line args: [] {{(pid=102037) log_opt_values /opt/stack/data/venv/lib/python3.12/site-packages/oslo_config/cfg.py:3228}}
Jun 16 02:54:42.835240 np0000002909 devstack@g-api.service[102037]: DEBUG glance.common.config [None req-82b7e0a4-6efe-4d55-850e-a4e72638e94c None None] config files: ['/etc/glance/glance-image-import.conf', '/etc/glance/glance-api.conf'] {{(pid=102037) log_opt_values /opt/stack/data/venv/lib/python3.12/site-packages/oslo_config/cfg.py:3229}}
Jun 16 02:54:42.835314 np0000002909 devstack@g-api.service[102037]: DEBUG glance.common.config [None req-82b7e0a4-6efe-4d55-850e-a4e72638e94c None None] ================================================================================ {{(pid=102037) log_opt_values /opt/stack/data/venv/lib/python3.12/site-packages/oslo_config/cfg.py:3234}}
Jun 16 02:54:42.835464 np0000002909 devstack@g-api.service[102037]: DEBUG glance.common.config [None req-82b7e0a4-6efe-4d55-850e-a4e72638e94c None None] allow_anonymous_access = False {{(pid=102037) log_opt_values /opt/stack/data/venv/lib/python3.12/site-packages/oslo_config/cfg.py:3242}}
Jun 16 02:54:42.835621 np0000002909 devstack@g-api.service[102037]: DEBUG glance.common.config [None req-82b7e0a4-6efe-4d55-850e-a4e72638e94c None None] api_limit_max = 1000 {{(pid=102037) log_opt_values /opt/stack/data/venv/lib/python3.12/site-packages/oslo_config/cfg.py:3242}}
Jun 16 02:54:42.835761 np0000002909 devstack@g-api.service[102037]: DEBUG glance.common.config [None req-82b7e0a4-6efe-4d55-850e-a4e72638e94c None None] backlog = 4096 {{(pid=102037) log_opt_values /opt/stack/data/venv/lib/python3.12/site-packages/oslo_config/cfg.py:3242}}
Jun 16 02:54:42.835948 np0000002909 devstack@g-api.service[102037]: DEBUG glance.common.config [None req-82b7e0a4-6efe-4d55-850e-a4e72638e94c None None] bind_host = 0.0.0.0 {{(pid=102037) log_opt_values /opt/stack/data/venv/lib/python3.12/site-packages/oslo_config/cfg.py:3242}}
Jun 16 02:54:42.836120 np0000002909 devstack@g-api.service[102037]: DEBUG glance.common.config [None req-82b7e0a4-6efe-4d55-850e-a4e72638e94c None None] bind_port = 19292 {{(pid=102037) log_opt_values /opt/stack/data/venv/lib/python3.12/site-packages/oslo_config/cfg.py:3242}}
Jun 16 02:54:42.836272 np0000002909 devstack@g-api.service[102037]: DEBUG glance.common.config [None req-82b7e0a4-6efe-4d55-850e-a4e72638e94c None None] client_socket_timeout = 900 {{(pid=102037) log_opt_values /opt/stack/data/venv/lib/python3.12/site-packages/oslo_config/cfg.py:3242}}
Jun 16 02:54:42.836401 np0000002909 devstack@g-api.service[102037]: DEBUG glance.common.config [None req-82b7e0a4-6efe-4d55-850e-a4e72638e94c None None] config_dir = [] {{(pid=102037) log_opt_values /opt/stack/data/venv/lib/python3.12/site-packages/oslo_config/cfg.py:3242}}
Jun 16 02:54:42.836476 np0000002909 devstack@g-api.service[102037]: DEBUG glance.common.config [None req-82b7e0a4-6efe-4d55-850e-a4e72638e94c None None] config_file = ['/etc/glance/glance-image-import.conf', '/etc/glance/glance-api.conf'] {{(pid=102037) log_opt_values /opt/stack/data/venv/lib/python3.12/site-packages/oslo_config/cfg.py:3242}}
Jun 16 02:54:42.836580 np0000002909 devstack@g-api.service[102037]: DEBUG glance.common.config [None req-82b7e0a4-6efe-4d55-850e-a4e72638e94c None None] config_source = [] {{(pid=102037) log_opt_values /opt/stack/data/venv/lib/python3.12/site-packages/oslo_config/cfg.py:3242}}
Jun 16 02:54:42.836679 np0000002909 devstack@g-api.service[102037]: DEBUG glance.common.config [None req-82b7e0a4-6efe-4d55-850e-a4e72638e94c None None] control_exchange = glance {{(pid=102037) log_opt_values /opt/stack/data/venv/lib/python3.12/site-packages/oslo_config/cfg.py:3242}}
Jun 16 02:54:42.836743 np0000002909 devstack@g-api.service[102037]: DEBUG glance.common.config [None req-82b7e0a4-6efe-4d55-850e-a4e72638e94c None None] debug = True {{(pid=102037) log_opt_values /opt/stack/data/venv/lib/python3.12/site-packages/oslo_config/cfg.py:3242}}
Jun 16 02:54:42.836889 np0000002909 devstack@g-api.service[102037]: DEBUG glance.common.config [None req-82b7e0a4-6efe-4d55-850e-a4e72638e94c None None] default_log_levels = ['amqp=WARN', 'boto=WARN', 'sqlalchemy=WARN', 'suds=INFO', 'oslo.messaging=INFO', 'oslo_messaging=INFO', 'iso8601=WARN', 'requests.packages.urllib3.connectionpool=WARN', 'urllib3.connectionpool=WARN', 'websocket=WARN', 'requests.packages.urllib3.util.retry=WARN', 'urllib3.util.retry=WARN', 'keystonemiddleware=WARN', 'routes.middleware=WARN', 'stevedore=WARN', 'taskflow=WARN', 'keystoneauth=WARN', 'oslo.cache=INFO', 'oslo_policy=INFO', 'dogpile.core.dogpile=INFO'] {{(pid=102037) log_opt_values /opt/stack/data/venv/lib/python3.12/site-packages/oslo_config/cfg.py:3242}}
Jun 16 02:54:42.836983 np0000002909 devstack@g-api.service[102037]: DEBUG glance.common.config [None req-82b7e0a4-6efe-4d55-850e-a4e72638e94c None None] default_publisher_id = image.localhost {{(pid=102037) log_opt_values /opt/stack/data/venv/lib/python3.12/site-packages/oslo_config/cfg.py:3242}}
Jun 16 02:54:42.837085 np0000002909 devstack@g-api.service[102037]: DEBUG glance.common.config [None req-82b7e0a4-6efe-4d55-850e-a4e72638e94c None None] delayed_delete = False {{(pid=102037) log_opt_values /opt/stack/data/venv/lib/python3.12/site-packages/oslo_config/cfg.py:3242}}
Jun 16 02:54:42.837178 np0000002909 devstack@g-api.service[102037]: DEBUG glance.common.config [None req-82b7e0a4-6efe-4d55-850e-a4e72638e94c None None] digest_algorithm = sha256 {{(pid=102037) log_opt_values /opt/stack/data/venv/lib/python3.12/site-packages/oslo_config/cfg.py:3242}}
Jun 16 02:54:42.837266 np0000002909 devstack@g-api.service[102037]: DEBUG glance.common.config [None req-82b7e0a4-6efe-4d55-850e-a4e72638e94c None None] disabled_notifications = [] {{(pid=102037) log_opt_values /opt/stack/data/venv/lib/python3.12/site-packages/oslo_config/cfg.py:3242}}
Jun 16 02:54:42.837351 np0000002909 devstack@g-api.service[102037]: DEBUG glance.common.config [None req-82b7e0a4-6efe-4d55-850e-a4e72638e94c None None] do_secure_hash = True {{(pid=102037) log_opt_values /opt/stack/data/venv/lib/python3.12/site-packages/oslo_config/cfg.py:3242}}
Jun 16 02:54:42.837435 np0000002909 devstack@g-api.service[102037]: DEBUG glance.common.config [None req-82b7e0a4-6efe-4d55-850e-a4e72638e94c None None] enabled_backends = None {{(pid=102037) log_opt_values /opt/stack/data/venv/lib/python3.12/site-packages/oslo_config/cfg.py:3242}}
Jun 16 02:54:42.837542 np0000002909 devstack@g-api.service[102037]: DEBUG glance.common.config [None req-82b7e0a4-6efe-4d55-850e-a4e72638e94c None None] enabled_import_methods = ['glance-direct', 'web-download', 'copy-image'] {{(pid=102037) log_opt_values /opt/stack/data/venv/lib/python3.12/site-packages/oslo_config/cfg.py:3242}}
Jun 16 02:54:42.837629 np0000002909 devstack@g-api.service[102037]: DEBUG glance.common.config [None req-82b7e0a4-6efe-4d55-850e-a4e72638e94c None None] fatal_deprecations = False {{(pid=102037) log_opt_values /opt/stack/data/venv/lib/python3.12/site-packages/oslo_config/cfg.py:3242}}
Jun 16 02:54:42.837718 np0000002909 devstack@g-api.service[102037]: DEBUG glance.common.config [None req-82b7e0a4-6efe-4d55-850e-a4e72638e94c None None] hashing_algorithm = sha512 {{(pid=102037) log_opt_values /opt/stack/data/venv/lib/python3.12/site-packages/oslo_config/cfg.py:3242}}
Jun 16 02:54:42.837800 np0000002909 devstack@g-api.service[102037]: DEBUG glance.common.config [None req-82b7e0a4-6efe-4d55-850e-a4e72638e94c None None] http_keepalive = True {{(pid=102037) log_opt_values /opt/stack/data/venv/lib/python3.12/site-packages/oslo_config/cfg.py:3242}}
Jun 16 02:54:42.837883 np0000002909 devstack@g-api.service[102037]: DEBUG glance.common.config [None req-82b7e0a4-6efe-4d55-850e-a4e72638e94c None None] http_retries = 3 {{(pid=102037) log_opt_values /opt/stack/data/venv/lib/python3.12/site-packages/oslo_config/cfg.py:3242}}
Jun 16 02:54:42.837973 np0000002909 devstack@g-api.service[102037]: DEBUG glance.common.config [None req-82b7e0a4-6efe-4d55-850e-a4e72638e94c None None] image_cache_dir = /opt/stack/data/glance/cache/ {{(pid=102037) log_opt_values /opt/stack/data/venv/lib/python3.12/site-packages/oslo_config/cfg.py:3242}}
Jun 16 02:54:42.838080 np0000002909 devstack@g-api.service[102037]: DEBUG glance.common.config [None req-82b7e0a4-6efe-4d55-850e-a4e72638e94c None None] image_cache_driver = centralized_db {{(pid=102037) log_opt_values /opt/stack/data/venv/lib/python3.12/site-packages/oslo_config/cfg.py:3242}}
Jun 16 02:54:42.838178 np0000002909 devstack@g-api.service[102037]: DEBUG glance.common.config [None req-82b7e0a4-6efe-4d55-850e-a4e72638e94c None None] image_cache_max_size = 10737418240 {{(pid=102037) log_opt_values /opt/stack/data/venv/lib/python3.12/site-packages/oslo_config/cfg.py:3242}}
Jun 16 02:54:42.838270 np0000002909 devstack@g-api.service[102037]: DEBUG glance.common.config [None req-82b7e0a4-6efe-4d55-850e-a4e72638e94c None None] image_cache_sqlite_db = cache.db {{(pid=102037) log_opt_values /opt/stack/data/venv/lib/python3.12/site-packages/oslo_config/cfg.py:3242}}
Jun 16 02:54:42.838361 np0000002909 devstack@g-api.service[102037]: DEBUG glance.common.config [None req-82b7e0a4-6efe-4d55-850e-a4e72638e94c None None] image_cache_stall_time = 86400 {{(pid=102037) log_opt_values /opt/stack/data/venv/lib/python3.12/site-packages/oslo_config/cfg.py:3242}}
Jun 16 02:54:42.838452 np0000002909 devstack@g-api.service[102037]: DEBUG glance.common.config [None req-82b7e0a4-6efe-4d55-850e-a4e72638e94c None None] image_location_quota = 10 {{(pid=102037) log_opt_values /opt/stack/data/venv/lib/python3.12/site-packages/oslo_config/cfg.py:3242}}
Jun 16 02:54:42.838554 np0000002909 devstack@g-api.service[102037]: DEBUG glance.common.config [None req-82b7e0a4-6efe-4d55-850e-a4e72638e94c None None] image_member_quota = 128 {{(pid=102037) log_opt_values /opt/stack/data/venv/lib/python3.12/site-packages/oslo_config/cfg.py:3242}}
Jun 16 02:54:42.838646 np0000002909 devstack@g-api.service[102037]: DEBUG glance.common.config [None req-82b7e0a4-6efe-4d55-850e-a4e72638e94c None None] image_property_quota = 128 {{(pid=102037) log_opt_values /opt/stack/data/venv/lib/python3.12/site-packages/oslo_config/cfg.py:3242}}
Jun 16 02:54:42.838733 np0000002909 devstack@g-api.service[102037]: DEBUG glance.common.config [None req-82b7e0a4-6efe-4d55-850e-a4e72638e94c None None] image_size_cap = 1099511627776 {{(pid=102037) log_opt_values /opt/stack/data/venv/lib/python3.12/site-packages/oslo_config/cfg.py:3242}}
Jun 16 02:54:42.838818 np0000002909 devstack@g-api.service[102037]: DEBUG glance.common.config [None req-82b7e0a4-6efe-4d55-850e-a4e72638e94c None None] image_tag_quota = 128 {{(pid=102037) log_opt_values /opt/stack/data/venv/lib/python3.12/site-packages/oslo_config/cfg.py:3242}}
Jun 16 02:54:42.838909 np0000002909 devstack@g-api.service[102037]: DEBUG glance.common.config [None req-82b7e0a4-6efe-4d55-850e-a4e72638e94c None None] instance_format = [instance: %(uuid)s] {{(pid=102037) log_opt_values /opt/stack/data/venv/lib/python3.12/site-packages/oslo_config/cfg.py:3242}}
Jun 16 02:54:42.838997 np0000002909 devstack@g-api.service[102037]: DEBUG glance.common.config [None req-82b7e0a4-6efe-4d55-850e-a4e72638e94c None None] instance_uuid_format = [instance: %(uuid)s] {{(pid=102037) log_opt_values /opt/stack/data/venv/lib/python3.12/site-packages/oslo_config/cfg.py:3242}}
Jun 16 02:54:42.839099 np0000002909 devstack@g-api.service[102037]: DEBUG glance.common.config [None req-82b7e0a4-6efe-4d55-850e-a4e72638e94c None None] limit_param_default = 25 {{(pid=102037) log_opt_values /opt/stack/data/venv/lib/python3.12/site-packages/oslo_config/cfg.py:3242}}
Jun 16 02:54:42.839196 np0000002909 devstack@g-api.service[102037]: DEBUG glance.common.config [None req-82b7e0a4-6efe-4d55-850e-a4e72638e94c None None] log_color = False {{(pid=102037) log_opt_values /opt/stack/data/venv/lib/python3.12/site-packages/oslo_config/cfg.py:3242}}
Jun 16 02:54:42.839286 np0000002909 devstack@g-api.service[102037]: DEBUG glance.common.config [None req-82b7e0a4-6efe-4d55-850e-a4e72638e94c None None] log_config_append = None {{(pid=102037) log_opt_values /opt/stack/data/venv/lib/python3.12/site-packages/oslo_config/cfg.py:3242}}
Jun 16 02:54:42.839375 np0000002909 devstack@g-api.service[102037]: DEBUG glance.common.config [None req-82b7e0a4-6efe-4d55-850e-a4e72638e94c None None] log_date_format = %Y-%m-%d %H:%M:%S {{(pid=102037) log_opt_values /opt/stack/data/venv/lib/python3.12/site-packages/oslo_config/cfg.py:3242}}
Jun 16 02:54:42.839461 np0000002909 devstack@g-api.service[102037]: DEBUG glance.common.config [None req-82b7e0a4-6efe-4d55-850e-a4e72638e94c None None] log_dir = None {{(pid=102037) log_opt_values /opt/stack/data/venv/lib/python3.12/site-packages/oslo_config/cfg.py:3242}}
Jun 16 02:54:42.839556 np0000002909 devstack@g-api.service[102037]: DEBUG glance.common.config [None req-82b7e0a4-6efe-4d55-850e-a4e72638e94c None None] log_file = None {{(pid=102037) log_opt_values /opt/stack/data/venv/lib/python3.12/site-packages/oslo_config/cfg.py:3242}}
Jun 16 02:54:42.839643 np0000002909 devstack@g-api.service[102037]: DEBUG glance.common.config [None req-82b7e0a4-6efe-4d55-850e-a4e72638e94c None None] log_rotate_interval = 1 {{(pid=102037) log_opt_values /opt/stack/data/venv/lib/python3.12/site-packages/oslo_config/cfg.py:3242}}
Jun 16 02:54:42.839732 np0000002909 devstack@g-api.service[102037]: DEBUG glance.common.config [None req-82b7e0a4-6efe-4d55-850e-a4e72638e94c None None] log_rotate_interval_type = days {{(pid=102037) log_opt_values /opt/stack/data/venv/lib/python3.12/site-packages/oslo_config/cfg.py:3242}}
Jun 16 02:54:42.839825 np0000002909 devstack@g-api.service[102037]: DEBUG glance.common.config [None req-82b7e0a4-6efe-4d55-850e-a4e72638e94c None None] log_rotation_type = none {{(pid=102037) log_opt_values /opt/stack/data/venv/lib/python3.12/site-packages/oslo_config/cfg.py:3242}}
Jun 16 02:54:42.839891 np0000002909 devstack@g-api.service[102037]: DEBUG glance.common.config [None req-82b7e0a4-6efe-4d55-850e-a4e72638e94c None None] logging_context_format_string = %(color)s%(levelname)s %(name)s [%(global_request_id)s %(request_id)s %(project_name)s %(user_name)s%(color)s] %(instance)s%(color)s%(message)s {{(pid=102037) log_opt_values /opt/stack/data/venv/lib/python3.12/site-packages/oslo_config/cfg.py:3242}}
Jun 16 02:54:42.839960 np0000002909 devstack@g-api.service[102037]: DEBUG glance.common.config [None req-82b7e0a4-6efe-4d55-850e-a4e72638e94c None None] logging_debug_format_suffix = {{(pid=%(process)d) %(funcName)s %(pathname)s:%(lineno)d}} {{(pid=102037) log_opt_values /opt/stack/data/venv/lib/python3.12/site-packages/oslo_config/cfg.py:3242}}
Jun 16 02:54:42.840043 np0000002909 devstack@g-api.service[102037]: DEBUG glance.common.config [None req-82b7e0a4-6efe-4d55-850e-a4e72638e94c None None] logging_default_format_string = %(color)s%(levelname)s %(name)s [-%(color)s] %(instance)s%(color)s%(message)s {{(pid=102037) log_opt_values /opt/stack/data/venv/lib/python3.12/site-packages/oslo_config/cfg.py:3242}}
Jun 16 02:54:42.840153 np0000002909 devstack@g-api.service[102037]: DEBUG glance.common.config [None req-82b7e0a4-6efe-4d55-850e-a4e72638e94c None None] logging_exception_prefix = ERROR %(name)s %(instance)s {{(pid=102037) log_opt_values /opt/stack/data/venv/lib/python3.12/site-packages/oslo_config/cfg.py:3242}}
Jun 16 02:54:42.840213 np0000002909 devstack@g-api.service[102037]: DEBUG glance.common.config [None req-82b7e0a4-6efe-4d55-850e-a4e72638e94c None None] logging_user_identity_format = %(user)s %(project)s %(domain)s %(system_scope)s %(user_domain)s %(project_domain)s {{(pid=102037) log_opt_values /opt/stack/data/venv/lib/python3.12/site-packages/oslo_config/cfg.py:3242}}
Jun 16 02:54:42.840307 np0000002909 devstack@g-api.service[102037]: DEBUG glance.common.config [None req-82b7e0a4-6efe-4d55-850e-a4e72638e94c None None] max_header_line = 16384 {{(pid=102037) log_opt_values /opt/stack/data/venv/lib/python3.12/site-packages/oslo_config/cfg.py:3242}}
Jun 16 02:54:42.840381 np0000002909 devstack@g-api.service[102037]: DEBUG glance.common.config [None req-82b7e0a4-6efe-4d55-850e-a4e72638e94c None None] max_logfile_count = 30 {{(pid=102037) log_opt_values /opt/stack/data/venv/lib/python3.12/site-packages/oslo_config/cfg.py:3242}}
Jun 16 02:54:42.840480 np0000002909 devstack@g-api.service[102037]: DEBUG glance.common.config [None req-82b7e0a4-6efe-4d55-850e-a4e72638e94c None None] max_logfile_size_mb = 200 {{(pid=102037) log_opt_values /opt/stack/data/venv/lib/python3.12/site-packages/oslo_config/cfg.py:3242}}
Jun 16 02:54:42.840600 np0000002909 devstack@g-api.service[102037]: DEBUG glance.common.config [None req-82b7e0a4-6efe-4d55-850e-a4e72638e94c None None] max_request_id_length = 64 {{(pid=102037) log_opt_values /opt/stack/data/venv/lib/python3.12/site-packages/oslo_config/cfg.py:3242}}
Jun 16 02:54:42.840689 np0000002909 devstack@g-api.service[102037]: DEBUG glance.common.config [None req-82b7e0a4-6efe-4d55-850e-a4e72638e94c None None] metadata_encryption_key = **** {{(pid=102037) log_opt_values /opt/stack/data/venv/lib/python3.12/site-packages/oslo_config/cfg.py:3242}}
Jun 16 02:54:42.840779 np0000002909 devstack@g-api.service[102037]: DEBUG glance.common.config [None req-82b7e0a4-6efe-4d55-850e-a4e72638e94c None None] node_staging_uri = file:///tmp/staging/ {{(pid=102037) log_opt_values /opt/stack/data/venv/lib/python3.12/site-packages/oslo_config/cfg.py:3242}}
Jun 16 02:54:42.840861 np0000002909 devstack@g-api.service[102037]: DEBUG glance.common.config [None req-82b7e0a4-6efe-4d55-850e-a4e72638e94c None None] property_protection_file = None {{(pid=102037) log_opt_values /opt/stack/data/venv/lib/python3.12/site-packages/oslo_config/cfg.py:3242}}
Jun 16 02:54:42.840948 np0000002909 devstack@g-api.service[102037]: DEBUG glance.common.config [None req-82b7e0a4-6efe-4d55-850e-a4e72638e94c None None] property_protection_rule_format = roles {{(pid=102037) log_opt_values /opt/stack/data/venv/lib/python3.12/site-packages/oslo_config/cfg.py:3242}}
Jun 16 02:54:42.841037 np0000002909 devstack@g-api.service[102037]: DEBUG glance.common.config [None req-82b7e0a4-6efe-4d55-850e-a4e72638e94c None None] public_endpoint = https://10.4.3.26/image {{(pid=102037) log_opt_values /opt/stack/data/venv/lib/python3.12/site-packages/oslo_config/cfg.py:3242}}
Jun 16 02:54:42.841143 np0000002909 devstack@g-api.service[102037]: DEBUG glance.common.config [None req-82b7e0a4-6efe-4d55-850e-a4e72638e94c None None] publish_errors = False {{(pid=102037) log_opt_values /opt/stack/data/venv/lib/python3.12/site-packages/oslo_config/cfg.py:3242}}
Jun 16 02:54:42.841226 np0000002909 devstack@g-api.service[102037]: DEBUG glance.common.config [None req-82b7e0a4-6efe-4d55-850e-a4e72638e94c None None] pydev_worker_debug_host = None {{(pid=102037) log_opt_values /opt/stack/data/venv/lib/python3.12/site-packages/oslo_config/cfg.py:3242}}
Jun 16 02:54:42.841312 np0000002909 devstack@g-api.service[102037]: DEBUG glance.common.config [None req-82b7e0a4-6efe-4d55-850e-a4e72638e94c None None] pydev_worker_debug_port = 5678 {{(pid=102037) log_opt_values /opt/stack/data/venv/lib/python3.12/site-packages/oslo_config/cfg.py:3242}}
Jun 16 02:54:42.841396 np0000002909 devstack@g-api.service[102037]: DEBUG glance.common.config [None req-82b7e0a4-6efe-4d55-850e-a4e72638e94c None None] rate_limit_burst = 0 {{(pid=102037) log_opt_values /opt/stack/data/venv/lib/python3.12/site-packages/oslo_config/cfg.py:3242}}
Jun 16 02:54:42.841485 np0000002909 devstack@g-api.service[102037]: DEBUG glance.common.config [None req-82b7e0a4-6efe-4d55-850e-a4e72638e94c None None] rate_limit_except_level = CRITICAL {{(pid=102037) log_opt_values /opt/stack/data/venv/lib/python3.12/site-packages/oslo_config/cfg.py:3242}}
Jun 16 02:54:42.841578 np0000002909 devstack@g-api.service[102037]: DEBUG glance.common.config [None req-82b7e0a4-6efe-4d55-850e-a4e72638e94c None None] rate_limit_interval = 0 {{(pid=102037) log_opt_values /opt/stack/data/venv/lib/python3.12/site-packages/oslo_config/cfg.py:3242}}
Jun 16 02:54:42.841663 np0000002909 devstack@g-api.service[102037]: DEBUG glance.common.config [None req-82b7e0a4-6efe-4d55-850e-a4e72638e94c None None] scrub_pool_size = 1 {{(pid=102037) log_opt_values /opt/stack/data/venv/lib/python3.12/site-packages/oslo_config/cfg.py:3242}}
Jun 16 02:54:42.841745 np0000002909 devstack@g-api.service[102037]: DEBUG glance.common.config [None req-82b7e0a4-6efe-4d55-850e-a4e72638e94c None None] scrub_time = 0 {{(pid=102037) log_opt_values /opt/stack/data/venv/lib/python3.12/site-packages/oslo_config/cfg.py:3242}}
Jun 16 02:54:42.841824 np0000002909 devstack@g-api.service[102037]: DEBUG glance.common.config [None req-82b7e0a4-6efe-4d55-850e-a4e72638e94c None None] shell_completion = None {{(pid=102037) log_opt_values /opt/stack/data/venv/lib/python3.12/site-packages/oslo_config/cfg.py:3242}}
Jun 16 02:54:42.841915 np0000002909 devstack@g-api.service[102037]: DEBUG glance.common.config [None req-82b7e0a4-6efe-4d55-850e-a4e72638e94c None None] show_image_direct_url = False {{(pid=102037) log_opt_values /opt/stack/data/venv/lib/python3.12/site-packages/oslo_config/cfg.py:3242}}
Jun 16 02:54:42.842272 np0000002909 devstack@g-api.service[102037]: WARNING oslo_config.cfg [None req-82b7e0a4-6efe-4d55-850e-a4e72638e94c None None] Deprecated: Option "show_multiple_locations" from group "DEFAULT" is deprecated for removal (Use of this option, deprecated since Newton, is a security risk and will be removed once we figure out a way to satisfy those use cases that currently require it. An earlier announcement that the same functionality can be achieved with greater granularity by using policies is incorrect. You cannot work around this option via policy configuration at the present time, though that is the direction we believe the fix will take. Please keep an eye on the Glance release notes to stay up to date on progress in addressing this issue.). Its value may be silently ignored in the future.
Jun 16 02:54:42.842359 np0000002909 devstack@g-api.service[102037]: DEBUG glance.common.config [None req-82b7e0a4-6efe-4d55-850e-a4e72638e94c None None] show_multiple_locations = False {{(pid=102037) log_opt_values /opt/stack/data/venv/lib/python3.12/site-packages/oslo_config/cfg.py:3242}}
Jun 16 02:54:42.842467 np0000002909 devstack@g-api.service[102037]: DEBUG glance.common.config [None req-82b7e0a4-6efe-4d55-850e-a4e72638e94c None None] syslog_log_facility = LOG_USER {{(pid=102037) log_opt_values /opt/stack/data/venv/lib/python3.12/site-packages/oslo_config/cfg.py:3242}}
Jun 16 02:54:42.842572 np0000002909 devstack@g-api.service[102037]: DEBUG glance.common.config [None req-82b7e0a4-6efe-4d55-850e-a4e72638e94c None None] tcp_keepidle = 600 {{(pid=102037) log_opt_values /opt/stack/data/venv/lib/python3.12/site-packages/oslo_config/cfg.py:3242}}
Jun 16 02:54:42.842660 np0000002909 devstack@g-api.service[102037]: DEBUG glance.common.config [None req-82b7e0a4-6efe-4d55-850e-a4e72638e94c None None] transport_url = **** {{(pid=102037) log_opt_values /opt/stack/data/venv/lib/python3.12/site-packages/oslo_config/cfg.py:3242}}
Jun 16 02:54:42.842753 np0000002909 devstack@g-api.service[102037]: DEBUG glance.common.config [None req-82b7e0a4-6efe-4d55-850e-a4e72638e94c None None] use_journal = False {{(pid=102037) log_opt_values /opt/stack/data/venv/lib/python3.12/site-packages/oslo_config/cfg.py:3242}}
Jun 16 02:54:42.842829 np0000002909 devstack@g-api.service[102037]: DEBUG glance.common.config [None req-82b7e0a4-6efe-4d55-850e-a4e72638e94c None None] use_json = False {{(pid=102037) log_opt_values /opt/stack/data/venv/lib/python3.12/site-packages/oslo_config/cfg.py:3242}}
Jun 16 02:54:42.842929 np0000002909 devstack@g-api.service[102037]: DEBUG glance.common.config [None req-82b7e0a4-6efe-4d55-850e-a4e72638e94c None None] use_keystone_limits = True {{(pid=102037) log_opt_values /opt/stack/data/venv/lib/python3.12/site-packages/oslo_config/cfg.py:3242}}
Jun 16 02:54:42.843009 np0000002909 devstack@g-api.service[102037]: DEBUG glance.common.config [None req-82b7e0a4-6efe-4d55-850e-a4e72638e94c None None] use_stderr = False {{(pid=102037) log_opt_values /opt/stack/data/venv/lib/python3.12/site-packages/oslo_config/cfg.py:3242}}
Jun 16 02:54:42.843119 np0000002909 devstack@g-api.service[102037]: DEBUG glance.common.config [None req-82b7e0a4-6efe-4d55-850e-a4e72638e94c None None] use_syslog = False {{(pid=102037) log_opt_values /opt/stack/data/venv/lib/python3.12/site-packages/oslo_config/cfg.py:3242}}
Jun 16 02:54:42.843211 np0000002909 devstack@g-api.service[102037]: DEBUG glance.common.config [None req-82b7e0a4-6efe-4d55-850e-a4e72638e94c None None] user_storage_quota = 0 {{(pid=102037) log_opt_values /opt/stack/data/venv/lib/python3.12/site-packages/oslo_config/cfg.py:3242}}
Jun 16 02:54:42.843300 np0000002909 devstack@g-api.service[102037]: DEBUG glance.common.config [None req-82b7e0a4-6efe-4d55-850e-a4e72638e94c None None] worker_self_reference_url = http://127.0.0.1:60999 {{(pid=102037) log_opt_values /opt/stack/data/venv/lib/python3.12/site-packages/oslo_config/cfg.py:3242}}
Jun 16 02:54:42.843394 np0000002909 devstack@g-api.service[102037]: DEBUG glance.common.config [None req-82b7e0a4-6efe-4d55-850e-a4e72638e94c None None] workers = None {{(pid=102037) log_opt_values /opt/stack/data/venv/lib/python3.12/site-packages/oslo_config/cfg.py:3242}}
Jun 16 02:54:42.843492 np0000002909 devstack@g-api.service[102037]: DEBUG glance.common.config [None req-82b7e0a4-6efe-4d55-850e-a4e72638e94c None None] oslo_concurrency.disable_process_locking = False {{(pid=102037) log_opt_values /opt/stack/data/venv/lib/python3.12/site-packages/oslo_config/cfg.py:3253}}
Jun 16 02:54:42.843599 np0000002909 devstack@g-api.service[102037]: DEBUG glance.common.config [None req-82b7e0a4-6efe-4d55-850e-a4e72638e94c None None] oslo_concurrency.lock_path = /opt/stack/data/glance/locks {{(pid=102037) log_opt_values /opt/stack/data/venv/lib/python3.12/site-packages/oslo_config/cfg.py:3253}}
Jun 16 02:54:42.843692 np0000002909 devstack@g-api.service[102037]: DEBUG glance.common.config [None req-82b7e0a4-6efe-4d55-850e-a4e72638e94c None None] oslo_middleware.enable_proxy_headers_parsing = False {{(pid=102037) log_opt_values /opt/stack/data/venv/lib/python3.12/site-packages/oslo_config/cfg.py:3253}}
Jun 16 02:54:42.843784 np0000002909 devstack@g-api.service[102037]: DEBUG glance.common.config [None req-82b7e0a4-6efe-4d55-850e-a4e72638e94c None None] oslo_middleware.http_basic_auth_user_file = /etc/htpasswd {{(pid=102037) log_opt_values /opt/stack/data/venv/lib/python3.12/site-packages/oslo_config/cfg.py:3253}}
Jun 16 02:54:42.843875 np0000002909 devstack@g-api.service[102037]: DEBUG glance.common.config [None req-82b7e0a4-6efe-4d55-850e-a4e72638e94c None None] paste_deploy.config_file = None {{(pid=102037) log_opt_values /opt/stack/data/venv/lib/python3.12/site-packages/oslo_config/cfg.py:3253}}
Jun 16 02:54:42.843965 np0000002909 devstack@g-api.service[102037]: DEBUG glance.common.config [None req-82b7e0a4-6efe-4d55-850e-a4e72638e94c None None] paste_deploy.flavor = keystone+cachemanagement {{(pid=102037) log_opt_values /opt/stack/data/venv/lib/python3.12/site-packages/oslo_config/cfg.py:3253}}
Jun 16 02:54:42.844114 np0000002909 devstack@g-api.service[102037]: DEBUG glance.common.config [None req-82b7e0a4-6efe-4d55-850e-a4e72638e94c None None] image_format.container_formats = ['ami', 'ari', 'aki', 'bare', 'ovf', 'ova', 'docker', 'compressed'] {{(pid=102037) log_opt_values /opt/stack/data/venv/lib/python3.12/site-packages/oslo_config/cfg.py:3253}}
Jun 16 02:54:42.844232 np0000002909 devstack@g-api.service[102037]: DEBUG glance.common.config [None req-82b7e0a4-6efe-4d55-850e-a4e72638e94c None None] image_format.disk_formats = ['ami', 'ari', 'aki', 'vhd', 'vhdx', 'vmdk', 'raw', 'qcow2', 'vdi', 'iso', 'ploop'] {{(pid=102037) log_opt_values /opt/stack/data/venv/lib/python3.12/site-packages/oslo_config/cfg.py:3253}}
Jun 16 02:54:42.844321 np0000002909 devstack@g-api.service[102037]: DEBUG glance.common.config [None req-82b7e0a4-6efe-4d55-850e-a4e72638e94c None None] image_format.gpt_safety_checks_nonfatal = [] {{(pid=102037) log_opt_values /opt/stack/data/venv/lib/python3.12/site-packages/oslo_config/cfg.py:3253}}
Jun 16 02:54:42.844412 np0000002909 devstack@g-api.service[102037]: DEBUG glance.common.config [None req-82b7e0a4-6efe-4d55-850e-a4e72638e94c None None] image_format.require_image_format_match = True {{(pid=102037) log_opt_values /opt/stack/data/venv/lib/python3.12/site-packages/oslo_config/cfg.py:3253}}
Jun 16 02:54:42.844510 np0000002909 devstack@g-api.service[102037]: DEBUG glance.common.config [None req-82b7e0a4-6efe-4d55-850e-a4e72638e94c None None] image_format.vmdk_allowed_types = ['streamOptimized', 'monolithicSparse'] {{(pid=102037) log_opt_values /opt/stack/data/venv/lib/python3.12/site-packages/oslo_config/cfg.py:3253}}
Jun 16 02:54:42.844625 np0000002909 devstack@g-api.service[102037]: DEBUG glance.common.config [None req-82b7e0a4-6efe-4d55-850e-a4e72638e94c None None] task.task_executor = taskflow {{(pid=102037) log_opt_values /opt/stack/data/venv/lib/python3.12/site-packages/oslo_config/cfg.py:3253}}
Jun 16 02:54:42.844714 np0000002909 devstack@g-api.service[102037]: DEBUG glance.common.config [None req-82b7e0a4-6efe-4d55-850e-a4e72638e94c None None] task.task_time_to_live = 48 {{(pid=102037) log_opt_values /opt/stack/data/venv/lib/python3.12/site-packages/oslo_config/cfg.py:3253}}
Jun 16 02:54:42.844795 np0000002909 devstack@g-api.service[102037]: DEBUG glance.common.config [None req-82b7e0a4-6efe-4d55-850e-a4e72638e94c None None] task.work_dir = None {{(pid=102037) log_opt_values /opt/stack/data/venv/lib/python3.12/site-packages/oslo_config/cfg.py:3253}}
Jun 16 02:54:42.844889 np0000002909 devstack@g-api.service[102037]: DEBUG glance.common.config [None req-82b7e0a4-6efe-4d55-850e-a4e72638e94c None None] wsgi.python_interpreter = /opt/stack/data/venv/bin/python3 {{(pid=102037) log_opt_values /opt/stack/data/venv/lib/python3.12/site-packages/oslo_config/cfg.py:3253}}
Jun 16 02:54:42.844974 np0000002909 devstack@g-api.service[102037]: DEBUG glance.common.config [None req-82b7e0a4-6efe-4d55-850e-a4e72638e94c None None] wsgi.task_pool_threads = 16 {{(pid=102037) log_opt_values /opt/stack/data/venv/lib/python3.12/site-packages/oslo_config/cfg.py:3253}}
Jun 16 02:54:42.845084 np0000002909 devstack@g-api.service[102037]: DEBUG glance.common.config [None req-82b7e0a4-6efe-4d55-850e-a4e72638e94c None None] profiler.connection_string = messaging:// {{(pid=102037) log_opt_values /opt/stack/data/venv/lib/python3.12/site-packages/oslo_config/cfg.py:3253}}
