Jun 16 03:04:51.367174 np0000002909 devstack@g-api.service[102037]: DEBUG glance.api.middleware.version_negotiation [None req-92ed7042-eaa2-4b29-91b4-35d46808c05f tempest-ServerActionsV293TestJSON-1953234068 tempest-ServerActionsV293TestJSON-1953234068-project-member] Determining version of request: GET /v2/schemas/image Accept: */* {{(pid=102037) process_request /opt/stack/glance/glance/api/middleware/version_negotiation.py:44}}
Jun 16 03:04:51.367174 np0000002909 devstack@g-api.service[102037]: DEBUG glance.api.middleware.version_negotiation [None req-92ed7042-eaa2-4b29-91b4-35d46808c05f tempest-ServerActionsV293TestJSON-1953234068 tempest-ServerActionsV293TestJSON-1953234068-project-member] Using url versioning {{(pid=102037) process_request /opt/stack/glance/glance/api/middleware/version_negotiation.py:57}}
Jun 16 03:04:51.367174 np0000002909 devstack@g-api.service[102037]: DEBUG glance.api.middleware.version_negotiation [None req-92ed7042-eaa2-4b29-91b4-35d46808c05f tempest-ServerActionsV293TestJSON-1953234068 tempest-ServerActionsV293TestJSON-1953234068-project-member] Matched version: v2 {{(pid=102037) process_request /opt/stack/glance/glance/api/middleware/version_negotiation.py:69}}
Jun 16 03:04:51.367174 np0000002909 devstack@g-api.service[102037]: DEBUG glance.api.middleware.version_negotiation [None req-92ed7042-eaa2-4b29-91b4-35d46808c05f tempest-ServerActionsV293TestJSON-1953234068 tempest-ServerActionsV293TestJSON-1953234068-project-member] new path /v2/schemas/image {{(pid=102037) process_request /opt/stack/glance/glance/api/middleware/version_negotiation.py:70}}
Jun 16 03:04:51.369141 np0000002909 devstack@g-api.service[102037]: [pid: 102037|app: 0|req: 147/444] 127.0.0.1 () {44 vars in 1051 bytes} [Tue Jun 16 03:04:51 2026] GET /v2/schemas/image => generated 6083 bytes in 2 msecs (HTTP/1.1 200) 4 headers in 158 bytes (1 switches on core 0)
Jun 16 03:04:51.394008 np0000002909 devstack@g-api.service[102035]: DEBUG glance.api.middleware.version_negotiation [None req-92ed7042-eaa2-4b29-91b4-35d46808c05f tempest-ServerActionsV293TestJSON-1953234068 tempest-ServerActionsV293TestJSON-1953234068-project-member] Determining version of request: GET /v2/images/5f884c72-6b02-4a7a-8885-323cee9210bb Accept: */* {{(pid=102035) process_request /opt/stack/glance/glance/api/middleware/version_negotiation.py:44}}
Jun 16 03:04:51.394194 np0000002909 devstack@g-api.service[102035]: DEBUG glance.api.middleware.version_negotiation [None req-92ed7042-eaa2-4b29-91b4-35d46808c05f tempest-ServerActionsV293TestJSON-1953234068 tempest-ServerActionsV293TestJSON-1953234068-project-member] Using url versioning {{(pid=102035) process_request /opt/stack/glance/glance/api/middleware/version_negotiation.py:57}}
Jun 16 03:04:51.394324 np0000002909 devstack@g-api.service[102035]: DEBUG glance.api.middleware.version_negotiation [None req-92ed7042-eaa2-4b29-91b4-35d46808c05f tempest-ServerActionsV293TestJSON-1953234068 tempest-ServerActionsV293TestJSON-1953234068-project-member] Matched version: v2 {{(pid=102035) process_request /opt/stack/glance/glance/api/middleware/version_negotiation.py:69}}
Jun 16 03:04:51.394417 np0000002909 devstack@g-api.service[102035]: DEBUG glance.api.middleware.version_negotiation [None req-92ed7042-eaa2-4b29-91b4-35d46808c05f tempest-ServerActionsV293TestJSON-1953234068 tempest-ServerActionsV293TestJSON-1953234068-project-member] new path /v2/images/5f884c72-6b02-4a7a-8885-323cee9210bb {{(pid=102035) process_request /opt/stack/glance/glance/api/middleware/version_negotiation.py:70}}
Jun 16 03:04:51.404837 np0000002909 devstack@g-api.service[102035]: [pid: 102035|app: 0|req: 146/445] 127.0.0.1 () {44 vars in 1111 bytes} [Tue Jun 16 03:04:51 2026] GET /v2/images/5f884c72-6b02-4a7a-8885-323cee9210bb => generated 1044 bytes in 11 msecs (HTTP/1.1 200) 4 headers in 158 bytes (1 switches on core 0)
Jun 16 03:04:51.412841 np0000002909 devstack@g-api.service[102036]: DEBUG glance.api.middleware.version_negotiation [None req-92ed7042-eaa2-4b29-91b4-35d46808c05f tempest-ServerActionsV293TestJSON-1953234068 tempest-ServerActionsV293TestJSON-1953234068-project-member] Determining version of request: GET /v2/schemas/image Accept: */* {{(pid=102036) process_request /opt/stack/glance/glance/api/middleware/version_negotiation.py:44}}
Jun 16 03:04:51.412841 np0000002909 devstack@g-api.service[102036]: DEBUG glance.api.middleware.version_negotiation [None req-92ed7042-eaa2-4b29-91b4-35d46808c05f tempest-ServerActionsV293TestJSON-1953234068 tempest-ServerActionsV293TestJSON-1953234068-project-member] Using url versioning {{(pid=102036) process_request /opt/stack/glance/glance/api/middleware/version_negotiation.py:57}}
Jun 16 03:04:51.412841 np0000002909 devstack@g-api.service[102036]: DEBUG glance.api.middleware.version_negotiation [None req-92ed7042-eaa2-4b29-91b4-35d46808c05f tempest-ServerActionsV293TestJSON-1953234068 tempest-ServerActionsV293TestJSON-1953234068-project-member] Matched version: v2 {{(pid=102036) process_request /opt/stack/glance/glance/api/middleware/version_negotiation.py:69}}
Jun 16 03:04:51.412841 np0000002909 devstack@g-api.service[102036]: DEBUG glance.api.middleware.version_negotiation [None req-92ed7042-eaa2-4b29-91b4-35d46808c05f tempest-ServerActionsV293TestJSON-1953234068 tempest-ServerActionsV293TestJSON-1953234068-project-member] new path /v2/schemas/image {{(pid=102036) process_request /opt/stack/glance/glance/api/middleware/version_negotiation.py:70}}
Jun 16 03:04:51.415479 np0000002909 devstack@g-api.service[102036]: [pid: 102036|app: 0|req: 153/446] 127.0.0.1 () {44 vars in 1051 bytes} [Tue Jun 16 03:04:51 2026] GET /v2/schemas/image => generated 6083 bytes in 3 msecs (HTTP/1.1 200) 4 headers in 158 bytes (1 switches on core 0)
Jun 16 03:04:51.829680 np0000002909 devstack@g-api.service[102037]: DEBUG glance.api.middleware.version_negotiation [None req-92ed7042-eaa2-4b29-91b4-35d46808c05f tempest-ServerActionsV293TestJSON-1953234068 tempest-ServerActionsV293TestJSON-1953234068-project-member] Determining version of request: GET /versions Accept: */* {{(pid=102037) process_request /opt/stack/glance/glance/api/middleware/version_negotiation.py:44}}
Jun 16 03:04:51.830372 np0000002909 devstack@g-api.service[102037]: [pid: 102037|app: 0|req: 148/447] 127.0.0.1 () {44 vars in 1035 bytes} [Tue Jun 16 03:04:51 2026] GET /versions => generated 1394 bytes in 1 msecs (HTTP/1.1 200) 3 headers in 92 bytes (1 switches on core 0)
Jun 16 03:04:51.837347 np0000002909 devstack@g-api.service[102035]: DEBUG glance.api.middleware.version_negotiation [None req-92ed7042-eaa2-4b29-91b4-35d46808c05f tempest-ServerActionsV293TestJSON-1953234068 tempest-ServerActionsV293TestJSON-1953234068-project-member] Determining version of request: GET /v2/images/5f884c72-6b02-4a7a-8885-323cee9210bb/locations Accept: */* {{(pid=102035) process_request /opt/stack/glance/glance/api/middleware/version_negotiation.py:44}}
Jun 16 03:04:51.837480 np0000002909 devstack@g-api.service[102035]: DEBUG glance.api.middleware.version_negotiation [None req-92ed7042-eaa2-4b29-91b4-35d46808c05f tempest-ServerActionsV293TestJSON-1953234068 tempest-ServerActionsV293TestJSON-1953234068-project-member] Using url versioning {{(pid=102035) process_request /opt/stack/glance/glance/api/middleware/version_negotiation.py:57}}
Jun 16 03:04:51.837608 np0000002909 devstack@g-api.service[102035]: DEBUG glance.api.middleware.version_negotiation [None req-92ed7042-eaa2-4b29-91b4-35d46808c05f tempest-ServerActionsV293TestJSON-1953234068 tempest-ServerActionsV293TestJSON-1953234068-project-member] Matched version: v2 {{(pid=102035) process_request /opt/stack/glance/glance/api/middleware/version_negotiation.py:69}}
Jun 16 03:04:51.837692 np0000002909 devstack@g-api.service[102035]: DEBUG glance.api.middleware.version_negotiation [None req-92ed7042-eaa2-4b29-91b4-35d46808c05f tempest-ServerActionsV293TestJSON-1953234068 tempest-ServerActionsV293TestJSON-1953234068-project-member] new path /v2/images/5f884c72-6b02-4a7a-8885-323cee9210bb/locations {{(pid=102035) process_request /opt/stack/glance/glance/api/middleware/version_negotiation.py:70}}
Jun 16 03:04:51.879693 np0000002909 devstack@g-api.service[102035]: [pid: 102035|app: 0|req: 147/448] 127.0.0.1 () {44 vars in 1131 bytes} [Tue Jun 16 03:04:51 2026] GET /v2/images/5f884c72-6b02-4a7a-8885-323cee9210bb/locations => generated 92 bytes in 42 msecs (HTTP/1.1 200) 4 headers in 156 bytes (1 switches on core 0)
Jun 16 03:04:51.887664 np0000002909 devstack@g-api.service[102036]: DEBUG glance.api.middleware.version_negotiation [None req-92ed7042-eaa2-4b29-91b4-35d46808c05f tempest-ServerActionsV293TestJSON-1953234068 tempest-ServerActionsV293TestJSON-1953234068-project-member] Determining version of request: GET /v2/images/5f884c72-6b02-4a7a-8885-323cee9210bb Accept: */* {{(pid=102036) process_request /opt/stack/glance/glance/api/middleware/version_negotiation.py:44}}
Jun 16 03:04:51.887882 np0000002909 devstack@g-api.service[102036]: DEBUG glance.api.middleware.version_negotiation [None req-92ed7042-eaa2-4b29-91b4-35d46808c05f tempest-ServerActionsV293TestJSON-1953234068 tempest-ServerActionsV293TestJSON-1953234068-project-member] Using url versioning {{(pid=102036) process_request /opt/stack/glance/glance/api/middleware/version_negotiation.py:57}}
Jun 16 03:04:51.888035 np0000002909 devstack@g-api.service[102036]: DEBUG glance.api.middleware.version_negotiation [None req-92ed7042-eaa2-4b29-91b4-35d46808c05f tempest-ServerActionsV293TestJSON-1953234068 tempest-ServerActionsV293TestJSON-1953234068-project-member] Matched version: v2 {{(pid=102036) process_request /opt/stack/glance/glance/api/middleware/version_negotiation.py:69}}
Jun 16 03:04:51.888181 np0000002909 devstack@g-api.service[102036]: DEBUG glance.api.middleware.version_negotiation [None req-92ed7042-eaa2-4b29-91b4-35d46808c05f tempest-ServerActionsV293TestJSON-1953234068 tempest-ServerActionsV293TestJSON-1953234068-project-member] new path /v2/images/5f884c72-6b02-4a7a-8885-323cee9210bb {{(pid=102036) process_request /opt/stack/glance/glance/api/middleware/version_negotiation.py:70}}
Jun 16 03:04:51.897965 np0000002909 devstack@g-api.service[102036]: [pid: 102036|app: 0|req: 154/449] 127.0.0.1 () {44 vars in 1111 bytes} [Tue Jun 16 03:04:51 2026] GET /v2/images/5f884c72-6b02-4a7a-8885-323cee9210bb => generated 1044 bytes in 10 msecs (HTTP/1.1 200) 4 headers in 158 bytes (1 switches on core 0)
Jun 16 03:04:51.904945 np0000002909 devstack@g-api.service[102037]: DEBUG glance.api.middleware.version_negotiation [None req-92ed7042-eaa2-4b29-91b4-35d46808c05f tempest-ServerActionsV293TestJSON-1953234068 tempest-ServerActionsV293TestJSON-1953234068-project-member] Determining version of request: GET /v2/schemas/image Accept: */* {{(pid=102037) process_request /opt/stack/glance/glance/api/middleware/version_negotiation.py:44}}
Jun 16 03:04:51.905136 np0000002909 devstack@g-api.service[102037]: DEBUG glance.api.middleware.version_negotiation [None req-92ed7042-eaa2-4b29-91b4-35d46808c05f tempest-ServerActionsV293TestJSON-1953234068 tempest-ServerActionsV293TestJSON-1953234068-project-member] Using url versioning {{(pid=102037) process_request /opt/stack/glance/glance/api/middleware/version_negotiation.py:57}}
Jun 16 03:04:51.905312 np0000002909 devstack@g-api.service[102037]: DEBUG glance.api.middleware.version_negotiation [None req-92ed7042-eaa2-4b29-91b4-35d46808c05f tempest-ServerActionsV293TestJSON-1953234068 tempest-ServerActionsV293TestJSON-1953234068-project-member] Matched version: v2 {{(pid=102037) process_request /opt/stack/glance/glance/api/middleware/version_negotiation.py:69}}
Jun 16 03:04:51.905442 np0000002909 devstack@g-api.service[102037]: DEBUG glance.api.middleware.version_negotiation [None req-92ed7042-eaa2-4b29-91b4-35d46808c05f tempest-ServerActionsV293TestJSON-1953234068 tempest-ServerActionsV293TestJSON-1953234068-project-member] new path /v2/schemas/image {{(pid=102037) process_request /opt/stack/glance/glance/api/middleware/version_negotiation.py:70}}
Jun 16 03:04:51.908249 np0000002909 devstack@g-api.service[102037]: [pid: 102037|app: 0|req: 149/450] 127.0.0.1 () {44 vars in 1051 bytes} [Tue Jun 16 03:04:51 2026] GET /v2/schemas/image => generated 6083 bytes in 3 msecs (HTTP/1.1 200) 4 headers in 158 bytes (1 switches on core 0)
Jun 16 03:04:51.917499 np0000002909 devstack@g-api.service[102035]: DEBUG glance.api.middleware.version_negotiation [None req-92ed7042-eaa2-4b29-91b4-35d46808c05f service glance] Determining version of request: GET /v2/schemas/image Accept: */* {{(pid=102035) process_request /opt/stack/glance/glance/api/middleware/version_negotiation.py:44}}
Jun 16 03:04:51.917727 np0000002909 devstack@g-api.service[102035]: DEBUG glance.api.middleware.version_negotiation [None req-92ed7042-eaa2-4b29-91b4-35d46808c05f service glance] Using url versioning {{(pid=102035) process_request /opt/stack/glance/glance/api/middleware/version_negotiation.py:57}}
Jun 16 03:04:51.917928 np0000002909 devstack@g-api.service[102035]: DEBUG glance.api.middleware.version_negotiation [None req-92ed7042-eaa2-4b29-91b4-35d46808c05f service glance] Matched version: v2 {{(pid=102035) process_request /opt/stack/glance/glance/api/middleware/version_negotiation.py:69}}
Jun 16 03:04:51.918110 np0000002909 devstack@g-api.service[102035]: DEBUG glance.api.middleware.version_negotiation [None req-92ed7042-eaa2-4b29-91b4-35d46808c05f service glance] new path /v2/schemas/image {{(pid=102035) process_request /opt/stack/glance/glance/api/middleware/version_negotiation.py:70}}
Jun 16 03:04:51.921080 np0000002909 devstack@g-api.service[102035]: [pid: 102035|app: 0|req: 148/451] 127.0.0.1 () {44 vars in 1051 bytes} [Tue Jun 16 03:04:51 2026] GET /v2/schemas/image => generated 6083 bytes in 4 msecs (HTTP/1.1 200) 4 headers in 158 bytes (1 switches on core 0)
Jun 16 03:04:51.955984 np0000002909 devstack@g-api.service[102036]: DEBUG glance.api.middleware.version_negotiation [None req-92ed7042-eaa2-4b29-91b4-35d46808c05f tempest-ServerActionsV293TestJSON-1953234068 tempest-ServerActionsV293TestJSON-1953234068-project-member] Determining version of request: GET /v2/images/7bcb9ae9-7d6c-45a2-a48f-7d23cd45cb33 Accept: application/json {{(pid=102036) process_request /opt/stack/glance/glance/api/middleware/version_negotiation.py:44}}
Jun 16 03:04:51.956164 np0000002909 devstack@g-api.service[102036]: DEBUG glance.api.middleware.version_negotiation [None req-92ed7042-eaa2-4b29-91b4-35d46808c05f tempest-ServerActionsV293TestJSON-1953234068 tempest-ServerActionsV293TestJSON-1953234068-project-member] Using url versioning {{(pid=102036) process_request /opt/stack/glance/glance/api/middleware/version_negotiation.py:57}}
Jun 16 03:04:51.956315 np0000002909 devstack@g-api.service[102036]: DEBUG glance.api.middleware.version_negotiation [None req-92ed7042-eaa2-4b29-91b4-35d46808c05f tempest-ServerActionsV293TestJSON-1953234068 tempest-ServerActionsV293TestJSON-1953234068-project-member] Matched version: v2 {{(pid=102036) process_request /opt/stack/glance/glance/api/middleware/version_negotiation.py:69}}
Jun 16 03:04:51.956438 np0000002909 devstack@g-api.service[102036]: DEBUG glance.api.middleware.version_negotiation [None req-92ed7042-eaa2-4b29-91b4-35d46808c05f tempest-ServerActionsV293TestJSON-1953234068 tempest-ServerActionsV293TestJSON-1953234068-project-member] new path /v2/images/7bcb9ae9-7d6c-45a2-a48f-7d23cd45cb33 {{(pid=102036) process_request /opt/stack/glance/glance/api/middleware/version_negotiation.py:70}}
Jun 16 03:04:51.966359 np0000002909 devstack@g-api.service[102036]: [pid: 102036|app: 0|req: 155/452] 127.0.0.1 () {40 vars in 834 bytes} [Tue Jun 16 03:04:51 2026] GET /v2/images/7bcb9ae9-7d6c-45a2-a48f-7d23cd45cb33 => generated 650 bytes in 10 msecs (HTTP/1.1 200) 4 headers in 157 bytes (1 switches on core 0)
Jun 16 03:04:52.398216 np0000002909 devstack@g-api.service[102037]: DEBUG glance.api.middleware.version_negotiation [None req-92ed7042-eaa2-4b29-91b4-35d46808c05f tempest-ServerActionsV293TestJSON-1953234068 tempest-ServerActionsV293TestJSON-1953234068-project-member] Determining version of request: PUT /v2/images/7bcb9ae9-7d6c-45a2-a48f-7d23cd45cb33/file Accept: */* {{(pid=102037) process_request /opt/stack/glance/glance/api/middleware/version_negotiation.py:44}}
Jun 16 03:04:52.398672 np0000002909 devstack@g-api.service[102037]: DEBUG glance.api.middleware.version_negotiation [None req-92ed7042-eaa2-4b29-91b4-35d46808c05f tempest-ServerActionsV293TestJSON-1953234068 tempest-ServerActionsV293TestJSON-1953234068-project-member] Using url versioning {{(pid=102037) process_request /opt/stack/glance/glance/api/middleware/version_negotiation.py:57}}
Jun 16 03:04:52.398672 np0000002909 devstack@g-api.service[102037]: DEBUG glance.api.middleware.version_negotiation [None req-92ed7042-eaa2-4b29-91b4-35d46808c05f tempest-ServerActionsV293TestJSON-1953234068 tempest-ServerActionsV293TestJSON-1953234068-project-member] Matched version: v2 {{(pid=102037) process_request /opt/stack/glance/glance/api/middleware/version_negotiation.py:69}}
Jun 16 03:04:52.398672 np0000002909 devstack@g-api.service[102037]: DEBUG glance.api.middleware.version_negotiation [None req-92ed7042-eaa2-4b29-91b4-35d46808c05f tempest-ServerActionsV293TestJSON-1953234068 tempest-ServerActionsV293TestJSON-1953234068-project-member] new path /v2/images/7bcb9ae9-7d6c-45a2-a48f-7d23cd45cb33/file {{(pid=102037) process_request /opt/stack/glance/glance/api/middleware/version_negotiation.py:70}}
Jun 16 03:04:52.869467 np0000002909 devstack@g-api.service[102037]: INFO glance.api.v2.image_data [None req-56746d48-5fc6-44e3-8340-67bca9a1c6b1 tempest-VolumesActionsTest-93708052 tempest-VolumesActionsTest-93708052-project-member] Unable to create trust: no such option collect_timing in group [keystone_authtoken] Use the existing user token.
Jun 16 03:04:52.975899 np0000002909 devstack@g-api.service[102035]: DEBUG glance.api.middleware.version_negotiation [None req-92ed7042-eaa2-4b29-91b4-35d46808c05f tempest-ServerActionsV293TestJSON-1953234068 tempest-ServerActionsV293TestJSON-1953234068-project-member] Determining version of request: GET /v2/images/7bcb9ae9-7d6c-45a2-a48f-7d23cd45cb33 Accept: application/json {{(pid=102035) process_request /opt/stack/glance/glance/api/middleware/version_negotiation.py:44}}
Jun 16 03:04:52.976497 np0000002909 devstack@g-api.service[102035]: DEBUG glance.api.middleware.version_negotiation [None req-92ed7042-eaa2-4b29-91b4-35d46808c05f tempest-ServerActionsV293TestJSON-1953234068 tempest-ServerActionsV293TestJSON-1953234068-project-member] Using url versioning {{(pid=102035) process_request /opt/stack/glance/glance/api/middleware/version_negotiation.py:57}}
Jun 16 03:04:52.976497 np0000002909 devstack@g-api.service[102035]: DEBUG glance.api.middleware.version_negotiation [None req-92ed7042-eaa2-4b29-91b4-35d46808c05f tempest-ServerActionsV293TestJSON-1953234068 tempest-ServerActionsV293TestJSON-1953234068-project-member] Matched version: v2 {{(pid=102035) process_request /opt/stack/glance/glance/api/middleware/version_negotiation.py:69}}
Jun 16 03:04:52.976669 np0000002909 devstack@g-api.service[102035]: DEBUG glance.api.middleware.version_negotiation [None req-92ed7042-eaa2-4b29-91b4-35d46808c05f tempest-ServerActionsV293TestJSON-1953234068 tempest-ServerActionsV293TestJSON-1953234068-project-member] new path /v2/images/7bcb9ae9-7d6c-45a2-a48f-7d23cd45cb33 {{(pid=102035) process_request /opt/stack/glance/glance/api/middleware/version_negotiation.py:70}}
Jun 16 03:04:52.986400 np0000002909 devstack@g-api.service[102035]: [pid: 102035|app: 0|req: 149/453] 127.0.0.1 () {40 vars in 834 bytes} [Tue Jun 16 03:04:52 2026] GET /v2/images/7bcb9ae9-7d6c-45a2-a48f-7d23cd45cb33 => generated 650 bytes in 11 msecs (HTTP/1.1 200) 4 headers in 157 bytes (1 switches on core 0)
Jun 16 03:04:53.319377 np0000002909 devstack@g-api.service[102037]: DEBUG glance.location [None req-56746d48-5fc6-44e3-8340-67bca9a1c6b1 tempest-VolumesActionsTest-93708052 tempest-VolumesActionsTest-93708052-project-member] Enabling in-flight format inspection for raw {{(pid=102037) set_data /opt/stack/glance/glance/location.py:616}}
Jun 16 03:04:53.319864 np0000002909 devstack@g-api.service[102037]: DEBUG glance_store.backend [None req-56746d48-5fc6-44e3-8340-67bca9a1c6b1 tempest-VolumesActionsTest-93708052 tempest-VolumesActionsTest-93708052-project-member] Attempting to import store swift {{(pid=102037) _load_store /opt/stack/data/venv/lib/python3.12/site-packages/glance_store/backend.py:215}}
Jun 16 03:04:53.321407 np0000002909 devstack@g-api.service[102037]: DEBUG glance_store.capabilities [None req-56746d48-5fc6-44e3-8340-67bca9a1c6b1 tempest-VolumesActionsTest-93708052 tempest-VolumesActionsTest-93708052-project-member] Store glance_store._drivers.swift.store.SingleTenantStore doesn't support updating dynamic storage capabilities. Please overwrite 'update_capabilities' method of the store to implement updating logics if needed. {{(pid=102037) update_capabilities /opt/stack/data/venv/lib/python3.12/site-packages/glance_store/capabilities.py:91}}
Jun 16 03:04:53.321551 np0000002909 devstack@g-api.service[102037]: DEBUG glance_store.driver [None req-56746d48-5fc6-44e3-8340-67bca9a1c6b1 tempest-VolumesActionsTest-93708052 tempest-VolumesActionsTest-93708052-project-member] Late loading location class glance_store._drivers.swift.store.StoreLocation {{(pid=102037) get_store_location_class /opt/stack/data/venv/lib/python3.12/site-packages/glance_store/driver.py:134}}
Jun 16 03:04:53.321694 np0000002909 devstack@g-api.service[102037]: DEBUG glance_store.location [None req-56746d48-5fc6-44e3-8340-67bca9a1c6b1 tempest-VolumesActionsTest-93708052 tempest-VolumesActionsTest-93708052-project-member] Registering scheme swift+https with {'store': , 'location_class': , 'store_entry': 'swift'} {{(pid=102037) register_scheme_map /opt/stack/data/venv/lib/python3.12/site-packages/glance_store/location.py:146}}
Jun 16 03:04:53.321829 np0000002909 devstack@g-api.service[102037]: DEBUG glance_store.location [None req-56746d48-5fc6-44e3-8340-67bca9a1c6b1 tempest-VolumesActionsTest-93708052 tempest-VolumesActionsTest-93708052-project-member] Registering scheme swift+https with {'store': , 'location_class': , 'store_entry': 'swift'} {{(pid=102037) register_scheme_map /opt/stack/data/venv/lib/python3.12/site-packages/glance_store/location.py:146}}
Jun 16 03:04:53.321920 np0000002909 devstack@g-api.service[102037]: DEBUG glance_store.location [None req-56746d48-5fc6-44e3-8340-67bca9a1c6b1 tempest-VolumesActionsTest-93708052 tempest-VolumesActionsTest-93708052-project-member] Registering scheme swift with {'store': , 'location_class': , 'store_entry': 'swift'} {{(pid=102037) register_scheme_map /opt/stack/data/venv/lib/python3.12/site-packages/glance_store/location.py:146}}
Jun 16 03:04:53.322012 np0000002909 devstack@g-api.service[102037]: DEBUG glance_store.location [None req-56746d48-5fc6-44e3-8340-67bca9a1c6b1 tempest-VolumesActionsTest-93708052 tempest-VolumesActionsTest-93708052-project-member] Registering scheme swift+https with {'store': , 'location_class': , 'store_entry': 'swift'} {{(pid=102037) register_scheme_map /opt/stack/data/venv/lib/python3.12/site-packages/glance_store/location.py:146}}
Jun 16 03:04:53.322072 np0000002909 devstack@g-api.service[102037]: DEBUG glance_store.location [None req-56746d48-5fc6-44e3-8340-67bca9a1c6b1 tempest-VolumesActionsTest-93708052 tempest-VolumesActionsTest-93708052-project-member] Registering scheme swift with {'store': , 'location_class': , 'store_entry': 'swift'} {{(pid=102037) register_scheme_map /opt/stack/data/venv/lib/python3.12/site-packages/glance_store/location.py:146}}
Jun 16 03:04:53.322191 np0000002909 devstack@g-api.service[102037]: DEBUG glance_store.location [None req-56746d48-5fc6-44e3-8340-67bca9a1c6b1 tempest-VolumesActionsTest-93708052 tempest-VolumesActionsTest-93708052-project-member] Registering scheme swift+http with {'store': , 'location_class': , 'store_entry': 'swift'} {{(pid=102037) register_scheme_map /opt/stack/data/venv/lib/python3.12/site-packages/glance_store/location.py:146}}
Jun 16 03:04:53.322257 np0000002909 devstack@g-api.service[102037]: DEBUG glance_store.location [None req-56746d48-5fc6-44e3-8340-67bca9a1c6b1 tempest-VolumesActionsTest-93708052 tempest-VolumesActionsTest-93708052-project-member] Registering scheme swift+https with {'store': , 'location_class': , 'store_entry': 'swift'} {{(pid=102037) register_scheme_map /opt/stack/data/venv/lib/python3.12/site-packages/glance_store/location.py:146}}
Jun 16 03:04:53.322367 np0000002909 devstack@g-api.service[102037]: DEBUG glance_store.location [None req-56746d48-5fc6-44e3-8340-67bca9a1c6b1 tempest-VolumesActionsTest-93708052 tempest-VolumesActionsTest-93708052-project-member] Registering scheme swift with {'store': , 'location_class': , 'store_entry': 'swift'} {{(pid=102037) register_scheme_map /opt/stack/data/venv/lib/python3.12/site-packages/glance_store/location.py:146}}
Jun 16 03:04:53.322452 np0000002909 devstack@g-api.service[102037]: DEBUG glance_store.location [None req-56746d48-5fc6-44e3-8340-67bca9a1c6b1 tempest-VolumesActionsTest-93708052 tempest-VolumesActionsTest-93708052-project-member] Registering scheme swift+http with {'store': , 'location_class': , 'store_entry': 'swift'} {{(pid=102037) register_scheme_map /opt/stack/data/venv/lib/python3.12/site-packages/glance_store/location.py:146}}
Jun 16 03:04:53.322526 np0000002909 devstack@g-api.service[102037]: DEBUG glance_store.location [None req-56746d48-5fc6-44e3-8340-67bca9a1c6b1 tempest-VolumesActionsTest-93708052 tempest-VolumesActionsTest-93708052-project-member] Registering scheme swift+config with {'store': , 'location_class': , 'store_entry': 'swift'} {{(pid=102037) register_scheme_map /opt/stack/data/venv/lib/python3.12/site-packages/glance_store/location.py:146}}
Jun 16 03:04:53.545644 np0000002909 devstack@g-api.service[102037]: DEBUG swiftclient [None req-56746d48-5fc6-44e3-8340-67bca9a1c6b1 tempest-VolumesActionsTest-93708052 tempest-VolumesActionsTest-93708052-project-member] REQ: curl -i https://10.4.3.26:8080/v1/AUTH_81076f7d13fb4cd0b4f4911abb20f245/glance -I -H "X-Auth-Token: gAAAAABqML1VZizI..." {{(pid=102037) http_log /opt/stack/data/venv/lib/python3.12/site-packages/swiftclient/client.py:160}}
Jun 16 03:04:53.545989 np0000002909 devstack@g-api.service[102037]: DEBUG swiftclient [None req-56746d48-5fc6-44e3-8340-67bca9a1c6b1 tempest-VolumesActionsTest-93708052 tempest-VolumesActionsTest-93708052-project-member] RESP STATUS: 204 No Content {{(pid=102037) http_log /opt/stack/data/venv/lib/python3.12/site-packages/swiftclient/client.py:161}}
Jun 16 03:04:53.546020 np0000002909 devstack@g-api.service[102037]: DEBUG swiftclient [None req-56746d48-5fc6-44e3-8340-67bca9a1c6b1 tempest-VolumesActionsTest-93708052 tempest-VolumesActionsTest-93708052-project-member] RESP HEADERS: {'Date': 'Tue, 16 Jun 2026 03:04:53 GMT', 'Server': 'Apache/2.4.58 (Ubuntu)', 'Content-Type': 'text/plain; charset=utf-8', 'X-Container-Object-Count': '3', 'X-Container-Bytes-Used': '64356352', 'X-Timestamp': '1781578488.37485', 'Last-Modified': 'Tue, 16 Jun 2026 02:54:49 GMT', 'Accept-Ranges': 'bytes', 'X-Storage-Policy': 'Policy-0', 'X-Container-Sharding': 'False', 'Vary': 'Accept', 'X-Trans-Id': 'txf1f7276eef3d4854b6407-006a30bd55', 'X-Openstack-Request-Id': 'txf1f7276eef3d4854b6407-006a30bd55', 'Connection': 'close'} {{(pid=102037) http_log /opt/stack/data/venv/lib/python3.12/site-packages/swiftclient/client.py:162}}
Jun 16 03:04:53.546245 np0000002909 devstack@g-api.service[102037]: DEBUG glance_store._drivers.swift.store [None req-56746d48-5fc6-44e3-8340-67bca9a1c6b1 tempest-VolumesActionsTest-93708052 tempest-VolumesActionsTest-93708052-project-member] Adding image object '7bcb9ae9-7d6c-45a2-a48f-7d23cd45cb33' to Swift {{(pid=102037) add /opt/stack/data/venv/lib/python3.12/site-packages/glance_store/_drivers/swift/store.py:970}}
Jun 16 03:04:53.546365 np0000002909 devstack@g-api.service[102037]: DEBUG glance_store._drivers.swift.store [None req-56746d48-5fc6-44e3-8340-67bca9a1c6b1 tempest-VolumesActionsTest-93708052 tempest-VolumesActionsTest-93708052-project-member] Cannot determine image size because it is either not provided in the request or chunked-transfer encoding is used. Adding image as a segmented object to Swift. {{(pid=102037) add /opt/stack/data/venv/lib/python3.12/site-packages/glance_store/_drivers/swift/store.py:994}}
Jun 16 03:04:53.553482 np0000002909 devstack@g-api.service[102037]: DEBUG oslo_utils.imageutils.format_inspector [None req-56746d48-5fc6-44e3-8340-67bca9a1c6b1 tempest-VolumesActionsTest-93708052 tempest-VolumesActionsTest-93708052-project-member] Format inspector for vmdk does not match, excluding from consideration (Signature KDMV not found: b'\x00\x00\x00\x00') {{(pid=102037) _process_chunk /opt/stack/data/venv/lib/python3.12/site-packages/oslo_utils/imageutils/format_inspector.py:1758}}
Jun 16 03:04:53.555712 np0000002909 devstack@g-api.service[102037]: DEBUG oslo_utils.imageutils.format_inspector [None req-56746d48-5fc6-44e3-8340-67bca9a1c6b1 tempest-VolumesActionsTest-93708052 tempest-VolumesActionsTest-93708052-project-member] Format inspector for vhdx does not match, excluding from consideration (Region signature not found at 30000) {{(pid=102037) _process_chunk /opt/stack/data/venv/lib/python3.12/site-packages/oslo_utils/imageutils/format_inspector.py:1758}}
Jun 16 03:04:53.999716 np0000002909 devstack@g-api.service[102036]: DEBUG glance.api.middleware.version_negotiation [None req-05279a0a-71da-41ef-9272-1d6b37c80a02 tempest-VolumesActionsTest-93708052 tempest-VolumesActionsTest-93708052-project-member] Determining version of request: GET /v2/images/7bcb9ae9-7d6c-45a2-a48f-7d23cd45cb33 Accept: application/json {{(pid=102036) process_request /opt/stack/glance/glance/api/middleware/version_negotiation.py:44}}
Jun 16 03:04:54.000286 np0000002909 devstack@g-api.service[102036]: DEBUG glance.api.middleware.version_negotiation [None req-05279a0a-71da-41ef-9272-1d6b37c80a02 tempest-VolumesActionsTest-93708052 tempest-VolumesActionsTest-93708052-project-member] Using url versioning {{(pid=102036) process_request /opt/stack/glance/glance/api/middleware/version_negotiation.py:57}}
Jun 16 03:04:54.000286 np0000002909 devstack@g-api.service[102036]: DEBUG glance.api.middleware.version_negotiation [None req-05279a0a-71da-41ef-9272-1d6b37c80a02 tempest-VolumesActionsTest-93708052 tempest-VolumesActionsTest-93708052-project-member] Matched version: v2 {{(pid=102036) process_request /opt/stack/glance/glance/api/middleware/version_negotiation.py:69}}
Jun 16 03:04:54.000593 np0000002909 devstack@g-api.service[102036]: DEBUG glance.api.middleware.version_negotiation [None req-05279a0a-71da-41ef-9272-1d6b37c80a02 tempest-VolumesActionsTest-93708052 tempest-VolumesActionsTest-93708052-project-member] new path /v2/images/7bcb9ae9-7d6c-45a2-a48f-7d23cd45cb33 {{(pid=102036) process_request /opt/stack/glance/glance/api/middleware/version_negotiation.py:70}}
Jun 16 03:04:54.012181 np0000002909 devstack@g-api.service[102036]: [pid: 102036|app: 0|req: 156/454] 127.0.0.1 () {40 vars in 834 bytes} [Tue Jun 16 03:04:53 2026] GET /v2/images/7bcb9ae9-7d6c-45a2-a48f-7d23cd45cb33 => generated 650 bytes in 13 msecs (HTTP/1.1 200) 4 headers in 157 bytes (1 switches on core 0)
Jun 16 03:04:55.030152 np0000002909 devstack@g-api.service[102035]: DEBUG glance.api.middleware.version_negotiation [None req-6dc80d9e-d35b-48ac-8613-856092bed551 tempest-VolumesActionsTest-93708052 tempest-VolumesActionsTest-93708052-project-member] Determining version of request: GET /v2/images/7bcb9ae9-7d6c-45a2-a48f-7d23cd45cb33 Accept: application/json {{(pid=102035) process_request /opt/stack/glance/glance/api/middleware/version_negotiation.py:44}}
Jun 16 03:04:55.030693 np0000002909 devstack@g-api.service[102035]: DEBUG glance.api.middleware.version_negotiation [None req-6dc80d9e-d35b-48ac-8613-856092bed551 tempest-VolumesActionsTest-93708052 tempest-VolumesActionsTest-93708052-project-member] Using url versioning {{(pid=102035) process_request /opt/stack/glance/glance/api/middleware/version_negotiation.py:57}}
Jun 16 03:04:55.030693 np0000002909 devstack@g-api.service[102035]: DEBUG glance.api.middleware.version_negotiation [None req-6dc80d9e-d35b-48ac-8613-856092bed551 tempest-VolumesActionsTest-93708052 tempest-VolumesActionsTest-93708052-project-member] Matched version: v2 {{(pid=102035) process_request /opt/stack/glance/glance/api/middleware/version_negotiation.py:69}}
Jun 16 03:04:55.030832 np0000002909 devstack@g-api.service[102035]: DEBUG glance.api.middleware.version_negotiation [None req-6dc80d9e-d35b-48ac-8613-856092bed551 tempest-VolumesActionsTest-93708052 tempest-VolumesActionsTest-93708052-project-member] new path /v2/images/7bcb9ae9-7d6c-45a2-a48f-7d23cd45cb33 {{(pid=102035) process_request /opt/stack/glance/glance/api/middleware/version_negotiation.py:70}}
Jun 16 03:04:55.041797 np0000002909 devstack@g-api.service[102035]: [pid: 102035|app: 0|req: 150/455] 127.0.0.1 () {40 vars in 834 bytes} [Tue Jun 16 03:04:55 2026] GET /v2/images/7bcb9ae9-7d6c-45a2-a48f-7d23cd45cb33 => generated 650 bytes in 11 msecs (HTTP/1.1 200) 4 headers in 157 bytes (1 switches on core 0)
Jun 16 03:04:55.581981 np0000002909 devstack@g-api.service[102037]: DEBUG swiftclient [None req-56746d48-5fc6-44e3-8340-67bca9a1c6b1 tempest-VolumesActionsTest-93708052 tempest-VolumesActionsTest-93708052-project-member] REQ: curl -i https://10.4.3.26:8080/v1/AUTH_81076f7d13fb4cd0b4f4911abb20f245/glance/7bcb9ae9-7d6c-45a2-a48f-7d23cd45cb33-00001 -X PUT -H "X-Auth-Token: gAAAAABqML1VZizI..." {{(pid=102037) http_log /opt/stack/data/venv/lib/python3.12/site-packages/swiftclient/client.py:160}}
Jun 16 03:04:55.581981 np0000002909 devstack@g-api.service[102037]: DEBUG swiftclient [None req-56746d48-5fc6-44e3-8340-67bca9a1c6b1 tempest-VolumesActionsTest-93708052 tempest-VolumesActionsTest-93708052-project-member] RESP STATUS: 201 Created {{(pid=102037) http_log /opt/stack/data/venv/lib/python3.12/site-packages/swiftclient/client.py:161}}
Jun 16 03:04:55.582424 np0000002909 devstack@g-api.service[102037]: DEBUG swiftclient [None req-56746d48-5fc6-44e3-8340-67bca9a1c6b1 tempest-VolumesActionsTest-93708052 tempest-VolumesActionsTest-93708052-project-member] RESP HEADERS: {'Date': 'Tue, 16 Jun 2026 03:04:55 GMT', 'Server': 'Apache/2.4.58 (Ubuntu)', 'Content-Type': 'text/html; charset=UTF-8', 'Content-Length': '0', 'Etag': 'eda9a9889837ac4bc81d6387d92c1bec', 'Last-Modified': 'Tue, 16 Jun 2026 03:04:54 GMT', 'X-Trans-Id': 'txf011a75db97048af98aa7-006a30bd55', 'X-Openstack-Request-Id': 'txf011a75db97048af98aa7-006a30bd55', 'Connection': 'close'} {{(pid=102037) http_log /opt/stack/data/venv/lib/python3.12/site-packages/swiftclient/client.py:162}}
Jun 16 03:04:55.582424 np0000002909 devstack@g-api.service[102037]: DEBUG glance_store._drivers.swift.store [None req-56746d48-5fc6-44e3-8340-67bca9a1c6b1 tempest-VolumesActionsTest-93708052 tempest-VolumesActionsTest-93708052-project-member] Wrote chunk 7bcb9ae9-7d6c-45a2-a48f-7d23cd45cb33-00001 (1/?) of length 204800000 to Swift returning MD5 of content: eda9a9889837ac4bc81d6387d92c1bec {{(pid=102037) add /opt/stack/data/venv/lib/python3.12/site-packages/glance_store/_drivers/swift/store.py:1059}}
Jun 16 03:04:56.053057 np0000002909 devstack@g-api.service[102036]: DEBUG glance.api.middleware.version_negotiation [None req-995886fb-e527-4960-9080-2b009d9eec2a tempest-VolumesActionsTest-93708052 tempest-VolumesActionsTest-93708052-project-member] Determining version of request: GET /v2/images/7bcb9ae9-7d6c-45a2-a48f-7d23cd45cb33 Accept: application/json {{(pid=102036) process_request /opt/stack/glance/glance/api/middleware/version_negotiation.py:44}}
Jun 16 03:04:56.056084 np0000002909 devstack@g-api.service[102036]: DEBUG glance.api.middleware.version_negotiation [None req-995886fb-e527-4960-9080-2b009d9eec2a tempest-VolumesActionsTest-93708052 tempest-VolumesActionsTest-93708052-project-member] Using url versioning {{(pid=102036) process_request /opt/stack/glance/glance/api/middleware/version_negotiation.py:57}}
Jun 16 03:04:56.056084 np0000002909 devstack@g-api.service[102036]: DEBUG glance.api.middleware.version_negotiation [None req-995886fb-e527-4960-9080-2b009d9eec2a tempest-VolumesActionsTest-93708052 tempest-VolumesActionsTest-93708052-project-member] Matched version: v2 {{(pid=102036) process_request /opt/stack/glance/glance/api/middleware/version_negotiation.py:69}}
Jun 16 03:04:56.056084 np0000002909 devstack@g-api.service[102036]: DEBUG glance.api.middleware.version_negotiation [None req-995886fb-e527-4960-9080-2b009d9eec2a tempest-VolumesActionsTest-93708052 tempest-VolumesActionsTest-93708052-project-member] new path /v2/images/7bcb9ae9-7d6c-45a2-a48f-7d23cd45cb33 {{(pid=102036) process_request /opt/stack/glance/glance/api/middleware/version_negotiation.py:70}}
Jun 16 03:04:56.070582 np0000002909 devstack@g-api.service[102036]: [pid: 102036|app: 0|req: 157/456] 127.0.0.1 () {40 vars in 834 bytes} [Tue Jun 16 03:04:56 2026] GET /v2/images/7bcb9ae9-7d6c-45a2-a48f-7d23cd45cb33 => generated 650 bytes in 18 msecs (HTTP/1.1 200) 4 headers in 157 bytes (1 switches on core 0)
Jun 16 03:04:57.083302 np0000002909 devstack@g-api.service[102035]: DEBUG glance.api.middleware.version_negotiation [None req-d5a6f8ca-8f50-4f03-9b89-ca573d592ccb tempest-VolumesActionsTest-93708052 tempest-VolumesActionsTest-93708052-project-member] Determining version of request: GET /v2/images/7bcb9ae9-7d6c-45a2-a48f-7d23cd45cb33 Accept: application/json {{(pid=102035) process_request /opt/stack/glance/glance/api/middleware/version_negotiation.py:44}}
Jun 16 03:04:57.083808 np0000002909 devstack@g-api.service[102035]: DEBUG glance.api.middleware.version_negotiation [None req-d5a6f8ca-8f50-4f03-9b89-ca573d592ccb tempest-VolumesActionsTest-93708052 tempest-VolumesActionsTest-93708052-project-member] Using url versioning {{(pid=102035) process_request /opt/stack/glance/glance/api/middleware/version_negotiation.py:57}}
Jun 16 03:04:57.083808 np0000002909 devstack@g-api.service[102035]: DEBUG glance.api.middleware.version_negotiation [None req-d5a6f8ca-8f50-4f03-9b89-ca573d592ccb tempest-VolumesActionsTest-93708052 tempest-VolumesActionsTest-93708052-project-member] Matched version: v2 {{(pid=102035) process_request /opt/stack/glance/glance/api/middleware/version_negotiation.py:69}}
Jun 16 03:04:57.083808 np0000002909 devstack@g-api.service[102035]: DEBUG glance.api.middleware.version_negotiation [None req-d5a6f8ca-8f50-4f03-9b89-ca573d592ccb tempest-VolumesActionsTest-93708052 tempest-VolumesActionsTest-93708052-project-member] new path /v2/images/7bcb9ae9-7d6c-45a2-a48f-7d23cd45cb33 {{(pid=102035) process_request /opt/stack/glance/glance/api/middleware/version_negotiation.py:70}}
Jun 16 03:04:57.097733 np0000002909 devstack@g-api.service[102035]: [pid: 102035|app: 0|req: 151/457] 127.0.0.1 () {40 vars in 834 bytes} [Tue Jun 16 03:04:57 2026] GET /v2/images/7bcb9ae9-7d6c-45a2-a48f-7d23cd45cb33 => generated 650 bytes in 15 msecs (HTTP/1.1 200) 4 headers in 157 bytes (1 switches on core 0)
Jun 16 03:04:57.625291 np0000002909 devstack@g-api.service[102037]: DEBUG swiftclient [None req-56746d48-5fc6-44e3-8340-67bca9a1c6b1 tempest-VolumesActionsTest-93708052 tempest-VolumesActionsTest-93708052-project-member] REQ: curl -i https://10.4.3.26:8080/v1/AUTH_81076f7d13fb4cd0b4f4911abb20f245/glance/7bcb9ae9-7d6c-45a2-a48f-7d23cd45cb33-00002 -X PUT -H "X-Auth-Token: gAAAAABqML1VZizI..." {{(pid=102037) http_log /opt/stack/data/venv/lib/python3.12/site-packages/swiftclient/client.py:160}}
Jun 16 03:04:57.625291 np0000002909 devstack@g-api.service[102037]: DEBUG swiftclient [None req-56746d48-5fc6-44e3-8340-67bca9a1c6b1 tempest-VolumesActionsTest-93708052 tempest-VolumesActionsTest-93708052-project-member] RESP STATUS: 201 Created {{(pid=102037) http_log /opt/stack/data/venv/lib/python3.12/site-packages/swiftclient/client.py:161}}
Jun 16 03:04:57.625767 np0000002909 devstack@g-api.service[102037]: DEBUG swiftclient [None req-56746d48-5fc6-44e3-8340-67bca9a1c6b1 tempest-VolumesActionsTest-93708052 tempest-VolumesActionsTest-93708052-project-member] RESP HEADERS: {'Date': 'Tue, 16 Jun 2026 03:04:57 GMT', 'Server': 'Apache/2.4.58 (Ubuntu)', 'Content-Type': 'text/html; charset=UTF-8', 'Content-Length': '0', 'Etag': 'eda9a9889837ac4bc81d6387d92c1bec', 'Last-Modified': 'Tue, 16 Jun 2026 03:04:56 GMT', 'X-Trans-Id': 'tx36ceafd774694aa99fb19-006a30bd57', 'X-Openstack-Request-Id': 'tx36ceafd774694aa99fb19-006a30bd57', 'Connection': 'close'} {{(pid=102037) http_log /opt/stack/data/venv/lib/python3.12/site-packages/swiftclient/client.py:162}}
Jun 16 03:04:57.625767 np0000002909 devstack@g-api.service[102037]: DEBUG glance_store._drivers.swift.store [None req-56746d48-5fc6-44e3-8340-67bca9a1c6b1 tempest-VolumesActionsTest-93708052 tempest-VolumesActionsTest-93708052-project-member] Wrote chunk 7bcb9ae9-7d6c-45a2-a48f-7d23cd45cb33-00002 (2/?) of length 204800000 to Swift returning MD5 of content: eda9a9889837ac4bc81d6387d92c1bec {{(pid=102037) add /opt/stack/data/venv/lib/python3.12/site-packages/glance_store/_drivers/swift/store.py:1059}}
Jun 16 03:04:58.113232 np0000002909 devstack@g-api.service[102036]: DEBUG glance.api.middleware.version_negotiation [None req-4198ffaa-7fb2-4fa0-b6d5-cdd631ff26a1 tempest-VolumesActionsTest-93708052 tempest-VolumesActionsTest-93708052-project-member] Determining version of request: GET /v2/images/7bcb9ae9-7d6c-45a2-a48f-7d23cd45cb33 Accept: application/json {{(pid=102036) process_request /opt/stack/glance/glance/api/middleware/version_negotiation.py:44}}
Jun 16 03:04:58.114503 np0000002909 devstack@g-api.service[102036]: DEBUG glance.api.middleware.version_negotiation [None req-4198ffaa-7fb2-4fa0-b6d5-cdd631ff26a1 tempest-VolumesActionsTest-93708052 tempest-VolumesActionsTest-93708052-project-member] Using url versioning {{(pid=102036) process_request /opt/stack/glance/glance/api/middleware/version_negotiation.py:57}}
Jun 16 03:04:58.114503 np0000002909 devstack@g-api.service[102036]: DEBUG glance.api.middleware.version_negotiation [None req-4198ffaa-7fb2-4fa0-b6d5-cdd631ff26a1 tempest-VolumesActionsTest-93708052 tempest-VolumesActionsTest-93708052-project-member] Matched version: v2 {{(pid=102036) process_request /opt/stack/glance/glance/api/middleware/version_negotiation.py:69}}
Jun 16 03:04:58.114503 np0000002909 devstack@g-api.service[102036]: DEBUG glance.api.middleware.version_negotiation [None req-4198ffaa-7fb2-4fa0-b6d5-cdd631ff26a1 tempest-VolumesActionsTest-93708052 tempest-VolumesActionsTest-93708052-project-member] new path /v2/images/7bcb9ae9-7d6c-45a2-a48f-7d23cd45cb33 {{(pid=102036) process_request /opt/stack/glance/glance/api/middleware/version_negotiation.py:70}}
Jun 16 03:04:58.132931 np0000002909 devstack@g-api.service[102036]: [pid: 102036|app: 0|req: 158/458] 127.0.0.1 () {40 vars in 834 bytes} [Tue Jun 16 03:04:58 2026] GET /v2/images/7bcb9ae9-7d6c-45a2-a48f-7d23cd45cb33 => generated 650 bytes in 20 msecs (HTTP/1.1 200) 4 headers in 157 bytes (1 switches on core 0)
Jun 16 03:04:59.145551 np0000002909 devstack@g-api.service[102035]: DEBUG glance.api.middleware.version_negotiation [None req-0f73a11e-afc2-4948-87fd-e36556612486 tempest-VolumesActionsTest-93708052 tempest-VolumesActionsTest-93708052-project-member] Determining version of request: GET /v2/images/7bcb9ae9-7d6c-45a2-a48f-7d23cd45cb33 Accept: application/json {{(pid=102035) process_request /opt/stack/glance/glance/api/middleware/version_negotiation.py:44}}
Jun 16 03:04:59.145551 np0000002909 devstack@g-api.service[102035]: DEBUG glance.api.middleware.version_negotiation [None req-0f73a11e-afc2-4948-87fd-e36556612486 tempest-VolumesActionsTest-93708052 tempest-VolumesActionsTest-93708052-project-member] Using url versioning {{(pid=102035) process_request /opt/stack/glance/glance/api/middleware/version_negotiation.py:57}}
Jun 16 03:04:59.145551 np0000002909 devstack@g-api.service[102035]: DEBUG glance.api.middleware.version_negotiation [None req-0f73a11e-afc2-4948-87fd-e36556612486 tempest-VolumesActionsTest-93708052 tempest-VolumesActionsTest-93708052-project-member] Matched version: v2 {{(pid=102035) process_request /opt/stack/glance/glance/api/middleware/version_negotiation.py:69}}
Jun 16 03:04:59.145551 np0000002909 devstack@g-api.service[102035]: DEBUG glance.api.middleware.version_negotiation [None req-0f73a11e-afc2-4948-87fd-e36556612486 tempest-VolumesActionsTest-93708052 tempest-VolumesActionsTest-93708052-project-member] new path /v2/images/7bcb9ae9-7d6c-45a2-a48f-7d23cd45cb33 {{(pid=102035) process_request /opt/stack/glance/glance/api/middleware/version_negotiation.py:70}}
Jun 16 03:04:59.163730 np0000002909 devstack@g-api.service[102035]: [pid: 102035|app: 0|req: 152/459] 127.0.0.1 () {40 vars in 834 bytes} [Tue Jun 16 03:04:59 2026] GET /v2/images/7bcb9ae9-7d6c-45a2-a48f-7d23cd45cb33 => generated 650 bytes in 19 msecs (HTTP/1.1 200) 4 headers in 157 bytes (1 switches on core 0)
Jun 16 03:04:59.776107 np0000002909 devstack@g-api.service[102037]: DEBUG swiftclient [None req-56746d48-5fc6-44e3-8340-67bca9a1c6b1 tempest-VolumesActionsTest-93708052 tempest-VolumesActionsTest-93708052-project-member] REQ: curl -i https://10.4.3.26:8080/v1/AUTH_81076f7d13fb4cd0b4f4911abb20f245/glance/7bcb9ae9-7d6c-45a2-a48f-7d23cd45cb33-00003 -X PUT -H "X-Auth-Token: gAAAAABqML1VZizI..." {{(pid=102037) http_log /opt/stack/data/venv/lib/python3.12/site-packages/swiftclient/client.py:160}}
Jun 16 03:04:59.776107 np0000002909 devstack@g-api.service[102037]: DEBUG swiftclient [None req-56746d48-5fc6-44e3-8340-67bca9a1c6b1 tempest-VolumesActionsTest-93708052 tempest-VolumesActionsTest-93708052-project-member] RESP STATUS: 201 Created {{(pid=102037) http_log /opt/stack/data/venv/lib/python3.12/site-packages/swiftclient/client.py:161}}
Jun 16 03:04:59.776520 np0000002909 devstack@g-api.service[102037]: DEBUG swiftclient [None req-56746d48-5fc6-44e3-8340-67bca9a1c6b1 tempest-VolumesActionsTest-93708052 tempest-VolumesActionsTest-93708052-project-member] RESP HEADERS: {'Date': 'Tue, 16 Jun 2026 03:04:59 GMT', 'Server': 'Apache/2.4.58 (Ubuntu)', 'Content-Type': 'text/html; charset=UTF-8', 'Content-Length': '0', 'Etag': 'eda9a9889837ac4bc81d6387d92c1bec', 'Last-Modified': 'Tue, 16 Jun 2026 03:04:58 GMT', 'X-Trans-Id': 'tx567c91ef13a64d7195a14-006a30bd59', 'X-Openstack-Request-Id': 'tx567c91ef13a64d7195a14-006a30bd59', 'Connection': 'close'} {{(pid=102037) http_log /opt/stack/data/venv/lib/python3.12/site-packages/swiftclient/client.py:162}}
Jun 16 03:04:59.776520 np0000002909 devstack@g-api.service[102037]: DEBUG glance_store._drivers.swift.store [None req-56746d48-5fc6-44e3-8340-67bca9a1c6b1 tempest-VolumesActionsTest-93708052 tempest-VolumesActionsTest-93708052-project-member] Wrote chunk 7bcb9ae9-7d6c-45a2-a48f-7d23cd45cb33-00003 (3/?) of length 204800000 to Swift returning MD5 of content: eda9a9889837ac4bc81d6387d92c1bec {{(pid=102037) add /opt/stack/data/venv/lib/python3.12/site-packages/glance_store/_drivers/swift/store.py:1059}}
Jun 16 03:05:00.172104 np0000002909 devstack@g-api.service[102036]: DEBUG glance.api.middleware.version_negotiation [None req-348805ff-be08-49b0-97bf-08cfd4a047d3 tempest-VolumesActionsTest-93708052 tempest-VolumesActionsTest-93708052-project-member] Determining version of request: GET /v2/images/7bcb9ae9-7d6c-45a2-a48f-7d23cd45cb33 Accept: application/json {{(pid=102036) process_request /opt/stack/glance/glance/api/middleware/version_negotiation.py:44}}
Jun 16 03:05:00.172570 np0000002909 devstack@g-api.service[102036]: DEBUG glance.api.middleware.version_negotiation [None req-348805ff-be08-49b0-97bf-08cfd4a047d3 tempest-VolumesActionsTest-93708052 tempest-VolumesActionsTest-93708052-project-member] Using url versioning {{(pid=102036) process_request /opt/stack/glance/glance/api/middleware/version_negotiation.py:57}}
Jun 16 03:05:00.172570 np0000002909 devstack@g-api.service[102036]: DEBUG glance.api.middleware.version_negotiation [None req-348805ff-be08-49b0-97bf-08cfd4a047d3 tempest-VolumesActionsTest-93708052 tempest-VolumesActionsTest-93708052-project-member] Matched version: v2 {{(pid=102036) process_request /opt/stack/glance/glance/api/middleware/version_negotiation.py:69}}
Jun 16 03:05:00.172570 np0000002909 devstack@g-api.service[102036]: DEBUG glance.api.middleware.version_negotiation [None req-348805ff-be08-49b0-97bf-08cfd4a047d3 tempest-VolumesActionsTest-93708052 tempest-VolumesActionsTest-93708052-project-member] new path /v2/images/7bcb9ae9-7d6c-45a2-a48f-7d23cd45cb33 {{(pid=102036) process_request /opt/stack/glance/glance/api/middleware/version_negotiation.py:70}}
Jun 16 03:05:00.186827 np0000002909 devstack@g-api.service[102036]: [pid: 102036|app: 0|req: 159/460] 127.0.0.1 () {40 vars in 834 bytes} [Tue Jun 16 03:05:00 2026] GET /v2/images/7bcb9ae9-7d6c-45a2-a48f-7d23cd45cb33 => generated 650 bytes in 15 msecs (HTTP/1.1 200) 4 headers in 157 bytes (1 switches on core 0)
Jun 16 03:05:01.200996 np0000002909 devstack@g-api.service[102035]: DEBUG glance.api.middleware.version_negotiation [None req-8b7a3334-66c5-4cc2-a9b3-3908981acafd tempest-VolumesActionsTest-93708052 tempest-VolumesActionsTest-93708052-project-member] Determining version of request: GET /v2/images/7bcb9ae9-7d6c-45a2-a48f-7d23cd45cb33 Accept: application/json {{(pid=102035) process_request /opt/stack/glance/glance/api/middleware/version_negotiation.py:44}}
Jun 16 03:05:01.201492 np0000002909 devstack@g-api.service[102035]: DEBUG glance.api.middleware.version_negotiation [None req-8b7a3334-66c5-4cc2-a9b3-3908981acafd tempest-VolumesActionsTest-93708052 tempest-VolumesActionsTest-93708052-project-member] Using url versioning {{(pid=102035) process_request /opt/stack/glance/glance/api/middleware/version_negotiation.py:57}}
