Jun 16 02:54:19.684760 np0000002909 nova-scheduler[95757]: DEBUG cotyledon.oslo_config_glue [-] oslo_limit.cafile = None {{(pid=95757) log_opt_values /opt/stack/data/venv/lib/python3.12/site-packages/oslo_config/cfg.py:3253}}
Jun 16 02:54:19.684917 np0000002909 nova-scheduler[95757]: DEBUG cotyledon.oslo_config_glue [-] oslo_limit.certfile = None {{(pid=95757) log_opt_values /opt/stack/data/venv/lib/python3.12/site-packages/oslo_config/cfg.py:3253}}
Jun 16 02:54:19.684917 np0000002909 nova-scheduler[95757]: DEBUG cotyledon.oslo_config_glue [-] oslo_limit.collect_timing = False {{(pid=95757) log_opt_values /opt/stack/data/venv/lib/python3.12/site-packages/oslo_config/cfg.py:3253}}
Jun 16 02:54:19.684917 np0000002909 nova-scheduler[95757]: DEBUG cotyledon.oslo_config_glue [-] oslo_limit.connect_retries = None {{(pid=95757) log_opt_values /opt/stack/data/venv/lib/python3.12/site-packages/oslo_config/cfg.py:3253}}
Jun 16 02:54:19.684917 np0000002909 nova-scheduler[95757]: DEBUG cotyledon.oslo_config_glue [-] oslo_limit.connect_retry_delay = None {{(pid=95757) log_opt_values /opt/stack/data/venv/lib/python3.12/site-packages/oslo_config/cfg.py:3253}}
Jun 16 02:54:19.684917 np0000002909 nova-scheduler[95757]: DEBUG cotyledon.oslo_config_glue [-] oslo_limit.endpoint_id = None {{(pid=95757) log_opt_values /opt/stack/data/venv/lib/python3.12/site-packages/oslo_config/cfg.py:3253}}
Jun 16 02:54:19.684917 np0000002909 nova-scheduler[95757]: DEBUG cotyledon.oslo_config_glue [-] oslo_limit.endpoint_interface = public {{(pid=95757) log_opt_values /opt/stack/data/venv/lib/python3.12/site-packages/oslo_config/cfg.py:3253}}
Jun 16 02:54:19.684917 np0000002909 nova-scheduler[95757]: DEBUG cotyledon.oslo_config_glue [-] oslo_limit.endpoint_override = None {{(pid=95757) log_opt_values /opt/stack/data/venv/lib/python3.12/site-packages/oslo_config/cfg.py:3253}}
Jun 16 02:54:19.684917 np0000002909 nova-scheduler[95757]: DEBUG cotyledon.oslo_config_glue [-] oslo_limit.endpoint_region_name = None {{(pid=95757) log_opt_values /opt/stack/data/venv/lib/python3.12/site-packages/oslo_config/cfg.py:3253}}
Jun 16 02:54:19.684917 np0000002909 nova-scheduler[95757]: DEBUG cotyledon.oslo_config_glue [-] oslo_limit.endpoint_service_name = None {{(pid=95757) log_opt_values /opt/stack/data/venv/lib/python3.12/site-packages/oslo_config/cfg.py:3253}}
Jun 16 02:54:19.685086 np0000002909 nova-scheduler[95757]: DEBUG cotyledon.oslo_config_glue [-] oslo_limit.endpoint_service_type = None {{(pid=95757) log_opt_values /opt/stack/data/venv/lib/python3.12/site-packages/oslo_config/cfg.py:3253}}
Jun 16 02:54:19.685086 np0000002909 nova-scheduler[95757]: DEBUG cotyledon.oslo_config_glue [-] oslo_limit.insecure = False {{(pid=95757) log_opt_values /opt/stack/data/venv/lib/python3.12/site-packages/oslo_config/cfg.py:3253}}
Jun 16 02:54:19.685086 np0000002909 nova-scheduler[95757]: DEBUG cotyledon.oslo_config_glue [-] oslo_limit.keyfile = None {{(pid=95757) log_opt_values /opt/stack/data/venv/lib/python3.12/site-packages/oslo_config/cfg.py:3253}}
Jun 16 02:54:19.685086 np0000002909 nova-scheduler[95757]: DEBUG cotyledon.oslo_config_glue [-] oslo_limit.max_version = None {{(pid=95757) log_opt_values /opt/stack/data/venv/lib/python3.12/site-packages/oslo_config/cfg.py:3253}}
Jun 16 02:54:19.685086 np0000002909 nova-scheduler[95757]: DEBUG cotyledon.oslo_config_glue [-] oslo_limit.min_version = None {{(pid=95757) log_opt_values /opt/stack/data/venv/lib/python3.12/site-packages/oslo_config/cfg.py:3253}}
Jun 16 02:54:19.685086 np0000002909 nova-scheduler[95757]: DEBUG cotyledon.oslo_config_glue [-] oslo_limit.region_name = None {{(pid=95757) log_opt_values /opt/stack/data/venv/lib/python3.12/site-packages/oslo_config/cfg.py:3253}}
Jun 16 02:54:19.685086 np0000002909 nova-scheduler[95757]: DEBUG cotyledon.oslo_config_glue [-] oslo_limit.retriable_status_codes = None {{(pid=95757) log_opt_values /opt/stack/data/venv/lib/python3.12/site-packages/oslo_config/cfg.py:3253}}
Jun 16 02:54:19.685086 np0000002909 nova-scheduler[95757]: DEBUG cotyledon.oslo_config_glue [-] oslo_limit.service_name = None {{(pid=95757) log_opt_values /opt/stack/data/venv/lib/python3.12/site-packages/oslo_config/cfg.py:3253}}
Jun 16 02:54:19.685086 np0000002909 nova-scheduler[95757]: DEBUG cotyledon.oslo_config_glue [-] oslo_limit.service_type = None {{(pid=95757) log_opt_values /opt/stack/data/venv/lib/python3.12/site-packages/oslo_config/cfg.py:3253}}
Jun 16 02:54:19.685247 np0000002909 nova-scheduler[95757]: DEBUG cotyledon.oslo_config_glue [-] oslo_limit.split_loggers = False {{(pid=95757) log_opt_values /opt/stack/data/venv/lib/python3.12/site-packages/oslo_config/cfg.py:3253}}
Jun 16 02:54:19.685247 np0000002909 nova-scheduler[95757]: DEBUG cotyledon.oslo_config_glue [-] oslo_limit.status_code_retries = None {{(pid=95757) log_opt_values /opt/stack/data/venv/lib/python3.12/site-packages/oslo_config/cfg.py:3253}}
Jun 16 02:54:19.685247 np0000002909 nova-scheduler[95757]: DEBUG cotyledon.oslo_config_glue [-] oslo_limit.status_code_retry_delay = None {{(pid=95757) log_opt_values /opt/stack/data/venv/lib/python3.12/site-packages/oslo_config/cfg.py:3253}}
Jun 16 02:54:19.685247 np0000002909 nova-scheduler[95757]: DEBUG cotyledon.oslo_config_glue [-] oslo_limit.timeout = None {{(pid=95757) log_opt_values /opt/stack/data/venv/lib/python3.12/site-packages/oslo_config/cfg.py:3253}}
Jun 16 02:54:19.685247 np0000002909 nova-scheduler[95757]: DEBUG cotyledon.oslo_config_glue [-] oslo_limit.valid_interfaces = None {{(pid=95757) log_opt_values /opt/stack/data/venv/lib/python3.12/site-packages/oslo_config/cfg.py:3253}}
Jun 16 02:54:19.685247 np0000002909 nova-scheduler[95757]: DEBUG cotyledon.oslo_config_glue [-] oslo_limit.version = None {{(pid=95757) log_opt_values /opt/stack/data/venv/lib/python3.12/site-packages/oslo_config/cfg.py:3253}}
Jun 16 02:54:19.685247 np0000002909 nova-scheduler[95757]: DEBUG cotyledon.oslo_config_glue [-] oslo_reports.file_event_handler = None {{(pid=95757) log_opt_values /opt/stack/data/venv/lib/python3.12/site-packages/oslo_config/cfg.py:3253}}
Jun 16 02:54:19.685247 np0000002909 nova-scheduler[95757]: DEBUG cotyledon.oslo_config_glue [-] oslo_reports.file_event_handler_interval = 1 {{(pid=95757) log_opt_values /opt/stack/data/venv/lib/python3.12/site-packages/oslo_config/cfg.py:3253}}
Jun 16 02:54:19.685247 np0000002909 nova-scheduler[95757]: DEBUG cotyledon.oslo_config_glue [-] oslo_reports.log_dir = None {{(pid=95757) log_opt_values /opt/stack/data/venv/lib/python3.12/site-packages/oslo_config/cfg.py:3253}}
Jun 16 02:54:19.685435 np0000002909 nova-scheduler[95757]: DEBUG cotyledon.oslo_config_glue [-] ******************************************************************************** {{(pid=95757) log_opt_values /opt/stack/data/venv/lib/python3.12/site-packages/oslo_config/cfg.py:3260}}
Jun 16 02:54:19.685435 np0000002909 nova-scheduler[95757]: DEBUG cotyledon._service_worker [-] Run service ServiceWrapper(2) [95757] {{(pid=95757) wait_forever /opt/stack/data/venv/lib/python3.12/site-packages/cotyledon/_service_worker.py:218}}
Jun 16 02:54:19.685435 np0000002909 nova-scheduler[95757]: INFO nova.service [-] Starting scheduler node (version 33.1.0)
Jun 16 02:54:19.687860 np0000002909 nova-scheduler[95757]: INFO dbcounter [None req-4f1a4f2d-a904-4d17-b067-45ba665a29b3 None None] Registered counter for database nova_cell0
Jun 16 02:54:19.708237 np0000002909 nova-scheduler[95753]: DEBUG oslo_db.sqlalchemy.engines [None req-9ff6b06b-af3b-4cde-8313-07e0f34a484d None None] MySQL server mode set to STRICT_TRANS_TABLES,STRICT_ALL_TABLES,NO_ZERO_IN_DATE,NO_ZERO_DATE,ERROR_FOR_DIVISION_BY_ZERO,TRADITIONAL,NO_ENGINE_SUBSTITUTION {{(pid=95753) _check_effective_sql_mode /opt/stack/data/venv/lib/python3.12/site-packages/oslo_db/sqlalchemy/engines.py:325}}
Jun 16 02:54:19.718778 np0000002909 nova-scheduler[95753]: DEBUG dbcounter [-] [95753] Writer thread running {{(pid=95753) stat_writer /opt/stack/data/venv/lib/python3.12/site-packages/dbcounter.py:102}}
Jun 16 02:54:19.721490 np0000002909 nova-scheduler[95755]: DEBUG oslo_db.sqlalchemy.engines [None req-eb6970cc-4384-4be5-bc75-319528218fff None None] MySQL server mode set to STRICT_TRANS_TABLES,STRICT_ALL_TABLES,NO_ZERO_IN_DATE,NO_ZERO_DATE,ERROR_FOR_DIVISION_BY_ZERO,TRADITIONAL,NO_ENGINE_SUBSTITUTION {{(pid=95755) _check_effective_sql_mode /opt/stack/data/venv/lib/python3.12/site-packages/oslo_db/sqlalchemy/engines.py:325}}
Jun 16 02:54:19.726223 np0000002909 nova-scheduler[95757]: DEBUG oslo_db.sqlalchemy.engines [None req-4f1a4f2d-a904-4d17-b067-45ba665a29b3 None None] MySQL server mode set to STRICT_TRANS_TABLES,STRICT_ALL_TABLES,NO_ZERO_IN_DATE,NO_ZERO_DATE,ERROR_FOR_DIVISION_BY_ZERO,TRADITIONAL,NO_ENGINE_SUBSTITUTION {{(pid=95757) _check_effective_sql_mode /opt/stack/data/venv/lib/python3.12/site-packages/oslo_db/sqlalchemy/engines.py:325}}
Jun 16 02:54:19.730854 np0000002909 nova-scheduler[95755]: DEBUG dbcounter [-] [95755] Writer thread running {{(pid=95755) stat_writer /opt/stack/data/venv/lib/python3.12/site-packages/dbcounter.py:102}}
Jun 16 02:54:19.735474 np0000002909 nova-scheduler[95757]: DEBUG dbcounter [-] [95757] Writer thread running {{(pid=95757) stat_writer /opt/stack/data/venv/lib/python3.12/site-packages/dbcounter.py:102}}
Jun 16 02:54:19.735913 np0000002909 nova-scheduler[95753]: DEBUG nova.service [None req-9ff6b06b-af3b-4cde-8313-07e0f34a484d None None] Creating RPC server for service: nova-scheduler on topic: scheduler {{(pid=95753) start /opt/stack/nova/nova/service.py:196}}
Jun 16 02:54:19.738412 np0000002909 nova-scheduler[95757]: DEBUG nova.service [None req-4f1a4f2d-a904-4d17-b067-45ba665a29b3 None None] Creating RPC server for service: nova-scheduler on topic: scheduler {{(pid=95757) start /opt/stack/nova/nova/service.py:196}}
Jun 16 02:54:19.746197 np0000002909 nova-scheduler[95755]: DEBUG nova.service [None req-eb6970cc-4384-4be5-bc75-319528218fff None None] Creating RPC server for service: nova-scheduler on topic: scheduler {{(pid=95755) start /opt/stack/nova/nova/service.py:196}}
Jun 16 02:54:19.770901 np0000002909 nova-scheduler[95755]: DEBUG nova.service [None req-eb6970cc-4384-4be5-bc75-319528218fff None None] Join ServiceGroup membership for this service scheduler {{(pid=95755) start /opt/stack/nova/nova/service.py:222}}
Jun 16 02:54:19.771096 np0000002909 nova-scheduler[95757]: DEBUG nova.service [None req-4f1a4f2d-a904-4d17-b067-45ba665a29b3 None None] Join ServiceGroup membership for this service scheduler {{(pid=95757) start /opt/stack/nova/nova/service.py:222}}
Jun 16 02:54:19.771168 np0000002909 nova-scheduler[95753]: DEBUG nova.service [None req-9ff6b06b-af3b-4cde-8313-07e0f34a484d None None] Join ServiceGroup membership for this service scheduler {{(pid=95753) start /opt/stack/nova/nova/service.py:222}}
Jun 16 02:54:19.771212 np0000002909 nova-scheduler[95755]: DEBUG nova.servicegroup.drivers.db [None req-eb6970cc-4384-4be5-bc75-319528218fff None None] DB_Driver: join new ServiceGroup member np0000002909 to the scheduler group, service = {{(pid=95755) join /opt/stack/nova/nova/servicegroup/drivers/db.py:44}}
Jun 16 02:54:19.771300 np0000002909 nova-scheduler[95753]: DEBUG nova.servicegroup.drivers.db [None req-9ff6b06b-af3b-4cde-8313-07e0f34a484d None None] DB_Driver: join new ServiceGroup member np0000002909 to the scheduler group, service = {{(pid=95753) join /opt/stack/nova/nova/servicegroup/drivers/db.py:44}}
Jun 16 02:54:19.771363 np0000002909 nova-scheduler[95757]: DEBUG nova.servicegroup.drivers.db [None req-4f1a4f2d-a904-4d17-b067-45ba665a29b3 None None] DB_Driver: join new ServiceGroup member np0000002909 to the scheduler group, service = {{(pid=95757) join /opt/stack/nova/nova/servicegroup/drivers/db.py:44}}
Jun 16 02:54:24.787620 np0000002909 nova-scheduler[95755]: DEBUG oslo.service.backend._threading.loopingcall [-] Fixed interval looping call 'nova.servicegroup.drivers.db.DbDriver._report_state' sleeping for 119.99 seconds {{(pid=95755) _run_loop /opt/stack/data/venv/lib/python3.12/site-packages/oslo_service/backend/_threading/loopingcall.py:125}}
Jun 16 02:54:24.788741 np0000002909 nova-scheduler[95757]: DEBUG oslo.service.backend._threading.loopingcall [-] Fixed interval looping call 'nova.servicegroup.drivers.db.DbDriver._report_state' sleeping for 119.98 seconds {{(pid=95757) _run_loop /opt/stack/data/venv/lib/python3.12/site-packages/oslo_service/backend/_threading/loopingcall.py:125}}
Jun 16 02:54:24.789942 np0000002909 nova-scheduler[95753]: DEBUG oslo.service.backend._threading.loopingcall [-] Fixed interval looping call 'nova.servicegroup.drivers.db.DbDriver._report_state' sleeping for 119.98 seconds {{(pid=95753) _run_loop /opt/stack/data/venv/lib/python3.12/site-packages/oslo_service/backend/_threading/loopingcall.py:125}}
Jun 16 02:54:28.350817 np0000002909 nova-scheduler[94483]: DEBUG dbcounter [-] [94483] Writing DB stats nova_api:SELECT=3 {{(pid=94483) stat_writer /opt/stack/data/venv/lib/python3.12/site-packages/dbcounter.py:115}}
Jun 16 02:54:28.479257 np0000002909 nova-scheduler[94483]: DEBUG dbcounter [-] [94483] Writing DB stats nova_cell1:SELECT=1 {{(pid=94483) stat_writer /opt/stack/data/venv/lib/python3.12/site-packages/dbcounter.py:115}}
Jun 16 02:54:28.483371 np0000002909 nova-scheduler[94483]: DEBUG dbcounter [-] [94483] Writing DB stats nova_cell0:SELECT=1 {{(pid=94483) stat_writer /opt/stack/data/venv/lib/python3.12/site-packages/dbcounter.py:115}}
Jun 16 02:54:34.773489 np0000002909 nova-scheduler[95753]: DEBUG oslo.service.backend._threading.loopingcall [None req-a2f38214-d0c4-48c2-8ec3-076828000f7c None None] Dynamic interval looping call 'nova.service.Service.periodic_tasks' sleeping for 60.00 seconds {{(pid=95753) _run_loop /opt/stack/data/venv/lib/python3.12/site-packages/oslo_service/backend/_threading/loopingcall.py:125}}
Jun 16 02:54:34.780130 np0000002909 nova-scheduler[95755]: DEBUG dbcounter [-] [95755] Writing DB stats nova_cell0:SELECT=4,nova_cell0:INSERT=1,nova_cell0:UPDATE=1 {{(pid=95755) stat_writer /opt/stack/data/venv/lib/python3.12/site-packages/dbcounter.py:115}}
Jun 16 02:54:34.784769 np0000002909 nova-scheduler[95757]: DEBUG dbcounter [-] [95757] Writing DB stats nova_cell0:SELECT=3,nova_cell0:UPDATE=1 {{(pid=95757) stat_writer /opt/stack/data/venv/lib/python3.12/site-packages/dbcounter.py:115}}
Jun 16 02:54:34.785246 np0000002909 nova-scheduler[95753]: DEBUG dbcounter [-] [95753] Writing DB stats nova_cell0:SELECT=4,nova_cell0:INSERT=1,nova_cell0:UPDATE=1 {{(pid=95753) stat_writer /opt/stack/data/venv/lib/python3.12/site-packages/dbcounter.py:115}}
Jun 16 02:54:49.773462 np0000002909 nova-scheduler[95755]: DEBUG oslo.service.backend._threading.loopingcall [None req-7d4e374a-bf54-4651-9af0-a78e1396d69d None None] Dynamic interval looping call 'nova.service.Service.periodic_tasks' sleeping for 60.00 seconds {{(pid=95755) _run_loop /opt/stack/data/venv/lib/python3.12/site-packages/oslo_service/backend/_threading/loopingcall.py:125}}
Jun 16 02:55:16.773262 np0000002909 nova-scheduler[95757]: DEBUG oslo.service.backend._threading.loopingcall [None req-c725ff97-aef7-49a9-9196-c42814e25018 None None] Dynamic interval looping call 'nova.service.Service.periodic_tasks' sleeping for 60.00 seconds {{(pid=95757) _run_loop /opt/stack/data/venv/lib/python3.12/site-packages/oslo_service/backend/_threading/loopingcall.py:125}}
Jun 16 02:55:34.773966 np0000002909 nova-scheduler[95753]: DEBUG oslo.service.backend._threading.loopingcall [None req-a2f38214-d0c4-48c2-8ec3-076828000f7c None None] Dynamic interval looping call 'nova.service.Service.periodic_tasks' sleeping for 60.00 seconds {{(pid=95753) _run_loop /opt/stack/data/venv/lib/python3.12/site-packages/oslo_service/backend/_threading/loopingcall.py:125}}
Jun 16 02:55:49.774022 np0000002909 nova-scheduler[95755]: DEBUG oslo.service.backend._threading.loopingcall [None req-7d4e374a-bf54-4651-9af0-a78e1396d69d None None] Dynamic interval looping call 'nova.service.Service.periodic_tasks' sleeping for 60.00 seconds {{(pid=95755) _run_loop /opt/stack/data/venv/lib/python3.12/site-packages/oslo_service/backend/_threading/loopingcall.py:125}}
Jun 16 02:56:16.773762 np0000002909 nova-scheduler[95757]: DEBUG oslo.service.backend._threading.loopingcall [None req-c725ff97-aef7-49a9-9196-c42814e25018 None None] Dynamic interval looping call 'nova.service.Service.periodic_tasks' sleeping for 60.00 seconds {{(pid=95757) _run_loop /opt/stack/data/venv/lib/python3.12/site-packages/oslo_service/backend/_threading/loopingcall.py:125}}
Jun 16 02:56:24.776585 np0000002909 nova-scheduler[95757]: DEBUG oslo.service.backend._threading.loopingcall [-] Fixed interval looping call 'nova.servicegroup.drivers.db.DbDriver._report_state' sleeping for 119.99 seconds {{(pid=95757) _run_loop /opt/stack/data/venv/lib/python3.12/site-packages/oslo_service/backend/_threading/loopingcall.py:125}}
Jun 16 02:56:24.777002 np0000002909 nova-scheduler[95753]: DEBUG oslo.service.backend._threading.loopingcall [-] Fixed interval looping call 'nova.servicegroup.drivers.db.DbDriver._report_state' sleeping for 119.99 seconds {{(pid=95753) _run_loop /opt/stack/data/venv/lib/python3.12/site-packages/oslo_service/backend/_threading/loopingcall.py:125}}
Jun 16 02:56:24.781400 np0000002909 nova-scheduler[95755]: DEBUG oslo.service.backend._threading.loopingcall [-] Fixed interval looping call 'nova.servicegroup.drivers.db.DbDriver._report_state' sleeping for 120.00 seconds {{(pid=95755) _run_loop /opt/stack/data/venv/lib/python3.12/site-packages/oslo_service/backend/_threading/loopingcall.py:125}}
Jun 16 02:56:34.772936 np0000002909 nova-scheduler[95757]: DEBUG dbcounter [-] [95757] Writing DB stats nova_cell0:SELECT=1,nova_cell0:UPDATE=1 {{(pid=95757) stat_writer /opt/stack/data/venv/lib/python3.12/site-packages/dbcounter.py:115}}
Jun 16 02:56:34.773419 np0000002909 nova-scheduler[95753]: DEBUG dbcounter [-] [95753] Writing DB stats nova_cell0:SELECT=1,nova_cell0:UPDATE=1 {{(pid=95753) stat_writer /opt/stack/data/venv/lib/python3.12/site-packages/dbcounter.py:115}}
Jun 16 02:56:34.774343 np0000002909 nova-scheduler[95753]: DEBUG oslo.service.backend._threading.loopingcall [None req-a2f38214-d0c4-48c2-8ec3-076828000f7c None None] Dynamic interval looping call 'nova.service.Service.periodic_tasks' sleeping for 60.00 seconds {{(pid=95753) _run_loop /opt/stack/data/venv/lib/python3.12/site-packages/oslo_service/backend/_threading/loopingcall.py:125}}
Jun 16 02:56:34.779672 np0000002909 nova-scheduler[95755]: DEBUG dbcounter [-] [95755] Writing DB stats nova_cell0:SELECT=1 {{(pid=95755) stat_writer /opt/stack/data/venv/lib/python3.12/site-packages/dbcounter.py:115}}
Jun 16 02:56:49.774459 np0000002909 nova-scheduler[95755]: DEBUG oslo.service.backend._threading.loopingcall [None req-7d4e374a-bf54-4651-9af0-a78e1396d69d None None] Dynamic interval looping call 'nova.service.Service.periodic_tasks' sleeping for 60.00 seconds {{(pid=95755) _run_loop /opt/stack/data/venv/lib/python3.12/site-packages/oslo_service/backend/_threading/loopingcall.py:125}}
Jun 16 02:57:03.289377 np0000002909 nova-scheduler[95755]: DEBUG nova.scheduler.manager [None req-5b7e2a98-c976-4566-9d8d-0f136cd748cc tempest-DeleteServersTestJSON-282967552 tempest-DeleteServersTestJSON-282967552-project-member] Starting to schedule for instances: ['75ea6ab1-7040-4bbf-8782-b37e45f69988'] {{(pid=95755) select_destinations /opt/stack/nova/nova/scheduler/manager.py:210}}
Jun 16 02:57:03.290607 np0000002909 nova-scheduler[95755]: DEBUG nova.scheduler.request_filter [None req-5b7e2a98-c976-4566-9d8d-0f136cd748cc tempest-DeleteServersTestJSON-282967552 tempest-DeleteServersTestJSON-282967552-project-member] compute_status_filter request filter added forbidden trait COMPUTE_STATUS_DISABLED {{(pid=95755) compute_status_filter /opt/stack/nova/nova/scheduler/request_filter.py:253}}
Jun 16 02:57:03.290805 np0000002909 nova-scheduler[95755]: DEBUG nova.scheduler.request_filter [None req-5b7e2a98-c976-4566-9d8d-0f136cd748cc tempest-DeleteServersTestJSON-282967552 tempest-DeleteServersTestJSON-282967552-project-member] Request filter 'compute_status_filter' took 0.0 seconds {{(pid=95755) wrapper /opt/stack/nova/nova/scheduler/request_filter.py:46}}
Jun 16 02:57:03.291178 np0000002909 nova-scheduler[95755]: DEBUG nova.scheduler.request_filter [None req-5b7e2a98-c976-4566-9d8d-0f136cd748cc tempest-DeleteServersTestJSON-282967552 tempest-DeleteServersTestJSON-282967552-project-member] Request filter 'accelerators_filter' took 0.0 seconds {{(pid=95755) wrapper /opt/stack/nova/nova/scheduler/request_filter.py:46}}
Jun 16 02:57:03.291474 np0000002909 nova-scheduler[95755]: DEBUG nova.scheduler.request_filter [None req-5b7e2a98-c976-4566-9d8d-0f136cd748cc tempest-DeleteServersTestJSON-282967552 tempest-DeleteServersTestJSON-282967552-project-member] Request filter 'packed_virtqueue_filter' took 0.0 seconds {{(pid=95755) wrapper /opt/stack/nova/nova/scheduler/request_filter.py:46}}
Jun 16 02:57:03.292170 np0000002909 nova-scheduler[95755]: DEBUG nova.scheduler.request_filter [None req-5b7e2a98-c976-4566-9d8d-0f136cd748cc tempest-DeleteServersTestJSON-282967552 tempest-DeleteServersTestJSON-282967552-project-member] Request filter 'remote_managed_ports_filter' took 0.0 seconds {{(pid=95755) wrapper /opt/stack/nova/nova/scheduler/request_filter.py:46}}
Jun 16 02:57:03.292916 np0000002909 nova-scheduler[95755]: DEBUG nova.scheduler.request_filter [None req-5b7e2a98-c976-4566-9d8d-0f136cd748cc tempest-DeleteServersTestJSON-282967552 tempest-DeleteServersTestJSON-282967552-project-member] ephemeral_encryption_filter skipped {{(pid=95755) ephemeral_encryption_filter /opt/stack/nova/nova/scheduler/request_filter.py:426}}
Jun 16 02:57:03.293113 np0000002909 nova-scheduler[95755]: DEBUG nova.scheduler.request_filter [None req-5b7e2a98-c976-4566-9d8d-0f136cd748cc tempest-DeleteServersTestJSON-282967552 tempest-DeleteServersTestJSON-282967552-project-member] virtio_sound_filter skipped {{(pid=95755) virtio_sound_filter /opt/stack/nova/nova/scheduler/request_filter.py:460}}
Jun 16 02:57:03.293285 np0000002909 nova-scheduler[95755]: DEBUG nova.scheduler.request_filter [None req-5b7e2a98-c976-4566-9d8d-0f136cd748cc tempest-DeleteServersTestJSON-282967552 tempest-DeleteServersTestJSON-282967552-project-member] tpm_secret_security_filter skipped {{(pid=95755) tpm_secret_security_filter /opt/stack/nova/nova/scheduler/request_filter.py:477}}
Jun 16 02:57:03.943903 np0000002909 nova-scheduler[95755]: INFO nova.utils [None req-5b7e2a98-c976-4566-9d8d-0f136cd748cc tempest-DeleteServersTestJSON-282967552 tempest-DeleteServersTestJSON-282967552-project-member] The cell worker thread pool ForkProcess-2.cell_worker is initialized
Jun 16 02:57:03.945190 np0000002909 nova-scheduler[95755]: DEBUG oslo_concurrency.lockutils [None req-5b7e2a98-c976-4566-9d8d-0f136cd748cc tempest-DeleteServersTestJSON-282967552 tempest-DeleteServersTestJSON-282967552-project-member] Acquiring lock "8c26016d-44fb-478f-9899-1ce5f7f46c28" by "nova.context.set_target_cell..get_or_set_cached_cell_and_set_connections" {{(pid=95755) inner /opt/stack/data/venv/lib/python3.12/site-packages/oslo_concurrency/lockutils.py:511}}
Jun 16 02:57:03.945190 np0000002909 nova-scheduler[95755]: DEBUG oslo_concurrency.lockutils [None req-5b7e2a98-c976-4566-9d8d-0f136cd748cc tempest-DeleteServersTestJSON-282967552 tempest-DeleteServersTestJSON-282967552-project-member] Lock "8c26016d-44fb-478f-9899-1ce5f7f46c28" acquired by "nova.context.set_target_cell..get_or_set_cached_cell_and_set_connections" :: waited 0.000s {{(pid=95755) inner /opt/stack/data/venv/lib/python3.12/site-packages/oslo_concurrency/lockutils.py:524}}
Jun 16 02:57:03.946057 np0000002909 nova-scheduler[95755]: DEBUG oslo_concurrency.lockutils [None req-5b7e2a98-c976-4566-9d8d-0f136cd748cc tempest-DeleteServersTestJSON-282967552 tempest-DeleteServersTestJSON-282967552-project-member] Lock "8c26016d-44fb-478f-9899-1ce5f7f46c28" "released" by "nova.context.set_target_cell..get_or_set_cached_cell_and_set_connections" :: held 0.001s {{(pid=95755) inner /opt/stack/data/venv/lib/python3.12/site-packages/oslo_concurrency/lockutils.py:543}}
Jun 16 02:57:03.948401 np0000002909 nova-scheduler[95755]: INFO dbcounter [None req-5b7e2a98-c976-4566-9d8d-0f136cd748cc tempest-DeleteServersTestJSON-282967552 tempest-DeleteServersTestJSON-282967552-project-member] Registered counter for database nova_cell1
Jun 16 02:57:04.001548 np0000002909 nova-scheduler[95755]: DEBUG oslo_db.sqlalchemy.engines [None req-5b7e2a98-c976-4566-9d8d-0f136cd748cc tempest-DeleteServersTestJSON-282967552 tempest-DeleteServersTestJSON-282967552-project-member] MySQL server mode set to STRICT_TRANS_TABLES,STRICT_ALL_TABLES,NO_ZERO_IN_DATE,NO_ZERO_DATE,ERROR_FOR_DIVISION_BY_ZERO,TRADITIONAL,NO_ENGINE_SUBSTITUTION {{(pid=95755) _check_effective_sql_mode /opt/stack/data/venv/lib/python3.12/site-packages/oslo_db/sqlalchemy/engines.py:325}}
Jun 16 02:57:04.006750 np0000002909 nova-scheduler[95755]: DEBUG dbcounter [-] [95755] Writer thread running {{(pid=95755) stat_writer /opt/stack/data/venv/lib/python3.12/site-packages/dbcounter.py:102}}
Jun 16 02:57:04.018721 np0000002909 nova-scheduler[95755]: DEBUG oslo_db.sqlalchemy.engines [None req-5b7e2a98-c976-4566-9d8d-0f136cd748cc tempest-DeleteServersTestJSON-282967552 tempest-DeleteServersTestJSON-282967552-project-member] Parent process 94483 forked (95755) with an open database connection, which is being discarded and recreated. {{(pid=95755) checkout /opt/stack/data/venv/lib/python3.12/site-packages/oslo_db/sqlalchemy/engines.py:402}}
Jun 16 02:57:04.067532 np0000002909 nova-scheduler[95755]: DEBUG dbcounter [-] [95755] Writer thread running {{(pid=95755) stat_writer /opt/stack/data/venv/lib/python3.12/site-packages/dbcounter.py:102}}
Jun 16 02:57:04.070665 np0000002909 nova-scheduler[95755]: DEBUG oslo_concurrency.lockutils [None req-5b7e2a98-c976-4566-9d8d-0f136cd748cc tempest-DeleteServersTestJSON-282967552 tempest-DeleteServersTestJSON-282967552-project-member] Acquiring lock "8c26016d-44fb-478f-9899-1ce5f7f46c28" by "nova.context.set_target_cell..get_or_set_cached_cell_and_set_connections" {{(pid=95755) inner /opt/stack/data/venv/lib/python3.12/site-packages/oslo_concurrency/lockutils.py:511}}
Jun 16 02:57:04.070875 np0000002909 nova-scheduler[95755]: DEBUG oslo_concurrency.lockutils [None req-5b7e2a98-c976-4566-9d8d-0f136cd748cc tempest-DeleteServersTestJSON-282967552 tempest-DeleteServersTestJSON-282967552-project-member] Lock "8c26016d-44fb-478f-9899-1ce5f7f46c28" acquired by "nova.context.set_target_cell..get_or_set_cached_cell_and_set_connections" :: waited 0.000s {{(pid=95755) inner /opt/stack/data/venv/lib/python3.12/site-packages/oslo_concurrency/lockutils.py:524}}
Jun 16 02:57:04.071018 np0000002909 nova-scheduler[95755]: DEBUG oslo_concurrency.lockutils [None req-5b7e2a98-c976-4566-9d8d-0f136cd748cc tempest-DeleteServersTestJSON-282967552 tempest-DeleteServersTestJSON-282967552-project-member] Lock "8c26016d-44fb-478f-9899-1ce5f7f46c28" "released" by "nova.context.set_target_cell..get_or_set_cached_cell_and_set_connections" :: held 0.000s {{(pid=95755) inner /opt/stack/data/venv/lib/python3.12/site-packages/oslo_concurrency/lockutils.py:543}}
Jun 16 02:57:04.075159 np0000002909 nova-scheduler[95755]: DEBUG oslo_concurrency.lockutils [None req-5b7e2a98-c976-4566-9d8d-0f136cd748cc tempest-DeleteServersTestJSON-282967552 tempest-DeleteServersTestJSON-282967552-project-member] Acquiring lock "('np0000002909', 'np0000002909')" by "nova.scheduler.host_manager.HostState.update.._locked_update" {{(pid=95755) inner /opt/stack/data/venv/lib/python3.12/site-packages/oslo_concurrency/lockutils.py:511}}
Jun 16 02:57:04.075430 np0000002909 nova-scheduler[95755]: DEBUG oslo_concurrency.lockutils [None req-5b7e2a98-c976-4566-9d8d-0f136cd748cc tempest-DeleteServersTestJSON-282967552 tempest-DeleteServersTestJSON-282967552-project-member] Lock "('np0000002909', 'np0000002909')" acquired by "nova.scheduler.host_manager.HostState.update.._locked_update" :: waited 0.000s {{(pid=95755) inner /opt/stack/data/venv/lib/python3.12/site-packages/oslo_concurrency/lockutils.py:524}}
Jun 16 02:57:04.076489 np0000002909 nova-scheduler[95755]: DEBUG nova.scheduler.host_manager [None req-5b7e2a98-c976-4566-9d8d-0f136cd748cc tempest-DeleteServersTestJSON-282967552 tempest-DeleteServersTestJSON-282967552-project-member] Update host state from compute node: ComputeNode(cpu_allocation_ratio=4.0,cpu_info='{"arch": "x86_64", "model": "EPYC-Milan", "vendor": "AMD", "topology": {"cells": 1, "sockets": 12, "cores": 1, "threads": 1}, "maxphysaddr": {"mode": "emulate", "bits": 40}, "features": ["cmp_legacy", "mca", "lfence-always-serializing", "no-nested-data-bp", "pae", "pse36", "xsaves", "popcnt", "null-sel-clr-base", "stibp", "arch-capabilities", "avx", "pat", "skip-l1dfl-vmentry", "clflushopt", "invpcid", "cr8legacy", "tsc-scale", "svme-addr-chk", "avx2", "fxsr_opt", "misalignsse", "npt", "svm", "xgetbv1", "tsc", "arat", "osvw", "de", "pse", "umip", "pfthreshold", "rdrand", "tsc-deadline", "syscall", "topoext", "smap", "lm", "xsavec", "xsaveerptr", "fpu", "rdtscp", "smep", "bmi1", "mce", "cmov", "rdpid", "pni", "clflush", "ssse3", "mmxext", "movbe", "bmi2", "f16c", "erms", "pcid", "amd-ssbd", "rdseed", "ibpb", "adx", "sse", "amd-stibp", "pschange-mc-no", "amd-psfd", "sha-ni", "sse2", "fsgsbase", "xsaveopt", "aes", "clwb", "abm", "vpclmulqdq", "vmcb-clean", "vgif", "x2apic", "xsave", "vme", "3dnowprefetch", "pku", "lbrv", "sse4a", "mmx", "pdpe1gb", "sep", "flushbyasid", "pause-filter", "clzero", "sse4.1", "fma", "fsrm", "nrip-save", "pge", "pclmuldq", "mds-no", "wbnoinvd", "hypervisor", "apic", "spec-ctrl", "v-vmsave-vmload", "msr", "stibp-always-on", "ibrs", "perfctr_core", "nx", "virt-ssbd", "fxsr", "lahf_lm", "vaes", "tsc_adjust", "rdctl-no", "gds-no", "cx16", "cx8", "mtrr", "ssbd", "sse4.2"]}',created_at=2026-06-16T02:54:45Z,current_workload=0,deleted=False,deleted_at=None,disk_allocation_ratio=1.0,disk_available_least=74,free_disk_gb=95,free_ram_mb=23518,host='np0000002909',host_ip=10.4.3.26,hypervisor_hostname='np0000002909',hypervisor_type='QEMU',hypervisor_version=8002002,id=1,local_gb=95,local_gb_used=0,mapped=1,memory_mb=24030,memory_mb_used=512,metrics='[]',numa_topology='{"nova_object.name": "NUMATopology", "nova_object.namespace": "nova", "nova_object.version": "1.2", "nova_object.data": {"cells": [{"nova_object.name": "NUMACell", "nova_object.namespace": "nova", "nova_object.version": "1.5", "nova_object.data": {"id": 0, "cpuset": [0, 1, 2, 3, 4, 5, 6, 7, 8, 9, 10, 11], "pcpuset": [0, 1, 2, 3, 4, 5, 6, 7, 8, 9, 10, 11], "memory": 24030, "cpu_usage": 0, "memory_usage": 0, "pinned_cpus": [], "siblings": [[6], [2], [5], [11], [8], [4], [1], [7], [10], [0], [3], [9]], "mempages": [{"nova_object.name": "NUMAPagesTopology", "nova_object.namespace": "nova", "nova_object.version": "1.1", "nova_object.data": {"size_kb": 4, "total": 6151798, "used": 0, "reserved": 0}, "nova_object.changes": ["used", "total", "size_kb", "reserved"]}, {"nova_object.name": "NUMAPagesTopology", "nova_object.namespace": "nova", "nova_object.version": "1.1", "nova_object.data": {"size_kb": 2048, "total": 0, "used": 0, "reserved": 0}, "nova_object.changes": ["used", "total", "size_kb", "reserved"]}, {"nova_object.name": "NUMAPagesTopology", "nova_object.namespace": "nova", "nova_object.version": "1.1", "nova_object.data": {"size_kb": 1048576, "total": 0, "used": 0, "reserved": 0}, "nova_object.changes": ["used", "total", "size_kb", "reserved"]}], "network_metadata": {"nova_object.name": "NetworkMetadata", "nova_object.namespace": "nova", "nova_object.version": "1.0", "nova_object.data": {"physnets": [], "tunneled": false}, "nova_object.changes": ["tunneled", "physnets"]}, "socket": null}, "nova_object.changes": ["pcpuset", "id", "memory", "socket", "cpuset", "siblings", "network_metadata", "mempages", "pinned_cpus", "memory_usage", "cpu_usage"]}]}, "nova_object.changes": ["cells"]}',pci_device_pools=PciDevicePoolList,ram_allocation_ratio=1.0,running_vms=0,service_id=2,stats={failed_builds='0',uptime=' 02:56:30 up 24 min, 2 users, load average: 1.17, 1.32, 0.78
Jun 16 02:57:04.076489 np0000002909 nova-scheduler[95755]: '},supported_hv_specs=[HVSpec,HVSpec,HVSpec,HVSpec,HVSpec,HVSpec,HVSpec,HVSpec,HVSpec,HVSpec,HVSpec,HVSpec,HVSpec,HVSpec,HVSpec,HVSpec,HVSpec,HVSpec,HVSpec,HVSpec,HVSpec,HVSpec,HVSpec,HVSpec,HVSpec],updated_at=2026-06-16T02:56:32Z,uuid=3ecbe03e-7564-4d73-a9db-a11cd3eb5f0e,vcpus=12,vcpus_used=0) {{(pid=95755) _locked_update /opt/stack/nova/nova/scheduler/host_manager.py:168}}
Jun 16 02:57:04.077037 np0000002909 nova-scheduler[95755]: DEBUG nova.scheduler.host_manager [None req-5b7e2a98-c976-4566-9d8d-0f136cd748cc tempest-DeleteServersTestJSON-282967552 tempest-DeleteServersTestJSON-282967552-project-member] Update host state with aggregates: [] {{(pid=95755) _locked_update /opt/stack/nova/nova/scheduler/host_manager.py:171}}
Jun 16 02:57:04.077202 np0000002909 nova-scheduler[95755]: DEBUG nova.scheduler.host_manager [None req-5b7e2a98-c976-4566-9d8d-0f136cd748cc tempest-DeleteServersTestJSON-282967552 tempest-DeleteServersTestJSON-282967552-project-member] Update host state with service dict: {'id': 2, 'uuid': '54341f02-74d8-449a-9a82-225582c3e7f7', 'host': 'np0000002909', 'binary': 'nova-compute', 'topic': 'compute', 'report_count': 2, 'disabled': False, 'disabled_reason': None, 'last_seen_up': datetime.datetime(2026, 6, 16, 2, 56, 54, tzinfo=datetime.timezone.utc), 'forced_down': False, 'version': 72, 'created_at': datetime.datetime(2026, 6, 16, 2, 54, 43, tzinfo=datetime.timezone.utc), 'updated_at': datetime.datetime(2026, 6, 16, 2, 56, 54, tzinfo=datetime.timezone.utc), 'deleted_at': None, 'deleted': False} {{(pid=95755) _locked_update /opt/stack/nova/nova/scheduler/host_manager.py:174}}
Jun 16 02:57:04.077259 np0000002909 nova-scheduler[95755]: DEBUG nova.scheduler.host_manager [None req-5b7e2a98-c976-4566-9d8d-0f136cd748cc tempest-DeleteServersTestJSON-282967552 tempest-DeleteServersTestJSON-282967552-project-member] Update host state with instances: [] {{(pid=95755) _locked_update /opt/stack/nova/nova/scheduler/host_manager.py:177}}
Jun 16 02:57:04.077374 np0000002909 nova-scheduler[95755]: DEBUG oslo_concurrency.lockutils [None req-5b7e2a98-c976-4566-9d8d-0f136cd748cc tempest-DeleteServersTestJSON-282967552 tempest-DeleteServersTestJSON-282967552-project-member] Lock "('np0000002909', 'np0000002909')" "released" by "nova.scheduler.host_manager.HostState.update.._locked_update" :: held 0.002s {{(pid=95755) inner /opt/stack/data/venv/lib/python3.12/site-packages/oslo_concurrency/lockutils.py:543}}
Jun 16 02:57:04.077781 np0000002909 nova-scheduler[95755]: DEBUG nova.filters [None req-5b7e2a98-c976-4566-9d8d-0f136cd748cc tempest-DeleteServersTestJSON-282967552 tempest-DeleteServersTestJSON-282967552-project-member] Starting with 1 host(s) {{(pid=95755) get_filtered_objects /opt/stack/nova/nova/filters.py:70}}
Jun 16 02:57:04.077965 np0000002909 nova-scheduler[95755]: DEBUG nova.filters [None req-5b7e2a98-c976-4566-9d8d-0f136cd748cc tempest-DeleteServersTestJSON-282967552 tempest-DeleteServersTestJSON-282967552-project-member] Filter ComputeFilter returned 1 host(s) {{(pid=95755) get_filtered_objects /opt/stack/nova/nova/filters.py:102}}
Jun 16 02:57:04.078299 np0000002909 nova-scheduler[95755]: DEBUG nova.filters [None req-5b7e2a98-c976-4566-9d8d-0f136cd748cc tempest-DeleteServersTestJSON-282967552 tempest-DeleteServersTestJSON-282967552-project-member] Filter ComputeCapabilitiesFilter returned 1 host(s) {{(pid=95755) get_filtered_objects /opt/stack/nova/nova/filters.py:102}}
Jun 16 02:57:04.078728 np0000002909 nova-scheduler[95755]: DEBUG nova.filters [None req-5b7e2a98-c976-4566-9d8d-0f136cd748cc tempest-DeleteServersTestJSON-282967552 tempest-DeleteServersTestJSON-282967552-project-member] Filter ImagePropertiesFilter returned 1 host(s) {{(pid=95755) get_filtered_objects /opt/stack/nova/nova/filters.py:102}}
Jun 16 02:57:04.078863 np0000002909 nova-scheduler[95755]: DEBUG nova.filters [None req-5b7e2a98-c976-4566-9d8d-0f136cd748cc tempest-DeleteServersTestJSON-282967552 tempest-DeleteServersTestJSON-282967552-project-member] Filter ServerGroupAntiAffinityFilter returned 1 host(s) {{(pid=95755) get_filtered_objects /opt/stack/nova/nova/filters.py:102}}
Jun 16 02:57:04.078964 np0000002909 nova-scheduler[95755]: DEBUG nova.filters [None req-5b7e2a98-c976-4566-9d8d-0f136cd748cc tempest-DeleteServersTestJSON-282967552 tempest-DeleteServersTestJSON-282967552-project-member] Filter ServerGroupAffinityFilter returned 1 host(s) {{(pid=95755) get_filtered_objects /opt/stack/nova/nova/filters.py:102}}
Jun 16 02:57:04.079085 np0000002909 nova-scheduler[95755]: DEBUG nova.filters [None req-5b7e2a98-c976-4566-9d8d-0f136cd748cc tempest-DeleteServersTestJSON-282967552 tempest-DeleteServersTestJSON-282967552-project-member] Filter SameHostFilter returned 1 host(s) {{(pid=95755) get_filtered_objects /opt/stack/nova/nova/filters.py:102}}
Jun 16 02:57:04.080065 np0000002909 nova-scheduler[95755]: DEBUG nova.filters [None req-5b7e2a98-c976-4566-9d8d-0f136cd748cc tempest-DeleteServersTestJSON-282967552 tempest-DeleteServersTestJSON-282967552-project-member] Filter DifferentHostFilter returned 1 host(s) {{(pid=95755) get_filtered_objects /opt/stack/nova/nova/filters.py:102}}
Jun 16 02:57:04.080243 np0000002909 nova-scheduler[95755]: DEBUG nova.scheduler.manager [None req-5b7e2a98-c976-4566-9d8d-0f136cd748cc tempest-DeleteServersTestJSON-282967552 tempest-DeleteServersTestJSON-282967552-project-member] Filtered [(np0000002909, np0000002909) ram: 23518MB disk: 75776MB io_ops: 0 instances: 0, allocation_candidates: 1] {{(pid=95755) _get_sorted_hosts /opt/stack/nova/nova/scheduler/manager.py:743}}
Jun 16 02:57:04.080457 np0000002909 nova-scheduler[95755]: DEBUG nova.scheduler.manager [None req-5b7e2a98-c976-4566-9d8d-0f136cd748cc tempest-DeleteServersTestJSON-282967552 tempest-DeleteServersTestJSON-282967552-project-member] Weighed [WeighedHost [host: (np0000002909, np0000002909) ram: 23518MB disk: 75776MB io_ops: 0 instances: 0, allocation_candidates: 1, weight: 0.0]] {{(pid=95755) _get_sorted_hosts /opt/stack/nova/nova/scheduler/manager.py:765}}
Jun 16 02:57:04.080655 np0000002909 nova-scheduler[95755]: DEBUG nova.scheduler.utils [None req-5b7e2a98-c976-4566-9d8d-0f136cd748cc tempest-DeleteServersTestJSON-282967552 tempest-DeleteServersTestJSON-282967552-project-member] Attempting to claim resources in the placement API for instance 75ea6ab1-7040-4bbf-8782-b37e45f69988 {{(pid=95755) claim_resources /opt/stack/nova/nova/scheduler/utils.py:1345}}
Jun 16 02:57:04.254453 np0000002909 nova-scheduler[95755]: DEBUG nova.scheduler.manager [None req-5b7e2a98-c976-4566-9d8d-0f136cd748cc tempest-DeleteServersTestJSON-282967552 tempest-DeleteServersTestJSON-282967552-project-member] [instance: 75ea6ab1-7040-4bbf-8782-b37e45f69988] Selected host: (np0000002909, np0000002909) ram: 23518MB disk: 75776MB io_ops: 0 instances: 0, allocation_candidates: 1 {{(pid=95755) _consume_selected_host /opt/stack/nova/nova/scheduler/manager.py:625}}
Jun 16 02:57:04.254819 np0000002909 nova-scheduler[95755]: DEBUG oslo_concurrency.lockutils [None req-5b7e2a98-c976-4566-9d8d-0f136cd748cc tempest-DeleteServersTestJSON-282967552 tempest-DeleteServersTestJSON-282967552-project-member] Acquiring lock "('np0000002909', 'np0000002909')" by "nova.scheduler.host_manager.HostState.consume_from_request.._locked" {{(pid=95755) inner /opt/stack/data/venv/lib/python3.12/site-packages/oslo_concurrency/lockutils.py:511}}
Jun 16 02:57:04.255064 np0000002909 nova-scheduler[95755]: DEBUG oslo_concurrency.lockutils [None req-5b7e2a98-c976-4566-9d8d-0f136cd748cc tempest-DeleteServersTestJSON-282967552 tempest-DeleteServersTestJSON-282967552-project-member] Lock "('np0000002909', 'np0000002909')" acquired by "nova.scheduler.host_manager.HostState.consume_from_request.._locked" :: waited 0.000s {{(pid=95755) inner /opt/stack/data/venv/lib/python3.12/site-packages/oslo_concurrency/lockutils.py:524}}
Jun 16 02:57:04.255317 np0000002909 nova-scheduler[95755]: DEBUG oslo_concurrency.lockutils [None req-5b7e2a98-c976-4566-9d8d-0f136cd748cc tempest-DeleteServersTestJSON-282967552 tempest-DeleteServersTestJSON-282967552-project-member] Lock "('np0000002909', 'np0000002909')" "released" by "nova.scheduler.host_manager.HostState.consume_from_request.._locked" :: held 0.000s {{(pid=95755) inner /opt/stack/data/venv/lib/python3.12/site-packages/oslo_concurrency/lockutils.py:543}}
Jun 16 02:57:13.485416 np0000002909 nova-scheduler[95757]: DEBUG nova.scheduler.manager [None req-ec4814bb-86a3-4ce9-871f-6d9650450c03 tempest-ServerActionsTestOtherA-778179815 tempest-ServerActionsTestOtherA-778179815-project-member] Starting to schedule for instances: ['87a5db13-1b40-4294-8ee2-1806a0ca53af'] {{(pid=95757) select_destinations /opt/stack/nova/nova/scheduler/manager.py:210}}
Jun 16 02:57:13.485953 np0000002909 nova-scheduler[95757]: DEBUG nova.scheduler.request_filter [None req-ec4814bb-86a3-4ce9-871f-6d9650450c03 tempest-ServerActionsTestOtherA-778179815 tempest-ServerActionsTestOtherA-778179815-project-member] compute_status_filter request filter added forbidden trait COMPUTE_STATUS_DISABLED {{(pid=95757) compute_status_filter /opt/stack/nova/nova/scheduler/request_filter.py:253}}
Jun 16 02:57:13.486037 np0000002909 nova-scheduler[95757]: DEBUG nova.scheduler.request_filter [None req-ec4814bb-86a3-4ce9-871f-6d9650450c03 tempest-ServerActionsTestOtherA-778179815 tempest-ServerActionsTestOtherA-778179815-project-member] Request filter 'compute_status_filter' took 0.0 seconds {{(pid=95757) wrapper /opt/stack/nova/nova/scheduler/request_filter.py:46}}
Jun 16 02:57:13.487240 np0000002909 nova-scheduler[95757]: DEBUG nova.scheduler.request_filter [None req-ec4814bb-86a3-4ce9-871f-6d9650450c03 tempest-ServerActionsTestOtherA-778179815 tempest-ServerActionsTestOtherA-778179815-project-member] Request filter 'accelerators_filter' took 0.0 seconds {{(pid=95757) wrapper /opt/stack/nova/nova/scheduler/request_filter.py:46}}
Jun 16 02:57:13.487240 np0000002909 nova-scheduler[95757]: DEBUG nova.scheduler.request_filter [None req-ec4814bb-86a3-4ce9-871f-6d9650450c03 tempest-ServerActionsTestOtherA-778179815 tempest-ServerActionsTestOtherA-778179815-project-member] Request filter 'packed_virtqueue_filter' took 0.0 seconds {{(pid=95757) wrapper /opt/stack/nova/nova/scheduler/request_filter.py:46}}
Jun 16 02:57:13.487240 np0000002909 nova-scheduler[95757]: DEBUG nova.scheduler.request_filter [None req-ec4814bb-86a3-4ce9-871f-6d9650450c03 tempest-ServerActionsTestOtherA-778179815 tempest-ServerActionsTestOtherA-778179815-project-member] Request filter 'remote_managed_ports_filter' took 0.0 seconds {{(pid=95757) wrapper /opt/stack/nova/nova/scheduler/request_filter.py:46}}
Jun 16 02:57:13.487240 np0000002909 nova-scheduler[95757]: DEBUG nova.scheduler.request_filter [None req-ec4814bb-86a3-4ce9-871f-6d9650450c03 tempest-ServerActionsTestOtherA-778179815 tempest-ServerActionsTestOtherA-778179815-project-member] ephemeral_encryption_filter skipped {{(pid=95757) ephemeral_encryption_filter /opt/stack/nova/nova/scheduler/request_filter.py:426}}
Jun 16 02:57:13.487240 np0000002909 nova-scheduler[95757]: DEBUG nova.scheduler.request_filter [None req-ec4814bb-86a3-4ce9-871f-6d9650450c03 tempest-ServerActionsTestOtherA-778179815 tempest-ServerActionsTestOtherA-778179815-project-member] virtio_sound_filter skipped {{(pid=95757) virtio_sound_filter /opt/stack/nova/nova/scheduler/request_filter.py:460}}
Jun 16 02:57:13.487387 np0000002909 nova-scheduler[95757]: DEBUG nova.scheduler.request_filter [None req-ec4814bb-86a3-4ce9-871f-6d9650450c03 tempest-ServerActionsTestOtherA-778179815 tempest-ServerActionsTestOtherA-778179815-project-member] tpm_secret_security_filter skipped {{(pid=95757) tpm_secret_security_filter /opt/stack/nova/nova/scheduler/request_filter.py:477}}
Jun 16 02:57:13.586570 np0000002909 nova-scheduler[95757]: INFO nova.utils [None req-ec4814bb-86a3-4ce9-871f-6d9650450c03 tempest-ServerActionsTestOtherA-778179815 tempest-ServerActionsTestOtherA-778179815-project-member] The cell worker thread pool ForkProcess-3.cell_worker is initialized
Jun 16 02:57:13.587032 np0000002909 nova-scheduler[95757]: DEBUG oslo_concurrency.lockutils [None req-ec4814bb-86a3-4ce9-871f-6d9650450c03 tempest-ServerActionsTestOtherA-778179815 tempest-ServerActionsTestOtherA-778179815-project-member] Acquiring lock "8c26016d-44fb-478f-9899-1ce5f7f46c28" by "nova.context.set_target_cell..get_or_set_cached_cell_and_set_connections" {{(pid=95757) inner /opt/stack/data/venv/lib/python3.12/site-packages/oslo_concurrency/lockutils.py:511}}
Jun 16 02:57:13.587234 np0000002909 nova-scheduler[95757]: DEBUG oslo_concurrency.lockutils [None req-ec4814bb-86a3-4ce9-871f-6d9650450c03 tempest-ServerActionsTestOtherA-778179815 tempest-ServerActionsTestOtherA-778179815-project-member] Lock "8c26016d-44fb-478f-9899-1ce5f7f46c28" acquired by "nova.context.set_target_cell..get_or_set_cached_cell_and_set_connections" :: waited 0.000s {{(pid=95757) inner /opt/stack/data/venv/lib/python3.12/site-packages/oslo_concurrency/lockutils.py:524}}
Jun 16 02:57:13.596302 np0000002909 nova-scheduler[95757]: DEBUG oslo_concurrency.lockutils [None req-ec4814bb-86a3-4ce9-871f-6d9650450c03 tempest-ServerActionsTestOtherA-778179815 tempest-ServerActionsTestOtherA-778179815-project-member] Lock "8c26016d-44fb-478f-9899-1ce5f7f46c28" "released" by "nova.context.set_target_cell..get_or_set_cached_cell_and_set_connections" :: held 0.003s {{(pid=95757) inner /opt/stack/data/venv/lib/python3.12/site-packages/oslo_concurrency/lockutils.py:543}}
Jun 16 02:57:13.598675 np0000002909 nova-scheduler[95757]: INFO dbcounter [None req-ec4814bb-86a3-4ce9-871f-6d9650450c03 tempest-ServerActionsTestOtherA-778179815 tempest-ServerActionsTestOtherA-778179815-project-member] Registered counter for database nova_cell1
Jun 16 02:57:13.642547 np0000002909 nova-scheduler[95757]: DEBUG oslo_db.sqlalchemy.engines [None req-ec4814bb-86a3-4ce9-871f-6d9650450c03 tempest-ServerActionsTestOtherA-778179815 tempest-ServerActionsTestOtherA-778179815-project-member] MySQL server mode set to STRICT_TRANS_TABLES,STRICT_ALL_TABLES,NO_ZERO_IN_DATE,NO_ZERO_DATE,ERROR_FOR_DIVISION_BY_ZERO,TRADITIONAL,NO_ENGINE_SUBSTITUTION {{(pid=95757) _check_effective_sql_mode /opt/stack/data/venv/lib/python3.12/site-packages/oslo_db/sqlalchemy/engines.py:325}}
Jun 16 02:57:13.648838 np0000002909 nova-scheduler[95757]: DEBUG dbcounter [-] [95757] Writer thread running {{(pid=95757) stat_writer /opt/stack/data/venv/lib/python3.12/site-packages/dbcounter.py:102}}
Jun 16 02:57:13.708907 np0000002909 nova-scheduler[95757]: DEBUG dbcounter [-] [95757] Writer thread running {{(pid=95757) stat_writer /opt/stack/data/venv/lib/python3.12/site-packages/dbcounter.py:102}}
Jun 16 02:57:13.711994 np0000002909 nova-scheduler[95757]: DEBUG oslo_concurrency.lockutils [None req-ec4814bb-86a3-4ce9-871f-6d9650450c03 tempest-ServerActionsTestOtherA-778179815 tempest-ServerActionsTestOtherA-778179815-project-member] Acquiring lock "8c26016d-44fb-478f-9899-1ce5f7f46c28" by "nova.context.set_target_cell..get_or_set_cached_cell_and_set_connections" {{(pid=95757) inner /opt/stack/data/venv/lib/python3.12/site-packages/oslo_concurrency/lockutils.py:511}}
Jun 16 02:57:13.712168 np0000002909 nova-scheduler[95757]: DEBUG oslo_concurrency.lockutils [None req-ec4814bb-86a3-4ce9-871f-6d9650450c03 tempest-ServerActionsTestOtherA-778179815 tempest-ServerActionsTestOtherA-778179815-project-member] Lock "8c26016d-44fb-478f-9899-1ce5f7f46c28" acquired by "nova.context.set_target_cell..get_or_set_cached_cell_and_set_connections" :: waited 0.000s {{(pid=95757) inner /opt/stack/data/venv/lib/python3.12/site-packages/oslo_concurrency/lockutils.py:524}}
Jun 16 02:57:13.712275 np0000002909 nova-scheduler[95757]: DEBUG oslo_concurrency.lockutils [None req-ec4814bb-86a3-4ce9-871f-6d9650450c03 tempest-ServerActionsTestOtherA-778179815 tempest-ServerActionsTestOtherA-778179815-project-member] Lock "8c26016d-44fb-478f-9899-1ce5f7f46c28" "released" by "nova.context.set_target_cell..get_or_set_cached_cell_and_set_connections" :: held 0.000s {{(pid=95757) inner /opt/stack/data/venv/lib/python3.12/site-packages/oslo_concurrency/lockutils.py:543}}
Jun 16 02:57:13.715492 np0000002909 nova-scheduler[95757]: DEBUG oslo_concurrency.lockutils [None req-ec4814bb-86a3-4ce9-871f-6d9650450c03 tempest-ServerActionsTestOtherA-778179815 tempest-ServerActionsTestOtherA-778179815-project-member] Acquiring lock "('np0000002909', 'np0000002909')" by "nova.scheduler.host_manager.HostState.update.._locked_update" {{(pid=95757) inner /opt/stack/data/venv/lib/python3.12/site-packages/oslo_concurrency/lockutils.py:511}}
Jun 16 02:57:13.715622 np0000002909 nova-scheduler[95757]: DEBUG oslo_concurrency.lockutils [None req-ec4814bb-86a3-4ce9-871f-6d9650450c03 tempest-ServerActionsTestOtherA-778179815 tempest-ServerActionsTestOtherA-778179815-project-member] Lock "('np0000002909', 'np0000002909')" acquired by "nova.scheduler.host_manager.HostState.update.._locked_update" :: waited 0.000s {{(pid=95757) inner /opt/stack/data/venv/lib/python3.12/site-packages/oslo_concurrency/lockutils.py:524}}
