Jul 06 09:17:21.067721 np0000004631 devstack@neutron-api.service[87429]: DEBUG ovsdbapp.backend.ovs_idl.transaction [None req-2de40207-1863-4d6f-99e0-f50fdbc4c798 None None] Running txn n=1 command(idx=2): PgDelPortCommand(_result=None, port_group=neutron_pg_drop, lsp=['04f6e637-4c58-4994-84a8-7c1e8f6546e3'], if_exists=False) {{(pid=87429) do_commit /opt/stack/data/venv/lib/python3.12/site-packages/ovsdbapp/backend/ovs_idl/transaction.py:89}}
Jul 06 09:17:21.070087 np0000004631 devstack@neutron-api.service[87429]: DEBUG neutron.plugins.ml2.drivers.ovn.mech_driver.ovsdb.ovsdb_monitor [None req-2de40207-1863-4d6f-99e0-f50fdbc4c798 None None] Touching Hash Ring node "af7661bf37d75117ad2d0142c80d7ac8" from IDL notify handler {{(pid=87429) notify /opt/stack/neutron/neutron/plugins/ml2/drivers/ovn/mech_driver/ovsdb/ovsdb_monitor.py:1007}}
Jul 06 09:17:21.072026 np0000004631 devstack@neutron-api.service[87431]: DEBUG neutron.plugins.ml2.drivers.ovn.mech_driver.ovsdb.ovsdb_monitor [None req-0687b6a4-ca61-4bb1-8f24-20614f510651 None None] Touching Hash Ring node "c7a21eba66835d22b3078ae972e2b642" from IDL notify handler {{(pid=87431) notify /opt/stack/neutron/neutron/plugins/ml2/drivers/ovn/mech_driver/ovsdb/ovsdb_monitor.py:1007}}
Jul 06 09:17:21.072807 np0000004631 devstack@neutron-api.service[87429]: DEBUG neutron.plugins.ml2.drivers.ovn.mech_driver.ovsdb.ovsdb_monitor [None req-2de40207-1863-4d6f-99e0-f50fdbc4c798 None None] Hash Ring: Node af7661bf37d75117ad2d0142c80d7ac8 (host: np0000004631) handling event "update" for row 817be37d-a89c-4638-a237-aaa3d59d3bff (table: Logical_Switch_Port) {{(pid=87429) notify /opt/stack/neutron/neutron/plugins/ml2/drivers/ovn/mech_driver/ovsdb/ovsdb_monitor.py:1015}}
Jul 06 09:17:21.077997 np0000004631 devstack@neutron-api.service[87431]: DEBUG neutron.plugins.ml2.drivers.ovn.mech_driver.ovsdb.ovsdb_monitor [None req-0687b6a4-ca61-4bb1-8f24-20614f510651 None None] Hash Ring: Node c7a21eba66835d22b3078ae972e2b642 (host: np0000004631) handling event "update" for row 817be37d-a89c-4638-a237-aaa3d59d3bff (table: Logical_Switch_Port) {{(pid=87431) notify /opt/stack/neutron/neutron/plugins/ml2/drivers/ovn/mech_driver/ovsdb/ovsdb_monitor.py:1015}}
Jul 06 09:17:21.100068 np0000004631 devstack@neutron-api.service[87429]: DEBUG neutron.plugins.ml2.managers [None req-985c259c-8e1d-4eb1-a277-82865cf3f5aa None None] Attempting to bind port 04f6e637-4c58-4994-84a8-7c1e8f6546e3 on host np0000004631 for vnic_type normal with profile {{(pid=87429) bind_port /opt/stack/neutron/neutron/plugins/ml2/managers.py:865}}
Jul 06 09:17:21.100208 np0000004631 devstack@neutron-api.service[87429]: DEBUG neutron.plugins.ml2.managers [None req-985c259c-8e1d-4eb1-a277-82865cf3f5aa None None] Attempting to bind port 04f6e637-4c58-4994-84a8-7c1e8f6546e3 by drivers ovn on host np0000004631 at level 0 using segments [{'id': '37d17505-be61-4e23-8612-83bab8a9acbe', 'network_type': 'flat', 'physical_network': 'public', 'segmentation_id': None, 'network_id': '7fa2e959-c614-491b-a47f-d896157e9a20'}] {{(pid=87429) _bind_port_level /opt/stack/neutron/neutron/plugins/ml2/managers.py:890}}
Jul 06 09:17:21.101059 np0000004631 devstack@neutron-api.service[87429]: DEBUG neutron.plugins.ml2.drivers.ovn.mech_driver.mech_driver [None req-985c259c-8e1d-4eb1-a277-82865cf3f5aa None None] Attempting to bind port 04f6e637-4c58-4994-84a8-7c1e8f6546e3 on host np0000004631 for network segment with type flat, segmentation ID None, physical network public {{(pid=87429) bind_port /opt/stack/neutron/neutron/plugins/ml2/drivers/ovn/mech_driver/mech_driver.py:1209}}
Jul 06 09:17:21.101511 np0000004631 devstack@neutron-api.service[87429]: DEBUG neutron.plugins.ml2.managers [None req-985c259c-8e1d-4eb1-a277-82865cf3f5aa None None] Bound port: 04f6e637-4c58-4994-84a8-7c1e8f6546e3, host: np0000004631, vif_type: ovs, vif_details: {"port_filter": true, "connectivity": "l2", "ovs_create_tap": true, "bridge_name": "br-int", "datapath_type": "system"}, binding_levels: [{'bound_driver': 'ovn', 'bound_segment': {'id': '37d17505-be61-4e23-8612-83bab8a9acbe', 'network_type': 'flat', 'physical_network': 'public', 'segmentation_id': None, 'network_id': '7fa2e959-c614-491b-a47f-d896157e9a20'}}] {{(pid=87429) _bind_port_level /opt/stack/neutron/neutron/plugins/ml2/managers.py:1001}}
Jul 06 09:17:21.101655 np0000004631 devstack@neutron-api.service[87429]: DEBUG neutron_lib.callbacks.manager [None req-985c259c-8e1d-4eb1-a277-82865cf3f5aa None None] Publish callbacks ['neutron.plugins.ml2.plugin.SecurityGroupDbMixin._ensure_default_security_group_handler-3154342', 'neutron.services.ovn_l3.plugin.OVNL3RouterPlugin._port_update-8765126205140', 'neutron.db.l3_db.L3_NAT_dbonly_mixin._prevent_internal_ip_change_for_fip-8765127714960'] for port (04f6e637-4c58-4994-84a8-7c1e8f6546e3), before_update {{(pid=87429) _notify_loop /opt/stack/data/venv/lib/python3.12/site-packages/neutron_lib/callbacks/manager.py:184}}
Jul 06 09:17:21.119498 np0000004631 devstack@neutron-api.service[87430]: DEBUG futurist.periodics [-] Submitting periodic callback 'neutron.plugins.ml2.drivers.ovn.mech_driver.ovsdb.maintenance.HashRingHealthCheckPeriodics.touch_hash_ring_node' {{(pid=87430) _process_scheduled /opt/stack/data/venv/lib/python3.12/site-packages/futurist/periodics.py:784}}
Jul 06 09:17:21.120300 np0000004631 devstack@neutron-api.service[87430]: DEBUG neutron.plugins.ml2.drivers.ovn.mech_driver.ovsdb.maintenance [-] Touching Hash Ring node "8683f4d1beb05c4f89d20eb28bac840a" from periodic health check thread {{(pid=87430) touch_hash_ring_node /opt/stack/neutron/neutron/plugins/ml2/drivers/ovn/mech_driver/ovsdb/maintenance.py:1419}}
Jul 06 09:17:21.180755 np0000004631 devstack@neutron-api.service[87431]: DEBUG futurist.periodics [-] Submitting periodic callback 'neutron.plugins.ml2.drivers.ovn.mech_driver.ovsdb.maintenance.HashRingHealthCheckPeriodics.touch_hash_ring_node' {{(pid=87431) _process_scheduled /opt/stack/data/venv/lib/python3.12/site-packages/futurist/periodics.py:784}}
Jul 06 09:17:21.181349 np0000004631 devstack@neutron-api.service[87431]: DEBUG neutron.plugins.ml2.drivers.ovn.mech_driver.ovsdb.maintenance [-] Touching Hash Ring node "c7a21eba66835d22b3078ae972e2b642" from periodic health check thread {{(pid=87431) touch_hash_ring_node /opt/stack/neutron/neutron/plugins/ml2/drivers/ovn/mech_driver/ovsdb/maintenance.py:1419}}
Jul 06 09:17:21.394317 np0000004631 devstack@neutron-api.service[87429]: DEBUG neutron.plugins.ml2.db [None req-985c259c-8e1d-4eb1-a277-82865cf3f5aa None None] For port 04f6e637-4c58-4994-84a8-7c1e8f6546e3, host np0000004631, cleared binding levels {{(pid=87429) clear_binding_levels /opt/stack/neutron/neutron/plugins/ml2/db.py:87}}
Jul 06 09:17:21.400028 np0000004631 devstack@neutron-api.service[87429]: [pid: 87429|app: 0|req: 10/26] 10.4.3.247 () {64 vars in 1496 bytes} [Mon Jul 6 09:17:21 2026] GET /networking/v2.0/ports?device_owner=network%3Arouter_gateway&fields=id&fields=name&fields=mac_address&fields=fixed_ips&fields=status => generated 212 bytes in 181 msecs (HTTP/1.1 200) 4 headers in 157 bytes (1 switches on core 0)
Jul 06 09:17:21.403384 np0000004631 devstack@neutron-api.service[87429]: DEBUG neutron.plugins.ml2.db [None req-985c259c-8e1d-4eb1-a277-82865cf3f5aa None None] For port 04f6e637-4c58-4994-84a8-7c1e8f6546e3, host np0000004631, set binding levels [PortBindingLevel(driver='ovn',host='np0000004631',level=0,port_id=04f6e637-4c58-4994-84a8-7c1e8f6546e3,segment=NetworkSegment(37d17505-be61-4e23-8612-83bab8a9acbe),segment_id=37d17505-be61-4e23-8612-83bab8a9acbe)] {{(pid=87429) set_binding_levels /opt/stack/neutron/neutron/plugins/ml2/db.py:59}}
Jul 06 09:17:21.404408 np0000004631 devstack@neutron-api.service[87429]: DEBUG neutron.plugins.ml2.drivers.ovn.mech_driver.mech_driver [None req-985c259c-8e1d-4eb1-a277-82865cf3f5aa None None] No provisioning block for port 04f6e637-4c58-4994-84a8-7c1e8f6546e3 since host unchanged {{(pid=87429) _is_port_provisioning_required /opt/stack/neutron/neutron/plugins/ml2/drivers/ovn/mech_driver/mech_driver.py:904}}
Jul 06 09:17:21.454142 np0000004631 devstack@neutron-api.service[87429]: DEBUG neutron_lib.callbacks.manager [None req-985c259c-8e1d-4eb1-a277-82865cf3f5aa None None] Publish callbacks ['neutron.plugins.ml2.ovo_rpc._ObjectChangeHandler.handle_event-1094568', 'neutron.services.ovn_l3.plugin.OVNL3RouterPlugin._port_update-8765126205140'] for port (04f6e637-4c58-4994-84a8-7c1e8f6546e3), after_update {{(pid=87429) _notify_loop /opt/stack/data/venv/lib/python3.12/site-packages/neutron_lib/callbacks/manager.py:184}}
Jul 06 09:17:21.472926 np0000004631 devstack@neutron-api.service[87429]: DEBUG neutron.api.rpc.handlers.resources_rpc [None req-985c259c-8e1d-4eb1-a277-82865cf3f5aa None None] Pushing event updated for resources: {'Port': ['ID=04f6e637-4c58-4994-84a8-7c1e8f6546e3,revision_number=4']} {{(pid=87429) push /opt/stack/neutron/neutron/api/rpc/handlers/resources_rpc.py:237}}
Jul 06 09:17:21.527844 np0000004631 devstack@neutron-api.service[87429]: DEBUG neutron.plugins.ml2.drivers.ovn.mech_driver.ovsdb.commands [None req-985c259c-8e1d-4eb1-a277-82865cf3f5aa None None] Converting tag [] to a tag_request {{(pid=87429) _tag_column_to_tag_request /opt/stack/neutron/neutron/plugins/ml2/drivers/ovn/mech_driver/ovsdb/commands.py:205}}
Jul 06 09:17:21.528656 np0000004631 devstack@neutron-api.service[87429]: DEBUG ovsdbapp.backend.ovs_idl.transaction [None req-2de40207-1863-4d6f-99e0-f50fdbc4c798 None None] Running txn n=1 command(idx=0): CheckRevisionNumberCommand(_result=None, name=04f6e637-4c58-4994-84a8-7c1e8f6546e3, resource={'id': '04f6e637-4c58-4994-84a8-7c1e8f6546e3', 'name': '', 'network_id': '7fa2e959-c614-491b-a47f-d896157e9a20', 'project_id': '', 'mac_address': 'fa:16:3e:56:69:68', 'admin_state_up': True, 'status': 'DOWN', 'device_id': 'f3cd557a-ab55-46b3-8362-f9357281f3ac', 'device_owner': 'network:router_gateway', 'standard_attr_id': 23, 'fixed_ips': [{'subnet_id': '9f5108f6-50f1-4a29-bdf5-f4fb1dc9c864', 'ip_address': '172.24.5.201'}], 'allowed_address_pairs': [], 'extra_dhcp_opts': [], 'security_groups': [], 'description': '', 'binding:vnic_type': 'normal', 'binding:profile': {}, 'binding:host_id': 'np0000004631', 'binding:vif_type': 'ovs', 'binding:vif_details': {'port_filter': True, 'connectivity': 'l2', 'ovs_create_tap': True, 'bridge_name': 'br-int', 'datapath_type': 'system', 'bound_drivers': {'0': 'ovn'}}, 'port_security_enabled': False, 'tags': [], 'created_at': '2026-07-06T09:17:19Z', 'updated_at': '2026-07-06T09:17:21Z', 'revision_number': 4, 'tenant_id': '', 'network': {'id': '7fa2e959-c614-491b-a47f-d896157e9a20', 'name': 'public', 'tenant_id': 'c9d4ad903c1e4ec8a29a9b848ecc5342', 'project_id': 'c9d4ad903c1e4ec8a29a9b848ecc5342', 'admin_state_up': True, 'mtu': 1430, 'status': 'ACTIVE', 'subnets': ['9f5108f6-50f1-4a29-bdf5-f4fb1dc9c864'], 'standard_attr_id': 18, 'shared': False, 'availability_zone_hints': [], 'availability_zones': [], 'ipv4_address_scope': None, 'ipv6_address_scope': None, 'router:external': True, 'qinq': False, 'vlan_transparent': False, 'description': '', 'port_security_enabled': True, 'is_default': True, 'tags': [], 'created_at': '2026-07-06T09:17:16Z', 'updated_at': '2026-07-06T09:17:19Z', 'revision_number': 2, 'provider:network_type': 'flat', 'provider:physical_network': 'public', 'provider:segmentation_id': None}}, resource_type=ports, if_exists=True) {{(pid=87429) do_commit /opt/stack/data/venv/lib/python3.12/site-packages/ovsdbapp/backend/ovs_idl/transaction.py:89}}
Jul 06 09:17:21.528976 np0000004631 devstack@neutron-api.service[87429]: DEBUG ovsdbapp.backend.ovs_idl.transaction [None req-2de40207-1863-4d6f-99e0-f50fdbc4c798 None None] Running txn n=1 command(idx=1): SetLSwitchPortCommand(_result=None, lport=04f6e637-4c58-4994-84a8-7c1e8f6546e3, external_ids_update=None, columns={'external_ids': {'neutron:port_name': '', 'neutron:device_id': 'f3cd557a-ab55-46b3-8362-f9357281f3ac', 'neutron:project_id': '', 'neutron:cidrs': '172.24.5.201/24', 'neutron:device_owner': 'network:router_gateway', 'neutron:subnet_pool_addr_scope4': '', 'neutron:subnet_pool_addr_scope6': '', 'neutron:network_name': 'neutron-7fa2e959-c614-491b-a47f-d896157e9a20', 'neutron:security_group_ids': '', 'neutron:revision_number': '4', 'neutron:vnic_type': 'normal', 'neutron:port_capabilities': '', 'neutron:mtu': ''}, 'parent_name': [], 'options': {'requested-chassis': 'np0000004631', 'exclude-lb-vips-from-garp': 'true', 'nat-addresses': 'router', 'router-port': 'lrp-04f6e637-4c58-4994-84a8-7c1e8f6546e3'}, 'enabled': True, 'port_security': [], 'dhcpv4_options': [], 'dhcpv6_options': [], 'type': 'router', 'ha_chassis_group': [], 'tag_request': []}, if_exists=False) {{(pid=87429) do_commit /opt/stack/data/venv/lib/python3.12/site-packages/ovsdbapp/backend/ovs_idl/transaction.py:89}}
Jul 06 09:17:21.529572 np0000004631 devstack@neutron-api.service[87429]: DEBUG ovsdbapp.backend.ovs_idl.transaction [None req-2de40207-1863-4d6f-99e0-f50fdbc4c798 None None] Running txn n=1 command(idx=2): PgDelPortCommand(_result=None, port_group=neutron_pg_drop, lsp=['04f6e637-4c58-4994-84a8-7c1e8f6546e3'], if_exists=False) {{(pid=87429) do_commit /opt/stack/data/venv/lib/python3.12/site-packages/ovsdbapp/backend/ovs_idl/transaction.py:89}}
Jul 06 09:17:21.532214 np0000004631 devstack@neutron-api.service[87429]: DEBUG neutron.plugins.ml2.drivers.ovn.mech_driver.ovsdb.ovsdb_monitor [None req-2de40207-1863-4d6f-99e0-f50fdbc4c798 None None] Touching Hash Ring node "af7661bf37d75117ad2d0142c80d7ac8" from IDL notify handler {{(pid=87429) notify /opt/stack/neutron/neutron/plugins/ml2/drivers/ovn/mech_driver/ovsdb/ovsdb_monitor.py:1007}}
Jul 06 09:17:21.533216 np0000004631 devstack@neutron-api.service[87431]: DEBUG neutron.plugins.ml2.drivers.ovn.mech_driver.ovsdb.ovsdb_monitor [None req-0687b6a4-ca61-4bb1-8f24-20614f510651 None None] Touching Hash Ring node "c7a21eba66835d22b3078ae972e2b642" from IDL notify handler {{(pid=87431) notify /opt/stack/neutron/neutron/plugins/ml2/drivers/ovn/mech_driver/ovsdb/ovsdb_monitor.py:1007}}
Jul 06 09:17:21.535659 np0000004631 devstack@neutron-api.service[87429]: DEBUG neutron.plugins.ml2.drivers.ovn.mech_driver.ovsdb.ovsdb_monitor [None req-680980f3-0029-4f2e-bffd-f5b934493252 None None] Touching Hash Ring node "af7661bf37d75117ad2d0142c80d7ac8" from IDL notify handler {{(pid=87429) notify /opt/stack/neutron/neutron/plugins/ml2/drivers/ovn/mech_driver/ovsdb/ovsdb_monitor.py:1007}}
Jul 06 09:17:21.537462 np0000004631 devstack@neutron-api.service[87430]: DEBUG neutron.plugins.ml2.drivers.ovn.mech_driver.ovsdb.ovsdb_monitor [None req-26a22300-b7ac-4389-8551-519b8f871c90 None None] Touching Hash Ring node "8683f4d1beb05c4f89d20eb28bac840a" from IDL notify handler {{(pid=87430) notify /opt/stack/neutron/neutron/plugins/ml2/drivers/ovn/mech_driver/ovsdb/ovsdb_monitor.py:1007}}
Jul 06 09:17:21.539726 np0000004631 devstack@neutron-api.service[87429]: DEBUG neutron.plugins.ml2.drivers.ovn.mech_driver.ovsdb.ovsdb_monitor [None req-2de40207-1863-4d6f-99e0-f50fdbc4c798 None None] Hash Ring: Node af7661bf37d75117ad2d0142c80d7ac8 (host: np0000004631) handling event "update" for row 817be37d-a89c-4638-a237-aaa3d59d3bff (table: Logical_Switch_Port) {{(pid=87429) notify /opt/stack/neutron/neutron/plugins/ml2/drivers/ovn/mech_driver/ovsdb/ovsdb_monitor.py:1015}}
Jul 06 09:17:21.541519 np0000004631 devstack@neutron-api.service[87429]: DEBUG neutron.plugins.ml2.drivers.ovn.mech_driver.ovsdb.ovsdb_monitor [None req-680980f3-0029-4f2e-bffd-f5b934493252 None None] Hash Ring: Node af7661bf37d75117ad2d0142c80d7ac8 (host: np0000004631) handling event "update" for row d00e8c23-007c-4e84-af22-e68dd922d4b0 (table: Port_Binding) {{(pid=87429) notify /opt/stack/neutron/neutron/plugins/ml2/drivers/ovn/mech_driver/ovsdb/ovsdb_monitor.py:1015}}
Jul 06 09:17:21.542555 np0000004631 devstack@neutron-api.service[87431]: DEBUG neutron.plugins.ml2.drivers.ovn.mech_driver.ovsdb.ovsdb_monitor [None req-0687b6a4-ca61-4bb1-8f24-20614f510651 None None] Hash Ring: Node c7a21eba66835d22b3078ae972e2b642 (host: np0000004631) handling event "update" for row 817be37d-a89c-4638-a237-aaa3d59d3bff (table: Logical_Switch_Port) {{(pid=87431) notify /opt/stack/neutron/neutron/plugins/ml2/drivers/ovn/mech_driver/ovsdb/ovsdb_monitor.py:1015}}
Jul 06 09:17:21.543479 np0000004631 devstack@neutron-api.service[87430]: DEBUG neutron.plugins.ml2.drivers.ovn.mech_driver.ovsdb.ovsdb_monitor [None req-26a22300-b7ac-4389-8551-519b8f871c90 None None] Hash Ring: Node 8683f4d1beb05c4f89d20eb28bac840a (host: np0000004631) handling event "update" for row d00e8c23-007c-4e84-af22-e68dd922d4b0 (table: Port_Binding) {{(pid=87430) notify /opt/stack/neutron/neutron/plugins/ml2/drivers/ovn/mech_driver/ovsdb/ovsdb_monitor.py:1015}}
Jul 06 09:17:21.558280 np0000004631 devstack@neutron-api.service[87429]: INFO neutron.db.ovn_revision_numbers_db [None req-985c259c-8e1d-4eb1-a277-82865cf3f5aa None None] Successfully bumped revision number for resource 04f6e637-4c58-4994-84a8-7c1e8f6546e3 (type: ports) to 4
Jul 06 09:17:21.570820 np0000004631 devstack@neutron-api.service[87429]: DEBUG ovsdbapp.backend.ovs_idl.transaction [None req-2de40207-1863-4d6f-99e0-f50fdbc4c798 None None] Running txn n=1 command(idx=0): DbSetCommand(_result=None, table=Logical_Switch_Port, record=04f6e637-4c58-4994-84a8-7c1e8f6546e3, col_values=(('external_ids', {'neutron:host_id': 'np0000004631'}),), if_exists=True) {{(pid=87429) do_commit /opt/stack/data/venv/lib/python3.12/site-packages/ovsdbapp/backend/ovs_idl/transaction.py:89}}
Jul 06 09:17:21.574196 np0000004631 devstack@neutron-api.service[87431]: DEBUG neutron.plugins.ml2.drivers.ovn.mech_driver.ovsdb.ovsdb_monitor [None req-0687b6a4-ca61-4bb1-8f24-20614f510651 None None] Touching Hash Ring node "c7a21eba66835d22b3078ae972e2b642" from IDL notify handler {{(pid=87431) notify /opt/stack/neutron/neutron/plugins/ml2/drivers/ovn/mech_driver/ovsdb/ovsdb_monitor.py:1007}}
Jul 06 09:17:21.576481 np0000004631 devstack@neutron-api.service[87431]: DEBUG neutron.plugins.ml2.drivers.ovn.mech_driver.ovsdb.ovsdb_monitor [None req-0687b6a4-ca61-4bb1-8f24-20614f510651 None None] Hash Ring: Node c7a21eba66835d22b3078ae972e2b642 (host: np0000004631) handling event "update" for row 817be37d-a89c-4638-a237-aaa3d59d3bff (table: Logical_Switch_Port) {{(pid=87431) notify /opt/stack/neutron/neutron/plugins/ml2/drivers/ovn/mech_driver/ovsdb/ovsdb_monitor.py:1015}}
Jul 06 09:17:21.577952 np0000004631 devstack@neutron-api.service[87430]: DEBUG neutron.plugins.ml2.drivers.ovn.mech_driver.ovsdb.ovsdb_monitor [None req-26a22300-b7ac-4389-8551-519b8f871c90 None None] Touching Hash Ring node "8683f4d1beb05c4f89d20eb28bac840a" from IDL notify handler {{(pid=87430) notify /opt/stack/neutron/neutron/plugins/ml2/drivers/ovn/mech_driver/ovsdb/ovsdb_monitor.py:1007}}
Jul 06 09:17:21.579626 np0000004631 devstack@neutron-api.service[87429]: DEBUG neutron.plugins.ml2.drivers.ovn.mech_driver.ovsdb.ovsdb_monitor [None req-2de40207-1863-4d6f-99e0-f50fdbc4c798 None None] Touching Hash Ring node "af7661bf37d75117ad2d0142c80d7ac8" from IDL notify handler {{(pid=87429) notify /opt/stack/neutron/neutron/plugins/ml2/drivers/ovn/mech_driver/ovsdb/ovsdb_monitor.py:1007}}
Jul 06 09:17:21.580190 np0000004631 devstack@neutron-api.service[87430]: DEBUG neutron.plugins.ml2.drivers.ovn.mech_driver.ovsdb.ovsdb_monitor [None req-26a22300-b7ac-4389-8551-519b8f871c90 None None] Hash Ring: Node 8683f4d1beb05c4f89d20eb28bac840a (host: np0000004631) handling event "update" for row d00e8c23-007c-4e84-af22-e68dd922d4b0 (table: Port_Binding) {{(pid=87430) notify /opt/stack/neutron/neutron/plugins/ml2/drivers/ovn/mech_driver/ovsdb/ovsdb_monitor.py:1015}}
Jul 06 09:17:21.584601 np0000004631 devstack@neutron-api.service[87429]: DEBUG neutron.plugins.ml2.drivers.ovn.mech_driver.ovsdb.ovsdb_monitor [None req-680980f3-0029-4f2e-bffd-f5b934493252 None None] Touching Hash Ring node "af7661bf37d75117ad2d0142c80d7ac8" from IDL notify handler {{(pid=87429) notify /opt/stack/neutron/neutron/plugins/ml2/drivers/ovn/mech_driver/ovsdb/ovsdb_monitor.py:1007}}
Jul 06 09:17:21.586691 np0000004631 devstack@neutron-api.service[87429]: DEBUG neutron.plugins.ml2.drivers.ovn.mech_driver.ovsdb.ovsdb_monitor [None req-2de40207-1863-4d6f-99e0-f50fdbc4c798 None None] Hash Ring: Node af7661bf37d75117ad2d0142c80d7ac8 (host: np0000004631) handling event "update" for row 817be37d-a89c-4638-a237-aaa3d59d3bff (table: Logical_Switch_Port) {{(pid=87429) notify /opt/stack/neutron/neutron/plugins/ml2/drivers/ovn/mech_driver/ovsdb/ovsdb_monitor.py:1015}}
Jul 06 09:17:21.604800 np0000004631 devstack@neutron-api.service[87429]: DEBUG neutron.plugins.ml2.plugin [None req-985c259c-8e1d-4eb1-a277-82865cf3f5aa None None] Current status of the port 04f6e637-4c58-4994-84a8-7c1e8f6546e3 is: DOWN; New status is: ACTIVE {{(pid=87429) _update_individual_port_db_status /opt/stack/neutron/neutron/plugins/ml2/plugin.py:2473}}
Jul 06 09:17:21.604922 np0000004631 devstack@neutron-api.service[87429]: DEBUG neutron_lib.callbacks.manager [None req-985c259c-8e1d-4eb1-a277-82865cf3f5aa None None] Publish callbacks ['neutron.plugins.ml2.plugin.SecurityGroupDbMixin._ensure_default_security_group_handler-3154342', 'neutron.services.ovn_l3.plugin.OVNL3RouterPlugin._port_update-8765126205140', 'neutron.db.l3_db.L3_NAT_dbonly_mixin._prevent_internal_ip_change_for_fip-8765127714960'] for port (04f6e637-4c58-4994-84a8-7c1e8f6546e3), before_update {{(pid=87429) _notify_loop /opt/stack/data/venv/lib/python3.12/site-packages/neutron_lib/callbacks/manager.py:184}}
Jul 06 09:17:21.616037 np0000004631 devstack@neutron-api.service[87429]: DEBUG neutron.plugins.ml2.db [None req-985c259c-8e1d-4eb1-a277-82865cf3f5aa None None] For port 04f6e637-4c58-4994-84a8-7c1e8f6546e3, host np0000004631, got binding levels [PortBindingLevel(driver='ovn',host='np0000004631',level=0,port_id=04f6e637-4c58-4994-84a8-7c1e8f6546e3,segment=NetworkSegment(37d17505-be61-4e23-8612-83bab8a9acbe),segment_id=37d17505-be61-4e23-8612-83bab8a9acbe)] {{(pid=87429) get_binding_level_objs /opt/stack/neutron/neutron/plugins/ml2/db.py:74}}
Jul 06 09:17:21.616441 np0000004631 devstack@neutron-api.service[87429]: DEBUG neutron.plugins.ml2.drivers.ovn.mech_driver.mech_driver [None req-985c259c-8e1d-4eb1-a277-82865cf3f5aa None None] No provisioning block for port 04f6e637-4c58-4994-84a8-7c1e8f6546e3 since it is active {{(pid=87429) _is_port_provisioning_required /opt/stack/neutron/neutron/plugins/ml2/drivers/ovn/mech_driver/mech_driver.py:894}}
Jul 06 09:17:21.627712 np0000004631 devstack@neutron-api.service[87429]: DEBUG neutron.plugins.ml2.drivers.ovn.mech_driver.ovsdb.ovsdb_monitor [None req-680980f3-0029-4f2e-bffd-f5b934493252 None None] Hash Ring: Node af7661bf37d75117ad2d0142c80d7ac8 (host: np0000004631) handling event "update" for row d00e8c23-007c-4e84-af22-e68dd922d4b0 (table: Port_Binding) {{(pid=87429) notify /opt/stack/neutron/neutron/plugins/ml2/drivers/ovn/mech_driver/ovsdb/ovsdb_monitor.py:1015}}
Jul 06 09:17:21.635331 np0000004631 devstack@neutron-api.service[87430]: DEBUG neutron.pecan_wsgi.hooks.policy_enforcement [None req-19e7d7b3-7064-44ff-b503-5efadc7b8b8a admin admin] Attributes excluded by policy engine: ['standard_attr_id', 'shared'] {{(pid=87430) _exclude_attributes_by_policy /opt/stack/neutron/neutron/pecan_wsgi/hooks/policy_enforcement.py:259}}
Jul 06 09:17:21.636261 np0000004631 devstack@neutron-api.service[87430]: [pid: 87430|app: 0|req: 9/27] 10.4.3.247 () {64 vars in 1381 bytes} [Mon Jul 6 09:17:21 2026] GET /networking/v2.0/subnets/c248c3c8-726b-4265-9d6a-8ca5ef303c64 => generated 730 bytes in 21 msecs (HTTP/1.1 200) 4 headers in 157 bytes (1 switches on core 0)
Jul 06 09:17:21.645940 np0000004631 devstack@neutron-api.service[87431]: DEBUG neutron.api.wsgi [None req-a2ef80ad-8f3d-4f4b-ab5b-6dd4876ff344 admin admin] Missing Content-Type {{(pid=87431) get_content_type /opt/stack/neutron/neutron/api/wsgi.py:80}}
Jul 06 09:17:21.686036 np0000004631 devstack@neutron-api.service[87431]: [pid: 87431|app: 0|req: 9/28] 10.4.3.247 () {64 vars in 1381 bytes} [Mon Jul 6 09:17:21 2026] GET /networking/v2.0/routers/f3cd557a-ab55-46b3-8362-f9357281f3ac => generated 942 bytes in 42 msecs (HTTP/1.1 200) 4 headers in 157 bytes (1 switches on core 0)
Jul 06 09:17:21.777862 np0000004631 devstack@neutron-api.service[87429]: DEBUG neutron.plugins.ml2.drivers.ovn.mech_driver.ovsdb.commands [None req-985c259c-8e1d-4eb1-a277-82865cf3f5aa None None] Converting tag [] to a tag_request {{(pid=87429) _tag_column_to_tag_request /opt/stack/neutron/neutron/plugins/ml2/drivers/ovn/mech_driver/ovsdb/commands.py:205}}
Jul 06 09:17:21.780277 np0000004631 devstack@neutron-api.service[87429]: DEBUG ovsdbapp.backend.ovs_idl.transaction [None req-2de40207-1863-4d6f-99e0-f50fdbc4c798 None None] Running txn n=1 command(idx=0): CheckRevisionNumberCommand(_result=None, name=04f6e637-4c58-4994-84a8-7c1e8f6546e3, resource={'id': '04f6e637-4c58-4994-84a8-7c1e8f6546e3', 'name': '', 'network_id': '7fa2e959-c614-491b-a47f-d896157e9a20', 'project_id': '', 'mac_address': 'fa:16:3e:56:69:68', 'admin_state_up': True, 'status': 'ACTIVE', 'device_id': 'f3cd557a-ab55-46b3-8362-f9357281f3ac', 'device_owner': 'network:router_gateway', 'standard_attr_id': 23, 'fixed_ips': [{'subnet_id': '9f5108f6-50f1-4a29-bdf5-f4fb1dc9c864', 'ip_address': '172.24.5.201'}], 'allowed_address_pairs': [], 'extra_dhcp_opts': [], 'security_groups': [], 'description': '', 'binding:vnic_type': 'normal', 'binding:profile': {}, 'binding:host_id': 'np0000004631', 'binding:vif_type': 'ovs', 'binding:vif_details': {'port_filter': True, 'connectivity': 'l2', 'ovs_create_tap': True, 'bridge_name': 'br-int', 'datapath_type': 'system', 'bound_drivers': {'0': 'ovn'}}, 'port_security_enabled': False, 'tags': [], 'created_at': '2026-07-06T09:17:19Z', 'updated_at': '2026-07-06T09:17:21Z', 'revision_number': 5, 'tenant_id': '', 'network': {'id': '7fa2e959-c614-491b-a47f-d896157e9a20', 'name': 'public', 'tenant_id': 'c9d4ad903c1e4ec8a29a9b848ecc5342', 'project_id': 'c9d4ad903c1e4ec8a29a9b848ecc5342', 'admin_state_up': True, 'mtu': 1430, 'status': 'ACTIVE', 'subnets': ['9f5108f6-50f1-4a29-bdf5-f4fb1dc9c864'], 'standard_attr_id': 18, 'shared': False, 'availability_zone_hints': [], 'availability_zones': [], 'ipv4_address_scope': None, 'ipv6_address_scope': None, 'router:external': True, 'qinq': False, 'vlan_transparent': False, 'description': '', 'port_security_enabled': True, 'is_default': True, 'tags': [], 'created_at': '2026-07-06T09:17:16Z', 'updated_at': '2026-07-06T09:17:19Z', 'revision_number': 2, 'provider:network_type': 'flat', 'provider:physical_network': 'public', 'provider:segmentation_id': None}}, resource_type=ports, if_exists=True) {{(pid=87429) do_commit /opt/stack/data/venv/lib/python3.12/site-packages/ovsdbapp/backend/ovs_idl/transaction.py:89}}
Jul 06 09:17:21.783449 np0000004631 devstack@neutron-api.service[87429]: DEBUG ovsdbapp.backend.ovs_idl.transaction [None req-2de40207-1863-4d6f-99e0-f50fdbc4c798 None None] Running txn n=1 command(idx=1): SetLSwitchPortCommand(_result=None, lport=04f6e637-4c58-4994-84a8-7c1e8f6546e3, external_ids_update=None, columns={'external_ids': {'neutron:port_name': '', 'neutron:device_id': 'f3cd557a-ab55-46b3-8362-f9357281f3ac', 'neutron:project_id': '', 'neutron:cidrs': '172.24.5.201/24', 'neutron:device_owner': 'network:router_gateway', 'neutron:subnet_pool_addr_scope4': '', 'neutron:subnet_pool_addr_scope6': '', 'neutron:network_name': 'neutron-7fa2e959-c614-491b-a47f-d896157e9a20', 'neutron:security_group_ids': '', 'neutron:revision_number': '5', 'neutron:vnic_type': 'normal', 'neutron:port_capabilities': '', 'neutron:mtu': '', 'neutron:host_id': 'np0000004631'}, 'parent_name': [], 'options': {'requested-chassis': 'np0000004631', 'exclude-lb-vips-from-garp': 'true', 'nat-addresses': 'router', 'router-port': 'lrp-04f6e637-4c58-4994-84a8-7c1e8f6546e3'}, 'enabled': True, 'port_security': [], 'dhcpv4_options': [], 'dhcpv6_options': [], 'type': 'router', 'ha_chassis_group': [], 'tag_request': []}, if_exists=False) {{(pid=87429) do_commit /opt/stack/data/venv/lib/python3.12/site-packages/ovsdbapp/backend/ovs_idl/transaction.py:89}}
Jul 06 09:17:21.784304 np0000004631 devstack@neutron-api.service[87429]: DEBUG ovsdbapp.backend.ovs_idl.transaction [None req-2de40207-1863-4d6f-99e0-f50fdbc4c798 None None] Running txn n=1 command(idx=2): PgDelPortCommand(_result=None, port_group=neutron_pg_drop, lsp=['04f6e637-4c58-4994-84a8-7c1e8f6546e3'], if_exists=False) {{(pid=87429) do_commit /opt/stack/data/venv/lib/python3.12/site-packages/ovsdbapp/backend/ovs_idl/transaction.py:89}}
Jul 06 09:17:21.788124 np0000004631 devstack@neutron-api.service[87431]: DEBUG neutron.plugins.ml2.drivers.ovn.mech_driver.ovsdb.ovsdb_monitor [None req-0687b6a4-ca61-4bb1-8f24-20614f510651 None None] Touching Hash Ring node "c7a21eba66835d22b3078ae972e2b642" from IDL notify handler {{(pid=87431) notify /opt/stack/neutron/neutron/plugins/ml2/drivers/ovn/mech_driver/ovsdb/ovsdb_monitor.py:1007}}
Jul 06 09:17:21.788734 np0000004631 devstack@neutron-api.service[87429]: DEBUG neutron.plugins.ml2.drivers.ovn.mech_driver.ovsdb.ovsdb_monitor [None req-2de40207-1863-4d6f-99e0-f50fdbc4c798 None None] Touching Hash Ring node "af7661bf37d75117ad2d0142c80d7ac8" from IDL notify handler {{(pid=87429) notify /opt/stack/neutron/neutron/plugins/ml2/drivers/ovn/mech_driver/ovsdb/ovsdb_monitor.py:1007}}
Jul 06 09:17:21.791224 np0000004631 devstack@neutron-api.service[87431]: DEBUG neutron.plugins.ml2.drivers.ovn.mech_driver.ovsdb.ovsdb_monitor [None req-0687b6a4-ca61-4bb1-8f24-20614f510651 None None] Hash Ring: Node c7a21eba66835d22b3078ae972e2b642 (host: np0000004631) handling event "update" for row 817be37d-a89c-4638-a237-aaa3d59d3bff (table: Logical_Switch_Port) {{(pid=87431) notify /opt/stack/neutron/neutron/plugins/ml2/drivers/ovn/mech_driver/ovsdb/ovsdb_monitor.py:1015}}
Jul 06 09:17:21.791490 np0000004631 devstack@neutron-api.service[87430]: DEBUG neutron.plugins.ml2.drivers.ovn.mech_driver.ovsdb.ovsdb_monitor [None req-26a22300-b7ac-4389-8551-519b8f871c90 None None] Touching Hash Ring node "8683f4d1beb05c4f89d20eb28bac840a" from IDL notify handler {{(pid=87430) notify /opt/stack/neutron/neutron/plugins/ml2/drivers/ovn/mech_driver/ovsdb/ovsdb_monitor.py:1007}}
Jul 06 09:17:21.793624 np0000004631 devstack@neutron-api.service[87430]: DEBUG neutron.plugins.ml2.drivers.ovn.mech_driver.ovsdb.ovsdb_monitor [None req-26a22300-b7ac-4389-8551-519b8f871c90 None None] Hash Ring: Node 8683f4d1beb05c4f89d20eb28bac840a (host: np0000004631) handling event "update" for row d00e8c23-007c-4e84-af22-e68dd922d4b0 (table: Port_Binding) {{(pid=87430) notify /opt/stack/neutron/neutron/plugins/ml2/drivers/ovn/mech_driver/ovsdb/ovsdb_monitor.py:1015}}
Jul 06 09:17:21.800881 np0000004631 devstack@neutron-api.service[87429]: DEBUG neutron.plugins.ml2.drivers.ovn.mech_driver.ovsdb.ovsdb_monitor [None req-680980f3-0029-4f2e-bffd-f5b934493252 None None] Touching Hash Ring node "af7661bf37d75117ad2d0142c80d7ac8" from IDL notify handler {{(pid=87429) notify /opt/stack/neutron/neutron/plugins/ml2/drivers/ovn/mech_driver/ovsdb/ovsdb_monitor.py:1007}}
Jul 06 09:17:21.802406 np0000004631 devstack@neutron-api.service[87429]: DEBUG neutron.plugins.ml2.drivers.ovn.mech_driver.ovsdb.ovsdb_monitor [None req-2de40207-1863-4d6f-99e0-f50fdbc4c798 None None] Hash Ring: Node af7661bf37d75117ad2d0142c80d7ac8 (host: np0000004631) handling event "update" for row 817be37d-a89c-4638-a237-aaa3d59d3bff (table: Logical_Switch_Port) {{(pid=87429) notify /opt/stack/neutron/neutron/plugins/ml2/drivers/ovn/mech_driver/ovsdb/ovsdb_monitor.py:1015}}
Jul 06 09:17:21.808759 np0000004631 devstack@neutron-api.service[87429]: DEBUG neutron.plugins.ml2.drivers.ovn.mech_driver.ovsdb.ovsdb_monitor [None req-680980f3-0029-4f2e-bffd-f5b934493252 None None] Hash Ring: Node af7661bf37d75117ad2d0142c80d7ac8 (host: np0000004631) handling event "update" for row d00e8c23-007c-4e84-af22-e68dd922d4b0 (table: Port_Binding) {{(pid=87429) notify /opt/stack/neutron/neutron/plugins/ml2/drivers/ovn/mech_driver/ovsdb/ovsdb_monitor.py:1015}}
Jul 06 09:17:21.841717 np0000004631 devstack@neutron-api.service[87429]: INFO neutron.db.ovn_revision_numbers_db [None req-985c259c-8e1d-4eb1-a277-82865cf3f5aa None None] Successfully bumped revision number for resource 04f6e637-4c58-4994-84a8-7c1e8f6546e3 (type: ports) to 5
Jul 06 09:17:21.853511 np0000004631 devstack@neutron-api.service[87429]: DEBUG neutron_lib.callbacks.manager [None req-985c259c-8e1d-4eb1-a277-82865cf3f5aa None None] Publish callbacks ['neutron.plugins.ml2.ovo_rpc._ObjectChangeHandler.handle_event-1094568', 'neutron.services.ovn_l3.plugin.OVNL3RouterPlugin._port_update-8765126205140'] for port (04f6e637-4c58-4994-84a8-7c1e8f6546e3), after_update {{(pid=87429) _notify_loop /opt/stack/data/venv/lib/python3.12/site-packages/neutron_lib/callbacks/manager.py:184}}
Jul 06 09:17:21.882771 np0000004631 devstack@neutron-api.service[87429]: DEBUG neutron.api.rpc.handlers.resources_rpc [None req-985c259c-8e1d-4eb1-a277-82865cf3f5aa None None] Pushing event updated for resources: {'Port': ['ID=04f6e637-4c58-4994-84a8-7c1e8f6546e3,revision_number=5']} {{(pid=87429) push /opt/stack/neutron/neutron/api/rpc/handlers/resources_rpc.py:237}}
Jul 06 09:17:21.901879 np0000004631 devstack@neutron-api.service[87429]: DEBUG neutron_lib.callbacks.manager [None req-ee159582-10e7-4ace-aa92-77a8b50935f4 admin admin] Publish callbacks ['neutron.plugins.ml2.plugin.SecurityGroupDbMixin._ensure_default_security_group_handler-3154342'] for port (None), before_create {{(pid=87429) _notify_loop /opt/stack/data/venv/lib/python3.12/site-packages/neutron_lib/callbacks/manager.py:184}}
Jul 06 09:17:21.983168 np0000004631 devstack@neutron-api.service[87429]: DEBUG neutron.db.db_base_plugin_common [None req-ee159582-10e7-4ace-aa92-77a8b50935f4 admin admin] Allocated IP fd16:5d80:2dd8::1 (34b37677-bb08-4463-8846-e8cede9753a9/c248c3c8-726b-4265-9d6a-8ca5ef303c64/4090a291-70d3-49d3-add0-182d837c6b3a) {{(pid=87429) _store_ip_allocation /opt/stack/neutron/neutron/db/db_base_plugin_common.py:131}}
Jul 06 09:17:22.028973 np0000004631 devstack@neutron-api.service[87429]: DEBUG neutron_lib.callbacks.manager [None req-ee159582-10e7-4ace-aa92-77a8b50935f4 admin admin] Publish callbacks ['neutron.plugins.ml2.drivers.ovn.mech_driver.mech_driver.OVNMechanismDriver._validate_allowed_address_pairs-1929900'] for allowed_address_pair (4090a291-70d3-49d3-add0-182d837c6b3a), before_create {{(pid=87429) _notify_loop /opt/stack/data/venv/lib/python3.12/site-packages/neutron_lib/callbacks/manager.py:184}}
Jul 06 09:17:22.029473 np0000004631 devstack@neutron-api.service[87429]: DEBUG neutron_lib.callbacks.manager [None req-ee159582-10e7-4ace-aa92-77a8b50935f4 admin admin] Publish callbacks [] for port (4090a291-70d3-49d3-add0-182d837c6b3a), precommit_create {{(pid=87429) _notify_loop /opt/stack/data/venv/lib/python3.12/site-packages/neutron_lib/callbacks/manager.py:184}}
Jul 06 09:17:22.029621 np0000004631 devstack@neutron-api.service[87429]: DEBUG neutron.plugins.ml2.drivers.ovn.mech_driver.mech_driver [None req-ee159582-10e7-4ace-aa92-77a8b50935f4 admin admin] No provisioning block for port 4090a291-70d3-49d3-add0-182d837c6b3a since it does not have a host {{(pid=87429) _is_port_provisioning_required /opt/stack/neutron/neutron/plugins/ml2/drivers/ovn/mech_driver/mech_driver.py:899}}
Jul 06 09:17:22.029726 np0000004631 devstack@neutron-api.service[87429]: DEBUG neutron.db.ovn_revision_numbers_db [None req-ee159582-10e7-4ace-aa92-77a8b50935f4 admin admin] create_initial_revision uuid=4090a291-70d3-49d3-add0-182d837c6b3a, type=ports, rev=-1 {{(pid=87429) create_initial_revision /opt/stack/neutron/neutron/db/ovn_revision_numbers_db.py:98}}
Jul 06 09:17:22.076997 np0000004631 devstack@neutron-api.service[87429]: DEBUG neutron.db.ovn_revision_numbers_db [None req-ee159582-10e7-4ace-aa92-77a8b50935f4 admin admin] create_initial_revision uuid=4090a291-70d3-49d3-add0-182d837c6b3a, type=router_ports, rev=-1 {{(pid=87429) create_initial_revision /opt/stack/neutron/neutron/db/ovn_revision_numbers_db.py:98}}
Jul 06 09:17:22.099961 np0000004631 devstack@neutron-api.service[87429]: DEBUG neutron_lib.callbacks.manager [None req-ee159582-10e7-4ace-aa92-77a8b50935f4 admin admin] Publish callbacks ['neutron.plugins.ml2.ovo_rpc._ObjectChangeHandler.handle_event-1094568'] for port (4090a291-70d3-49d3-add0-182d837c6b3a), after_create {{(pid=87429) _notify_loop /opt/stack/data/venv/lib/python3.12/site-packages/neutron_lib/callbacks/manager.py:184}}
Jul 06 09:17:22.121518 np0000004631 devstack@neutron-api.service[87429]: DEBUG neutron.api.rpc.handlers.resources_rpc [None req-ee159582-10e7-4ace-aa92-77a8b50935f4 admin admin] Pushing event updated for resources: {'Port': ['ID=4090a291-70d3-49d3-add0-182d837c6b3a,revision_number=1']} {{(pid=87429) push /opt/stack/neutron/neutron/api/rpc/handlers/resources_rpc.py:237}}
Jul 06 09:17:22.152413 np0000004631 devstack@neutron-api.service[87429]: DEBUG neutron.plugins.ml2.drivers.ovn.mech_driver.ovsdb.commands [None req-ee159582-10e7-4ace-aa92-77a8b50935f4 admin admin] Converting tag [] to a tag_request {{(pid=87429) _tag_column_to_tag_request /opt/stack/neutron/neutron/plugins/ml2/drivers/ovn/mech_driver/ovsdb/commands.py:205}}
Jul 06 09:17:22.153119 np0000004631 devstack@neutron-api.service[87429]: DEBUG ovsdbapp.backend.ovs_idl.transaction [None req-2de40207-1863-4d6f-99e0-f50fdbc4c798 None None] Running txn n=1 command(idx=0): AddLSwitchPortCommand(_result=None, lport=4090a291-70d3-49d3-add0-182d837c6b3a, lswitch=neutron-34b37677-bb08-4463-8846-e8cede9753a9, may_exist=True, network_uuid=34b37677-bb08-4463-8846-e8cede9753a9, columns={'addresses': ['unknown'], 'external_ids': {'neutron:port_name': '', 'neutron:device_id': 'f3cd557a-ab55-46b3-8362-f9357281f3ac', 'neutron:project_id': 'c9d4ad903c1e4ec8a29a9b848ecc5342', 'neutron:cidrs': 'fd16:5d80:2dd8::1/64', 'neutron:device_owner': 'network:router_interface', 'neutron:subnet_pool_addr_scope4': '', 'neutron:subnet_pool_addr_scope6': '', 'neutron:network_name': 'neutron-34b37677-bb08-4463-8846-e8cede9753a9', 'neutron:security_group_ids': '', 'neutron:revision_number': '1', 'neutron:vnic_type': 'normal', 'neutron:port_capabilities': '', 'neutron:mtu': ''}, 'parent_name': [], 'enabled': True, 'options': {}, 'type': '', 'port_security': [], 'dhcpv4_options': [], 'dhcpv6_options': [], 'tag_request': []}) {{(pid=87429) do_commit /opt/stack/data/venv/lib/python3.12/site-packages/ovsdbapp/backend/ovs_idl/transaction.py:89}}
Jul 06 09:17:22.153774 np0000004631 devstack@neutron-api.service[87429]: DEBUG ovsdbapp.backend.ovs_idl.transaction [None req-2de40207-1863-4d6f-99e0-f50fdbc4c798 None None] Running txn n=1 command(idx=1): QoSDelCommand(_result=None, switch=neutron-34b37677-bb08-4463-8846-e8cede9753a9, conditions=[('direction', '=', 'to-lport'), ('priority', '=', 2002), ('match', '=', 'outport == "4090a291-70d3-49d3-add0-182d837c6b3a"')], if_exists=True) {{(pid=87429) do_commit /opt/stack/data/venv/lib/python3.12/site-packages/ovsdbapp/backend/ovs_idl/transaction.py:89}}
Jul 06 09:17:22.154089 np0000004631 devstack@neutron-api.service[87429]: DEBUG ovsdbapp.backend.ovs_idl.transaction [None req-2de40207-1863-4d6f-99e0-f50fdbc4c798 None None] Running txn n=1 command(idx=2): QoSDelCommand(_result=None, switch=neutron-34b37677-bb08-4463-8846-e8cede9753a9, conditions=[('direction', '=', 'from-lport'), ('priority', '=', 2002), ('match', '=', 'inport == "4090a291-70d3-49d3-add0-182d837c6b3a"')], if_exists=True) {{(pid=87429) do_commit /opt/stack/data/venv/lib/python3.12/site-packages/ovsdbapp/backend/ovs_idl/transaction.py:89}}
Jul 06 09:17:22.157649 np0000004631 devstack@neutron-api.service[87429]: DEBUG neutron.plugins.ml2.drivers.ovn.mech_driver.ovsdb.ovsdb_monitor [None req-2de40207-1863-4d6f-99e0-f50fdbc4c798 None None] Touching Hash Ring node "af7661bf37d75117ad2d0142c80d7ac8" from IDL notify handler {{(pid=87429) notify /opt/stack/neutron/neutron/plugins/ml2/drivers/ovn/mech_driver/ovsdb/ovsdb_monitor.py:1007}}
Jul 06 09:17:22.159907 np0000004631 devstack@neutron-api.service[87430]: DEBUG neutron.plugins.ml2.drivers.ovn.mech_driver.ovsdb.ovsdb_monitor [None req-4b682d3b-735f-4772-97c4-46b916fa00e8 None None] Touching Hash Ring node "8683f4d1beb05c4f89d20eb28bac840a" from IDL notify handler {{(pid=87430) notify /opt/stack/neutron/neutron/plugins/ml2/drivers/ovn/mech_driver/ovsdb/ovsdb_monitor.py:1007}}
Jul 06 09:17:22.165076 np0000004631 devstack@neutron-api.service[87430]: DEBUG neutron.plugins.ml2.drivers.ovn.mech_driver.ovsdb.ovsdb_monitor [None req-4b682d3b-735f-4772-97c4-46b916fa00e8 None None] Hash Ring: Node 8683f4d1beb05c4f89d20eb28bac840a (host: np0000004631) handling event "update" for row 34b37677-bb08-4463-8846-e8cede9753a9 (table: Logical_Switch) {{(pid=87430) notify /opt/stack/neutron/neutron/plugins/ml2/drivers/ovn/mech_driver/ovsdb/ovsdb_monitor.py:1015}}
Jul 06 09:17:22.166056 np0000004631 devstack@neutron-api.service[87429]: DEBUG neutron.plugins.ml2.drivers.ovn.mech_driver.ovsdb.ovsdb_monitor [None req-2de40207-1863-4d6f-99e0-f50fdbc4c798 None None] Hash Ring: Node af7661bf37d75117ad2d0142c80d7ac8 (host: np0000004631) handling event "update" for row 34b37677-bb08-4463-8846-e8cede9753a9 (table: Logical_Switch) {{(pid=87429) notify /opt/stack/neutron/neutron/plugins/ml2/drivers/ovn/mech_driver/ovsdb/ovsdb_monitor.py:1015}}
Jul 06 09:17:22.167325 np0000004631 devstack@neutron-api.service[87429]: DEBUG neutron.plugins.ml2.drivers.ovn.mech_driver.ovsdb.ovsdb_monitor [None req-2de40207-1863-4d6f-99e0-f50fdbc4c798 None None] Touching Hash Ring node "af7661bf37d75117ad2d0142c80d7ac8" from IDL notify handler {{(pid=87429) notify /opt/stack/neutron/neutron/plugins/ml2/drivers/ovn/mech_driver/ovsdb/ovsdb_monitor.py:1007}}
Jul 06 09:17:22.167985 np0000004631 devstack@neutron-api.service[87429]: DEBUG neutron.plugins.ml2.drivers.ovn.mech_driver.ovsdb.ovsdb_monitor [None req-680980f3-0029-4f2e-bffd-f5b934493252 None None] Touching Hash Ring node "af7661bf37d75117ad2d0142c80d7ac8" from IDL notify handler {{(pid=87429) notify /opt/stack/neutron/neutron/plugins/ml2/drivers/ovn/mech_driver/ovsdb/ovsdb_monitor.py:1007}}
Jul 06 09:17:22.169976 np0000004631 devstack@neutron-api.service[87429]: DEBUG neutron.plugins.ml2.drivers.ovn.mech_driver.ovsdb.ovsdb_monitor [None req-2de40207-1863-4d6f-99e0-f50fdbc4c798 None None] Hash Ring: Node af7661bf37d75117ad2d0142c80d7ac8 (host: np0000004631) handling event "create" for row e2e0cf4d-e9f3-47ad-a3bf-7ef6665792dd (table: Logical_Switch_Port) {{(pid=87429) notify /opt/stack/neutron/neutron/plugins/ml2/drivers/ovn/mech_driver/ovsdb/ovsdb_monitor.py:1015}}
Jul 06 09:17:22.170888 np0000004631 devstack@neutron-api.service[87429]: DEBUG ovsdbapp.backend.ovs_idl.event [None req-2de40207-1863-4d6f-99e0-f50fdbc4c798 None None] Matched CREATE: LogicalSwitchPortCreateEvent(events=('create',), table='Logical_Switch_Port', conditions=[], old_conditions=None), priority=20 to row=Logical_Switch_Port(uuid=e2e0cf4d-e9f3-47ad-a3bf-7ef6665792dd, addresses=['unknown'], dhcpv4_options=[], dhcpv6_options=[], dynamic_addresses=[], enabled=True, external_ids={'neutron:cidrs': 'fd16:5d80:2dd8::1/64', 'neutron:device_id': 'f3cd557a-ab55-46b3-8362-f9357281f3ac', 'neutron:device_owner': 'network:router_interface', 'neutron:mtu': '', 'neutron:network_name': 'neutron-34b37677-bb08-4463-8846-e8cede9753a9', 'neutron:port_capabilities': '', 'neutron:port_name': '', 'neutron:project_id': 'c9d4ad903c1e4ec8a29a9b848ecc5342', 'neutron:revision_number': '1', 'neutron:security_group_ids': '', 'neutron:subnet_pool_addr_scope4': '', 'neutron:subnet_pool_addr_scope6': '', 'neutron:vnic_type': 'normal'}, ha_chassis_group=[], mirror_rules=[], name='4090a291-70d3-49d3-add0-182d837c6b3a', options={}, parent_name=[], port_security=[], tag=[], tag_request=[], type='', up=[]) old= {{(pid=87429) matches /opt/stack/data/venv/lib/python3.12/site-packages/ovsdbapp/backend/ovs_idl/event.py:55}}
Jul 06 09:17:22.172465 np0000004631 devstack@neutron-api.service[87429]: DEBUG neutron.plugins.ml2.drivers.ovn.mech_driver.ovsdb.ovsdb_monitor [None req-680980f3-0029-4f2e-bffd-f5b934493252 None None] Hash Ring: Node af7661bf37d75117ad2d0142c80d7ac8 (host: np0000004631) handling event "create" for row 8208db59-8e39-4b4c-9065-f09049bf1db8 (table: Port_Binding) {{(pid=87429) notify /opt/stack/neutron/neutron/plugins/ml2/drivers/ovn/mech_driver/ovsdb/ovsdb_monitor.py:1015}}
Jul 06 09:17:22.172811 np0000004631 devstack@neutron-api.service[87429]: DEBUG neutron.plugins.ml2.drivers.ovn.mech_driver.ovsdb.ovsdb_monitor [None req-2de40207-1863-4d6f-99e0-f50fdbc4c798 None None] Touching Hash Ring node "af7661bf37d75117ad2d0142c80d7ac8" from IDL notify handler {{(pid=87429) notify /opt/stack/neutron/neutron/plugins/ml2/drivers/ovn/mech_driver/ovsdb/ovsdb_monitor.py:1007}}
Jul 06 09:17:22.174867 np0000004631 devstack@neutron-api.service[87429]: DEBUG neutron.plugins.ml2.drivers.ovn.mech_driver.ovsdb.ovsdb_monitor [None req-2de40207-1863-4d6f-99e0-f50fdbc4c798 None None] Hash Ring: Node af7661bf37d75117ad2d0142c80d7ac8 (host: np0000004631) handling event "update" for row e2e0cf4d-e9f3-47ad-a3bf-7ef6665792dd (table: Logical_Switch_Port) {{(pid=87429) notify /opt/stack/neutron/neutron/plugins/ml2/drivers/ovn/mech_driver/ovsdb/ovsdb_monitor.py:1015}}
Jul 06 09:17:22.199545 np0000004631 devstack@neutron-api.service[87429]: INFO neutron.db.ovn_revision_numbers_db [None req-ee159582-10e7-4ace-aa92-77a8b50935f4 admin admin] Successfully bumped revision number for resource 4090a291-70d3-49d3-add0-182d837c6b3a (type: ports) to 1
Jul 06 09:17:22.203051 np0000004631 devstack@neutron-api.service[87429]: DEBUG neutron_lib.callbacks.manager [None req-ee159582-10e7-4ace-aa92-77a8b50935f4 admin admin] Publish callbacks [] for router_interface (f3cd557a-ab55-46b3-8362-f9357281f3ac), before_create {{(pid=87429) _notify_loop /opt/stack/data/venv/lib/python3.12/site-packages/neutron_lib/callbacks/manager.py:184}}
Jul 06 09:17:22.437873 np0000004631 devstack@neutron-api.service[87429]: DEBUG neutron_lib.callbacks.manager [None req-ee159582-10e7-4ace-aa92-77a8b50935f4 admin admin] Publish callbacks ['neutron.plugins.ml2.plugin.SecurityGroupDbMixin._ensure_default_security_group_handler-3154342', 'neutron.services.ovn_l3.plugin.OVNL3RouterPlugin._port_update-8765126205140', 'neutron.db.l3_db.L3_NAT_dbonly_mixin._prevent_internal_ip_change_for_fip-8765127714960'] for port (4090a291-70d3-49d3-add0-182d837c6b3a), before_update {{(pid=87429) _notify_loop /opt/stack/data/venv/lib/python3.12/site-packages/neutron_lib/callbacks/manager.py:184}}
Jul 06 09:17:22.531568 np0000004631 devstack@neutron-api.service[87429]: DEBUG neutron_lib.callbacks.manager [None req-ee159582-10e7-4ace-aa92-77a8b50935f4 admin admin] Publish callbacks [] for port (4090a291-70d3-49d3-add0-182d837c6b3a), precommit_update {{(pid=87429) _notify_loop /opt/stack/data/venv/lib/python3.12/site-packages/neutron_lib/callbacks/manager.py:184}}
Jul 06 09:17:22.531711 np0000004631 devstack@neutron-api.service[87429]: DEBUG neutron.plugins.ml2.drivers.ovn.mech_driver.mech_driver [None req-ee159582-10e7-4ace-aa92-77a8b50935f4 admin admin] No provisioning block for port 4090a291-70d3-49d3-add0-182d837c6b3a since it does not have a host {{(pid=87429) _is_port_provisioning_required /opt/stack/neutron/neutron/plugins/ml2/drivers/ovn/mech_driver/mech_driver.py:899}}
Jul 06 09:17:22.575690 np0000004631 devstack@neutron-api.service[87429]: DEBUG neutron_lib.callbacks.manager [None req-ee159582-10e7-4ace-aa92-77a8b50935f4 admin admin] Publish callbacks ['neutron.plugins.ml2.ovo_rpc._ObjectChangeHandler.handle_event-1094568', 'neutron.services.ovn_l3.plugin.OVNL3RouterPlugin._port_update-8765126205140'] for port (4090a291-70d3-49d3-add0-182d837c6b3a), after_update {{(pid=87429) _notify_loop /opt/stack/data/venv/lib/python3.12/site-packages/neutron_lib/callbacks/manager.py:184}}
Jul 06 09:17:22.604997 np0000004631 devstack@neutron-api.service[87429]: DEBUG neutron.api.rpc.handlers.resources_rpc [None req-ee159582-10e7-4ace-aa92-77a8b50935f4 admin admin] Pushing event updated for resources: {'Port': ['ID=4090a291-70d3-49d3-add0-182d837c6b3a,revision_number=1']} {{(pid=87429) push /opt/stack/neutron/neutron/api/rpc/handlers/resources_rpc.py:237}}
Jul 06 09:17:22.696268 np0000004631 devstack@neutron-api.service[87429]: DEBUG neutron.plugins.ml2.drivers.ovn.mech_driver.ovsdb.commands [None req-ee159582-10e7-4ace-aa92-77a8b50935f4 admin admin] Converting tag [] to a tag_request {{(pid=87429) _tag_column_to_tag_request /opt/stack/neutron/neutron/plugins/ml2/drivers/ovn/mech_driver/ovsdb/commands.py:205}}
