Aug 19 23:14:53.604102 np0000007826 devstack@g-api.service[103206]: DEBUG glance.api.middleware.version_negotiation [None req-469510e9-c818-4ed3-95c4-7fb953a49c97 tempest-VolumesNegativeTest-754875207 tempest-VolumesNegativeTest-754875207-project-member] new path /v2/images/efe1291f-c59a-4591-bfc0-f3d03cb283b3 {{(pid=103206) process_request /opt/stack/glance/glance/api/middleware/version_negotiation.py:70}}
Aug 19 23:14:53.622106 np0000007826 devstack@g-api.service[103206]: [pid: 103206|app: 0|req: 81/319] 127.0.0.1 () {44 vars in 1115 bytes} [Wed Aug 19 23:14:53 2026] GET /v2/images/efe1291f-c59a-4591-bfc0-f3d03cb283b3 => generated 1620 bytes in 19 msecs (HTTP/1.1 200) 4 headers in 158 bytes (1 switches on core 0)
Aug 19 23:14:53.654332 np0000007826 devstack@g-api.service[103204]: [pid: 103204|app: 0|req: 78/320] 127.0.0.1 () {42 vars in 786 bytes} [Wed Aug 19 23:14:53 2026] POST /v2/images => generated 651 bytes in 569 msecs (HTTP/1.1 201) 6 headers in 315 bytes (1 switches on core 0)
Aug 19 23:14:53.656169 np0000007826 devstack@g-api.service[103205]: DEBUG glance.api.middleware.version_negotiation [None req-775ff022-68f6-4812-871f-27b271a4476b tempest-VolumesNegativeTest-754875207 tempest-VolumesNegativeTest-754875207-project-member] Determining version of request: GET /v2/schemas/image Accept: */* {{(pid=103205) process_request /opt/stack/glance/glance/api/middleware/version_negotiation.py:44}}
Aug 19 23:14:53.656469 np0000007826 devstack@g-api.service[103205]: DEBUG glance.api.middleware.version_negotiation [None req-775ff022-68f6-4812-871f-27b271a4476b tempest-VolumesNegativeTest-754875207 tempest-VolumesNegativeTest-754875207-project-member] Using url versioning {{(pid=103205) process_request /opt/stack/glance/glance/api/middleware/version_negotiation.py:57}}
Aug 19 23:14:53.656469 np0000007826 devstack@g-api.service[103205]: DEBUG glance.api.middleware.version_negotiation [None req-775ff022-68f6-4812-871f-27b271a4476b tempest-VolumesNegativeTest-754875207 tempest-VolumesNegativeTest-754875207-project-member] Matched version: v2 {{(pid=103205) process_request /opt/stack/glance/glance/api/middleware/version_negotiation.py:69}}
Aug 19 23:14:53.656590 np0000007826 devstack@g-api.service[103205]: DEBUG glance.api.middleware.version_negotiation [None req-775ff022-68f6-4812-871f-27b271a4476b tempest-VolumesNegativeTest-754875207 tempest-VolumesNegativeTest-754875207-project-member] new path /v2/schemas/image {{(pid=103205) process_request /opt/stack/glance/glance/api/middleware/version_negotiation.py:70}}
Aug 19 23:14:53.660844 np0000007826 devstack@g-api.service[103205]: [pid: 103205|app: 0|req: 81/321] 127.0.0.1 () {44 vars in 1055 bytes} [Wed Aug 19 23:14:53 2026] GET /v2/schemas/image => generated 6083 bytes in 4 msecs (HTTP/1.1 200) 4 headers in 158 bytes (1 switches on core 0)
Aug 19 23:14:53.663523 np0000007826 devstack@g-api.service[103203]: DEBUG glance.api.middleware.version_negotiation [None req-00cf2eac-b6bc-45cc-98db-72e8ef699723 tempest-AttachVolumeShelveTestJSON-1034112000 tempest-AttachVolumeShelveTestJSON-1034112000-project-member] Determining version of request: PUT /v2/images/800f201f-0170-4c0d-8e4b-5eef400129e9/file Accept: {{(pid=103203) process_request /opt/stack/glance/glance/api/middleware/version_negotiation.py:44}}
Aug 19 23:14:53.664001 np0000007826 devstack@g-api.service[103203]: DEBUG glance.api.middleware.version_negotiation [None req-00cf2eac-b6bc-45cc-98db-72e8ef699723 tempest-AttachVolumeShelveTestJSON-1034112000 tempest-AttachVolumeShelveTestJSON-1034112000-project-member] Using url versioning {{(pid=103203) process_request /opt/stack/glance/glance/api/middleware/version_negotiation.py:57}}
Aug 19 23:14:53.664001 np0000007826 devstack@g-api.service[103203]: DEBUG glance.api.middleware.version_negotiation [None req-00cf2eac-b6bc-45cc-98db-72e8ef699723 tempest-AttachVolumeShelveTestJSON-1034112000 tempest-AttachVolumeShelveTestJSON-1034112000-project-member] Matched version: v2 {{(pid=103203) process_request /opt/stack/glance/glance/api/middleware/version_negotiation.py:69}}
Aug 19 23:14:53.664001 np0000007826 devstack@g-api.service[103203]: DEBUG glance.api.middleware.version_negotiation [None req-00cf2eac-b6bc-45cc-98db-72e8ef699723 tempest-AttachVolumeShelveTestJSON-1034112000 tempest-AttachVolumeShelveTestJSON-1034112000-project-member] new path /v2/images/800f201f-0170-4c0d-8e4b-5eef400129e9/file {{(pid=103203) process_request /opt/stack/glance/glance/api/middleware/version_negotiation.py:70}}
Aug 19 23:14:54.088204 np0000007826 devstack@g-api.service[103203]: INFO glance.api.v2.image_data [None req-e9467837-448d-44c5-9080-09ca760e7541 tempest-VolumesNegativeTest-754875207 tempest-VolumesNegativeTest-754875207-project-member] Unable to create trust: no such option collect_timing in group [keystone_authtoken] Use the existing user token.
Aug 19 23:14:54.162312 np0000007826 devstack@g-api.service[103206]: DEBUG glance.api.middleware.version_negotiation [None req-00cf2eac-b6bc-45cc-98db-72e8ef699723 tempest-AttachVolumeShelveTestJSON-1034112000 tempest-AttachVolumeShelveTestJSON-1034112000-project-member] Determining version of request: GET /v2/images/7ac74b62-20e1-46df-92e7-98e0ce0d9777 Accept: */* {{(pid=103206) process_request /opt/stack/glance/glance/api/middleware/version_negotiation.py:44}}
Aug 19 23:14:54.162516 np0000007826 devstack@g-api.service[103206]: DEBUG glance.api.middleware.version_negotiation [None req-00cf2eac-b6bc-45cc-98db-72e8ef699723 tempest-AttachVolumeShelveTestJSON-1034112000 tempest-AttachVolumeShelveTestJSON-1034112000-project-member] Using url versioning {{(pid=103206) process_request /opt/stack/glance/glance/api/middleware/version_negotiation.py:57}}
Aug 19 23:14:54.163240 np0000007826 devstack@g-api.service[103206]: DEBUG glance.api.middleware.version_negotiation [None req-00cf2eac-b6bc-45cc-98db-72e8ef699723 tempest-AttachVolumeShelveTestJSON-1034112000 tempest-AttachVolumeShelveTestJSON-1034112000-project-member] Matched version: v2 {{(pid=103206) process_request /opt/stack/glance/glance/api/middleware/version_negotiation.py:69}}
Aug 19 23:14:54.163240 np0000007826 devstack@g-api.service[103206]: DEBUG glance.api.middleware.version_negotiation [None req-00cf2eac-b6bc-45cc-98db-72e8ef699723 tempest-AttachVolumeShelveTestJSON-1034112000 tempest-AttachVolumeShelveTestJSON-1034112000-project-member] new path /v2/images/7ac74b62-20e1-46df-92e7-98e0ce0d9777 {{(pid=103206) process_request /opt/stack/glance/glance/api/middleware/version_negotiation.py:70}}
Aug 19 23:14:54.179551 np0000007826 devstack@g-api.service[103206]: [pid: 103206|app: 0|req: 82/322] 127.0.0.1 () {44 vars in 1115 bytes} [Wed Aug 19 23:14:54 2026] GET /v2/images/7ac74b62-20e1-46df-92e7-98e0ce0d9777 => generated 1044 bytes in 18 msecs (HTTP/1.1 200) 4 headers in 158 bytes (1 switches on core 0)
Aug 19 23:14:54.191457 np0000007826 devstack@g-api.service[103204]: DEBUG glance.api.middleware.version_negotiation [None req-db447c40-a1c6-496f-b7ad-55adb59057c8 tempest-VolumesNegativeTest-754875207 tempest-VolumesNegativeTest-754875207-project-member] Determining version of request: GET /v2/schemas/image Accept: */* {{(pid=103204) process_request /opt/stack/glance/glance/api/middleware/version_negotiation.py:44}}
Aug 19 23:14:54.192963 np0000007826 devstack@g-api.service[103204]: DEBUG glance.api.middleware.version_negotiation [None req-db447c40-a1c6-496f-b7ad-55adb59057c8 tempest-VolumesNegativeTest-754875207 tempest-VolumesNegativeTest-754875207-project-member] Using url versioning {{(pid=103204) process_request /opt/stack/glance/glance/api/middleware/version_negotiation.py:57}}
Aug 19 23:14:54.193186 np0000007826 devstack@g-api.service[103204]: DEBUG glance.api.middleware.version_negotiation [None req-db447c40-a1c6-496f-b7ad-55adb59057c8 tempest-VolumesNegativeTest-754875207 tempest-VolumesNegativeTest-754875207-project-member] Matched version: v2 {{(pid=103204) process_request /opt/stack/glance/glance/api/middleware/version_negotiation.py:69}}
Aug 19 23:14:54.193352 np0000007826 devstack@g-api.service[103204]: DEBUG glance.api.middleware.version_negotiation [None req-db447c40-a1c6-496f-b7ad-55adb59057c8 tempest-VolumesNegativeTest-754875207 tempest-VolumesNegativeTest-754875207-project-member] new path /v2/schemas/image {{(pid=103204) process_request /opt/stack/glance/glance/api/middleware/version_negotiation.py:70}}
Aug 19 23:14:54.199158 np0000007826 devstack@g-api.service[103204]: [pid: 103204|app: 0|req: 79/323] 127.0.0.1 () {44 vars in 1055 bytes} [Wed Aug 19 23:14:54 2026] GET /v2/schemas/image => generated 6083 bytes in 8 msecs (HTTP/1.1 200) 4 headers in 158 bytes (1 switches on core 0)
Aug 19 23:14:54.209162 np0000007826 devstack@g-api.service[103205]: DEBUG glance.api.middleware.version_negotiation [None req-00cf2eac-b6bc-45cc-98db-72e8ef699723 tempest-AttachVolumeShelveTestJSON-1034112000 tempest-AttachVolumeShelveTestJSON-1034112000-project-member] Determining version of request: GET /v2/schemas/image Accept: */* {{(pid=103205) process_request /opt/stack/glance/glance/api/middleware/version_negotiation.py:44}}
Aug 19 23:14:54.211567 np0000007826 devstack@g-api.service[103205]: DEBUG glance.api.middleware.version_negotiation [None req-00cf2eac-b6bc-45cc-98db-72e8ef699723 tempest-AttachVolumeShelveTestJSON-1034112000 tempest-AttachVolumeShelveTestJSON-1034112000-project-member] Using url versioning {{(pid=103205) process_request /opt/stack/glance/glance/api/middleware/version_negotiation.py:57}}
Aug 19 23:14:54.211567 np0000007826 devstack@g-api.service[103205]: DEBUG glance.api.middleware.version_negotiation [None req-00cf2eac-b6bc-45cc-98db-72e8ef699723 tempest-AttachVolumeShelveTestJSON-1034112000 tempest-AttachVolumeShelveTestJSON-1034112000-project-member] Matched version: v2 {{(pid=103205) process_request /opt/stack/glance/glance/api/middleware/version_negotiation.py:69}}
Aug 19 23:14:54.211567 np0000007826 devstack@g-api.service[103205]: DEBUG glance.api.middleware.version_negotiation [None req-00cf2eac-b6bc-45cc-98db-72e8ef699723 tempest-AttachVolumeShelveTestJSON-1034112000 tempest-AttachVolumeShelveTestJSON-1034112000-project-member] new path /v2/schemas/image {{(pid=103205) process_request /opt/stack/glance/glance/api/middleware/version_negotiation.py:70}}
Aug 19 23:14:54.212991 np0000007826 devstack@g-api.service[103205]: [pid: 103205|app: 0|req: 82/324] 127.0.0.1 () {44 vars in 1055 bytes} [Wed Aug 19 23:14:54 2026] GET /v2/schemas/image => generated 6083 bytes in 4 msecs (HTTP/1.1 200) 4 headers in 158 bytes (1 switches on core 0)
Aug 19 23:14:54.224636 np0000007826 devstack@g-api.service[103206]: DEBUG glance.api.middleware.version_negotiation [None req-609fb53d-d216-45bd-a3c4-a8e634f545b1 tempest-AttachVolumeMultiAttachTest-1354496193 tempest-AttachVolumeMultiAttachTest-1354496193-project-member] Determining version of request: GET /v2/images/7ac74b62-20e1-46df-92e7-98e0ce0d9777 Accept: */* {{(pid=103206) process_request /opt/stack/glance/glance/api/middleware/version_negotiation.py:44}}
Aug 19 23:14:54.224932 np0000007826 devstack@g-api.service[103206]: DEBUG glance.api.middleware.version_negotiation [None req-609fb53d-d216-45bd-a3c4-a8e634f545b1 tempest-AttachVolumeMultiAttachTest-1354496193 tempest-AttachVolumeMultiAttachTest-1354496193-project-member] Using url versioning {{(pid=103206) process_request /opt/stack/glance/glance/api/middleware/version_negotiation.py:57}}
Aug 19 23:14:54.225128 np0000007826 devstack@g-api.service[103206]: DEBUG glance.api.middleware.version_negotiation [None req-609fb53d-d216-45bd-a3c4-a8e634f545b1 tempest-AttachVolumeMultiAttachTest-1354496193 tempest-AttachVolumeMultiAttachTest-1354496193-project-member] Matched version: v2 {{(pid=103206) process_request /opt/stack/glance/glance/api/middleware/version_negotiation.py:69}}
Aug 19 23:14:54.225264 np0000007826 devstack@g-api.service[103206]: DEBUG glance.api.middleware.version_negotiation [None req-609fb53d-d216-45bd-a3c4-a8e634f545b1 tempest-AttachVolumeMultiAttachTest-1354496193 tempest-AttachVolumeMultiAttachTest-1354496193-project-member] new path /v2/images/7ac74b62-20e1-46df-92e7-98e0ce0d9777 {{(pid=103206) process_request /opt/stack/glance/glance/api/middleware/version_negotiation.py:70}}
Aug 19 23:14:54.237623 np0000007826 devstack@g-api.service[103206]: [pid: 103206|app: 0|req: 83/325] 127.0.0.1 () {44 vars in 1115 bytes} [Wed Aug 19 23:14:54 2026] GET /v2/images/7ac74b62-20e1-46df-92e7-98e0ce0d9777 => generated 1044 bytes in 13 msecs (HTTP/1.1 200) 4 headers in 158 bytes (1 switches on core 0)
Aug 19 23:14:54.247562 np0000007826 devstack@g-api.service[103204]: DEBUG glance.api.middleware.version_negotiation [None req-609fb53d-d216-45bd-a3c4-a8e634f545b1 tempest-AttachVolumeMultiAttachTest-1354496193 tempest-AttachVolumeMultiAttachTest-1354496193-project-member] Determining version of request: GET /v2/schemas/image Accept: */* {{(pid=103204) process_request /opt/stack/glance/glance/api/middleware/version_negotiation.py:44}}
Aug 19 23:14:54.247852 np0000007826 devstack@g-api.service[103204]: DEBUG glance.api.middleware.version_negotiation [None req-609fb53d-d216-45bd-a3c4-a8e634f545b1 tempest-AttachVolumeMultiAttachTest-1354496193 tempest-AttachVolumeMultiAttachTest-1354496193-project-member] Using url versioning {{(pid=103204) process_request /opt/stack/glance/glance/api/middleware/version_negotiation.py:57}}
Aug 19 23:14:54.247912 np0000007826 devstack@g-api.service[103204]: DEBUG glance.api.middleware.version_negotiation [None req-609fb53d-d216-45bd-a3c4-a8e634f545b1 tempest-AttachVolumeMultiAttachTest-1354496193 tempest-AttachVolumeMultiAttachTest-1354496193-project-member] Matched version: v2 {{(pid=103204) process_request /opt/stack/glance/glance/api/middleware/version_negotiation.py:69}}
Aug 19 23:14:54.248034 np0000007826 devstack@g-api.service[103204]: DEBUG glance.api.middleware.version_negotiation [None req-609fb53d-d216-45bd-a3c4-a8e634f545b1 tempest-AttachVolumeMultiAttachTest-1354496193 tempest-AttachVolumeMultiAttachTest-1354496193-project-member] new path /v2/schemas/image {{(pid=103204) process_request /opt/stack/glance/glance/api/middleware/version_negotiation.py:70}}
Aug 19 23:14:54.251179 np0000007826 devstack@g-api.service[103204]: [pid: 103204|app: 0|req: 80/326] 127.0.0.1 () {44 vars in 1055 bytes} [Wed Aug 19 23:14:54 2026] GET /v2/schemas/image => generated 6083 bytes in 4 msecs (HTTP/1.1 200) 4 headers in 158 bytes (1 switches on core 0)
Aug 19 23:14:54.263404 np0000007826 devstack@g-api.service[103205]: DEBUG glance.api.middleware.version_negotiation [None req-609fb53d-d216-45bd-a3c4-a8e634f545b1 tempest-AttachVolumeMultiAttachTest-1354496193 tempest-AttachVolumeMultiAttachTest-1354496193-project-member] Determining version of request: GET /v2/schemas/image Accept: */* {{(pid=103205) process_request /opt/stack/glance/glance/api/middleware/version_negotiation.py:44}}
Aug 19 23:14:54.263404 np0000007826 devstack@g-api.service[103205]: DEBUG glance.api.middleware.version_negotiation [None req-609fb53d-d216-45bd-a3c4-a8e634f545b1 tempest-AttachVolumeMultiAttachTest-1354496193 tempest-AttachVolumeMultiAttachTest-1354496193-project-member] Using url versioning {{(pid=103205) process_request /opt/stack/glance/glance/api/middleware/version_negotiation.py:57}}
Aug 19 23:14:54.264565 np0000007826 devstack@g-api.service[103205]: DEBUG glance.api.middleware.version_negotiation [None req-609fb53d-d216-45bd-a3c4-a8e634f545b1 tempest-AttachVolumeMultiAttachTest-1354496193 tempest-AttachVolumeMultiAttachTest-1354496193-project-member] Matched version: v2 {{(pid=103205) process_request /opt/stack/glance/glance/api/middleware/version_negotiation.py:69}}
Aug 19 23:14:54.264839 np0000007826 devstack@g-api.service[103205]: DEBUG glance.api.middleware.version_negotiation [None req-609fb53d-d216-45bd-a3c4-a8e634f545b1 tempest-AttachVolumeMultiAttachTest-1354496193 tempest-AttachVolumeMultiAttachTest-1354496193-project-member] new path /v2/schemas/image {{(pid=103205) process_request /opt/stack/glance/glance/api/middleware/version_negotiation.py:70}}
Aug 19 23:14:54.267641 np0000007826 devstack@g-api.service[103205]: [pid: 103205|app: 0|req: 83/327] 127.0.0.1 () {44 vars in 1055 bytes} [Wed Aug 19 23:14:54 2026] GET /v2/schemas/image => generated 6083 bytes in 5 msecs (HTTP/1.1 200) 4 headers in 158 bytes (1 switches on core 0)
Aug 19 23:14:54.291362 np0000007826 devstack@g-api.service[103206]: DEBUG glance.api.middleware.version_negotiation [None req-609fb53d-d216-45bd-a3c4-a8e634f545b1 tempest-AttachVolumeMultiAttachTest-1354496193 tempest-AttachVolumeMultiAttachTest-1354496193-project-member] Determining version of request: GET /v2/images/7ac74b62-20e1-46df-92e7-98e0ce0d9777 Accept: */* {{(pid=103206) process_request /opt/stack/glance/glance/api/middleware/version_negotiation.py:44}}
Aug 19 23:14:54.291604 np0000007826 devstack@g-api.service[103206]: DEBUG glance.api.middleware.version_negotiation [None req-609fb53d-d216-45bd-a3c4-a8e634f545b1 tempest-AttachVolumeMultiAttachTest-1354496193 tempest-AttachVolumeMultiAttachTest-1354496193-project-member] Using url versioning {{(pid=103206) process_request /opt/stack/glance/glance/api/middleware/version_negotiation.py:57}}
Aug 19 23:14:54.291901 np0000007826 devstack@g-api.service[103206]: DEBUG glance.api.middleware.version_negotiation [None req-609fb53d-d216-45bd-a3c4-a8e634f545b1 tempest-AttachVolumeMultiAttachTest-1354496193 tempest-AttachVolumeMultiAttachTest-1354496193-project-member] Matched version: v2 {{(pid=103206) process_request /opt/stack/glance/glance/api/middleware/version_negotiation.py:69}}
Aug 19 23:14:54.292087 np0000007826 devstack@g-api.service[103206]: DEBUG glance.api.middleware.version_negotiation [None req-609fb53d-d216-45bd-a3c4-a8e634f545b1 tempest-AttachVolumeMultiAttachTest-1354496193 tempest-AttachVolumeMultiAttachTest-1354496193-project-member] new path /v2/images/7ac74b62-20e1-46df-92e7-98e0ce0d9777 {{(pid=103206) process_request /opt/stack/glance/glance/api/middleware/version_negotiation.py:70}}
Aug 19 23:14:54.314773 np0000007826 devstack@g-api.service[103206]: [pid: 103206|app: 0|req: 84/328] 127.0.0.1 () {44 vars in 1115 bytes} [Wed Aug 19 23:14:54 2026] GET /v2/images/7ac74b62-20e1-46df-92e7-98e0ce0d9777 => generated 1044 bytes in 23 msecs (HTTP/1.1 200) 4 headers in 158 bytes (1 switches on core 0)
Aug 19 23:14:54.325267 np0000007826 devstack@g-api.service[103204]: DEBUG glance.api.middleware.version_negotiation [None req-609fb53d-d216-45bd-a3c4-a8e634f545b1 tempest-AttachVolumeMultiAttachTest-1354496193 tempest-AttachVolumeMultiAttachTest-1354496193-project-member] Determining version of request: GET /v2/schemas/image Accept: */* {{(pid=103204) process_request /opt/stack/glance/glance/api/middleware/version_negotiation.py:44}}
Aug 19 23:14:54.325446 np0000007826 devstack@g-api.service[103204]: DEBUG glance.api.middleware.version_negotiation [None req-609fb53d-d216-45bd-a3c4-a8e634f545b1 tempest-AttachVolumeMultiAttachTest-1354496193 tempest-AttachVolumeMultiAttachTest-1354496193-project-member] Using url versioning {{(pid=103204) process_request /opt/stack/glance/glance/api/middleware/version_negotiation.py:57}}
Aug 19 23:14:54.325574 np0000007826 devstack@g-api.service[103204]: DEBUG glance.api.middleware.version_negotiation [None req-609fb53d-d216-45bd-a3c4-a8e634f545b1 tempest-AttachVolumeMultiAttachTest-1354496193 tempest-AttachVolumeMultiAttachTest-1354496193-project-member] Matched version: v2 {{(pid=103204) process_request /opt/stack/glance/glance/api/middleware/version_negotiation.py:69}}
Aug 19 23:14:54.325687 np0000007826 devstack@g-api.service[103204]: DEBUG glance.api.middleware.version_negotiation [None req-609fb53d-d216-45bd-a3c4-a8e634f545b1 tempest-AttachVolumeMultiAttachTest-1354496193 tempest-AttachVolumeMultiAttachTest-1354496193-project-member] new path /v2/schemas/image {{(pid=103204) process_request /opt/stack/glance/glance/api/middleware/version_negotiation.py:70}}
Aug 19 23:14:54.328106 np0000007826 devstack@g-api.service[103204]: [pid: 103204|app: 0|req: 81/329] 127.0.0.1 () {44 vars in 1055 bytes} [Wed Aug 19 23:14:54 2026] GET /v2/schemas/image => generated 6083 bytes in 3 msecs (HTTP/1.1 200) 4 headers in 158 bytes (1 switches on core 0)
Aug 19 23:14:54.671338 np0000007826 devstack@g-api.service[103203]: DEBUG glance.location [None req-e9467837-448d-44c5-9080-09ca760e7541 tempest-VolumesNegativeTest-754875207 tempest-VolumesNegativeTest-754875207-project-member] Enabling in-flight format inspection for raw {{(pid=103203) set_data /opt/stack/glance/glance/location.py:596}}
Aug 19 23:14:54.672142 np0000007826 devstack@g-api.service[103203]: DEBUG glance_store.backend [None req-e9467837-448d-44c5-9080-09ca760e7541 tempest-VolumesNegativeTest-754875207 tempest-VolumesNegativeTest-754875207-project-member] Attempting to import store swift {{(pid=103203) _load_store /opt/stack/data/venv/lib/python3.12/site-packages/glance_store/backend.py:215}}
Aug 19 23:14:54.673626 np0000007826 devstack@g-api.service[103203]: DEBUG glance_store.capabilities [None req-e9467837-448d-44c5-9080-09ca760e7541 tempest-VolumesNegativeTest-754875207 tempest-VolumesNegativeTest-754875207-project-member] Store glance_store._drivers.swift.store.SingleTenantStore doesn't support updating dynamic storage capabilities. Please overwrite 'update_capabilities' method of the store to implement updating logics if needed. {{(pid=103203) update_capabilities /opt/stack/data/venv/lib/python3.12/site-packages/glance_store/capabilities.py:91}}
Aug 19 23:14:54.673929 np0000007826 devstack@g-api.service[103203]: DEBUG glance_store.driver [None req-e9467837-448d-44c5-9080-09ca760e7541 tempest-VolumesNegativeTest-754875207 tempest-VolumesNegativeTest-754875207-project-member] Late loading location class glance_store._drivers.swift.store.StoreLocation {{(pid=103203) get_store_location_class /opt/stack/data/venv/lib/python3.12/site-packages/glance_store/driver.py:134}}
Aug 19 23:14:54.673989 np0000007826 devstack@g-api.service[103203]: DEBUG glance_store.location [None req-e9467837-448d-44c5-9080-09ca760e7541 tempest-VolumesNegativeTest-754875207 tempest-VolumesNegativeTest-754875207-project-member] Registering scheme swift+https with {'store': , 'location_class': , 'store_entry': 'swift'} {{(pid=103203) register_scheme_map /opt/stack/data/venv/lib/python3.12/site-packages/glance_store/location.py:146}}
Aug 19 23:14:54.674119 np0000007826 devstack@g-api.service[103203]: DEBUG glance_store.location [None req-e9467837-448d-44c5-9080-09ca760e7541 tempest-VolumesNegativeTest-754875207 tempest-VolumesNegativeTest-754875207-project-member] Registering scheme swift+https with {'store': , 'location_class': , 'store_entry': 'swift'} {{(pid=103203) register_scheme_map /opt/stack/data/venv/lib/python3.12/site-packages/glance_store/location.py:146}}
Aug 19 23:14:54.674234 np0000007826 devstack@g-api.service[103203]: DEBUG glance_store.location [None req-e9467837-448d-44c5-9080-09ca760e7541 tempest-VolumesNegativeTest-754875207 tempest-VolumesNegativeTest-754875207-project-member] Registering scheme swift with {'store': , 'location_class': , 'store_entry': 'swift'} {{(pid=103203) register_scheme_map /opt/stack/data/venv/lib/python3.12/site-packages/glance_store/location.py:146}}
Aug 19 23:14:54.674349 np0000007826 devstack@g-api.service[103203]: DEBUG glance_store.location [None req-e9467837-448d-44c5-9080-09ca760e7541 tempest-VolumesNegativeTest-754875207 tempest-VolumesNegativeTest-754875207-project-member] Registering scheme swift+https with {'store': , 'location_class': , 'store_entry': 'swift'} {{(pid=103203) register_scheme_map /opt/stack/data/venv/lib/python3.12/site-packages/glance_store/location.py:146}}
Aug 19 23:14:54.674473 np0000007826 devstack@g-api.service[103203]: DEBUG glance_store.location [None req-e9467837-448d-44c5-9080-09ca760e7541 tempest-VolumesNegativeTest-754875207 tempest-VolumesNegativeTest-754875207-project-member] Registering scheme swift with {'store': , 'location_class': , 'store_entry': 'swift'} {{(pid=103203) register_scheme_map /opt/stack/data/venv/lib/python3.12/site-packages/glance_store/location.py:146}}
Aug 19 23:14:54.674582 np0000007826 devstack@g-api.service[103203]: DEBUG glance_store.location [None req-e9467837-448d-44c5-9080-09ca760e7541 tempest-VolumesNegativeTest-754875207 tempest-VolumesNegativeTest-754875207-project-member] Registering scheme swift+http with {'store': , 'location_class': , 'store_entry': 'swift'} {{(pid=103203) register_scheme_map /opt/stack/data/venv/lib/python3.12/site-packages/glance_store/location.py:146}}
Aug 19 23:14:54.674696 np0000007826 devstack@g-api.service[103203]: DEBUG glance_store.location [None req-e9467837-448d-44c5-9080-09ca760e7541 tempest-VolumesNegativeTest-754875207 tempest-VolumesNegativeTest-754875207-project-member] Registering scheme swift+https with {'store': , 'location_class': , 'store_entry': 'swift'} {{(pid=103203) register_scheme_map /opt/stack/data/venv/lib/python3.12/site-packages/glance_store/location.py:146}}
Aug 19 23:14:54.674957 np0000007826 devstack@g-api.service[103203]: DEBUG glance_store.location [None req-e9467837-448d-44c5-9080-09ca760e7541 tempest-VolumesNegativeTest-754875207 tempest-VolumesNegativeTest-754875207-project-member] Registering scheme swift with {'store': , 'location_class': , 'store_entry': 'swift'} {{(pid=103203) register_scheme_map /opt/stack/data/venv/lib/python3.12/site-packages/glance_store/location.py:146}}
Aug 19 23:14:54.675093 np0000007826 devstack@g-api.service[103203]: DEBUG glance_store.location [None req-e9467837-448d-44c5-9080-09ca760e7541 tempest-VolumesNegativeTest-754875207 tempest-VolumesNegativeTest-754875207-project-member] Registering scheme swift+http with {'store': , 'location_class': , 'store_entry': 'swift'} {{(pid=103203) register_scheme_map /opt/stack/data/venv/lib/python3.12/site-packages/glance_store/location.py:146}}
Aug 19 23:14:54.675315 np0000007826 devstack@g-api.service[103203]: DEBUG glance_store.location [None req-e9467837-448d-44c5-9080-09ca760e7541 tempest-VolumesNegativeTest-754875207 tempest-VolumesNegativeTest-754875207-project-member] Registering scheme swift+config with {'store': , 'location_class': , 'store_entry': 'swift'} {{(pid=103203) register_scheme_map /opt/stack/data/venv/lib/python3.12/site-packages/glance_store/location.py:146}}
Aug 19 23:14:54.733303 np0000007826 devstack@g-api.service[103205]: DEBUG glance.api.middleware.version_negotiation [None req-609fb53d-d216-45bd-a3c4-a8e634f545b1 tempest-AttachVolumeMultiAttachTest-1354496193 tempest-AttachVolumeMultiAttachTest-1354496193-project-member] Determining version of request: GET /versions Accept: */* {{(pid=103205) process_request /opt/stack/glance/glance/api/middleware/version_negotiation.py:44}}
Aug 19 23:14:54.734759 np0000007826 devstack@g-api.service[103205]: [pid: 103205|app: 0|req: 84/330] 127.0.0.1 () {44 vars in 1039 bytes} [Wed Aug 19 23:14:54 2026] GET /versions => generated 1515 bytes in 2 msecs (HTTP/1.1 200) 3 headers in 92 bytes (1 switches on core 0)
Aug 19 23:14:54.744874 np0000007826 devstack@g-api.service[103206]: DEBUG glance.api.middleware.version_negotiation [None req-609fb53d-d216-45bd-a3c4-a8e634f545b1 tempest-AttachVolumeMultiAttachTest-1354496193 tempest-AttachVolumeMultiAttachTest-1354496193-project-member] Determining version of request: GET /v2/images/7ac74b62-20e1-46df-92e7-98e0ce0d9777/locations Accept: */* {{(pid=103206) process_request /opt/stack/glance/glance/api/middleware/version_negotiation.py:44}}
Aug 19 23:14:54.745388 np0000007826 devstack@g-api.service[103206]: DEBUG glance.api.middleware.version_negotiation [None req-609fb53d-d216-45bd-a3c4-a8e634f545b1 tempest-AttachVolumeMultiAttachTest-1354496193 tempest-AttachVolumeMultiAttachTest-1354496193-project-member] Using url versioning {{(pid=103206) process_request /opt/stack/glance/glance/api/middleware/version_negotiation.py:57}}
Aug 19 23:14:54.745388 np0000007826 devstack@g-api.service[103206]: DEBUG glance.api.middleware.version_negotiation [None req-609fb53d-d216-45bd-a3c4-a8e634f545b1 tempest-AttachVolumeMultiAttachTest-1354496193 tempest-AttachVolumeMultiAttachTest-1354496193-project-member] Matched version: v2 {{(pid=103206) process_request /opt/stack/glance/glance/api/middleware/version_negotiation.py:69}}
Aug 19 23:14:54.745388 np0000007826 devstack@g-api.service[103206]: DEBUG glance.api.middleware.version_negotiation [None req-609fb53d-d216-45bd-a3c4-a8e634f545b1 tempest-AttachVolumeMultiAttachTest-1354496193 tempest-AttachVolumeMultiAttachTest-1354496193-project-member] new path /v2/images/7ac74b62-20e1-46df-92e7-98e0ce0d9777/locations {{(pid=103206) process_request /opt/stack/glance/glance/api/middleware/version_negotiation.py:70}}
Aug 19 23:14:54.784475 np0000007826 devstack@g-api.service[103203]: DEBUG swiftclient [None req-e9467837-448d-44c5-9080-09ca760e7541 tempest-VolumesNegativeTest-754875207 tempest-VolumesNegativeTest-754875207-project-member] REQ: curl -i https://10.4.3.193:8080/v1/AUTH_8e72306c548b4c17b7c0cc599b41336b/glance -I -H "X-Auth-Token: gAAAAABqhjjuu-Lp..." {{(pid=103203) http_log /opt/stack/data/venv/lib/python3.12/site-packages/swiftclient/client.py:160}}
Aug 19 23:14:54.784655 np0000007826 devstack@g-api.service[103203]: DEBUG swiftclient [None req-e9467837-448d-44c5-9080-09ca760e7541 tempest-VolumesNegativeTest-754875207 tempest-VolumesNegativeTest-754875207-project-member] RESP STATUS: 204 No Content {{(pid=103203) http_log /opt/stack/data/venv/lib/python3.12/site-packages/swiftclient/client.py:161}}
Aug 19 23:14:54.784921 np0000007826 devstack@g-api.service[103203]: DEBUG swiftclient [None req-e9467837-448d-44c5-9080-09ca760e7541 tempest-VolumesNegativeTest-754875207 tempest-VolumesNegativeTest-754875207-project-member] RESP HEADERS: {'Date': 'Wed, 19 Aug 2026 23:14:54 GMT', 'Server': 'Apache/2.4.58 (Ubuntu)', 'Content-Type': 'text/plain; charset=utf-8', 'X-Container-Object-Count': '11', 'X-Container-Bytes-Used': '186646528', 'X-Timestamp': '1787180925.10922', 'Last-Modified': 'Wed, 19 Aug 2026 23:08:46 GMT', 'Accept-Ranges': 'bytes', 'X-Storage-Policy': 'Policy-0', 'X-Container-Sharding': 'False', 'Vary': 'Accept', 'X-Trans-Id': 'txce2cd1c6f75b4701850e5-006a8638ee', 'X-Openstack-Request-Id': 'txce2cd1c6f75b4701850e5-006a8638ee', 'Connection': 'close'} {{(pid=103203) http_log /opt/stack/data/venv/lib/python3.12/site-packages/swiftclient/client.py:162}}
Aug 19 23:14:54.785151 np0000007826 devstack@g-api.service[103203]: DEBUG glance_store._drivers.swift.store [None req-e9467837-448d-44c5-9080-09ca760e7541 tempest-VolumesNegativeTest-754875207 tempest-VolumesNegativeTest-754875207-project-member] Adding image object '800f201f-0170-4c0d-8e4b-5eef400129e9' to Swift {{(pid=103203) add /opt/stack/data/venv/lib/python3.12/site-packages/glance_store/_drivers/swift/store.py:970}}
Aug 19 23:14:54.794595 np0000007826 devstack@g-api.service[103203]: DEBUG oslo_utils.imageutils.format_inspector [None req-e9467837-448d-44c5-9080-09ca760e7541 tempest-VolumesNegativeTest-754875207 tempest-VolumesNegativeTest-754875207-project-member] Format inspector for vmdk does not match, excluding from consideration (Signature KDMV not found: b'*\x94\x9f\x8e') {{(pid=103203) _process_chunk /opt/stack/data/venv/lib/python3.12/site-packages/oslo_utils/imageutils/format_inspector.py:1758}}
Aug 19 23:14:54.812051 np0000007826 devstack@g-api.service[103206]: [pid: 103206|app: 0|req: 85/331] 127.0.0.1 () {44 vars in 1135 bytes} [Wed Aug 19 23:14:54 2026] GET /v2/images/7ac74b62-20e1-46df-92e7-98e0ce0d9777/locations => generated 92 bytes in 67 msecs (HTTP/1.1 200) 4 headers in 156 bytes (1 switches on core 0)
Aug 19 23:14:54.815934 np0000007826 devstack@g-api.service[103203]: DEBUG swiftclient [None req-e9467837-448d-44c5-9080-09ca760e7541 tempest-VolumesNegativeTest-754875207 tempest-VolumesNegativeTest-754875207-project-member] REQ: curl -i https://10.4.3.193:8080/v1/AUTH_8e72306c548b4c17b7c0cc599b41336b/glance/800f201f-0170-4c0d-8e4b-5eef400129e9 -X PUT -H "X-Auth-Token: gAAAAABqhjjuu-Lp..." -H "Content-Length: 1024" {{(pid=103203) http_log /opt/stack/data/venv/lib/python3.12/site-packages/swiftclient/client.py:160}}
Aug 19 23:14:54.816071 np0000007826 devstack@g-api.service[103203]: DEBUG swiftclient [None req-e9467837-448d-44c5-9080-09ca760e7541 tempest-VolumesNegativeTest-754875207 tempest-VolumesNegativeTest-754875207-project-member] RESP STATUS: 201 Created {{(pid=103203) http_log /opt/stack/data/venv/lib/python3.12/site-packages/swiftclient/client.py:161}}
Aug 19 23:14:54.816271 np0000007826 devstack@g-api.service[103203]: DEBUG swiftclient [None req-e9467837-448d-44c5-9080-09ca760e7541 tempest-VolumesNegativeTest-754875207 tempest-VolumesNegativeTest-754875207-project-member] RESP HEADERS: {'Date': 'Wed, 19 Aug 2026 23:14:54 GMT', 'Server': 'Apache/2.4.58 (Ubuntu)', 'Content-Type': 'text/html; charset=UTF-8', 'Content-Length': '0', 'Etag': '2f2b52cb790feb55639f408a562d8811', 'Last-Modified': 'Wed, 19 Aug 2026 23:14:55 GMT', 'X-Trans-Id': 'tx87880ed3b28f43d4b1822-006a8638ee', 'X-Openstack-Request-Id': 'tx87880ed3b28f43d4b1822-006a8638ee', 'Connection': 'close'} {{(pid=103203) http_log /opt/stack/data/venv/lib/python3.12/site-packages/swiftclient/client.py:162}}
Aug 19 23:14:54.816851 np0000007826 devstack@g-api.service[103203]: INFO glance.location [None req-e9467837-448d-44c5-9080-09ca760e7541 tempest-VolumesNegativeTest-754875207 tempest-VolumesNegativeTest-754875207-project-member] Image format matched and virtual size computed: 1024
Aug 19 23:14:54.823278 np0000007826 devstack@g-api.service[103204]: DEBUG glance.api.middleware.version_negotiation [None req-609fb53d-d216-45bd-a3c4-a8e634f545b1 tempest-AttachVolumeMultiAttachTest-1354496193 tempest-AttachVolumeMultiAttachTest-1354496193-project-member] Determining version of request: GET /v2/images/7ac74b62-20e1-46df-92e7-98e0ce0d9777 Accept: */* {{(pid=103204) process_request /opt/stack/glance/glance/api/middleware/version_negotiation.py:44}}
Aug 19 23:14:54.823799 np0000007826 devstack@g-api.service[103204]: DEBUG glance.api.middleware.version_negotiation [None req-609fb53d-d216-45bd-a3c4-a8e634f545b1 tempest-AttachVolumeMultiAttachTest-1354496193 tempest-AttachVolumeMultiAttachTest-1354496193-project-member] Using url versioning {{(pid=103204) process_request /opt/stack/glance/glance/api/middleware/version_negotiation.py:57}}
Aug 19 23:14:54.823799 np0000007826 devstack@g-api.service[103204]: DEBUG glance.api.middleware.version_negotiation [None req-609fb53d-d216-45bd-a3c4-a8e634f545b1 tempest-AttachVolumeMultiAttachTest-1354496193 tempest-AttachVolumeMultiAttachTest-1354496193-project-member] Matched version: v2 {{(pid=103204) process_request /opt/stack/glance/glance/api/middleware/version_negotiation.py:69}}
Aug 19 23:14:54.823799 np0000007826 devstack@g-api.service[103204]: DEBUG glance.api.middleware.version_negotiation [None req-609fb53d-d216-45bd-a3c4-a8e634f545b1 tempest-AttachVolumeMultiAttachTest-1354496193 tempest-AttachVolumeMultiAttachTest-1354496193-project-member] new path /v2/images/7ac74b62-20e1-46df-92e7-98e0ce0d9777 {{(pid=103204) process_request /opt/stack/glance/glance/api/middleware/version_negotiation.py:70}}
Aug 19 23:14:54.834740 np0000007826 devstack@g-api.service[103204]: [pid: 103204|app: 0|req: 82/332] 127.0.0.1 () {44 vars in 1115 bytes} [Wed Aug 19 23:14:54 2026] GET /v2/images/7ac74b62-20e1-46df-92e7-98e0ce0d9777 => generated 1044 bytes in 12 msecs (HTTP/1.1 200) 4 headers in 158 bytes (1 switches on core 0)
Aug 19 23:14:54.844008 np0000007826 devstack@g-api.service[103203]: DEBUG glance_store.backend [None req-e9467837-448d-44c5-9080-09ca760e7541 tempest-VolumesNegativeTest-754875207 tempest-VolumesNegativeTest-754875207-project-member] Attempting to import store swift {{(pid=103203) _load_store /opt/stack/data/venv/lib/python3.12/site-packages/glance_store/backend.py:215}}
Aug 19 23:14:54.845633 np0000007826 devstack@g-api.service[103203]: DEBUG glance_store.capabilities [None req-e9467837-448d-44c5-9080-09ca760e7541 tempest-VolumesNegativeTest-754875207 tempest-VolumesNegativeTest-754875207-project-member] Store glance_store._drivers.swift.store.SingleTenantStore doesn't support updating dynamic storage capabilities. Please overwrite 'update_capabilities' method of the store to implement updating logics if needed. {{(pid=103203) update_capabilities /opt/stack/data/venv/lib/python3.12/site-packages/glance_store/capabilities.py:91}}
Aug 19 23:14:54.845837 np0000007826 devstack@g-api.service[103203]: DEBUG glance_store.driver [None req-e9467837-448d-44c5-9080-09ca760e7541 tempest-VolumesNegativeTest-754875207 tempest-VolumesNegativeTest-754875207-project-member] Late loading location class glance_store._drivers.swift.store.StoreLocation {{(pid=103203) get_store_location_class /opt/stack/data/venv/lib/python3.12/site-packages/glance_store/driver.py:134}}
Aug 19 23:14:54.845884 np0000007826 devstack@g-api.service[103205]: DEBUG glance.api.middleware.version_negotiation [None req-609fb53d-d216-45bd-a3c4-a8e634f545b1 tempest-AttachVolumeMultiAttachTest-1354496193 tempest-AttachVolumeMultiAttachTest-1354496193-project-member] Determining version of request: GET /v2/schemas/image Accept: */* {{(pid=103205) process_request /opt/stack/glance/glance/api/middleware/version_negotiation.py:44}}
Aug 19 23:14:54.845940 np0000007826 devstack@g-api.service[103203]: DEBUG glance_store.location [None req-e9467837-448d-44c5-9080-09ca760e7541 tempest-VolumesNegativeTest-754875207 tempest-VolumesNegativeTest-754875207-project-member] Registering scheme swift+https with {'store': , 'location_class': , 'store_entry': 'swift'} {{(pid=103203) register_scheme_map /opt/stack/data/venv/lib/python3.12/site-packages/glance_store/location.py:146}}
Aug 19 23:14:54.846028 np0000007826 devstack@g-api.service[103203]: DEBUG glance_store.location [None req-e9467837-448d-44c5-9080-09ca760e7541 tempest-VolumesNegativeTest-754875207 tempest-VolumesNegativeTest-754875207-project-member] Registering scheme swift+https with {'store': , 'location_class': , 'store_entry': 'swift'} {{(pid=103203) register_scheme_map /opt/stack/data/venv/lib/python3.12/site-packages/glance_store/location.py:146}}
Aug 19 23:14:54.846189 np0000007826 devstack@g-api.service[103205]: DEBUG glance.api.middleware.version_negotiation [None req-609fb53d-d216-45bd-a3c4-a8e634f545b1 tempest-AttachVolumeMultiAttachTest-1354496193 tempest-AttachVolumeMultiAttachTest-1354496193-project-member] Using url versioning {{(pid=103205) process_request /opt/stack/glance/glance/api/middleware/version_negotiation.py:57}}
Aug 19 23:14:54.846255 np0000007826 devstack@g-api.service[103203]: DEBUG glance_store.location [None req-e9467837-448d-44c5-9080-09ca760e7541 tempest-VolumesNegativeTest-754875207 tempest-VolumesNegativeTest-754875207-project-member] Registering scheme swift with {'store': , 'location_class': , 'store_entry': 'swift'} {{(pid=103203) register_scheme_map /opt/stack/data/venv/lib/python3.12/site-packages/glance_store/location.py:146}}
Aug 19 23:14:54.846327 np0000007826 devstack@g-api.service[103205]: DEBUG glance.api.middleware.version_negotiation [None req-609fb53d-d216-45bd-a3c4-a8e634f545b1 tempest-AttachVolumeMultiAttachTest-1354496193 tempest-AttachVolumeMultiAttachTest-1354496193-project-member] Matched version: v2 {{(pid=103205) process_request /opt/stack/glance/glance/api/middleware/version_negotiation.py:69}}
Aug 19 23:14:54.846381 np0000007826 devstack@g-api.service[103203]: DEBUG glance_store.location [None req-e9467837-448d-44c5-9080-09ca760e7541 tempest-VolumesNegativeTest-754875207 tempest-VolumesNegativeTest-754875207-project-member] Registering scheme swift+https with {'store': , 'location_class': , 'store_entry': 'swift'} {{(pid=103203) register_scheme_map /opt/stack/data/venv/lib/python3.12/site-packages/glance_store/location.py:146}}
Aug 19 23:14:54.846573 np0000007826 devstack@g-api.service[103205]: DEBUG glance.api.middleware.version_negotiation [None req-609fb53d-d216-45bd-a3c4-a8e634f545b1 tempest-AttachVolumeMultiAttachTest-1354496193 tempest-AttachVolumeMultiAttachTest-1354496193-project-member] new path /v2/schemas/image {{(pid=103205) process_request /opt/stack/glance/glance/api/middleware/version_negotiation.py:70}}
Aug 19 23:14:54.846677 np0000007826 devstack@g-api.service[103203]: DEBUG glance_store.location [None req-e9467837-448d-44c5-9080-09ca760e7541 tempest-VolumesNegativeTest-754875207 tempest-VolumesNegativeTest-754875207-project-member] Registering scheme swift with {'store': , 'location_class': , 'store_entry': 'swift'} {{(pid=103203) register_scheme_map /opt/stack/data/venv/lib/python3.12/site-packages/glance_store/location.py:146}}
Aug 19 23:14:54.846677 np0000007826 devstack@g-api.service[103203]: DEBUG glance_store.location [None req-e9467837-448d-44c5-9080-09ca760e7541 tempest-VolumesNegativeTest-754875207 tempest-VolumesNegativeTest-754875207-project-member] Registering scheme swift+http with {'store': , 'location_class': , 'store_entry': 'swift'} {{(pid=103203) register_scheme_map /opt/stack/data/venv/lib/python3.12/site-packages/glance_store/location.py:146}}
Aug 19 23:14:54.846677 np0000007826 devstack@g-api.service[103203]: DEBUG glance_store.location [None req-e9467837-448d-44c5-9080-09ca760e7541 tempest-VolumesNegativeTest-754875207 tempest-VolumesNegativeTest-754875207-project-member] Registering scheme swift+https with {'store': , 'location_class': , 'store_entry': 'swift'} {{(pid=103203) register_scheme_map /opt/stack/data/venv/lib/python3.12/site-packages/glance_store/location.py:146}}
Aug 19 23:14:54.846677 np0000007826 devstack@g-api.service[103203]: DEBUG glance_store.location [None req-e9467837-448d-44c5-9080-09ca760e7541 tempest-VolumesNegativeTest-754875207 tempest-VolumesNegativeTest-754875207-project-member] Registering scheme swift with {'store': , 'location_class': , 'store_entry': 'swift'} {{(pid=103203) register_scheme_map /opt/stack/data/venv/lib/python3.12/site-packages/glance_store/location.py:146}}
Aug 19 23:14:54.846879 np0000007826 devstack@g-api.service[103203]: DEBUG glance_store.location [None req-e9467837-448d-44c5-9080-09ca760e7541 tempest-VolumesNegativeTest-754875207 tempest-VolumesNegativeTest-754875207-project-member] Registering scheme swift+http with {'store': , 'location_class': , 'store_entry': 'swift'} {{(pid=103203) register_scheme_map /opt/stack/data/venv/lib/python3.12/site-packages/glance_store/location.py:146}}
Aug 19 23:14:54.846879 np0000007826 devstack@g-api.service[103203]: DEBUG glance_store.location [None req-e9467837-448d-44c5-9080-09ca760e7541 tempest-VolumesNegativeTest-754875207 tempest-VolumesNegativeTest-754875207-project-member] Registering scheme swift+config with {'store': , 'location_class': , 'store_entry': 'swift'} {{(pid=103203) register_scheme_map /opt/stack/data/venv/lib/python3.12/site-packages/glance_store/location.py:146}}
Aug 19 23:14:54.846982 np0000007826 devstack@g-api.service[103203]: DEBUG glance_store.backend [None req-e9467837-448d-44c5-9080-09ca760e7541 tempest-VolumesNegativeTest-754875207 tempest-VolumesNegativeTest-754875207-project-member] Skipping store.set_acls... not implemented. {{(pid=103203) set_acls /opt/stack/data/venv/lib/python3.12/site-packages/glance_store/backend.py:507}}
Aug 19 23:14:54.849213 np0000007826 devstack@g-api.service[103205]: [pid: 103205|app: 0|req: 85/333] 127.0.0.1 () {44 vars in 1055 bytes} [Wed Aug 19 23:14:54 2026] GET /v2/schemas/image => generated 6083 bytes in 3 msecs (HTTP/1.1 200) 4 headers in 158 bytes (1 switches on core 0)
Aug 19 23:14:54.849510 np0000007826 devstack@g-api.service[103203]: [pid: 103203|app: 0|req: 82/334] 127.0.0.1 () {40 vars in 847 bytes} [Wed Aug 19 23:14:53 2026] PUT /v2/images/800f201f-0170-4c0d-8e4b-5eef400129e9/file => generated 0 bytes in 1186 msecs (HTTP/1.1 204) 4 headers in 171 bytes (1 switches on core 0)
Aug 19 23:14:54.859612 np0000007826 devstack@g-api.service[103206]: DEBUG glance.api.middleware.version_negotiation [None req-609fb53d-d216-45bd-a3c4-a8e634f545b1 service glance] Determining version of request: GET /v2/images/800f201f-0170-4c0d-8e4b-5eef400129e9 Accept: application/json {{(pid=103206) process_request /opt/stack/glance/glance/api/middleware/version_negotiation.py:44}}
Aug 19 23:14:54.859862 np0000007826 devstack@g-api.service[103204]: DEBUG glance.api.middleware.version_negotiation [None req-609fb53d-d216-45bd-a3c4-a8e634f545b1 tempest-AttachVolumeMultiAttachTest-1354496193 tempest-AttachVolumeMultiAttachTest-1354496193-project-member] Determining version of request: GET /v2/schemas/image Accept: */* {{(pid=103204) process_request /opt/stack/glance/glance/api/middleware/version_negotiation.py:44}}
Aug 19 23:14:54.859996 np0000007826 devstack@g-api.service[103206]: DEBUG glance.api.middleware.version_negotiation [None req-609fb53d-d216-45bd-a3c4-a8e634f545b1 service glance] Using url versioning {{(pid=103206) process_request /opt/stack/glance/glance/api/middleware/version_negotiation.py:57}}
Aug 19 23:14:54.860108 np0000007826 devstack@g-api.service[103206]: DEBUG glance.api.middleware.version_negotiation [None req-609fb53d-d216-45bd-a3c4-a8e634f545b1 service glance] Matched version: v2 {{(pid=103206) process_request /opt/stack/glance/glance/api/middleware/version_negotiation.py:69}}
Aug 19 23:14:54.860200 np0000007826 devstack@g-api.service[103204]: DEBUG glance.api.middleware.version_negotiation [None req-609fb53d-d216-45bd-a3c4-a8e634f545b1 tempest-AttachVolumeMultiAttachTest-1354496193 tempest-AttachVolumeMultiAttachTest-1354496193-project-member] Using url versioning {{(pid=103204) process_request /opt/stack/glance/glance/api/middleware/version_negotiation.py:57}}
Aug 19 23:14:54.860277 np0000007826 devstack@g-api.service[103206]: DEBUG glance.api.middleware.version_negotiation [None req-609fb53d-d216-45bd-a3c4-a8e634f545b1 service glance] new path /v2/images/800f201f-0170-4c0d-8e4b-5eef400129e9 {{(pid=103206) process_request /opt/stack/glance/glance/api/middleware/version_negotiation.py:70}}
Aug 19 23:14:54.860363 np0000007826 devstack@g-api.service[103204]: DEBUG glance.api.middleware.version_negotiation [None req-609fb53d-d216-45bd-a3c4-a8e634f545b1 tempest-AttachVolumeMultiAttachTest-1354496193 tempest-AttachVolumeMultiAttachTest-1354496193-project-member] Matched version: v2 {{(pid=103204) process_request /opt/stack/glance/glance/api/middleware/version_negotiation.py:69}}
Aug 19 23:14:54.860580 np0000007826 devstack@g-api.service[103204]: DEBUG glance.api.middleware.version_negotiation [None req-609fb53d-d216-45bd-a3c4-a8e634f545b1 tempest-AttachVolumeMultiAttachTest-1354496193 tempest-AttachVolumeMultiAttachTest-1354496193-project-member] new path /v2/schemas/image {{(pid=103204) process_request /opt/stack/glance/glance/api/middleware/version_negotiation.py:70}}
Aug 19 23:14:54.863564 np0000007826 devstack@g-api.service[103204]: [pid: 103204|app: 0|req: 83/335] 127.0.0.1 () {44 vars in 1055 bytes} [Wed Aug 19 23:14:54 2026] GET /v2/schemas/image => generated 6083 bytes in 4 msecs (HTTP/1.1 200) 4 headers in 158 bytes (1 switches on core 0)
Aug 19 23:14:54.874217 np0000007826 devstack@g-api.service[103206]: [pid: 103206|app: 0|req: 86/336] 127.0.0.1 () {40 vars in 838 bytes} [Wed Aug 19 23:14:54 2026] GET /v2/images/800f201f-0170-4c0d-8e4b-5eef400129e9 => generated 811 bytes in 14 msecs (HTTP/1.1 200) 4 headers in 157 bytes (1 switches on core 0)
Aug 19 23:14:54.901337 np0000007826 devstack@g-api.service[103205]: DEBUG glance.api.middleware.version_negotiation [None req-609fb53d-d216-45bd-a3c4-a8e634f545b1 tempest-AttachVolumeMultiAttachTest-1354496193 tempest-AttachVolumeMultiAttachTest-1354496193-project-member] Determining version of request: GET /v2/images/800f201f-0170-4c0d-8e4b-5eef400129e9 Accept: */* {{(pid=103205) process_request /opt/stack/glance/glance/api/middleware/version_negotiation.py:44}}
Aug 19 23:14:54.901948 np0000007826 devstack@g-api.service[103205]: DEBUG glance.api.middleware.version_negotiation [None req-609fb53d-d216-45bd-a3c4-a8e634f545b1 tempest-AttachVolumeMultiAttachTest-1354496193 tempest-AttachVolumeMultiAttachTest-1354496193-project-member] Using url versioning {{(pid=103205) process_request /opt/stack/glance/glance/api/middleware/version_negotiation.py:57}}
Aug 19 23:14:54.901948 np0000007826 devstack@g-api.service[103205]: DEBUG glance.api.middleware.version_negotiation [None req-609fb53d-d216-45bd-a3c4-a8e634f545b1 tempest-AttachVolumeMultiAttachTest-1354496193 tempest-AttachVolumeMultiAttachTest-1354496193-project-member] Matched version: v2 {{(pid=103205) process_request /opt/stack/glance/glance/api/middleware/version_negotiation.py:69}}
Aug 19 23:14:54.901948 np0000007826 devstack@g-api.service[103205]: DEBUG glance.api.middleware.version_negotiation [None req-609fb53d-d216-45bd-a3c4-a8e634f545b1 tempest-AttachVolumeMultiAttachTest-1354496193 tempest-AttachVolumeMultiAttachTest-1354496193-project-member] new path /v2/images/800f201f-0170-4c0d-8e4b-5eef400129e9 {{(pid=103205) process_request /opt/stack/glance/glance/api/middleware/version_negotiation.py:70}}
Aug 19 23:14:54.919776 np0000007826 devstack@g-api.service[103205]: [pid: 103205|app: 0|req: 86/337] 127.0.0.1 () {44 vars in 1115 bytes} [Wed Aug 19 23:14:54 2026] GET /v2/images/800f201f-0170-4c0d-8e4b-5eef400129e9 => generated 811 bytes in 18 msecs (HTTP/1.1 200) 4 headers in 157 bytes (1 switches on core 0)
Aug 19 23:14:54.934416 np0000007826 devstack@g-api.service[103203]: DEBUG glance.api.middleware.version_negotiation [None req-e9467837-448d-44c5-9080-09ca760e7541 tempest-VolumesNegativeTest-754875207 tempest-VolumesNegativeTest-754875207-project-member] Determining version of request: GET /v2/schemas/image Accept: */* {{(pid=103203) process_request /opt/stack/glance/glance/api/middleware/version_negotiation.py:44}}
