Aug 19 23:08:16.378383 np0000007826 nova-conductor[99227]: DEBUG cotyledon.oslo_config_glue [-] workarounds.disable_compute_service_check_for_ffu = False {{(pid=99227) log_opt_values /opt/stack/data/venv/lib/python3.12/site-packages/oslo_config/cfg.py:3560}}
Aug 19 23:08:16.378383 np0000007826 nova-conductor[99227]: DEBUG cotyledon.oslo_config_glue [-] workarounds.disable_deep_image_inspection = False {{(pid=99227) log_opt_values /opt/stack/data/venv/lib/python3.12/site-packages/oslo_config/cfg.py:3560}}
Aug 19 23:08:16.378383 np0000007826 nova-conductor[99227]: DEBUG cotyledon.oslo_config_glue [-] workarounds.disable_fallback_pcpu_query = False {{(pid=99227) log_opt_values /opt/stack/data/venv/lib/python3.12/site-packages/oslo_config/cfg.py:3560}}
Aug 19 23:08:16.378383 np0000007826 nova-conductor[99227]: DEBUG cotyledon.oslo_config_glue [-] workarounds.disable_group_policy_check_upcall = False {{(pid=99227) log_opt_values /opt/stack/data/venv/lib/python3.12/site-packages/oslo_config/cfg.py:3560}}
Aug 19 23:08:16.378383 np0000007826 nova-conductor[99227]: DEBUG cotyledon.oslo_config_glue [-] workarounds.disable_libvirt_livesnapshot = False {{(pid=99227) log_opt_values /opt/stack/data/venv/lib/python3.12/site-packages/oslo_config/cfg.py:3560}}
Aug 19 23:08:16.378383 np0000007826 nova-conductor[99227]: DEBUG cotyledon.oslo_config_glue [-] workarounds.disable_rootwrap = False {{(pid=99227) log_opt_values /opt/stack/data/venv/lib/python3.12/site-packages/oslo_config/cfg.py:3560}}
Aug 19 23:08:16.378383 np0000007826 nova-conductor[99227]: DEBUG cotyledon.oslo_config_glue [-] workarounds.enable_numa_live_migration = False {{(pid=99227) log_opt_values /opt/stack/data/venv/lib/python3.12/site-packages/oslo_config/cfg.py:3560}}
Aug 19 23:08:16.378664 np0000007826 nova-conductor[99227]: DEBUG cotyledon.oslo_config_glue [-] workarounds.enable_qemu_monitor_announce_self = False {{(pid=99227) log_opt_values /opt/stack/data/venv/lib/python3.12/site-packages/oslo_config/cfg.py:3560}}
Aug 19 23:08:16.378664 np0000007826 nova-conductor[99227]: DEBUG cotyledon.oslo_config_glue [-] workarounds.ensure_libvirt_rbd_instance_dir_cleanup = False {{(pid=99227) log_opt_values /opt/stack/data/venv/lib/python3.12/site-packages/oslo_config/cfg.py:3560}}
Aug 19 23:08:16.378664 np0000007826 nova-conductor[99227]: DEBUG cotyledon.oslo_config_glue [-] workarounds.handle_virt_lifecycle_events = True {{(pid=99227) log_opt_values /opt/stack/data/venv/lib/python3.12/site-packages/oslo_config/cfg.py:3560}}
Aug 19 23:08:16.378664 np0000007826 nova-conductor[99227]: DEBUG cotyledon.oslo_config_glue [-] workarounds.libvirt_disable_apic = False {{(pid=99227) log_opt_values /opt/stack/data/venv/lib/python3.12/site-packages/oslo_config/cfg.py:3560}}
Aug 19 23:08:16.378664 np0000007826 nova-conductor[99227]: DEBUG cotyledon.oslo_config_glue [-] workarounds.never_download_image_if_on_rbd = False {{(pid=99227) log_opt_values /opt/stack/data/venv/lib/python3.12/site-packages/oslo_config/cfg.py:3560}}
Aug 19 23:08:16.378664 np0000007826 nova-conductor[99227]: DEBUG cotyledon.oslo_config_glue [-] workarounds.qemu_monitor_announce_self_count = 3 {{(pid=99227) log_opt_values /opt/stack/data/venv/lib/python3.12/site-packages/oslo_config/cfg.py:3560}}
Aug 19 23:08:16.378664 np0000007826 nova-conductor[99227]: DEBUG cotyledon.oslo_config_glue [-] workarounds.qemu_monitor_announce_self_interval = 1 {{(pid=99227) log_opt_values /opt/stack/data/venv/lib/python3.12/site-packages/oslo_config/cfg.py:3560}}
Aug 19 23:08:16.378664 np0000007826 nova-conductor[99227]: DEBUG cotyledon.oslo_config_glue [-] workarounds.reserve_disk_resource_for_image_cache = False {{(pid=99227) log_opt_values /opt/stack/data/venv/lib/python3.12/site-packages/oslo_config/cfg.py:3560}}
Aug 19 23:08:16.378664 np0000007826 nova-conductor[99227]: DEBUG cotyledon.oslo_config_glue [-] workarounds.skip_cpu_compare_at_startup = False {{(pid=99227) log_opt_values /opt/stack/data/venv/lib/python3.12/site-packages/oslo_config/cfg.py:3560}}
Aug 19 23:08:16.378985 np0000007826 nova-conductor[99227]: DEBUG cotyledon.oslo_config_glue [-] workarounds.skip_cpu_compare_on_dest = False {{(pid=99227) log_opt_values /opt/stack/data/venv/lib/python3.12/site-packages/oslo_config/cfg.py:3560}}
Aug 19 23:08:16.378985 np0000007826 nova-conductor[99227]: DEBUG cotyledon.oslo_config_glue [-] workarounds.skip_hypervisor_version_check_on_lm = False {{(pid=99227) log_opt_values /opt/stack/data/venv/lib/python3.12/site-packages/oslo_config/cfg.py:3560}}
Aug 19 23:08:16.378985 np0000007826 nova-conductor[99227]: DEBUG cotyledon.oslo_config_glue [-] workarounds.skip_reserve_in_use_ironic_nodes = False {{(pid=99227) log_opt_values /opt/stack/data/venv/lib/python3.12/site-packages/oslo_config/cfg.py:3560}}
Aug 19 23:08:16.378985 np0000007826 nova-conductor[99227]: DEBUG cotyledon.oslo_config_glue [-] workarounds.unified_limits_count_pcpu_as_vcpu = False {{(pid=99227) log_opt_values /opt/stack/data/venv/lib/python3.12/site-packages/oslo_config/cfg.py:3560}}
Aug 19 23:08:16.378985 np0000007826 nova-conductor[99227]: DEBUG cotyledon.oslo_config_glue [-] workarounds.wait_for_vif_plugged_event_during_hard_reboot = [] {{(pid=99227) log_opt_values /opt/stack/data/venv/lib/python3.12/site-packages/oslo_config/cfg.py:3560}}
Aug 19 23:08:16.378985 np0000007826 nova-conductor[99227]: DEBUG cotyledon.oslo_config_glue [-] wsgi.api_paste_config = /etc/nova/api-paste.ini {{(pid=99227) log_opt_values /opt/stack/data/venv/lib/python3.12/site-packages/oslo_config/cfg.py:3560}}
Aug 19 23:08:16.378985 np0000007826 nova-conductor[99227]: DEBUG cotyledon.oslo_config_glue [-] wsgi.secure_proxy_ssl_header = None {{(pid=99227) log_opt_values /opt/stack/data/venv/lib/python3.12/site-packages/oslo_config/cfg.py:3560}}
Aug 19 23:08:16.378985 np0000007826 nova-conductor[99227]: DEBUG cotyledon.oslo_config_glue [-] zvm.ca_file = None {{(pid=99227) log_opt_values /opt/stack/data/venv/lib/python3.12/site-packages/oslo_config/cfg.py:3560}}
Aug 19 23:08:16.378985 np0000007826 nova-conductor[99227]: DEBUG cotyledon.oslo_config_glue [-] zvm.cloud_connector_url = None {{(pid=99227) log_opt_values /opt/stack/data/venv/lib/python3.12/site-packages/oslo_config/cfg.py:3560}}
Aug 19 23:08:16.379231 np0000007826 nova-conductor[99227]: DEBUG cotyledon.oslo_config_glue [-] zvm.image_tmp_path = /opt/stack/data/nova/images {{(pid=99227) log_opt_values /opt/stack/data/venv/lib/python3.12/site-packages/oslo_config/cfg.py:3560}}
Aug 19 23:08:16.379231 np0000007826 nova-conductor[99227]: DEBUG cotyledon.oslo_config_glue [-] zvm.reachable_timeout = 300 {{(pid=99227) log_opt_values /opt/stack/data/venv/lib/python3.12/site-packages/oslo_config/cfg.py:3560}}
Aug 19 23:08:16.379231 np0000007826 nova-conductor[99227]: DEBUG cotyledon.oslo_config_glue [-] oslo_versionedobjects.fatal_exception_format_errors = False {{(pid=99227) log_opt_values /opt/stack/data/venv/lib/python3.12/site-packages/oslo_config/cfg.py:3560}}
Aug 19 23:08:16.379231 np0000007826 nova-conductor[99227]: DEBUG cotyledon.oslo_config_glue [-] oslo_middleware.http_basic_auth_user_file = /etc/htpasswd {{(pid=99227) log_opt_values /opt/stack/data/venv/lib/python3.12/site-packages/oslo_config/cfg.py:3560}}
Aug 19 23:08:16.379231 np0000007826 nova-conductor[99227]: DEBUG cotyledon.oslo_config_glue [-] profiler.connection_string = messaging:// {{(pid=99227) log_opt_values /opt/stack/data/venv/lib/python3.12/site-packages/oslo_config/cfg.py:3560}}
Aug 19 23:08:16.379231 np0000007826 nova-conductor[99227]: DEBUG cotyledon.oslo_config_glue [-] profiler.enabled = False {{(pid=99227) log_opt_values /opt/stack/data/venv/lib/python3.12/site-packages/oslo_config/cfg.py:3560}}
Aug 19 23:08:16.379231 np0000007826 nova-conductor[99227]: DEBUG cotyledon.oslo_config_glue [-] profiler.es_doc_type = notification {{(pid=99227) log_opt_values /opt/stack/data/venv/lib/python3.12/site-packages/oslo_config/cfg.py:3560}}
Aug 19 23:08:16.379231 np0000007826 nova-conductor[99227]: DEBUG cotyledon.oslo_config_glue [-] profiler.es_scroll_size = 10000 {{(pid=99227) log_opt_values /opt/stack/data/venv/lib/python3.12/site-packages/oslo_config/cfg.py:3560}}
Aug 19 23:08:16.379231 np0000007826 nova-conductor[99227]: DEBUG cotyledon.oslo_config_glue [-] profiler.es_scroll_time = 2m {{(pid=99227) log_opt_values /opt/stack/data/venv/lib/python3.12/site-packages/oslo_config/cfg.py:3560}}
Aug 19 23:08:16.379510 np0000007826 nova-conductor[99227]: DEBUG cotyledon.oslo_config_glue [-] profiler.filter_error_trace = False {{(pid=99227) log_opt_values /opt/stack/data/venv/lib/python3.12/site-packages/oslo_config/cfg.py:3560}}
Aug 19 23:08:16.379510 np0000007826 nova-conductor[99227]: DEBUG cotyledon.oslo_config_glue [-] profiler.hmac_keys = **** {{(pid=99227) log_opt_values /opt/stack/data/venv/lib/python3.12/site-packages/oslo_config/cfg.py:3560}}
Aug 19 23:08:16.379510 np0000007826 nova-conductor[99227]: DEBUG cotyledon.oslo_config_glue [-] profiler.sentinel_service_name = mymaster {{(pid=99227) log_opt_values /opt/stack/data/venv/lib/python3.12/site-packages/oslo_config/cfg.py:3560}}
Aug 19 23:08:16.379510 np0000007826 nova-conductor[99227]: DEBUG cotyledon.oslo_config_glue [-] profiler.socket_timeout = 0.1 {{(pid=99227) log_opt_values /opt/stack/data/venv/lib/python3.12/site-packages/oslo_config/cfg.py:3560}}
Aug 19 23:08:16.379510 np0000007826 nova-conductor[99227]: DEBUG cotyledon.oslo_config_glue [-] profiler.trace_requests = False {{(pid=99227) log_opt_values /opt/stack/data/venv/lib/python3.12/site-packages/oslo_config/cfg.py:3560}}
Aug 19 23:08:16.379510 np0000007826 nova-conductor[99227]: DEBUG cotyledon.oslo_config_glue [-] profiler.trace_sqlalchemy = False {{(pid=99227) log_opt_values /opt/stack/data/venv/lib/python3.12/site-packages/oslo_config/cfg.py:3560}}
Aug 19 23:08:16.379510 np0000007826 nova-conductor[99227]: DEBUG cotyledon.oslo_config_glue [-] profiler_jaeger.process_tags = {} {{(pid=99227) log_opt_values /opt/stack/data/venv/lib/python3.12/site-packages/oslo_config/cfg.py:3560}}
Aug 19 23:08:16.379510 np0000007826 nova-conductor[99227]: DEBUG cotyledon.oslo_config_glue [-] profiler_jaeger.service_name_prefix = None {{(pid=99227) log_opt_values /opt/stack/data/venv/lib/python3.12/site-packages/oslo_config/cfg.py:3560}}
Aug 19 23:08:16.379510 np0000007826 nova-conductor[99227]: DEBUG cotyledon.oslo_config_glue [-] profiler_otlp.service_name_prefix = None {{(pid=99227) log_opt_values /opt/stack/data/venv/lib/python3.12/site-packages/oslo_config/cfg.py:3560}}
Aug 19 23:08:16.379820 np0000007826 nova-conductor[99227]: DEBUG cotyledon.oslo_config_glue [-] oslo_messaging_rabbit.amqp_auto_delete = False {{(pid=99227) log_opt_values /opt/stack/data/venv/lib/python3.12/site-packages/oslo_config/cfg.py:3560}}
Aug 19 23:08:16.379820 np0000007826 nova-conductor[99227]: DEBUG cotyledon.oslo_config_glue [-] oslo_messaging_rabbit.amqp_durable_queues = False {{(pid=99227) log_opt_values /opt/stack/data/venv/lib/python3.12/site-packages/oslo_config/cfg.py:3560}}
Aug 19 23:08:16.379820 np0000007826 nova-conductor[99227]: DEBUG cotyledon.oslo_config_glue [-] oslo_messaging_rabbit.conn_pool_min_size = 2 {{(pid=99227) log_opt_values /opt/stack/data/venv/lib/python3.12/site-packages/oslo_config/cfg.py:3560}}
Aug 19 23:08:16.379820 np0000007826 nova-conductor[99227]: DEBUG cotyledon.oslo_config_glue [-] oslo_messaging_rabbit.conn_pool_ttl = 1200 {{(pid=99227) log_opt_values /opt/stack/data/venv/lib/python3.12/site-packages/oslo_config/cfg.py:3560}}
Aug 19 23:08:16.379820 np0000007826 nova-conductor[99227]: DEBUG cotyledon.oslo_config_glue [-] oslo_messaging_rabbit.direct_mandatory_flag = True {{(pid=99227) log_opt_values /opt/stack/data/venv/lib/python3.12/site-packages/oslo_config/cfg.py:3560}}
Aug 19 23:08:16.379820 np0000007826 nova-conductor[99227]: DEBUG cotyledon.oslo_config_glue [-] oslo_messaging_rabbit.enable_cancel_on_failover = False {{(pid=99227) log_opt_values /opt/stack/data/venv/lib/python3.12/site-packages/oslo_config/cfg.py:3560}}
Aug 19 23:08:16.379820 np0000007826 nova-conductor[99227]: DEBUG cotyledon.oslo_config_glue [-] oslo_messaging_rabbit.heartbeat_rate = 3 {{(pid=99227) log_opt_values /opt/stack/data/venv/lib/python3.12/site-packages/oslo_config/cfg.py:3560}}
Aug 19 23:08:16.379820 np0000007826 nova-conductor[99227]: DEBUG cotyledon.oslo_config_glue [-] oslo_messaging_rabbit.heartbeat_timeout_threshold = 60 {{(pid=99227) log_opt_values /opt/stack/data/venv/lib/python3.12/site-packages/oslo_config/cfg.py:3560}}
Aug 19 23:08:16.379820 np0000007826 nova-conductor[99227]: DEBUG cotyledon.oslo_config_glue [-] oslo_messaging_rabbit.hostname = np0000007826 {{(pid=99227) log_opt_values /opt/stack/data/venv/lib/python3.12/site-packages/oslo_config/cfg.py:3560}}
Aug 19 23:08:16.380102 np0000007826 nova-conductor[99227]: DEBUG cotyledon.oslo_config_glue [-] oslo_messaging_rabbit.kombu_compression = None {{(pid=99227) log_opt_values /opt/stack/data/venv/lib/python3.12/site-packages/oslo_config/cfg.py:3560}}
Aug 19 23:08:16.380102 np0000007826 nova-conductor[99227]: DEBUG cotyledon.oslo_config_glue [-] oslo_messaging_rabbit.kombu_failover_strategy = round-robin {{(pid=99227) log_opt_values /opt/stack/data/venv/lib/python3.12/site-packages/oslo_config/cfg.py:3560}}
Aug 19 23:08:16.380102 np0000007826 nova-conductor[99227]: DEBUG cotyledon.oslo_config_glue [-] oslo_messaging_rabbit.kombu_missing_consumer_retry_timeout = 60 {{(pid=99227) log_opt_values /opt/stack/data/venv/lib/python3.12/site-packages/oslo_config/cfg.py:3560}}
Aug 19 23:08:16.380102 np0000007826 nova-conductor[99227]: DEBUG cotyledon.oslo_config_glue [-] oslo_messaging_rabbit.kombu_reconnect_delay = 1.0 {{(pid=99227) log_opt_values /opt/stack/data/venv/lib/python3.12/site-packages/oslo_config/cfg.py:3560}}
Aug 19 23:08:16.380102 np0000007826 nova-conductor[99227]: DEBUG cotyledon.oslo_config_glue [-] oslo_messaging_rabbit.kombu_reconnect_splay = 0.0 {{(pid=99227) log_opt_values /opt/stack/data/venv/lib/python3.12/site-packages/oslo_config/cfg.py:3560}}
Aug 19 23:08:16.380102 np0000007826 nova-conductor[99227]: DEBUG cotyledon.oslo_config_glue [-] oslo_messaging_rabbit.processname = nova-conductor {{(pid=99227) log_opt_values /opt/stack/data/venv/lib/python3.12/site-packages/oslo_config/cfg.py:3560}}
Aug 19 23:08:16.380102 np0000007826 nova-conductor[99227]: DEBUG cotyledon.oslo_config_glue [-] oslo_messaging_rabbit.rabbit_ha_queues = False {{(pid=99227) log_opt_values /opt/stack/data/venv/lib/python3.12/site-packages/oslo_config/cfg.py:3560}}
Aug 19 23:08:16.380102 np0000007826 nova-conductor[99227]: DEBUG cotyledon.oslo_config_glue [-] oslo_messaging_rabbit.rabbit_interval_max = 30 {{(pid=99227) log_opt_values /opt/stack/data/venv/lib/python3.12/site-packages/oslo_config/cfg.py:3560}}
Aug 19 23:08:16.380102 np0000007826 nova-conductor[99227]: DEBUG cotyledon.oslo_config_glue [-] oslo_messaging_rabbit.rabbit_login_method = AMQPLAIN {{(pid=99227) log_opt_values /opt/stack/data/venv/lib/python3.12/site-packages/oslo_config/cfg.py:3560}}
Aug 19 23:08:16.380357 np0000007826 nova-conductor[99227]: DEBUG cotyledon.oslo_config_glue [-] oslo_messaging_rabbit.rabbit_qos_prefetch_count = 0 {{(pid=99227) log_opt_values /opt/stack/data/venv/lib/python3.12/site-packages/oslo_config/cfg.py:3560}}
Aug 19 23:08:16.380357 np0000007826 nova-conductor[99227]: DEBUG cotyledon.oslo_config_glue [-] oslo_messaging_rabbit.rabbit_quorum_delivery_limit = 0 {{(pid=99227) log_opt_values /opt/stack/data/venv/lib/python3.12/site-packages/oslo_config/cfg.py:3560}}
Aug 19 23:08:16.380357 np0000007826 nova-conductor[99227]: DEBUG cotyledon.oslo_config_glue [-] oslo_messaging_rabbit.rabbit_quorum_max_memory_bytes = 0 {{(pid=99227) log_opt_values /opt/stack/data/venv/lib/python3.12/site-packages/oslo_config/cfg.py:3560}}
Aug 19 23:08:16.380357 np0000007826 nova-conductor[99227]: DEBUG cotyledon.oslo_config_glue [-] oslo_messaging_rabbit.rabbit_quorum_max_memory_length = 0 {{(pid=99227) log_opt_values /opt/stack/data/venv/lib/python3.12/site-packages/oslo_config/cfg.py:3560}}
Aug 19 23:08:16.380357 np0000007826 nova-conductor[99227]: DEBUG cotyledon.oslo_config_glue [-] oslo_messaging_rabbit.rabbit_quorum_queue = False {{(pid=99227) log_opt_values /opt/stack/data/venv/lib/python3.12/site-packages/oslo_config/cfg.py:3560}}
Aug 19 23:08:16.380357 np0000007826 nova-conductor[99227]: DEBUG cotyledon.oslo_config_glue [-] oslo_messaging_rabbit.rabbit_retry_backoff = 2 {{(pid=99227) log_opt_values /opt/stack/data/venv/lib/python3.12/site-packages/oslo_config/cfg.py:3560}}
Aug 19 23:08:16.380357 np0000007826 nova-conductor[99227]: DEBUG cotyledon.oslo_config_glue [-] oslo_messaging_rabbit.rabbit_retry_interval = 1 {{(pid=99227) log_opt_values /opt/stack/data/venv/lib/python3.12/site-packages/oslo_config/cfg.py:3560}}
Aug 19 23:08:16.380357 np0000007826 nova-conductor[99227]: DEBUG cotyledon.oslo_config_glue [-] oslo_messaging_rabbit.rabbit_stream_fanout = False {{(pid=99227) log_opt_values /opt/stack/data/venv/lib/python3.12/site-packages/oslo_config/cfg.py:3560}}
Aug 19 23:08:16.380578 np0000007826 nova-conductor[99227]: DEBUG cotyledon.oslo_config_glue [-] oslo_messaging_rabbit.rabbit_transient_queues_ttl = 1800 {{(pid=99227) log_opt_values /opt/stack/data/venv/lib/python3.12/site-packages/oslo_config/cfg.py:3560}}
Aug 19 23:08:16.380578 np0000007826 nova-conductor[99227]: DEBUG cotyledon.oslo_config_glue [-] oslo_messaging_rabbit.rabbit_transient_quorum_queue = False {{(pid=99227) log_opt_values /opt/stack/data/venv/lib/python3.12/site-packages/oslo_config/cfg.py:3560}}
Aug 19 23:08:16.380578 np0000007826 nova-conductor[99227]: DEBUG cotyledon.oslo_config_glue [-] oslo_messaging_rabbit.rpc_conn_pool_size = 30 {{(pid=99227) log_opt_values /opt/stack/data/venv/lib/python3.12/site-packages/oslo_config/cfg.py:3560}}
Aug 19 23:08:16.380578 np0000007826 nova-conductor[99227]: DEBUG cotyledon.oslo_config_glue [-] oslo_messaging_rabbit.ssl = False {{(pid=99227) log_opt_values /opt/stack/data/venv/lib/python3.12/site-packages/oslo_config/cfg.py:3560}}
Aug 19 23:08:16.380578 np0000007826 nova-conductor[99227]: DEBUG cotyledon.oslo_config_glue [-] oslo_messaging_rabbit.ssl_ca_file = {{(pid=99227) log_opt_values /opt/stack/data/venv/lib/python3.12/site-packages/oslo_config/cfg.py:3560}}
Aug 19 23:08:16.380578 np0000007826 nova-conductor[99227]: DEBUG cotyledon.oslo_config_glue [-] oslo_messaging_rabbit.ssl_cert_file = {{(pid=99227) log_opt_values /opt/stack/data/venv/lib/python3.12/site-packages/oslo_config/cfg.py:3560}}
Aug 19 23:08:16.380578 np0000007826 nova-conductor[99227]: DEBUG cotyledon.oslo_config_glue [-] oslo_messaging_rabbit.ssl_enforce_fips_mode = False {{(pid=99227) log_opt_values /opt/stack/data/venv/lib/python3.12/site-packages/oslo_config/cfg.py:3560}}
Aug 19 23:08:16.380578 np0000007826 nova-conductor[99227]: DEBUG cotyledon.oslo_config_glue [-] oslo_messaging_rabbit.ssl_enforce_hostname_verification = True {{(pid=99227) log_opt_values /opt/stack/data/venv/lib/python3.12/site-packages/oslo_config/cfg.py:3560}}
Aug 19 23:08:16.380578 np0000007826 nova-conductor[99227]: DEBUG cotyledon.oslo_config_glue [-] oslo_messaging_rabbit.ssl_key_file = {{(pid=99227) log_opt_values /opt/stack/data/venv/lib/python3.12/site-packages/oslo_config/cfg.py:3560}}
Aug 19 23:08:16.380860 np0000007826 nova-conductor[99227]: DEBUG cotyledon.oslo_config_glue [-] oslo_messaging_rabbit.ssl_version = {{(pid=99227) log_opt_values /opt/stack/data/venv/lib/python3.12/site-packages/oslo_config/cfg.py:3560}}
Aug 19 23:08:16.380860 np0000007826 nova-conductor[99227]: DEBUG cotyledon.oslo_config_glue [-] oslo_messaging_rabbit.use_queue_manager = False {{(pid=99227) log_opt_values /opt/stack/data/venv/lib/python3.12/site-packages/oslo_config/cfg.py:3560}}
Aug 19 23:08:16.380860 np0000007826 nova-conductor[99227]: DEBUG cotyledon.oslo_config_glue [-] oslo_messaging_notifications.driver = ['messagingv2'] {{(pid=99227) log_opt_values /opt/stack/data/venv/lib/python3.12/site-packages/oslo_config/cfg.py:3560}}
Aug 19 23:08:16.380860 np0000007826 nova-conductor[99227]: DEBUG cotyledon.oslo_config_glue [-] oslo_messaging_notifications.retry = -1 {{(pid=99227) log_opt_values /opt/stack/data/venv/lib/python3.12/site-packages/oslo_config/cfg.py:3560}}
Aug 19 23:08:16.380860 np0000007826 nova-conductor[99227]: DEBUG cotyledon.oslo_config_glue [-] oslo_messaging_notifications.topics = ['notifications'] {{(pid=99227) log_opt_values /opt/stack/data/venv/lib/python3.12/site-packages/oslo_config/cfg.py:3560}}
Aug 19 23:08:16.380860 np0000007826 nova-conductor[99227]: DEBUG cotyledon.oslo_config_glue [-] oslo_messaging_notifications.transport_url = **** {{(pid=99227) log_opt_values /opt/stack/data/venv/lib/python3.12/site-packages/oslo_config/cfg.py:3560}}
Aug 19 23:08:16.380860 np0000007826 nova-conductor[99227]: DEBUG cotyledon.oslo_config_glue [-] oslo_limit.auth_section = None {{(pid=99227) log_opt_values /opt/stack/data/venv/lib/python3.12/site-packages/oslo_config/cfg.py:3560}}
Aug 19 23:08:16.380860 np0000007826 nova-conductor[99227]: DEBUG cotyledon.oslo_config_glue [-] oslo_limit.auth_type = None {{(pid=99227) log_opt_values /opt/stack/data/venv/lib/python3.12/site-packages/oslo_config/cfg.py:3560}}
Aug 19 23:08:16.380860 np0000007826 nova-conductor[99227]: DEBUG cotyledon.oslo_config_glue [-] oslo_limit.cafile = None {{(pid=99227) log_opt_values /opt/stack/data/venv/lib/python3.12/site-packages/oslo_config/cfg.py:3560}}
Aug 19 23:08:16.381109 np0000007826 nova-conductor[99227]: DEBUG cotyledon.oslo_config_glue [-] oslo_limit.certfile = None {{(pid=99227) log_opt_values /opt/stack/data/venv/lib/python3.12/site-packages/oslo_config/cfg.py:3560}}
Aug 19 23:08:16.381109 np0000007826 nova-conductor[99227]: DEBUG cotyledon.oslo_config_glue [-] oslo_limit.collect_timing = False {{(pid=99227) log_opt_values /opt/stack/data/venv/lib/python3.12/site-packages/oslo_config/cfg.py:3560}}
Aug 19 23:08:16.381109 np0000007826 nova-conductor[99227]: DEBUG cotyledon.oslo_config_glue [-] oslo_limit.connect_retries = None {{(pid=99227) log_opt_values /opt/stack/data/venv/lib/python3.12/site-packages/oslo_config/cfg.py:3560}}
Aug 19 23:08:16.381109 np0000007826 nova-conductor[99227]: DEBUG cotyledon.oslo_config_glue [-] oslo_limit.connect_retry_delay = None {{(pid=99227) log_opt_values /opt/stack/data/venv/lib/python3.12/site-packages/oslo_config/cfg.py:3560}}
Aug 19 23:08:16.381109 np0000007826 nova-conductor[99227]: DEBUG cotyledon.oslo_config_glue [-] oslo_limit.endpoint_id = None {{(pid=99227) log_opt_values /opt/stack/data/venv/lib/python3.12/site-packages/oslo_config/cfg.py:3560}}
Aug 19 23:08:16.381109 np0000007826 nova-conductor[99227]: DEBUG cotyledon.oslo_config_glue [-] oslo_limit.endpoint_interface = public {{(pid=99227) log_opt_values /opt/stack/data/venv/lib/python3.12/site-packages/oslo_config/cfg.py:3560}}
Aug 19 23:08:16.381109 np0000007826 nova-conductor[99227]: DEBUG cotyledon.oslo_config_glue [-] oslo_limit.endpoint_override = None {{(pid=99227) log_opt_values /opt/stack/data/venv/lib/python3.12/site-packages/oslo_config/cfg.py:3560}}
Aug 19 23:08:16.381109 np0000007826 nova-conductor[99227]: DEBUG cotyledon.oslo_config_glue [-] oslo_limit.endpoint_region_name = None {{(pid=99227) log_opt_values /opt/stack/data/venv/lib/python3.12/site-packages/oslo_config/cfg.py:3560}}
Aug 19 23:08:16.381109 np0000007826 nova-conductor[99227]: DEBUG cotyledon.oslo_config_glue [-] oslo_limit.endpoint_service_name = None {{(pid=99227) log_opt_values /opt/stack/data/venv/lib/python3.12/site-packages/oslo_config/cfg.py:3560}}
Aug 19 23:08:16.381364 np0000007826 nova-conductor[99227]: DEBUG cotyledon.oslo_config_glue [-] oslo_limit.endpoint_service_type = None {{(pid=99227) log_opt_values /opt/stack/data/venv/lib/python3.12/site-packages/oslo_config/cfg.py:3560}}
Aug 19 23:08:16.381401 np0000007826 nova-conductor[99214]: DEBUG oslo_db.sqlalchemy.engines [None req-56d51eb0-bfd6-43f0-8054-e26f5f991611 None None] MySQL server mode set to STRICT_TRANS_TABLES,STRICT_ALL_TABLES,NO_ZERO_IN_DATE,NO_ZERO_DATE,ERROR_FOR_DIVISION_BY_ZERO,TRADITIONAL,NO_ENGINE_SUBSTITUTION {{(pid=99214) _check_effective_sql_mode /opt/stack/data/venv/lib/python3.12/site-packages/oslo_db/sqlalchemy/engines.py:325}}
Aug 19 23:08:16.381442 np0000007826 nova-conductor[99227]: DEBUG cotyledon.oslo_config_glue [-] oslo_limit.insecure = False {{(pid=99227) log_opt_values /opt/stack/data/venv/lib/python3.12/site-packages/oslo_config/cfg.py:3560}}
Aug 19 23:08:16.381442 np0000007826 nova-conductor[99227]: DEBUG cotyledon.oslo_config_glue [-] oslo_limit.keyfile = None {{(pid=99227) log_opt_values /opt/stack/data/venv/lib/python3.12/site-packages/oslo_config/cfg.py:3560}}
Aug 19 23:08:16.381442 np0000007826 nova-conductor[99227]: DEBUG cotyledon.oslo_config_glue [-] oslo_limit.max_version = None {{(pid=99227) log_opt_values /opt/stack/data/venv/lib/python3.12/site-packages/oslo_config/cfg.py:3560}}
Aug 19 23:08:16.381442 np0000007826 nova-conductor[99227]: DEBUG cotyledon.oslo_config_glue [-] oslo_limit.min_version = None {{(pid=99227) log_opt_values /opt/stack/data/venv/lib/python3.12/site-packages/oslo_config/cfg.py:3560}}
Aug 19 23:08:16.381442 np0000007826 nova-conductor[99227]: DEBUG cotyledon.oslo_config_glue [-] oslo_limit.region_name = None {{(pid=99227) log_opt_values /opt/stack/data/venv/lib/python3.12/site-packages/oslo_config/cfg.py:3560}}
Aug 19 23:08:16.381442 np0000007826 nova-conductor[99227]: DEBUG cotyledon.oslo_config_glue [-] oslo_limit.retriable_status_codes = None {{(pid=99227) log_opt_values /opt/stack/data/venv/lib/python3.12/site-packages/oslo_config/cfg.py:3560}}
Aug 19 23:08:16.381442 np0000007826 nova-conductor[99227]: DEBUG cotyledon.oslo_config_glue [-] oslo_limit.service_name = None {{(pid=99227) log_opt_values /opt/stack/data/venv/lib/python3.12/site-packages/oslo_config/cfg.py:3560}}
Aug 19 23:08:16.381442 np0000007826 nova-conductor[99227]: DEBUG cotyledon.oslo_config_glue [-] oslo_limit.service_type = None {{(pid=99227) log_opt_values /opt/stack/data/venv/lib/python3.12/site-packages/oslo_config/cfg.py:3560}}
Aug 19 23:08:16.381442 np0000007826 nova-conductor[99227]: DEBUG cotyledon.oslo_config_glue [-] oslo_limit.split_loggers = False {{(pid=99227) log_opt_values /opt/stack/data/venv/lib/python3.12/site-packages/oslo_config/cfg.py:3560}}
Aug 19 23:08:16.381688 np0000007826 nova-conductor[99227]: DEBUG cotyledon.oslo_config_glue [-] oslo_limit.status_code_retries = None {{(pid=99227) log_opt_values /opt/stack/data/venv/lib/python3.12/site-packages/oslo_config/cfg.py:3560}}
Aug 19 23:08:16.381688 np0000007826 nova-conductor[99227]: DEBUG cotyledon.oslo_config_glue [-] oslo_limit.status_code_retry_delay = None {{(pid=99227) log_opt_values /opt/stack/data/venv/lib/python3.12/site-packages/oslo_config/cfg.py:3560}}
Aug 19 23:08:16.381688 np0000007826 nova-conductor[99227]: DEBUG cotyledon.oslo_config_glue [-] oslo_limit.timeout = None {{(pid=99227) log_opt_values /opt/stack/data/venv/lib/python3.12/site-packages/oslo_config/cfg.py:3560}}
Aug 19 23:08:16.381688 np0000007826 nova-conductor[99227]: DEBUG cotyledon.oslo_config_glue [-] oslo_limit.valid_interfaces = None {{(pid=99227) log_opt_values /opt/stack/data/venv/lib/python3.12/site-packages/oslo_config/cfg.py:3560}}
Aug 19 23:08:16.381688 np0000007826 nova-conductor[99227]: DEBUG cotyledon.oslo_config_glue [-] oslo_limit.version = None {{(pid=99227) log_opt_values /opt/stack/data/venv/lib/python3.12/site-packages/oslo_config/cfg.py:3560}}
Aug 19 23:08:16.381688 np0000007826 nova-conductor[99227]: DEBUG cotyledon.oslo_config_glue [-] oslo_reports.file_event_handler = None {{(pid=99227) log_opt_values /opt/stack/data/venv/lib/python3.12/site-packages/oslo_config/cfg.py:3560}}
Aug 19 23:08:16.381688 np0000007826 nova-conductor[99227]: DEBUG cotyledon.oslo_config_glue [-] oslo_reports.file_event_handler_interval = 1 {{(pid=99227) log_opt_values /opt/stack/data/venv/lib/python3.12/site-packages/oslo_config/cfg.py:3560}}
Aug 19 23:08:16.381688 np0000007826 nova-conductor[99227]: DEBUG cotyledon.oslo_config_glue [-] oslo_reports.log_dir = None {{(pid=99227) log_opt_values /opt/stack/data/venv/lib/python3.12/site-packages/oslo_config/cfg.py:3560}}
Aug 19 23:08:16.381688 np0000007826 nova-conductor[99227]: DEBUG cotyledon.oslo_config_glue [-] ******************************************************************************** {{(pid=99227) log_opt_values /opt/stack/data/venv/lib/python3.12/site-packages/oslo_config/cfg.py:3567}}
Aug 19 23:08:16.381975 np0000007826 nova-conductor[99227]: DEBUG cotyledon._service_worker [-] Run service ServiceWrapper(3) [99227] {{(pid=99227) wait_forever /opt/stack/data/venv/lib/python3.12/site-packages/cotyledon/_service_worker.py:218}}
Aug 19 23:08:16.381975 np0000007826 nova-conductor[99227]: INFO nova.service [-] Starting conductor node (version 33.1.0)
Aug 19 23:08:16.381975 np0000007826 nova-conductor[99227]: INFO dbcounter [None req-e1fd6535-fc88-4f0c-b605-9d16d4a4a545 None None] Registered counter for database nova_cell0
Aug 19 23:08:16.382066 np0000007826 nova-conductor[99214]: DEBUG dbcounter [-] [99214] Writer thread running {{(pid=99214) stat_writer /opt/stack/data/venv/lib/python3.12/site-packages/dbcounter.py:102}}
Aug 19 23:08:16.382113 np0000007826 nova-conductor[99218]: DEBUG oslo_db.sqlalchemy.engines [None req-c02f5e2e-b7df-4dfe-94a1-8d462c05fee8 None None] MySQL server mode set to STRICT_TRANS_TABLES,STRICT_ALL_TABLES,NO_ZERO_IN_DATE,NO_ZERO_DATE,ERROR_FOR_DIVISION_BY_ZERO,TRADITIONAL,NO_ENGINE_SUBSTITUTION {{(pid=99218) _check_effective_sql_mode /opt/stack/data/venv/lib/python3.12/site-packages/oslo_db/sqlalchemy/engines.py:325}}
Aug 19 23:08:16.386936 np0000007826 nova-conductor[99218]: DEBUG dbcounter [-] [99218] Writer thread running {{(pid=99218) stat_writer /opt/stack/data/venv/lib/python3.12/site-packages/dbcounter.py:102}}
Aug 19 23:08:16.389745 np0000007826 nova-conductor[99224]: DEBUG oslo_db.sqlalchemy.engines [None req-e9097e3a-b5a6-4f86-887a-25ee28b303c0 None None] MySQL server mode set to STRICT_TRANS_TABLES,STRICT_ALL_TABLES,NO_ZERO_IN_DATE,NO_ZERO_DATE,ERROR_FOR_DIVISION_BY_ZERO,TRADITIONAL,NO_ENGINE_SUBSTITUTION {{(pid=99224) _check_effective_sql_mode /opt/stack/data/venv/lib/python3.12/site-packages/oslo_db/sqlalchemy/engines.py:325}}
Aug 19 23:08:16.392732 np0000007826 nova-conductor[99214]: DEBUG nova.service [None req-56d51eb0-bfd6-43f0-8054-e26f5f991611 None None] Creating RPC server for service: nova-conductor on topic: conductor {{(pid=99214) start /opt/stack/nova/nova/service.py:262}}
Aug 19 23:08:16.400104 np0000007826 nova-conductor[99224]: DEBUG dbcounter [-] [99224] Writer thread running {{(pid=99224) stat_writer /opt/stack/data/venv/lib/python3.12/site-packages/dbcounter.py:102}}
Aug 19 23:08:16.402866 np0000007826 nova-conductor[99218]: DEBUG nova.service [None req-c02f5e2e-b7df-4dfe-94a1-8d462c05fee8 None None] Creating RPC server for service: nova-conductor on topic: conductor {{(pid=99218) start /opt/stack/nova/nova/service.py:262}}
Aug 19 23:08:16.404409 np0000007826 nova-conductor[99224]: DEBUG nova.service [None req-e9097e3a-b5a6-4f86-887a-25ee28b303c0 None None] Creating RPC server for service: nova-conductor on topic: conductor {{(pid=99224) start /opt/stack/nova/nova/service.py:262}}
Aug 19 23:08:16.416532 np0000007826 nova-conductor[99227]: DEBUG oslo_db.sqlalchemy.engines [None req-e1fd6535-fc88-4f0c-b605-9d16d4a4a545 None None] MySQL server mode set to STRICT_TRANS_TABLES,STRICT_ALL_TABLES,NO_ZERO_IN_DATE,NO_ZERO_DATE,ERROR_FOR_DIVISION_BY_ZERO,TRADITIONAL,NO_ENGINE_SUBSTITUTION {{(pid=99227) _check_effective_sql_mode /opt/stack/data/venv/lib/python3.12/site-packages/oslo_db/sqlalchemy/engines.py:325}}
Aug 19 23:08:16.425453 np0000007826 nova-conductor[99214]: DEBUG nova.service [None req-56d51eb0-bfd6-43f0-8054-e26f5f991611 None None] Join ServiceGroup membership for this service conductor {{(pid=99214) start /opt/stack/nova/nova/service.py:288}}
Aug 19 23:08:16.426041 np0000007826 nova-conductor[99214]: DEBUG nova.servicegroup.drivers.db [None req-56d51eb0-bfd6-43f0-8054-e26f5f991611 None None] DB_Driver: join new ServiceGroup member np0000007826 to the conductor group, service = {{(pid=99214) join /opt/stack/nova/nova/servicegroup/drivers/db.py:44}}
Aug 19 23:08:16.426228 np0000007826 nova-conductor[99227]: DEBUG dbcounter [-] [99227] Writer thread running {{(pid=99227) stat_writer /opt/stack/data/venv/lib/python3.12/site-packages/dbcounter.py:102}}
Aug 19 23:08:16.427095 np0000007826 nova-conductor[99218]: DEBUG nova.service [None req-c02f5e2e-b7df-4dfe-94a1-8d462c05fee8 None None] Join ServiceGroup membership for this service conductor {{(pid=99218) start /opt/stack/nova/nova/service.py:288}}
Aug 19 23:08:16.427309 np0000007826 nova-conductor[99218]: DEBUG nova.servicegroup.drivers.db [None req-c02f5e2e-b7df-4dfe-94a1-8d462c05fee8 None None] DB_Driver: join new ServiceGroup member np0000007826 to the conductor group, service = {{(pid=99218) join /opt/stack/nova/nova/servicegroup/drivers/db.py:44}}
Aug 19 23:08:16.431426 np0000007826 nova-conductor[99224]: DEBUG nova.service [None req-e9097e3a-b5a6-4f86-887a-25ee28b303c0 None None] Join ServiceGroup membership for this service conductor {{(pid=99224) start /opt/stack/nova/nova/service.py:288}}
Aug 19 23:08:16.431889 np0000007826 nova-conductor[99224]: DEBUG nova.servicegroup.drivers.db [None req-e9097e3a-b5a6-4f86-887a-25ee28b303c0 None None] DB_Driver: join new ServiceGroup member np0000007826 to the conductor group, service = {{(pid=99224) join /opt/stack/nova/nova/servicegroup/drivers/db.py:44}}
Aug 19 23:08:16.432595 np0000007826 nova-conductor[99227]: DEBUG nova.service [None req-e1fd6535-fc88-4f0c-b605-9d16d4a4a545 None None] Creating RPC server for service: nova-conductor on topic: conductor {{(pid=99227) start /opt/stack/nova/nova/service.py:262}}
Aug 19 23:08:16.452210 np0000007826 nova-conductor[99227]: DEBUG nova.service [None req-e1fd6535-fc88-4f0c-b605-9d16d4a4a545 None None] Join ServiceGroup membership for this service conductor {{(pid=99227) start /opt/stack/nova/nova/service.py:288}}
Aug 19 23:08:16.452426 np0000007826 nova-conductor[99227]: DEBUG nova.servicegroup.drivers.db [None req-e1fd6535-fc88-4f0c-b605-9d16d4a4a545 None None] DB_Driver: join new ServiceGroup member np0000007826 to the conductor group, service = {{(pid=99227) join /opt/stack/nova/nova/servicegroup/drivers/db.py:44}}
Aug 19 23:08:21.444641 np0000007826 nova-conductor[99218]: DEBUG oslo.service.backend._threading.loopingcall [-] Fixed interval looping call 'nova.servicegroup.drivers.db.DbDriver._report_state' sleeping for 119.98 seconds {{(pid=99218) _run_loop /opt/stack/data/venv/lib/python3.12/site-packages/oslo_service/backend/_threading/loopingcall.py:125}}
Aug 19 23:08:21.447374 np0000007826 nova-conductor[99214]: DEBUG oslo.service.backend._threading.loopingcall [-] Fixed interval looping call 'nova.servicegroup.drivers.db.DbDriver._report_state' sleeping for 119.98 seconds {{(pid=99214) _run_loop /opt/stack/data/venv/lib/python3.12/site-packages/oslo_service/backend/_threading/loopingcall.py:125}}
Aug 19 23:08:21.448925 np0000007826 nova-conductor[99224]: DEBUG oslo.service.backend._threading.loopingcall [-] Fixed interval looping call 'nova.servicegroup.drivers.db.DbDriver._report_state' sleeping for 119.98 seconds {{(pid=99224) _run_loop /opt/stack/data/venv/lib/python3.12/site-packages/oslo_service/backend/_threading/loopingcall.py:125}}
Aug 19 23:08:21.465032 np0000007826 nova-conductor[99227]: DEBUG oslo.service.backend._threading.loopingcall [-] Fixed interval looping call 'nova.servicegroup.drivers.db.DbDriver._report_state' sleeping for 119.99 seconds {{(pid=99227) _run_loop /opt/stack/data/venv/lib/python3.12/site-packages/oslo_service/backend/_threading/loopingcall.py:125}}
Aug 19 23:08:23.434113 np0000007826 nova-conductor[99224]: DEBUG oslo.service.backend._threading.loopingcall [None req-79e27c79-749d-439b-ba6f-05340a970a77 None None] Dynamic interval looping call 'nova.service.Service.periodic_tasks' sleeping for 60.00 seconds {{(pid=99224) _run_loop /opt/stack/data/venv/lib/python3.12/site-packages/oslo_service/backend/_threading/loopingcall.py:125}}
Aug 19 23:08:24.943723 np0000007826 nova-conductor[97714]: DEBUG dbcounter [-] [97714] Writing DB stats nova_api:SELECT=1 {{(pid=97714) stat_writer /opt/stack/data/venv/lib/python3.12/site-packages/dbcounter.py:115}}
Aug 19 23:08:25.081660 np0000007826 nova-conductor[97714]: DEBUG dbcounter [-] [97714] Writing DB stats nova_cell0:SELECT=1 {{(pid=97714) stat_writer /opt/stack/data/venv/lib/python3.12/site-packages/dbcounter.py:115}}
Aug 19 23:08:25.085131 np0000007826 nova-conductor[97714]: DEBUG dbcounter [-] [97714] Writing DB stats nova_cell1:SELECT=1 {{(pid=97714) stat_writer /opt/stack/data/venv/lib/python3.12/site-packages/dbcounter.py:115}}
Aug 19 23:08:31.435978 np0000007826 nova-conductor[99218]: DEBUG dbcounter [-] [99218] Writing DB stats nova_cell0:SELECT=4,nova_cell0:INSERT=1,nova_cell0:UPDATE=1 {{(pid=99218) stat_writer /opt/stack/data/venv/lib/python3.12/site-packages/dbcounter.py:115}}
Aug 19 23:08:31.437786 np0000007826 nova-conductor[99214]: DEBUG dbcounter [-] [99214] Writing DB stats nova_cell0:SELECT=4,nova_cell0:INSERT=1,nova_cell0:UPDATE=1 {{(pid=99214) stat_writer /opt/stack/data/venv/lib/python3.12/site-packages/dbcounter.py:115}}
Aug 19 23:08:31.444368 np0000007826 nova-conductor[99224]: DEBUG dbcounter [-] [99224] Writing DB stats nova_cell0:SELECT=3 {{(pid=99224) stat_writer /opt/stack/data/venv/lib/python3.12/site-packages/dbcounter.py:115}}
Aug 19 23:08:31.464741 np0000007826 nova-conductor[99227]: DEBUG dbcounter [-] [99227] Writing DB stats nova_cell0:SELECT=3 {{(pid=99227) stat_writer /opt/stack/data/venv/lib/python3.12/site-packages/dbcounter.py:115}}
Aug 19 23:08:47.428675 np0000007826 nova-conductor[99214]: DEBUG oslo.service.backend._threading.loopingcall [None req-2a6d72ca-753c-4898-9295-50c91ff9a774 None None] Dynamic interval looping call 'nova.service.Service.periodic_tasks' sleeping for 60.00 seconds {{(pid=99214) _run_loop /opt/stack/data/venv/lib/python3.12/site-packages/oslo_service/backend/_threading/loopingcall.py:125}}
Aug 19 23:09:02.454905 np0000007826 nova-conductor[99227]: DEBUG oslo.service.backend._threading.loopingcall [None req-3d0d19cc-c2e8-43e2-8812-ed3aee3c0d97 None None] Dynamic interval looping call 'nova.service.Service.periodic_tasks' sleeping for 60.00 seconds {{(pid=99227) _run_loop /opt/stack/data/venv/lib/python3.12/site-packages/oslo_service/backend/_threading/loopingcall.py:125}}
Aug 19 23:09:05.429667 np0000007826 nova-conductor[99218]: DEBUG oslo.service.backend._threading.loopingcall [None req-2b846bcb-269c-4340-a6d2-11f1f6678c70 None None] Dynamic interval looping call 'nova.service.Service.periodic_tasks' sleeping for 60.00 seconds {{(pid=99218) _run_loop /opt/stack/data/venv/lib/python3.12/site-packages/oslo_service/backend/_threading/loopingcall.py:125}}
Aug 19 23:09:23.435433 np0000007826 nova-conductor[99224]: DEBUG oslo.service.backend._threading.loopingcall [None req-79e27c79-749d-439b-ba6f-05340a970a77 None None] Dynamic interval looping call 'nova.service.Service.periodic_tasks' sleeping for 60.00 seconds {{(pid=99224) _run_loop /opt/stack/data/venv/lib/python3.12/site-packages/oslo_service/backend/_threading/loopingcall.py:125}}
Aug 19 23:09:47.429341 np0000007826 nova-conductor[99214]: DEBUG oslo.service.backend._threading.loopingcall [None req-2a6d72ca-753c-4898-9295-50c91ff9a774 None None] Dynamic interval looping call 'nova.service.Service.periodic_tasks' sleeping for 60.00 seconds {{(pid=99214) _run_loop /opt/stack/data/venv/lib/python3.12/site-packages/oslo_service/backend/_threading/loopingcall.py:125}}
Aug 19 23:10:02.455407 np0000007826 nova-conductor[99227]: DEBUG oslo.service.backend._threading.loopingcall [None req-3d0d19cc-c2e8-43e2-8812-ed3aee3c0d97 None None] Dynamic interval looping call 'nova.service.Service.periodic_tasks' sleeping for 60.00 seconds {{(pid=99227) _run_loop /opt/stack/data/venv/lib/python3.12/site-packages/oslo_service/backend/_threading/loopingcall.py:125}}
Aug 19 23:10:05.430133 np0000007826 nova-conductor[99218]: DEBUG oslo.service.backend._threading.loopingcall [None req-2b846bcb-269c-4340-a6d2-11f1f6678c70 None None] Dynamic interval looping call 'nova.service.Service.periodic_tasks' sleeping for 60.00 seconds {{(pid=99218) _run_loop /opt/stack/data/venv/lib/python3.12/site-packages/oslo_service/backend/_threading/loopingcall.py:125}}
Aug 19 23:10:21.435341 np0000007826 nova-conductor[99214]: DEBUG oslo.service.backend._threading.loopingcall [-] Fixed interval looping call 'nova.servicegroup.drivers.db.DbDriver._report_state' sleeping for 119.99 seconds {{(pid=99214) _run_loop /opt/stack/data/venv/lib/python3.12/site-packages/oslo_service/backend/_threading/loopingcall.py:125}}
Aug 19 23:10:21.436755 np0000007826 nova-conductor[99218]: DEBUG oslo.service.backend._threading.loopingcall [-] Fixed interval looping call 'nova.servicegroup.drivers.db.DbDriver._report_state' sleeping for 119.99 seconds {{(pid=99218) _run_loop /opt/stack/data/venv/lib/python3.12/site-packages/oslo_service/backend/_threading/loopingcall.py:125}}
Aug 19 23:10:21.437110 np0000007826 nova-conductor[99224]: DEBUG oslo.service.backend._threading.loopingcall [-] Fixed interval looping call 'nova.servicegroup.drivers.db.DbDriver._report_state' sleeping for 119.99 seconds {{(pid=99224) _run_loop /opt/stack/data/venv/lib/python3.12/site-packages/oslo_service/backend/_threading/loopingcall.py:125}}
Aug 19 23:10:21.458983 np0000007826 nova-conductor[99227]: DEBUG oslo.service.backend._threading.loopingcall [-] Fixed interval looping call 'nova.servicegroup.drivers.db.DbDriver._report_state' sleeping for 120.00 seconds {{(pid=99227) _run_loop /opt/stack/data/venv/lib/python3.12/site-packages/oslo_service/backend/_threading/loopingcall.py:125}}
Aug 19 23:10:23.435950 np0000007826 nova-conductor[99224]: DEBUG oslo.service.backend._threading.loopingcall [None req-79e27c79-749d-439b-ba6f-05340a970a77 None None] Dynamic interval looping call 'nova.service.Service.periodic_tasks' sleeping for 60.00 seconds {{(pid=99224) _run_loop /opt/stack/data/venv/lib/python3.12/site-packages/oslo_service/backend/_threading/loopingcall.py:125}}
Aug 19 23:10:31.428513 np0000007826 nova-conductor[99214]: DEBUG dbcounter [-] [99214] Writing DB stats nova_cell0:SELECT=1,nova_cell0:UPDATE=1 {{(pid=99214) stat_writer /opt/stack/data/venv/lib/python3.12/site-packages/dbcounter.py:115}}
Aug 19 23:10:31.429072 np0000007826 nova-conductor[99218]: DEBUG dbcounter [-] [99218] Writing DB stats nova_cell0:SELECT=1,nova_cell0:UPDATE=1 {{(pid=99218) stat_writer /opt/stack/data/venv/lib/python3.12/site-packages/dbcounter.py:115}}
Aug 19 23:10:31.434930 np0000007826 nova-conductor[99224]: DEBUG dbcounter [-] [99224] Writing DB stats nova_cell0:SELECT=1,nova_cell0:UPDATE=1 {{(pid=99224) stat_writer /opt/stack/data/venv/lib/python3.12/site-packages/dbcounter.py:115}}
Aug 19 23:10:31.457057 np0000007826 nova-conductor[99227]: DEBUG dbcounter [-] [99227] Writing DB stats nova_cell0:SELECT=1 {{(pid=99227) stat_writer /opt/stack/data/venv/lib/python3.12/site-packages/dbcounter.py:115}}
Aug 19 23:10:47.429953 np0000007826 nova-conductor[99214]: DEBUG oslo.service.backend._threading.loopingcall [None req-2a6d72ca-753c-4898-9295-50c91ff9a774 None None] Dynamic interval looping call 'nova.service.Service.periodic_tasks' sleeping for 60.00 seconds {{(pid=99214) _run_loop /opt/stack/data/venv/lib/python3.12/site-packages/oslo_service/backend/_threading/loopingcall.py:125}}
Aug 19 23:10:54.570376 np0000007826 nova-conductor[99214]: DEBUG oslo_db.sqlalchemy.engines [None req-3a5a6724-a3a6-4173-b1dd-c5c99621327e tempest-ServersNegativeTestJSON-1540502276 tempest-ServersNegativeTestJSON-1540502276-project-member] Parent process 97714 forked (99214) with an open database connection, which is being discarded and recreated. {{(pid=99214) checkout /opt/stack/data/venv/lib/python3.12/site-packages/oslo_db/sqlalchemy/engines.py:402}}
Aug 19 23:10:54.640960 np0000007826 nova-conductor[99214]: DEBUG dbcounter [-] [99214] Writer thread running {{(pid=99214) stat_writer /opt/stack/data/venv/lib/python3.12/site-packages/dbcounter.py:102}}
Aug 19 23:10:55.645603 np0000007826 nova-conductor[99214]: DEBUG nova.conductor.manager [None req-3a5a6724-a3a6-4173-b1dd-c5c99621327e tempest-ServersNegativeTestJSON-1540502276 tempest-ServersNegativeTestJSON-1540502276-project-member] Took 1.01 seconds to select destinations for 1 instance(s). {{(pid=99214) _schedule_instances /opt/stack/nova/nova/conductor/manager.py:956}}
Aug 19 23:10:55.681076 np0000007826 nova-conductor[99214]: DEBUG oslo_concurrency.lockutils [None req-3a5a6724-a3a6-4173-b1dd-c5c99621327e tempest-ServersNegativeTestJSON-1540502276 tempest-ServersNegativeTestJSON-1540502276-project-member] Acquiring lock "dde43430-3138-4a3d-8013-163587f40000" by "nova.context.set_target_cell..get_or_set_cached_cell_and_set_connections" {{(pid=99214) inner /opt/stack/data/venv/lib/python3.12/site-packages/oslo_concurrency/lockutils.py:512}}
Aug 19 23:10:55.681368 np0000007826 nova-conductor[99214]: DEBUG oslo_concurrency.lockutils [None req-3a5a6724-a3a6-4173-b1dd-c5c99621327e tempest-ServersNegativeTestJSON-1540502276 tempest-ServersNegativeTestJSON-1540502276-project-member] Lock "dde43430-3138-4a3d-8013-163587f40000" acquired by "nova.context.set_target_cell..get_or_set_cached_cell_and_set_connections" :: waited 0.001s {{(pid=99214) inner /opt/stack/data/venv/lib/python3.12/site-packages/oslo_concurrency/lockutils.py:525}}
Aug 19 23:10:55.684105 np0000007826 nova-conductor[99214]: DEBUG oslo_concurrency.lockutils [None req-3a5a6724-a3a6-4173-b1dd-c5c99621327e tempest-ServersNegativeTestJSON-1540502276 tempest-ServersNegativeTestJSON-1540502276-project-member] Lock "dde43430-3138-4a3d-8013-163587f40000" "released" by "nova.context.set_target_cell..get_or_set_cached_cell_and_set_connections" :: held 0.002s {{(pid=99214) inner /opt/stack/data/venv/lib/python3.12/site-packages/oslo_concurrency/lockutils.py:544}}
Aug 19 23:10:55.686344 np0000007826 nova-conductor[99214]: INFO dbcounter [None req-3a5a6724-a3a6-4173-b1dd-c5c99621327e tempest-ServersNegativeTestJSON-1540502276 tempest-ServersNegativeTestJSON-1540502276-project-member] Registered counter for database nova_cell1
Aug 19 23:10:55.752917 np0000007826 nova-conductor[99214]: DEBUG oslo_db.sqlalchemy.engines [None req-3a5a6724-a3a6-4173-b1dd-c5c99621327e tempest-ServersNegativeTestJSON-1540502276 tempest-ServersNegativeTestJSON-1540502276-project-member] MySQL server mode set to STRICT_TRANS_TABLES,STRICT_ALL_TABLES,NO_ZERO_IN_DATE,NO_ZERO_DATE,ERROR_FOR_DIVISION_BY_ZERO,TRADITIONAL,NO_ENGINE_SUBSTITUTION {{(pid=99214) _check_effective_sql_mode /opt/stack/data/venv/lib/python3.12/site-packages/oslo_db/sqlalchemy/engines.py:325}}
Aug 19 23:10:55.762093 np0000007826 nova-conductor[99214]: DEBUG dbcounter [-] [99214] Writer thread running {{(pid=99214) stat_writer /opt/stack/data/venv/lib/python3.12/site-packages/dbcounter.py:102}}
Aug 19 23:10:55.857321 np0000007826 nova-conductor[99214]: INFO nova.utils [None req-3a5a6724-a3a6-4173-b1dd-c5c99621327e tempest-ServersNegativeTestJSON-1540502276 tempest-ServersNegativeTestJSON-1540502276-project-member] The cell worker thread pool ForkProcess-1.cell_worker is initialized
Aug 19 23:10:55.857590 np0000007826 nova-conductor[99214]: DEBUG oslo_concurrency.lockutils [None req-3a5a6724-a3a6-4173-b1dd-c5c99621327e tempest-ServersNegativeTestJSON-1540502276 tempest-ServersNegativeTestJSON-1540502276-project-member] Acquiring lock "00000000-0000-0000-0000-000000000000" by "nova.context.set_target_cell..get_or_set_cached_cell_and_set_connections" {{(pid=99214) inner /opt/stack/data/venv/lib/python3.12/site-packages/oslo_concurrency/lockutils.py:512}}
Aug 19 23:10:55.857779 np0000007826 nova-conductor[99214]: DEBUG oslo_concurrency.lockutils [None req-3a5a6724-a3a6-4173-b1dd-c5c99621327e tempest-ServersNegativeTestJSON-1540502276 tempest-ServersNegativeTestJSON-1540502276-project-member] Lock "00000000-0000-0000-0000-000000000000" acquired by "nova.context.set_target_cell..get_or_set_cached_cell_and_set_connections" :: waited 0.000s {{(pid=99214) inner /opt/stack/data/venv/lib/python3.12/site-packages/oslo_concurrency/lockutils.py:525}}
Aug 19 23:10:55.858239 np0000007826 nova-conductor[99214]: DEBUG oslo_concurrency.lockutils [None req-3a5a6724-a3a6-4173-b1dd-c5c99621327e tempest-ServersNegativeTestJSON-1540502276 tempest-ServersNegativeTestJSON-1540502276-project-member] Lock "00000000-0000-0000-0000-000000000000" "released" by "nova.context.set_target_cell..get_or_set_cached_cell_and_set_connections" :: held 0.000s {{(pid=99214) inner /opt/stack/data/venv/lib/python3.12/site-packages/oslo_concurrency/lockutils.py:544}}
Aug 19 23:10:55.859567 np0000007826 nova-conductor[99214]: DEBUG oslo_concurrency.lockutils [None req-3a5a6724-a3a6-4173-b1dd-c5c99621327e tempest-ServersNegativeTestJSON-1540502276 tempest-ServersNegativeTestJSON-1540502276-project-member] Acquiring lock "dde43430-3138-4a3d-8013-163587f40000" by "nova.context.set_target_cell..get_or_set_cached_cell_and_set_connections" {{(pid=99214) inner /opt/stack/data/venv/lib/python3.12/site-packages/oslo_concurrency/lockutils.py:512}}
Aug 19 23:10:55.862467 np0000007826 nova-conductor[99214]: INFO dbcounter [None req-3a5a6724-a3a6-4173-b1dd-c5c99621327e tempest-ServersNegativeTestJSON-1540502276 tempest-ServersNegativeTestJSON-1540502276-project-member] Registered counter for database nova_cell0
